The Swift Package Index logo.Swift Package Index

Build Information

Failed to build FDWaveformView, reference main (2069d5), with Swift 6.4 for tvOS using Xcode 27.0 on 17 Oct 2026 03:06:46 UTC.

Build Command

env DEVELOPER_DIR=/Applications/Xcode-27.0.0.app xcrun xcodebuild -IDEClonedSourcePackagesDirPathOverride=$PWD/.dependencies -skipMacroValidation -skipPackagePluginValidation -derivedDataPath $PWD/.derivedData build -scheme FDWaveformView -destination generic/platform=tvOS

Build Log

========================================
RunAll
========================================
Builder version: 5.1.3
Interrupt handler set up.
========================================
Checkout
========================================
Clone URL: https://github.com/fulldecent/FDWaveformView.git
Reference: main
Initialized empty Git repository in /Users/admin/builder/spi-builder-workspace/.git/
From https://github.com/fulldecent/FDWaveformView
 * branch            main       -> FETCH_HEAD
 * [new branch]      main       -> origin/main
HEAD is now at 2069d50 Merge pull request #166 from fulldecent/release-please--branches--main
Cloned https://github.com/fulldecent/FDWaveformView.git
Revision (git rev-parse @):
2069d508121bf52508b268702237ad8abaf2d0ef
SUCCESS checkout https://github.com/fulldecent/FDWaveformView.git at main
========================================
Build
========================================
Selected platform:         tvOS
Swift version:             6.4
Building package at path:  $PWD
https://github.com/fulldecent/FDWaveformView.git
Command line invocation:
    /Applications/Xcode-27.0.0.app/Contents/Developer/usr/bin/xcodebuild -IDEClonedSourcePackagesDirPathOverride=/Users/admin/builder/spi-builder-workspace/.dependencies -resolvePackageDependencies
Resolve Package Graph
Resolve Package Graph
Resolved source packages:
  FDWaveformView: /Users/admin/builder/spi-builder-workspace
resolved source packages: FDWaveformView
2026-10-16 23:06:04.565 xcodebuild[530:3024] [MT] IDERunDestination: Supported platforms for the buildables in the current scheme is empty.
{
  "dependencies" : [
  ],
  "manifest_display_name" : "FDWaveformView",
  "name" : "FDWaveformView",
  "path" : "/Users/admin/builder/spi-builder-workspace",
  "platforms" : [
    {
      "name" : "ios",
      "version" : "15.0"
    },
    {
      "name" : "visionos",
      "version" : "1.0"
    }
  ],
  "products" : [
    {
      "name" : "FDWaveformView",
      "targets" : [
        "FDWaveformView"
      ],
      "type" : {
        "library" : [
          "automatic"
        ]
      }
    }
  ],
  "targets" : [
    {
      "c99name" : "FDWaveformViewTests",
      "module_type" : "SwiftTarget",
      "name" : "FDWaveformViewTests",
      "path" : "Tests/FDWaveformViewTests",
      "sources" : [
        "FDWaveformViewTests.swift"
      ],
      "target_dependencies" : [
        "FDWaveformView"
      ],
      "type" : "test"
    },
    {
      "c99name" : "FDWaveformView",
      "module_type" : "SwiftTarget",
      "name" : "FDWaveformView",
      "path" : "Sources/FDWaveformView",
      "product_memberships" : [
        "FDWaveformView"
      ],
      "sources" : [
        "FDWaveformAudioDataSource.swift",
        "FDWaveformDataSource.swift",
        "FDWaveformRenderOperation.swift",
        "FDWaveformView.swift"
      ],
      "type" : "library"
    }
  ],
  "tools_version" : "6.4"
}
{
  "workspace" : {
    "name" : "FDWaveformView",
    "schemes" : [
      "FDWaveformView"
    ]
  }
}
2026-10-16 23:06:36.163 xcodebuild[627:3833] [MT] IDERunDestination: Supported platforms for the buildables in the current scheme is empty.
Running build ...
env DEVELOPER_DIR=/Applications/Xcode-27.0.0.app xcrun xcodebuild -IDEClonedSourcePackagesDirPathOverride=$PWD/.dependencies -skipMacroValidation -skipPackagePluginValidation -derivedDataPath $PWD/.derivedData build -scheme FDWaveformView -destination generic/platform=tvOS
Command line invocation:
    /Applications/Xcode-27.0.0.app/Contents/Developer/usr/bin/xcodebuild -IDEClonedSourcePackagesDirPathOverride=/Users/admin/builder/spi-builder-workspace/.dependencies -skipMacroValidation -skipPackagePluginValidation -derivedDataPath /Users/admin/builder/spi-builder-workspace/.derivedData build -scheme FDWaveformView -destination generic/platform=tvOS
Resolve Package Graph
Resolved source packages:
  FDWaveformView: /Users/admin/builder/spi-builder-workspace
ComputePackagePrebuildTargetDependencyGraph
Prepare packages
CreateBuildRequest
SendProjectDescription
CreateBuildOperation
ComputeTargetDependencyGraph
note: Building targets in dependency order
note: Target dependency graph (2 targets)
    Target 'FDWaveformView-product' in project 'FDWaveformView'
        ➜ Explicit dependency on target 'FDWaveformView' in project 'FDWaveformView'
    Target 'FDWaveformView' in project 'FDWaveformView' (no dependencies)
GatherProvisioningInputs
CreateBuildDescription
ExecuteExternalTool /Applications/Xcode-27.0.0.app/Contents/Developer/Toolchains/XcodeDefault.xctoolchain/usr/bin/clang -v -E -dM -isysroot /Applications/Xcode-27.0.0.app/Contents/Developer/Platforms/AppleTVOS.platform/Developer/SDKs/AppleTVOS27.0.sdk -x c -c /dev/null
ExecuteExternalTool /Applications/Xcode-27.0.0.app/Contents/Developer/Toolchains/XcodeDefault.xctoolchain/usr/bin/swiftc --version
ExecuteExternalTool /Applications/Xcode-27.0.0.app/Contents/Developer/Toolchains/XcodeDefault.xctoolchain/usr/bin/ld -version_details
Build description signature: e61263b75e536fc3f37695b0d41aa599
Build description path: /Users/admin/builder/spi-builder-workspace/.derivedData/Build/Intermediates.noindex/XCBuildData/e61263b75e536fc3f37695b0d41aa599.xcbuilddata
CreateBuildDirectory /Users/admin/builder/spi-builder-workspace/.derivedData/SDKExplicitPrecompiledModules
    cd /Users/admin/builder/spi-builder-workspace/.swiftpm/xcode
    builtin-create-build-directory /Users/admin/builder/spi-builder-workspace/.derivedData/SDKExplicitPrecompiledModules
CreateBuildDirectory /Users/admin/builder/spi-builder-workspace/.derivedData/CompilationCache.noindex
    cd /Users/admin/builder/spi-builder-workspace/.swiftpm/xcode
    builtin-create-build-directory /Users/admin/builder/spi-builder-workspace/.derivedData/CompilationCache.noindex
CreateBuildDirectory /Users/admin/builder/spi-builder-workspace/.derivedData/ModuleCache.noindex
    cd /Users/admin/builder/spi-builder-workspace/.swiftpm/xcode
    builtin-create-build-directory /Users/admin/builder/spi-builder-workspace/.derivedData/ModuleCache.noindex
CreateBuildDirectory /Users/admin/builder/spi-builder-workspace/.derivedData/Build/Intermediates.noindex
    cd /Users/admin/builder/spi-builder-workspace/.swiftpm/xcode
    builtin-create-build-directory /Users/admin/builder/spi-builder-workspace/.derivedData/Build/Intermediates.noindex
CreateBuildDirectory /Users/admin/builder/spi-builder-workspace/.derivedData/Build/Products
    cd /Users/admin/builder/spi-builder-workspace/.swiftpm/xcode
    builtin-create-build-directory /Users/admin/builder/spi-builder-workspace/.derivedData/Build/Products
ClangStatCache /Applications/Xcode-27.0.0.app/Contents/Developer/Toolchains/XcodeDefault.xctoolchain/usr/bin/clang-stat-cache /Applications/Xcode-27.0.0.app/Contents/Developer/Platforms/AppleTVOS.platform/Developer/SDKs/AppleTVOS27.0.sdk /Users/admin/builder/spi-builder-workspace/.derivedData/SDKStatCaches.noindex/appletvos27.0-24J360-e829b21a6f8c9b70876ba0858053c044509235ffd515576fb835ffc8f67461e5.sdkstatcache
    cd /Users/admin/builder/spi-builder-workspace/.swiftpm/xcode
    /Applications/Xcode-27.0.0.app/Contents/Developer/Toolchains/XcodeDefault.xctoolchain/usr/bin/clang-stat-cache /Applications/Xcode-27.0.0.app/Contents/Developer/Platforms/AppleTVOS.platform/Developer/SDKs/AppleTVOS27.0.sdk -o /Users/admin/builder/spi-builder-workspace/.derivedData/SDKStatCaches.noindex/appletvos27.0-24J360-e829b21a6f8c9b70876ba0858053c044509235ffd515576fb835ffc8f67461e5.sdkstatcache
CreateBuildDirectory /Users/admin/builder/spi-builder-workspace/.derivedData/Build/Intermediates.noindex/SwiftExplicitPrecompiledModules
    cd /Users/admin/builder/spi-builder-workspace/.swiftpm/xcode
    builtin-create-build-directory /Users/admin/builder/spi-builder-workspace/.derivedData/Build/Intermediates.noindex/SwiftExplicitPrecompiledModules
CreateBuildDirectory /Users/admin/builder/spi-builder-workspace/.derivedData/Build/Intermediates.noindex/PrecompiledHeaders
    cd /Users/admin/builder/spi-builder-workspace/.swiftpm/xcode
    builtin-create-build-directory /Users/admin/builder/spi-builder-workspace/.derivedData/Build/Intermediates.noindex/PrecompiledHeaders
CreateBuildDirectory /Users/admin/builder/spi-builder-workspace/.derivedData/Build/Intermediates.noindex/ExplicitPrecompiledModules
    cd /Users/admin/builder/spi-builder-workspace/.swiftpm/xcode
    builtin-create-build-directory /Users/admin/builder/spi-builder-workspace/.derivedData/Build/Intermediates.noindex/ExplicitPrecompiledModules
CreateBuildDirectory /Users/admin/builder/spi-builder-workspace/.derivedData/Build/Products/Debug-appletvos
    cd /Users/admin/builder/spi-builder-workspace/.swiftpm/xcode
    builtin-create-build-directory /Users/admin/builder/spi-builder-workspace/.derivedData/Build/Products/Debug-appletvos
CreateBuildDirectory /Users/admin/builder/spi-builder-workspace/.derivedData/Build/Intermediates.noindex/EagerLinkingTBDs/Debug-appletvos
    cd /Users/admin/builder/spi-builder-workspace/.swiftpm/xcode
    builtin-create-build-directory /Users/admin/builder/spi-builder-workspace/.derivedData/Build/Intermediates.noindex/EagerLinkingTBDs/Debug-appletvos
CreateBuildDirectory /Users/admin/builder/spi-builder-workspace/.derivedData/Build/Products/Debug-appletvos/PackageFrameworks
    cd /Users/admin/builder/spi-builder-workspace/.swiftpm/xcode
    builtin-create-build-directory /Users/admin/builder/spi-builder-workspace/.derivedData/Build/Products/Debug-appletvos/PackageFrameworks
WriteAuxiliaryFile /Users/admin/builder/spi-builder-workspace/.derivedData/Build/Intermediates.noindex/FDWaveformView.build/Debug-appletvos/FDWaveformView-t.build/FDWaveformView.DependencyMetadataFileList (in target 'FDWaveformView' from project 'FDWaveformView')
    cd /Users/admin/builder/spi-builder-workspace
    write-file /Users/admin/builder/spi-builder-workspace/.derivedData/Build/Intermediates.noindex/FDWaveformView.build/Debug-appletvos/FDWaveformView-t.build/FDWaveformView.DependencyMetadataFileList
WriteAuxiliaryFile /Users/admin/builder/spi-builder-workspace/.derivedData/Build/Intermediates.noindex/FDWaveformView.build/Debug-appletvos/FDWaveformView-t.build/FDWaveformView.modulemap (in target 'FDWaveformView' from project 'FDWaveformView')
    cd /Users/admin/builder/spi-builder-workspace
    write-file /Users/admin/builder/spi-builder-workspace/.derivedData/Build/Intermediates.noindex/FDWaveformView.build/Debug-appletvos/FDWaveformView-t.build/FDWaveformView.modulemap
WriteAuxiliaryFile /Users/admin/builder/spi-builder-workspace/.derivedData/Build/Intermediates.noindex/FDWaveformView.build/Debug-appletvos/FDWaveformView-t.build/FDWaveformView.DependencyStaticMetadataFileList (in target 'FDWaveformView' from project 'FDWaveformView')
    cd /Users/admin/builder/spi-builder-workspace
    write-file /Users/admin/builder/spi-builder-workspace/.derivedData/Build/Intermediates.noindex/FDWaveformView.build/Debug-appletvos/FDWaveformView-t.build/FDWaveformView.DependencyStaticMetadataFileList
WriteAuxiliaryFile /Users/admin/builder/spi-builder-workspace/.derivedData/Build/Intermediates.noindex/FDWaveformView.build/Debug-appletvos/FDWaveformView-t.build/Objects-normal/arm64/FDWaveformView-OutputFileMap.json (in target 'FDWaveformView' from project 'FDWaveformView')
    cd /Users/admin/builder/spi-builder-workspace
    write-file /Users/admin/builder/spi-builder-workspace/.derivedData/Build/Intermediates.noindex/FDWaveformView.build/Debug-appletvos/FDWaveformView-t.build/Objects-normal/arm64/FDWaveformView-OutputFileMap.json
WriteAuxiliaryFile /Users/admin/builder/spi-builder-workspace/.derivedData/Build/Intermediates.noindex/FDWaveformView.build/Debug-appletvos/FDWaveformView-t.build/Objects-normal/arm64/FDWaveformView_const_extract_protocols.json (in target 'FDWaveformView' from project 'FDWaveformView')
    cd /Users/admin/builder/spi-builder-workspace
    write-file /Users/admin/builder/spi-builder-workspace/.derivedData/Build/Intermediates.noindex/FDWaveformView.build/Debug-appletvos/FDWaveformView-t.build/Objects-normal/arm64/FDWaveformView_const_extract_protocols.json
WriteAuxiliaryFile /Users/admin/builder/spi-builder-workspace/.derivedData/Build/Intermediates.noindex/FDWaveformView.build/Debug-appletvos/FDWaveformView-t.build/Objects-normal/arm64/FDWaveformView.LinkFileList (in target 'FDWaveformView' from project 'FDWaveformView')
    cd /Users/admin/builder/spi-builder-workspace
    write-file /Users/admin/builder/spi-builder-workspace/.derivedData/Build/Intermediates.noindex/FDWaveformView.build/Debug-appletvos/FDWaveformView-t.build/Objects-normal/arm64/FDWaveformView.LinkFileList
WriteAuxiliaryFile /Users/admin/builder/spi-builder-workspace/.derivedData/Build/Intermediates.noindex/FDWaveformView.build/Debug-appletvos/FDWaveformView-t.build/Objects-normal/arm64/FDWaveformView.SwiftFileList (in target 'FDWaveformView' from project 'FDWaveformView')
    cd /Users/admin/builder/spi-builder-workspace
    write-file /Users/admin/builder/spi-builder-workspace/.derivedData/Build/Intermediates.noindex/FDWaveformView.build/Debug-appletvos/FDWaveformView-t.build/Objects-normal/arm64/FDWaveformView.SwiftFileList
WriteAuxiliaryFile /Users/admin/builder/spi-builder-workspace/.derivedData/Build/Intermediates.noindex/FDWaveformView.build/Debug-appletvos/FDWaveformView-t.build/Objects-normal/arm64/FDWaveformView.SwiftConstValuesFileList (in target 'FDWaveformView' from project 'FDWaveformView')
    cd /Users/admin/builder/spi-builder-workspace
    write-file /Users/admin/builder/spi-builder-workspace/.derivedData/Build/Intermediates.noindex/FDWaveformView.build/Debug-appletvos/FDWaveformView-t.build/Objects-normal/arm64/FDWaveformView.SwiftConstValuesFileList
Copy /Users/admin/builder/spi-builder-workspace/.derivedData/Build/Intermediates.noindex/GeneratedModuleMaps-appletvos/FDWaveformView.modulemap /Users/admin/builder/spi-builder-workspace/.derivedData/Build/Intermediates.noindex/FDWaveformView.build/Debug-appletvos/FDWaveformView-t.build/FDWaveformView.modulemap (in target 'FDWaveformView' from project 'FDWaveformView')
    cd /Users/admin/builder/spi-builder-workspace
    builtin-copy -exclude .DS_Store -exclude CVS -exclude .svn -exclude .git -exclude .hg -resolve-src-symlinks /Users/admin/builder/spi-builder-workspace/.derivedData/Build/Intermediates.noindex/FDWaveformView.build/Debug-appletvos/FDWaveformView-t.build/FDWaveformView.modulemap /Users/admin/builder/spi-builder-workspace/.derivedData/Build/Intermediates.noindex/GeneratedModuleMaps-appletvos
SwiftDriver FDWaveformView normal arm64 com.apple.xcode.tools.swift.compiler (in target 'FDWaveformView' from project 'FDWaveformView')
    cd /Users/admin/builder/spi-builder-workspace/.swiftpm/xcode
    builtin-SwiftDriver -- /Applications/Xcode-27.0.0.app/Contents/Developer/Toolchains/XcodeDefault.xctoolchain/usr/bin/swiftc -parse-as-library -module-name FDWaveformView -Onone @/Users/admin/builder/spi-builder-workspace/.derivedData/Build/Intermediates.noindex/FDWaveformView.build/Debug-appletvos/FDWaveformView-t.build/Objects-normal/arm64/FDWaveformView.SwiftFileList -DSWIFT_PACKAGE -DDEBUG -DSWIFT_MODULE_RESOURCE_BUNDLE_UNAVAILABLE -DXcode -enable-upcoming-feature ApproachableConcurrency -plugin-path /Applications/Xcode-27.0.0.app/Contents/Developer/Toolchains/XcodeDefault.xctoolchain/usr/lib/swift/host/plugins/testing -enable-experimental-feature DebugDescriptionMacro -sdk /Applications/Xcode-27.0.0.app/Contents/Developer/Platforms/AppleTVOS.platform/Developer/SDKs/AppleTVOS27.0.sdk -target arm64-apple-tvos15.0 -g -module-cache-path /Users/admin/builder/spi-builder-workspace/.derivedData/ModuleCache.noindex -Xfrontend -serialize-debugging-options -profile-coverage-mapping -profile-generate -enable-testing -index-store-path /Users/admin/builder/spi-builder-workspace/.derivedData/Index.noindex/DataStore -Xcc -D_LIBCPP_HARDENING_MODE\=_LIBCPP_HARDENING_MODE_DEBUG -swift-version 6 -I /Users/admin/builder/spi-builder-workspace/.derivedData/Build/Products/Debug-appletvos -Isystem /Applications/Xcode-27.0.0.app/Contents/Developer/Platforms/AppleTVOS.platform/Developer/usr/lib -F /Users/admin/builder/spi-builder-workspace/.derivedData/Build/Products/Debug-appletvos -F /Applications/Xcode-27.0.0.app/Contents/Developer/Platforms/AppleTVOS.platform/Developer/Library/Frameworks -F /Applications/Xcode-27.0.0.app/Contents/Developer/Platforms/AppleTVOS.platform/Developer/SDKs/AppleTVOS27.0.sdk/Developer/Library/Frameworks -c -j10 -enable-batch-mode -incremental -Xcc -ivfsstatcache -Xcc /Users/admin/builder/spi-builder-workspace/.derivedData/SDKStatCaches.noindex/appletvos27.0-24J360-e829b21a6f8c9b70876ba0858053c044509235ffd515576fb835ffc8f67461e5.sdkstatcache -output-file-map /Users/admin/builder/spi-builder-workspace/.derivedData/Build/Intermediates.noindex/FDWaveformView.build/Debug-appletvos/FDWaveformView-t.build/Objects-normal/arm64/FDWaveformView-OutputFileMap.json -save-temps -no-color-diagnostics -explicit-module-build -module-cache-path /Users/admin/builder/spi-builder-workspace/.derivedData/Build/Intermediates.noindex/SwiftExplicitPrecompiledModules -clang-scanner-module-cache-path /Users/admin/builder/spi-builder-workspace/.derivedData/ModuleCache.noindex -sdk-module-cache-path /Users/admin/builder/spi-builder-workspace/.derivedData/SDKExplicitPrecompiledModules -emit-dependencies -emit-module -emit-module-path /Users/admin/builder/spi-builder-workspace/.derivedData/Build/Intermediates.noindex/FDWaveformView.build/Debug-appletvos/FDWaveformView-t.build/Objects-normal/arm64/FDWaveformView.swiftmodule -serialize-diagnostics -dependency-scan-serialize-diagnostics-path /Users/admin/builder/spi-builder-workspace/.derivedData/Build/Intermediates.noindex/FDWaveformView.build/Debug-appletvos/FDWaveformView-t.build/Objects-normal/arm64/FDWaveformView-dependency-scan.dia -validate-clang-modules-once -clang-build-session-file /Users/admin/builder/spi-builder-workspace/.derivedData/ModuleCache.noindex/Session.modulevalidation -Xcc -fmodules-prune-interval\=86400 -Xcc -fmodules-prune-after\=345600 -package-name spi_builder_workspace -emit-const-values -const-gather-protocols-list /Users/admin/builder/spi-builder-workspace/.derivedData/Build/Intermediates.noindex/FDWaveformView.build/Debug-appletvos/FDWaveformView-t.build/Objects-normal/arm64/FDWaveformView_const_extract_protocols.json -Xcc -I/Users/admin/builder/spi-builder-workspace/.derivedData/Build/Products/Debug-appletvos/include -Xcc -I/Users/admin/builder/spi-builder-workspace/.derivedData/Build/Intermediates.noindex/FDWaveformView.build/Debug-appletvos/FDWaveformView-t.build/DerivedSources-normal/arm64 -Xcc -I/Users/admin/builder/spi-builder-workspace/.derivedData/Build/Intermediates.noindex/FDWaveformView.build/Debug-appletvos/FDWaveformView-t.build/DerivedSources/arm64 -Xcc -I/Users/admin/builder/spi-builder-workspace/.derivedData/Build/Intermediates.noindex/FDWaveformView.build/Debug-appletvos/FDWaveformView-t.build/DerivedSources -Xcc -DSWIFT_PACKAGE -Xcc -DDEBUG\=1 -emit-objc-header -emit-objc-header-path /Users/admin/builder/spi-builder-workspace/.derivedData/Build/Intermediates.noindex/FDWaveformView.build/Debug-appletvos/FDWaveformView-t.build/Objects-normal/arm64/FDWaveformView-Swift.h -working-directory /Users/admin/builder/spi-builder-workspace/.swiftpm/xcode -experimental-emit-module-separately -disable-cmo
SwiftExplicitDependencyGeneratePcm arm64 /Users/admin/builder/spi-builder-workspace/.derivedData/SDKExplicitPrecompiledModules/_Builtin_float-E1APTILEGQZ3IPT936PJDNU6H.pcm
SwiftExplicitDependencyGeneratePcm arm64 /Users/admin/builder/spi-builder-workspace/.derivedData/SDKExplicitPrecompiledModules/_Builtin_stdbool-CXITTUPASWKJF6QA1QJ6RRYNO.pcm
SwiftExplicitDependencyGeneratePcm arm64 /Users/admin/builder/spi-builder-workspace/.derivedData/SDKExplicitPrecompiledModules/SwiftShims-GR3DA8HUMUCCHUHVU4G7HH3N.pcm
SwiftExplicitDependencyGeneratePcm arm64 /Users/admin/builder/spi-builder-workspace/.derivedData/SDKExplicitPrecompiledModules/_Builtin_stddef-25X1IMH81L4ZJ3HSO85QL4XZL.pcm
SwiftExplicitDependencyGeneratePcm arm64 /Users/admin/builder/spi-builder-workspace/.derivedData/SDKExplicitPrecompiledModules/_Builtin_stdarg-6XVK45WHUOCLZB7D2ATYQEO5U.pcm
SwiftExplicitDependencyGeneratePcm arm64 /Users/admin/builder/spi-builder-workspace/.derivedData/SDKExplicitPrecompiledModules/DeveloperToolsSupport-A39BBZ1HAXZOOAUNVYEOF63RU.pcm
SwiftExplicitDependencyGeneratePcm arm64 /Users/admin/builder/spi-builder-workspace/.derivedData/SDKExplicitPrecompiledModules/_SwiftConcurrencyShims-F2FQZLPEQUN2JITA5Q5IA90PN.pcm
SwiftExplicitDependencyGeneratePcm arm64 /Users/admin/builder/spi-builder-workspace/.derivedData/SDKExplicitPrecompiledModules/ptrcheck-2F7ZU8EYLWX1LOP6FC47SWUDQ.pcm
SwiftExplicitDependencyGeneratePcm arm64 /Users/admin/builder/spi-builder-workspace/.derivedData/SDKExplicitPrecompiledModules/ptrauth-A7BHCTR3SRLUN41XL3XEGKKZ4.pcm
SwiftExplicitDependencyGeneratePcm arm64 /Users/admin/builder/spi-builder-workspace/.derivedData/SDKExplicitPrecompiledModules/_AvailabilityInternal-5OPK5HD06FOMOCW6B1PQ16ZYI.pcm
SwiftExplicitDependencyGeneratePcm arm64 /Users/admin/builder/spi-builder-workspace/.derivedData/SDKExplicitPrecompiledModules/_DarwinFoundation1-2L5MHIC1X1D82LC9IO9MI0M5A.pcm
SwiftExplicitDependencyGeneratePcm arm64 /Users/admin/builder/spi-builder-workspace/.derivedData/SDKExplicitPrecompiledModules/_Builtin_limits-49XV5IO6LU8Q2TAZFRVK3499Y.pcm
SwiftExplicitDependencyGeneratePcm arm64 /Users/admin/builder/spi-builder-workspace/.derivedData/SDKExplicitPrecompiledModules/_DarwinFoundation2-1J5JB1SY1IG00YVFUY27AR0SK.pcm
SwiftExplicitDependencyGeneratePcm arm64 /Users/admin/builder/spi-builder-workspace/.derivedData/SDKExplicitPrecompiledModules/_Builtin_stdint-9CQANL2V5ROY9F0YIYXO669HM.pcm
SwiftExplicitDependencyGeneratePcm arm64 /Users/admin/builder/spi-builder-workspace/.derivedData/SDKExplicitPrecompiledModules/sys_types-8KWV5CE768ASK36OHJO3IUUKA.pcm
SwiftExplicitDependencyGeneratePcm arm64 /Users/admin/builder/spi-builder-workspace/.derivedData/SDKExplicitPrecompiledModules/string_h-BZ770UUUOT438SJ5LUAQZ245X.pcm
SwiftExplicitDependencyGeneratePcm arm64 /Users/admin/builder/spi-builder-workspace/.derivedData/SDKExplicitPrecompiledModules/_Builtin_tgmath-EXTYJNN5KVVP6FF9YBJVGQKXB.pcm
SwiftExplicitDependencyGeneratePcm arm64 /Users/admin/builder/spi-builder-workspace/.derivedData/SDKExplicitPrecompiledModules/_DarwinFoundation3-A8VA0RRTKVV9KNQF6B90UHJZE.pcm
SwiftExplicitDependencyGeneratePcm arm64 /Users/admin/builder/spi-builder-workspace/.derivedData/SDKExplicitPrecompiledModules/_Builtin_intrinsics-BAO6UCAB6X09ZJ6A38O7DSCOR.pcm
SwiftExplicitDependencyGeneratePcm arm64 /Users/admin/builder/spi-builder-workspace/.derivedData/SDKExplicitPrecompiledModules/_Builtin_stdatomic-D753B4U1656PGN6LOYBLAE0IK.pcm
SwiftExplicitDependencyGeneratePcm arm64 /Users/admin/builder/spi-builder-workspace/.derivedData/SDKExplicitPrecompiledModules/_Builtin_inttypes-EHDD7CXO489VQJ7T37RL4G1XE.pcm
SwiftExplicitDependencyGeneratePcm arm64 /Users/admin/builder/spi-builder-workspace/.derivedData/SDKExplicitPrecompiledModules/Darwin-11CH7JFBGKUPS1MXR2RVW14Q2.pcm
SwiftExplicitDependencyGeneratePcm arm64 /Users/admin/builder/spi-builder-workspace/.derivedData/SDKExplicitPrecompiledModules/simd-AIPMBV5SQY62150JLLOGYE3N0.pcm
SwiftExplicitDependencyGeneratePcm arm64 /Users/admin/builder/spi-builder-workspace/.derivedData/SDKExplicitPrecompiledModules/MachO-DZRNEA5LPRI3E64FG2LLCHTWM.pcm
SwiftExplicitDependencyGeneratePcm arm64 /Users/admin/builder/spi-builder-workspace/.derivedData/SDKExplicitPrecompiledModules/ObjectiveC-5D71DK7PWJ27IUP8DIMIW151Z.pcm
SwiftExplicitDependencyGeneratePcm arm64 /Users/admin/builder/spi-builder-workspace/.derivedData/SDKExplicitPrecompiledModules/os_object-C98U4BR5TV7J4CF3J9RD29471.pcm
SwiftExplicitDependencyGeneratePcm arm64 /Users/admin/builder/spi-builder-workspace/.derivedData/SDKExplicitPrecompiledModules/os_workgroup-EW7YHGH6W1I5GWQ7A493HTH5X.pcm
SwiftExplicitDependencyGeneratePcm arm64 /Users/admin/builder/spi-builder-workspace/.derivedData/SDKExplicitPrecompiledModules/Dispatch-1YYSG48OHXPH80J9IKEFL84WE.pcm
SwiftExplicitDependencyGeneratePcm arm64 /Users/admin/builder/spi-builder-workspace/.derivedData/SDKExplicitPrecompiledModules/Spatial-7H097DNSJ7Z7RVS4X7TNJXAWG.pcm
SwiftExplicitDependencyGeneratePcm arm64 /Users/admin/builder/spi-builder-workspace/.derivedData/SDKExplicitPrecompiledModules/XPC-21W07170Y19SE5HXTUV60V15F.pcm
SwiftExplicitDependencyGeneratePcm arm64 /Users/admin/builder/spi-builder-workspace/.derivedData/SDKExplicitPrecompiledModules/CoreFoundation-C9QVSEMIZP54ITMK51750XYN.pcm
SwiftExplicitDependencyGeneratePcm arm64 /Users/admin/builder/spi-builder-workspace/.derivedData/SDKExplicitPrecompiledModules/os-90VLXFXXQ0RMTQERBVQVLUOV1.pcm
SwiftExplicitDependencyGeneratePcm arm64 /Users/admin/builder/spi-builder-workspace/.derivedData/SDKExplicitPrecompiledModules/Security-DSXL4AJGN9GNBH9ZCJN3KX5BC.pcm
SwiftExplicitDependencyGeneratePcm arm64 /Users/admin/builder/spi-builder-workspace/.derivedData/SDKExplicitPrecompiledModules/CFNetwork-BWU016C19DXG7T7EFFKR20579.pcm
SwiftExplicitDependencyGeneratePcm arm64 /Users/admin/builder/spi-builder-workspace/.derivedData/SDKExplicitPrecompiledModules/CoreAudioTypes-7E2UGLP3GXIEWDHB3Y32ARILO.pcm
SwiftExplicitDependencyGeneratePcm arm64 /Users/admin/builder/spi-builder-workspace/.derivedData/SDKExplicitPrecompiledModules/CoreGraphics-4779621VQ7229QPW0G8YXJVCQ.pcm
SwiftExplicitDependencyGeneratePcm arm64 /Users/admin/builder/spi-builder-workspace/.derivedData/SDKExplicitPrecompiledModules/CoreAudio-94WIMYFWQLLIWXJ0OFTPEWEK.pcm
SwiftExplicitDependencyGeneratePcm arm64 /Users/admin/builder/spi-builder-workspace/.derivedData/SDKExplicitPrecompiledModules/Foundation-D162KW3CIOH7EGJPLDEE6UO79.pcm
SwiftExplicitDependencyGeneratePcm arm64 /Users/admin/builder/spi-builder-workspace/.derivedData/SDKExplicitPrecompiledModules/ImageIO-ENO6M3ZAE6HGNWJCGIJ99922I.pcm
SwiftExplicitDependencyGeneratePcm arm64 /Users/admin/builder/spi-builder-workspace/.derivedData/SDKExplicitPrecompiledModules/CoreText-BCAG3ULW5X99E7Y8KEFJ5OHGS.pcm
SwiftExplicitDependencyGeneratePcm arm64 /Users/admin/builder/spi-builder-workspace/.derivedData/SDKExplicitPrecompiledModules/CoreTransferable-DAEMR1TTAIEMHHEZDD4D02ZMB.pcm
SwiftExplicitDependencyGeneratePcm arm64 /Users/admin/builder/spi-builder-workspace/.derivedData/SDKExplicitPrecompiledModules/AVRouting-90W88NZ828EW7Z4R0O3U721LI.pcm
SwiftExplicitDependencyGeneratePcm arm64 /Users/admin/builder/spi-builder-workspace/.derivedData/SDKExplicitPrecompiledModules/UniformTypeIdentifiers-8QAPG0HCJDJ7TECXVB4BWD7UU.pcm
SwiftExplicitDependencyGeneratePcm arm64 /Users/admin/builder/spi-builder-workspace/.derivedData/SDKExplicitPrecompiledModules/IOSurface-3RX5LUXVI6YZVZUG8IHY35I2G.pcm
SwiftExplicitDependencyGeneratePcm arm64 /Users/admin/builder/spi-builder-workspace/.derivedData/SDKExplicitPrecompiledModules/DataDetection-CEL0BWTMQN4D6PQN4O5AY1BUV.pcm
SwiftExplicitDependencyGeneratePcm arm64 /Users/admin/builder/spi-builder-workspace/.derivedData/SDKExplicitPrecompiledModules/UIUtilities-870K2SK4XNR8SN0T1EW3U6TPN.pcm
SwiftExplicitDependencyGeneratePcm arm64 /Users/admin/builder/spi-builder-workspace/.derivedData/SDKExplicitPrecompiledModules/UserNotifications-B8RZ8VLO853ER27KR31IHVVY4.pcm
SwiftExplicitDependencyGeneratePcm arm64 /Users/admin/builder/spi-builder-workspace/.derivedData/SDKExplicitPrecompiledModules/_LocationEssentials-AZUU815LAG0WQL3C7A5K1DTBG.pcm
SwiftExplicitDependencyGeneratePcm arm64 /Users/admin/builder/spi-builder-workspace/.derivedData/SDKExplicitPrecompiledModules/OSLog-6RNDRYR49XLNQCYP2OUX7ITRK.pcm
SwiftExplicitDependencyGeneratePcm arm64 /Users/admin/builder/spi-builder-workspace/.derivedData/SDKExplicitPrecompiledModules/Accessibility-52RX1X386KBKOR8QAGBRHEHSN.pcm
SwiftExplicitDependencyGeneratePcm arm64 /Users/admin/builder/spi-builder-workspace/.derivedData/SDKExplicitPrecompiledModules/CoreMIDI-XX17NUOWWNFP2CLQT3OI4FL8.pcm
SwiftExplicitDependencyGeneratePcm arm64 /Users/admin/builder/spi-builder-workspace/.derivedData/SDKExplicitPrecompiledModules/Symbols-D5O4FE77VE2K8PBDV3VL6VW0A.pcm
SwiftExplicitDependencyGeneratePcm arm64 /Users/admin/builder/spi-builder-workspace/.derivedData/SDKExplicitPrecompiledModules/CoreLocation-4TD0UEKLS285DBXNQ52JEJB4J.pcm
SwiftExplicitDependencyGeneratePcm arm64 /Users/admin/builder/spi-builder-workspace/.derivedData/SDKExplicitPrecompiledModules/OpenGLES-27VJFDMIM8XHOUJC9VY9I4XLX.pcm
SwiftExplicitDependencyGeneratePcm arm64 /Users/admin/builder/spi-builder-workspace/.derivedData/SDKExplicitPrecompiledModules/Metal-EGVWXCRVOGETIZGI98JLDOKZW.pcm
SwiftExplicitDependencyGeneratePcm arm64 /Users/admin/builder/spi-builder-workspace/.derivedData/SDKExplicitPrecompiledModules/AudioToolbox-25SIMDC5N0RSA9CUZ3W44PW6Z.pcm
SwiftExplicitDependencyGeneratePcm arm64 /Users/admin/builder/spi-builder-workspace/.derivedData/SDKExplicitPrecompiledModules/CoreVideo-AP08BET84UNKFVFFZ1NR1RAE4.pcm
SwiftExplicitDependencyGeneratePcm arm64 /Users/admin/builder/spi-builder-workspace/.derivedData/SDKExplicitPrecompiledModules/QuartzCore-EAGNANIFED4H8E89U2ZN15DPB.pcm
SwiftExplicitDependencyGeneratePcm arm64 /Users/admin/builder/spi-builder-workspace/.derivedData/SDKExplicitPrecompiledModules/Accelerate-8V934AR18ZBYUCU7VT206961J.pcm
SwiftExplicitDependencyGeneratePcm arm64 /Users/admin/builder/spi-builder-workspace/.derivedData/SDKExplicitPrecompiledModules/CoreImage-3XVU5UQO2770KDX75DQQFFDBX.pcm
SwiftExplicitDependencyGeneratePcm arm64 /Users/admin/builder/spi-builder-workspace/.derivedData/SDKExplicitPrecompiledModules/CoreMedia-7NXN4HU24BK91ZKD19DDAGDRK.pcm
SwiftExplicitDependencyGeneratePcm arm64 /Users/admin/builder/spi-builder-workspace/.derivedData/SDKExplicitPrecompiledModules/SwiftUICore-513YPCEUSONPKOWCV1QZC6M45.pcm
SwiftExplicitDependencyGeneratePcm arm64 /Users/admin/builder/spi-builder-workspace/.derivedData/SDKExplicitPrecompiledModules/AVFAudio-27O2ALX860BGJ2NWAREA5VOXC.pcm
SwiftExplicitDependencyGeneratePcm arm64 /Users/admin/builder/spi-builder-workspace/.derivedData/SDKExplicitPrecompiledModules/UIKit-DVP8OTIL1XD502GXYEIPT5N2V.pcm
SwiftExplicitDependencyGeneratePcm arm64 /Users/admin/builder/spi-builder-workspace/.derivedData/SDKExplicitPrecompiledModules/VideoToolbox-1O615UXI8YVB98Q76YV1G2GP2.pcm
SwiftExplicitDependencyGeneratePcm arm64 /Users/admin/builder/spi-builder-workspace/.derivedData/SDKExplicitPrecompiledModules/MediaToolbox-5FFDXSP87VTGQ26LRIYNUBYV.pcm
SwiftExplicitDependencyGeneratePcm arm64 /Users/admin/builder/spi-builder-workspace/.derivedData/SDKExplicitPrecompiledModules/AVFoundation-EZU3IB1HK93PONP98O40D2PJP.pcm
SwiftEmitModule normal arm64 Emitting\ module\ for\ FDWaveformView (in target 'FDWaveformView' from project 'FDWaveformView')
/Users/admin/builder/spi-builder-workspace/Sources/FDWaveformView/FDWaveformRenderOperation.swift:41:13: warning: class 'FDWaveformRenderOperation' must restate inherited '@unchecked Sendable' conformance
 39 |
 40 | /// Operation used for rendering waveform images
 41 | final class FDWaveformRenderOperation: Operation {
    |             `- warning: class 'FDWaveformRenderOperation' must restate inherited '@unchecked Sendable' conformance
 42 |
 43 |   /// When samples per pixel falls below this threshold, switch from binned maximums to individual samples
/Users/admin/builder/spi-builder-workspace/Sources/FDWaveformView/FDWaveformRenderOperation.swift:261:1: warning: extension declares a conformance of imported type 'Status' to imported protocol 'CustomStringConvertible'; this will not behave correctly if the owners of 'AVFoundation' introduce this conformance in the future
259 | }
260 |
261 | extension AVAssetReader.Status: CustomStringConvertible {
    | |- warning: extension declares a conformance of imported type 'Status' to imported protocol 'CustomStringConvertible'; this will not behave correctly if the owners of 'AVFoundation' introduce this conformance in the future
    | `- note: add '@retroactive' to silence this warning
262 |   public var description: String {
263 |     switch self {
/Users/admin/builder/spi-builder-workspace/Sources/FDWaveformView/FDWaveformView.swift:246:37: error: 'UIPinchGestureRecognizer' is unavailable in tvOS
244 |
245 |   /// Gesture recognizer
246 |   fileprivate var pinchRecognizer = UIPinchGestureRecognizer()
    |                                     `- error: 'UIPinchGestureRecognizer' is unavailable in tvOS
247 |
248 |   /// Gesture recognizer
/Applications/Xcode-27.0.0.app/Contents/Developer/Platforms/AppleTVOS.platform/Developer/SDKs/AppleTVOS27.0.sdk/System/Library/Frameworks/UIKit.framework/Headers/UIPinchGestureRecognizer.h:20:12: note: 'UIPinchGestureRecognizer' has been explicitly marked unavailable here
18 |
19 | UIKIT_EXTERN API_AVAILABLE(ios(3.2)) API_UNAVAILABLE(tvos, watchos) NS_SWIFT_UI_ACTOR
20 | @interface UIPinchGestureRecognizer : UIGestureRecognizer
   |            `- note: 'UIPinchGestureRecognizer' has been explicitly marked unavailable here
21 |
22 | @property (nonatomic)          CGFloat scale;               // scale relative to the touch points in screen coordinates
/Users/admin/builder/spi-builder-workspace/Sources/FDWaveformView/FDWaveformView.swift:486:47: error: 'UIPinchGestureRecognizer' is unavailable in tvOS
484 |   }
485 |
486 |   @objc func handlePinchGesture(_ recognizer: UIPinchGestureRecognizer) {
    |                                               `- error: 'UIPinchGestureRecognizer' is unavailable in tvOS
487 |     guard doesAllowStretch else { return }
488 |
/Applications/Xcode-27.0.0.app/Contents/Developer/Platforms/AppleTVOS.platform/Developer/SDKs/AppleTVOS27.0.sdk/System/Library/Frameworks/UIKit.framework/Headers/UIPinchGestureRecognizer.h:20:12: note: 'UIPinchGestureRecognizer' has been explicitly marked unavailable here
18 |
19 | UIKIT_EXTERN API_AVAILABLE(ios(3.2)) API_UNAVAILABLE(tvos, watchos) NS_SWIFT_UI_ACTOR
20 | @interface UIPinchGestureRecognizer : UIGestureRecognizer
   |            `- note: 'UIPinchGestureRecognizer' has been explicitly marked unavailable here
21 |
22 | @property (nonatomic)          CGFloat scale;               // scale relative to the touch points in screen coordinates
Failed frontend command:
SwiftCompile normal arm64 (in target 'FDWaveformView' from project 'FDWaveformView')
    cd /Users/admin/builder/spi-builder-workspace/.swiftpm/xcode

/Applications/Xcode-27.0.0.app/Contents/Developer/Toolchains/XcodeDefault.xctoolchain/usr/bin/swift-frontend -frontend -emit-module -experimental-skip-non-inlinable-function-bodies-without-types /Users/admin/builder/spi-builder-workspace/Sources/FDWaveformView/FDWaveformAudioDataSource.swift /Users/admin/builder/spi-builder-workspace/Sources/FDWaveformView/FDWaveformDataSource.swift /Users/admin/builder/spi-builder-workspace/Sources/FDWaveformView/FDWaveformRenderOperation.swift /Users/admin/builder/spi-builder-workspace/Sources/FDWaveformView/FDWaveformView.swift -target arm64-apple-tvos15.0 -disable-cross-import-overlay-search -load-resolved-plugin /Applications/Xcode-27.0.0.app/Contents/Developer/Platforms/AppleTVOS.platform/Developer/usr/lib/swift/host/plugins/libFoundationMacros.dylib\#/Applications/Xcode-27.0.0.app/Contents/Developer/Platforms/AppleTVOS.platform/Developer/usr/bin/swift-plugin-server\#FoundationMacros -load-resolved-plugin /Applications/Xcode-27.0.0.app/Contents/Developer/Platforms/AppleTVOS.platform/Developer/usr/lib/swift/host/plugins/libObservationMacros.dylib\#/Applications/Xcode-27.0.0.app/Contents/Developer/Platforms/AppleTVOS.platform/Developer/usr/bin/swift-plugin-server\#ObservationMacros -load-resolved-plugin /Applications/Xcode-27.0.0.app/Contents/Developer/Platforms/AppleTVOS.platform/Developer/usr/lib/swift/host/plugins/libPreviewsMacros.dylib\#/Applications/Xcode-27.0.0.app/Contents/Developer/Platforms/AppleTVOS.platform/Developer/usr/bin/swift-plugin-server\#PreviewsMacros -load-resolved-plugin /Applications/Xcode-27.0.0.app/Contents/Developer/Platforms/AppleTVOS.platform/Developer/usr/lib/swift/host/plugins/libSwiftMacros.dylib\#/Applications/Xcode-27.0.0.app/Contents/Developer/Platforms/AppleTVOS.platform/Developer/usr/bin/swift-plugin-server\#SwiftMacros -load-resolved-plugin /Applications/Xcode-27.0.0.app/Contents/Developer/Platforms/AppleTVOS.platform/Developer/usr/lib/swift/host/plugins/libSwiftUIMacros.dylib\#/Applications/Xcode-27.0.0.app/Contents/Developer/Platforms/AppleTVOS.platform/Developer/usr/bin/swift-plugin-server\#SwiftUIMacros -disable-implicit-swift-modules -Xcc -fno-implicit-modules -Xcc -fno-implicit-module-maps -explicit-swift-module-map-file /Users/admin/builder/spi-builder-workspace/.derivedData/Build/Intermediates.noindex/FDWaveformView.build/Debug-appletvos/FDWaveformView-t.build/Objects-normal/arm64/FDWaveformView-dependencies-1.json -Xllvm -aarch64-use-tbi -enable-objc-interop -stack-check -sdk /Applications/Xcode-27.0.0.app/Contents/Developer/Platforms/AppleTVOS.platform/Developer/SDKs/AppleTVOS27.0.sdk -I /Users/admin/builder/spi-builder-workspace/.derivedData/Build/Products/Debug-appletvos -Isystem /Applications/Xcode-27.0.0.app/Contents/Developer/Platforms/AppleTVOS.platform/Developer/usr/lib -F /Users/admin/builder/spi-builder-workspace/.derivedData/Build/Products/Debug-appletvos -F /Applications/Xcode-27.0.0.app/Contents/Developer/Platforms/AppleTVOS.platform/Developer/Library/Frameworks -F /Applications/Xcode-27.0.0.app/Contents/Developer/Platforms/AppleTVOS.platform/Developer/SDKs/AppleTVOS27.0.sdk/Developer/Library/Frameworks -module-cache-path /Users/admin/builder/spi-builder-workspace/.derivedData/Build/Intermediates.noindex/SwiftExplicitPrecompiledModules -no-color-diagnostics -Xcc -fno-color-diagnostics -enable-testing -g -debug-info-format\=dwarf -dwarf-version\=4 -profile-generate -profile-coverage-mapping -swift-version 6 -Onone -D SWIFT_PACKAGE -D DEBUG -D SWIFT_MODULE_RESOURCE_BUNDLE_UNAVAILABLE -D Xcode -serialize-debugging-options -enable-upcoming-feature ApproachableConcurrency -enable-experimental-feature DebugDescriptionMacro -empty-abi-descriptor -validate-clang-modules-once -clang-build-session-file /Users/admin/builder/spi-builder-workspace/.derivedData/ModuleCache.noindex/Session.modulevalidation -Xcc -working-directory -Xcc /Users/admin/builder/spi-builder-workspace/.swiftpm/xcode -enable-anonymous-context-mangled-names -file-compilation-dir /Users/admin/builder/spi-builder-workspace/.swiftpm/xcode -Xcc -D_LIBCPP_HARDENING_MODE\=_LIBCPP_HARDENING_MODE_DEBUG -Xcc -ivfsstatcache -Xcc /Users/admin/builder/spi-builder-workspace/.derivedData/SDKStatCaches.noindex/appletvos27.0-24J360-e829b21a6f8c9b70876ba0858053c044509235ffd515576fb835ffc8f67461e5.sdkstatcache -Xcc -fmodules-prune-interval\=86400 -Xcc -fmodules-prune-after\=345600 -Xcc -I/Users/admin/builder/spi-builder-workspace/.derivedData/Build/Products/Debug-appletvos/include -Xcc -I/Users/admin/builder/spi-builder-workspace/.derivedData/Build/Intermediates.noindex/FDWaveformView.build/Debug-appletvos/FDWaveformView-t.build/DerivedSources-normal/arm64 -Xcc -I/Users/admin/builder/spi-builder-workspace/.derivedData/Build/Intermediates.noindex/FDWaveformView.build/Debug-appletvos/FDWaveformView-t.build/DerivedSources/arm64 -Xcc -I/Users/admin/builder/spi-builder-workspace/.derivedData/Build/Intermediates.noindex/FDWaveformView.build/Debug-appletvos/FDWaveformView-t.build/DerivedSources -Xcc -DSWIFT_PACKAGE -Xcc -DDEBUG\=1 -no-auto-bridging-header-chaining -module-name FDWaveformView -package-name spi_builder_workspace -const-gather-protocols-file /Users/admin/builder/spi-builder-workspace/.derivedData/Build/Intermediates.noindex/FDWaveformView.build/Debug-appletvos/FDWaveformView-t.build/Objects-normal/arm64/FDWaveformView_const_extract_protocols.json -disable-clang-spi -clang-target arm64-apple-tvos27.0 -target-sdk-version 27.0 -target-sdk-name appletvos27.0 -in-process-plugin-server-path /Applications/Xcode-27.0.0.app/Contents/Developer/Toolchains/XcodeDefault.xctoolchain/usr/lib/swift/host/libSwiftInProcPluginServer.dylib -emit-module-doc-path /Users/admin/builder/spi-builder-workspace/.derivedData/Build/Intermediates.noindex/FDWaveformView.build/Debug-appletvos/FDWaveformView-t.build/Objects-normal/arm64/FDWaveformView.swiftdoc -emit-module-source-info-path /Users/admin/builder/spi-builder-workspace/.derivedData/Build/Intermediates.noindex/FDWaveformView.build/Debug-appletvos/FDWaveformView-t.build/Objects-normal/arm64/FDWaveformView.swiftsourceinfo -emit-objc-header-path /Users/admin/builder/spi-builder-workspace/.derivedData/Build/Intermediates.noindex/FDWaveformView.build/Debug-appletvos/FDWaveformView-t.build/Objects-normal/arm64/FDWaveformView-Swift.h -serialize-diagnostics-path /Users/admin/builder/spi-builder-workspace/.derivedData/Build/Intermediates.noindex/FDWaveformView.build/Debug-appletvos/FDWaveformView-t.build/Objects-normal/arm64/FDWaveformView-primary-emit-module.dia -emit-dependencies-path /Users/admin/builder/spi-builder-workspace/.derivedData/Build/Intermediates.noindex/FDWaveformView.build/Debug-appletvos/FDWaveformView-t.build/Objects-normal/arm64/FDWaveformView-primary-emit-module.d -parse-as-library -o /Users/admin/builder/spi-builder-workspace/.derivedData/Build/Intermediates.noindex/FDWaveformView.build/Debug-appletvos/FDWaveformView-t.build/Objects-normal/arm64/FDWaveformView.swiftmodule -emit-abi-descriptor-path /Users/admin/builder/spi-builder-workspace/.derivedData/Build/Intermediates.noindex/FDWaveformView.build/Debug-appletvos/FDWaveformView-t.build/Objects-normal/arm64/FDWaveformView.abi.json
SwiftCompile normal arm64 Compiling\ FDWaveformView.swift /Users/admin/builder/spi-builder-workspace/Sources/FDWaveformView/FDWaveformView.swift (in target 'FDWaveformView' from project 'FDWaveformView')
SwiftCompile normal arm64 /Users/admin/builder/spi-builder-workspace/Sources/FDWaveformView/FDWaveformView.swift (in target 'FDWaveformView' from project 'FDWaveformView')
    cd /Users/admin/builder/spi-builder-workspace/.swiftpm/xcode
    builtin-SwiftPerFileCompile FDWaveformView.swift
/Users/admin/builder/spi-builder-workspace/Sources/FDWaveformView/FDWaveformView.swift:246:37: error: 'UIPinchGestureRecognizer' is unavailable in tvOS
244 |
245 |   /// Gesture recognizer
246 |   fileprivate var pinchRecognizer = UIPinchGestureRecognizer()
    |                                     `- error: 'UIPinchGestureRecognizer' is unavailable in tvOS
247 |
248 |   /// Gesture recognizer
/Applications/Xcode-27.0.0.app/Contents/Developer/Platforms/AppleTVOS.platform/Developer/SDKs/AppleTVOS27.0.sdk/System/Library/Frameworks/UIKit.framework/Headers/UIPinchGestureRecognizer.h:20:12: note: 'UIPinchGestureRecognizer' has been explicitly marked unavailable here
18 |
19 | UIKIT_EXTERN API_AVAILABLE(ios(3.2)) API_UNAVAILABLE(tvos, watchos) NS_SWIFT_UI_ACTOR
20 | @interface UIPinchGestureRecognizer : UIGestureRecognizer
   |            `- note: 'UIPinchGestureRecognizer' has been explicitly marked unavailable here
21 |
22 | @property (nonatomic)          CGFloat scale;               // scale relative to the touch points in screen coordinates
/Users/admin/builder/spi-builder-workspace/Sources/FDWaveformView/FDWaveformView.swift:486:47: error: 'UIPinchGestureRecognizer' is unavailable in tvOS
484 |   }
485 |
486 |   @objc func handlePinchGesture(_ recognizer: UIPinchGestureRecognizer) {
    |                                               `- error: 'UIPinchGestureRecognizer' is unavailable in tvOS
487 |     guard doesAllowStretch else { return }
488 |
/Applications/Xcode-27.0.0.app/Contents/Developer/Platforms/AppleTVOS.platform/Developer/SDKs/AppleTVOS27.0.sdk/System/Library/Frameworks/UIKit.framework/Headers/UIPinchGestureRecognizer.h:20:12: note: 'UIPinchGestureRecognizer' has been explicitly marked unavailable here
18 |
19 | UIKIT_EXTERN API_AVAILABLE(ios(3.2)) API_UNAVAILABLE(tvos, watchos) NS_SWIFT_UI_ACTOR
20 | @interface UIPinchGestureRecognizer : UIGestureRecognizer
   |            `- note: 'UIPinchGestureRecognizer' has been explicitly marked unavailable here
21 |
22 | @property (nonatomic)          CGFloat scale;               // scale relative to the touch points in screen coordinates
SwiftCompile normal arm64 Compiling\ FDWaveformDataSource.swift /Users/admin/builder/spi-builder-workspace/Sources/FDWaveformView/FDWaveformDataSource.swift (in target 'FDWaveformView' from project 'FDWaveformView')
SwiftCompile normal arm64 /Users/admin/builder/spi-builder-workspace/Sources/FDWaveformView/FDWaveformDataSource.swift (in target 'FDWaveformView' from project 'FDWaveformView')
    cd /Users/admin/builder/spi-builder-workspace/.swiftpm/xcode
    builtin-SwiftPerFileCompile FDWaveformDataSource.swift
SwiftCompile normal arm64 Compiling\ FDWaveformAudioDataSource.swift /Users/admin/builder/spi-builder-workspace/Sources/FDWaveformView/FDWaveformAudioDataSource.swift (in target 'FDWaveformView' from project 'FDWaveformView')
SwiftCompile normal arm64 /Users/admin/builder/spi-builder-workspace/Sources/FDWaveformView/FDWaveformAudioDataSource.swift (in target 'FDWaveformView' from project 'FDWaveformView')
    cd /Users/admin/builder/spi-builder-workspace/.swiftpm/xcode
    builtin-SwiftPerFileCompile FDWaveformAudioDataSource.swift
SwiftCompile normal arm64 Compiling\ FDWaveformRenderOperation.swift /Users/admin/builder/spi-builder-workspace/Sources/FDWaveformView/FDWaveformRenderOperation.swift (in target 'FDWaveformView' from project 'FDWaveformView')
/Users/admin/builder/spi-builder-workspace/Sources/FDWaveformView/FDWaveformRenderOperation.swift:41:13: warning: class 'FDWaveformRenderOperation' must restate inherited '@unchecked Sendable' conformance
 39 |
 40 | /// Operation used for rendering waveform images
 41 | final class FDWaveformRenderOperation: Operation {
    |             `- warning: class 'FDWaveformRenderOperation' must restate inherited '@unchecked Sendable' conformance
 42 |
 43 |   /// When samples per pixel falls below this threshold, switch from binned maximums to individual samples
/Users/admin/builder/spi-builder-workspace/Sources/FDWaveformView/FDWaveformRenderOperation.swift:261:1: warning: extension declares a conformance of imported type 'Status' to imported protocol 'CustomStringConvertible'; this will not behave correctly if the owners of 'AVFoundation' introduce this conformance in the future
259 | }
260 |
261 | extension AVAssetReader.Status: CustomStringConvertible {
    | |- warning: extension declares a conformance of imported type 'Status' to imported protocol 'CustomStringConvertible'; this will not behave correctly if the owners of 'AVFoundation' introduce this conformance in the future
    | `- note: add '@retroactive' to silence this warning
262 |   public var description: String {
263 |     switch self {
/Users/admin/builder/spi-builder-workspace/Sources/FDWaveformView/FDWaveformRenderOperation.swift:25:28: warning: main actor-isolated property 'scale' can not be referenced from a nonisolated context
 23 |       return 2.0
 24 |     #else
 25 |       return UIScreen.main.scale
    |                            `- warning: main actor-isolated property 'scale' can not be referenced from a nonisolated context
 26 |     #endif
 27 |   }
/Applications/Xcode-27.0.0.app/Contents/Developer/Platforms/AppleTVOS.platform/Developer/SDKs/AppleTVOS27.0.sdk/System/Library/Frameworks/UIKit.framework/Headers/UIScreen.h:60:39: note: property declared here
 58 |
 59 | @property(nonatomic,readonly) CGRect  bounds;                // Bounds of entire screen in points
 60 | @property(nonatomic,readonly) CGFloat scale API_AVAILABLE(ios(4.0));
    |                                       `- note: property declared here
 61 |
 62 | @property(nonatomic,readonly,copy) NSArray<UIScreenMode *> *availableModes API_AVAILABLE(ios(3.2)) API_UNAVAILABLE(tvos);             // The list of modes that this screen supports
SwiftCompile normal arm64 /Users/admin/builder/spi-builder-workspace/Sources/FDWaveformView/FDWaveformRenderOperation.swift (in target 'FDWaveformView' from project 'FDWaveformView')
    cd /Users/admin/builder/spi-builder-workspace/.swiftpm/xcode
    builtin-SwiftPerFileCompile FDWaveformRenderOperation.swift
PruneExplicitPrecompiledModules /Users/admin/builder/spi-builder-workspace/.derivedData/SDKExplicitPrecompiledModules
PruneExplicitPrecompiledModules /Users/admin/builder/spi-builder-workspace/.derivedData/Build/Intermediates.noindex/ExplicitPrecompiledModules
PruneExplicitPrecompiledModules /Users/admin/builder/spi-builder-workspace/.derivedData/Build/Intermediates.noindex/SwiftExplicitPrecompiledModules
2026-10-16 23:06:37.624 xcodebuild[628:3875] [MT] IDERunDestination: Supported platforms for the buildables in the current scheme is empty.
** BUILD FAILED **
The following build commands failed:
	SwiftCompile normal arm64 (in target 'FDWaveformView' from project 'FDWaveformView')
	SwiftEmitModule normal arm64 Emitting\ module\ for\ FDWaveformView (in target 'FDWaveformView' from project 'FDWaveformView')
	Building workspace FDWaveformView with scheme FDWaveformView
(3 failures)
Command line invocation:
    /Applications/Xcode-27.0.0.app/Contents/Developer/usr/bin/xcodebuild -IDEClonedSourcePackagesDirPathOverride=/Users/admin/builder/spi-builder-workspace/.dependencies -resolvePackageDependencies
Resolve Package Graph
Resolved source packages:
  FDWaveformView: /Users/admin/builder/spi-builder-workspace
resolved source packages: FDWaveformView
2026-10-16 23:06:43.492 xcodebuild[747:4466] [MT] IDERunDestination: Supported platforms for the buildables in the current scheme is empty.
{
  "dependencies" : [
  ],
  "manifest_display_name" : "FDWaveformView",
  "name" : "FDWaveformView",
  "path" : "/Users/admin/builder/spi-builder-workspace",
  "platforms" : [
    {
      "name" : "ios",
      "version" : "15.0"
    },
    {
      "name" : "visionos",
      "version" : "1.0"
    }
  ],
  "products" : [
    {
      "name" : "FDWaveformView",
      "targets" : [
        "FDWaveformView"
      ],
      "type" : {
        "library" : [
          "automatic"
        ]
      }
    }
  ],
  "targets" : [
    {
      "c99name" : "FDWaveformViewTests",
      "module_type" : "SwiftTarget",
      "name" : "FDWaveformViewTests",
      "path" : "Tests/FDWaveformViewTests",
      "sources" : [
        "FDWaveformViewTests.swift"
      ],
      "target_dependencies" : [
        "FDWaveformView"
      ],
      "type" : "test"
    },
    {
      "c99name" : "FDWaveformView",
      "module_type" : "SwiftTarget",
      "name" : "FDWaveformView",
      "path" : "Sources/FDWaveformView",
      "product_memberships" : [
        "FDWaveformView"
      ],
      "sources" : [
        "FDWaveformAudioDataSource.swift",
        "FDWaveformDataSource.swift",
        "FDWaveformRenderOperation.swift",
        "FDWaveformView.swift"
      ],
      "type" : "library"
    }
  ],
  "tools_version" : "6.4"
}
{
  "workspace" : {
    "name" : "FDWaveformView",
    "schemes" : [
      "FDWaveformView"
    ]
  }
}
2026-10-16 23:06:44.692 xcodebuild[755:4531] [MT] IDERunDestination: Supported platforms for the buildables in the current scheme is empty.
Running build ...
env DEVELOPER_DIR=/Applications/Xcode-27.0.0.app xcrun xcodebuild -IDEClonedSourcePackagesDirPathOverride=$PWD/.dependencies -skipMacroValidation -skipPackagePluginValidation -derivedDataPath $PWD/.derivedData build -scheme FDWaveformView -destination generic/platform=tvOS
Command line invocation:
    /Applications/Xcode-27.0.0.app/Contents/Developer/usr/bin/xcodebuild -IDEClonedSourcePackagesDirPathOverride=/Users/admin/builder/spi-builder-workspace/.dependencies -skipMacroValidation -skipPackagePluginValidation -derivedDataPath /Users/admin/builder/spi-builder-workspace/.derivedData build -scheme FDWaveformView -destination generic/platform=tvOS
Resolve Package Graph
Resolved source packages:
  FDWaveformView: /Users/admin/builder/spi-builder-workspace
ComputePackagePrebuildTargetDependencyGraph
Prepare packages
CreateBuildRequest
SendProjectDescription
CreateBuildOperation
ComputeTargetDependencyGraph
note: Building targets in dependency order
note: Target dependency graph (2 targets)
    Target 'FDWaveformView-product' in project 'FDWaveformView'
        ➜ Explicit dependency on target 'FDWaveformView' in project 'FDWaveformView'
    Target 'FDWaveformView' in project 'FDWaveformView' (no dependencies)
GatherProvisioningInputs
CreateBuildDescription
ClangStatCache /Applications/Xcode-27.0.0.app/Contents/Developer/Toolchains/XcodeDefault.xctoolchain/usr/bin/clang-stat-cache /Applications/Xcode-27.0.0.app/Contents/Developer/Platforms/AppleTVOS.platform/Developer/SDKs/AppleTVOS27.0.sdk /Users/admin/builder/spi-builder-workspace/.derivedData/SDKStatCaches.noindex/appletvos27.0-24J360-e829b21a6f8c9b70876ba0858053c044509235ffd515576fb835ffc8f67461e5.sdkstatcache
    cd /Users/admin/builder/spi-builder-workspace/.swiftpm/xcode
    /Applications/Xcode-27.0.0.app/Contents/Developer/Toolchains/XcodeDefault.xctoolchain/usr/bin/clang-stat-cache /Applications/Xcode-27.0.0.app/Contents/Developer/Platforms/AppleTVOS.platform/Developer/SDKs/AppleTVOS27.0.sdk -o /Users/admin/builder/spi-builder-workspace/.derivedData/SDKStatCaches.noindex/appletvos27.0-24J360-e829b21a6f8c9b70876ba0858053c044509235ffd515576fb835ffc8f67461e5.sdkstatcache
SwiftDriver FDWaveformView normal arm64 com.apple.xcode.tools.swift.compiler (in target 'FDWaveformView' from project 'FDWaveformView')
    cd /Users/admin/builder/spi-builder-workspace/.swiftpm/xcode
    builtin-SwiftDriver -- /Applications/Xcode-27.0.0.app/Contents/Developer/Toolchains/XcodeDefault.xctoolchain/usr/bin/swiftc -parse-as-library -module-name FDWaveformView -Onone @/Users/admin/builder/spi-builder-workspace/.derivedData/Build/Intermediates.noindex/FDWaveformView.build/Debug-appletvos/FDWaveformView-t.build/Objects-normal/arm64/FDWaveformView.SwiftFileList -DSWIFT_PACKAGE -DDEBUG -DSWIFT_MODULE_RESOURCE_BUNDLE_UNAVAILABLE -DXcode -enable-upcoming-feature ApproachableConcurrency -plugin-path /Applications/Xcode-27.0.0.app/Contents/Developer/Toolchains/XcodeDefault.xctoolchain/usr/lib/swift/host/plugins/testing -enable-experimental-feature DebugDescriptionMacro -sdk /Applications/Xcode-27.0.0.app/Contents/Developer/Platforms/AppleTVOS.platform/Developer/SDKs/AppleTVOS27.0.sdk -target arm64-apple-tvos15.0 -g -module-cache-path /Users/admin/builder/spi-builder-workspace/.derivedData/ModuleCache.noindex -Xfrontend -serialize-debugging-options -profile-coverage-mapping -profile-generate -enable-testing -index-store-path /Users/admin/builder/spi-builder-workspace/.derivedData/Index.noindex/DataStore -Xcc -D_LIBCPP_HARDENING_MODE\=_LIBCPP_HARDENING_MODE_DEBUG -swift-version 6 -I /Users/admin/builder/spi-builder-workspace/.derivedData/Build/Products/Debug-appletvos -Isystem /Applications/Xcode-27.0.0.app/Contents/Developer/Platforms/AppleTVOS.platform/Developer/usr/lib -F /Users/admin/builder/spi-builder-workspace/.derivedData/Build/Products/Debug-appletvos -F /Applications/Xcode-27.0.0.app/Contents/Developer/Platforms/AppleTVOS.platform/Developer/Library/Frameworks -F /Applications/Xcode-27.0.0.app/Contents/Developer/Platforms/AppleTVOS.platform/Developer/SDKs/AppleTVOS27.0.sdk/Developer/Library/Frameworks -c -j10 -enable-batch-mode -incremental -Xcc -ivfsstatcache -Xcc /Users/admin/builder/spi-builder-workspace/.derivedData/SDKStatCaches.noindex/appletvos27.0-24J360-e829b21a6f8c9b70876ba0858053c044509235ffd515576fb835ffc8f67461e5.sdkstatcache -output-file-map /Users/admin/builder/spi-builder-workspace/.derivedData/Build/Intermediates.noindex/FDWaveformView.build/Debug-appletvos/FDWaveformView-t.build/Objects-normal/arm64/FDWaveformView-OutputFileMap.json -save-temps -no-color-diagnostics -explicit-module-build -module-cache-path /Users/admin/builder/spi-builder-workspace/.derivedData/Build/Intermediates.noindex/SwiftExplicitPrecompiledModules -clang-scanner-module-cache-path /Users/admin/builder/spi-builder-workspace/.derivedData/ModuleCache.noindex -sdk-module-cache-path /Users/admin/builder/spi-builder-workspace/.derivedData/SDKExplicitPrecompiledModules -emit-dependencies -emit-module -emit-module-path /Users/admin/builder/spi-builder-workspace/.derivedData/Build/Intermediates.noindex/FDWaveformView.build/Debug-appletvos/FDWaveformView-t.build/Objects-normal/arm64/FDWaveformView.swiftmodule -serialize-diagnostics -dependency-scan-serialize-diagnostics-path /Users/admin/builder/spi-builder-workspace/.derivedData/Build/Intermediates.noindex/FDWaveformView.build/Debug-appletvos/FDWaveformView-t.build/Objects-normal/arm64/FDWaveformView-dependency-scan.dia -validate-clang-modules-once -clang-build-session-file /Users/admin/builder/spi-builder-workspace/.derivedData/ModuleCache.noindex/Session.modulevalidation -Xcc -fmodules-prune-interval\=86400 -Xcc -fmodules-prune-after\=345600 -package-name spi_builder_workspace -emit-const-values -const-gather-protocols-list /Users/admin/builder/spi-builder-workspace/.derivedData/Build/Intermediates.noindex/FDWaveformView.build/Debug-appletvos/FDWaveformView-t.build/Objects-normal/arm64/FDWaveformView_const_extract_protocols.json -Xcc -I/Users/admin/builder/spi-builder-workspace/.derivedData/Build/Products/Debug-appletvos/include -Xcc -I/Users/admin/builder/spi-builder-workspace/.derivedData/Build/Intermediates.noindex/FDWaveformView.build/Debug-appletvos/FDWaveformView-t.build/DerivedSources-normal/arm64 -Xcc -I/Users/admin/builder/spi-builder-workspace/.derivedData/Build/Intermediates.noindex/FDWaveformView.build/Debug-appletvos/FDWaveformView-t.build/DerivedSources/arm64 -Xcc -I/Users/admin/builder/spi-builder-workspace/.derivedData/Build/Intermediates.noindex/FDWaveformView.build/Debug-appletvos/FDWaveformView-t.build/DerivedSources -Xcc -DSWIFT_PACKAGE -Xcc -DDEBUG\=1 -emit-objc-header -emit-objc-header-path /Users/admin/builder/spi-builder-workspace/.derivedData/Build/Intermediates.noindex/FDWaveformView.build/Debug-appletvos/FDWaveformView-t.build/Objects-normal/arm64/FDWaveformView-Swift.h -working-directory /Users/admin/builder/spi-builder-workspace/.swiftpm/xcode -experimental-emit-module-separately -disable-cmo
SwiftCompile normal arm64 Compiling\ FDWaveformDataSource.swift /Users/admin/builder/spi-builder-workspace/Sources/FDWaveformView/FDWaveformDataSource.swift (in target 'FDWaveformView' from project 'FDWaveformView')
SwiftCompile normal arm64 /Users/admin/builder/spi-builder-workspace/Sources/FDWaveformView/FDWaveformDataSource.swift (in target 'FDWaveformView' from project 'FDWaveformView')
    cd /Users/admin/builder/spi-builder-workspace/.swiftpm/xcode
    builtin-SwiftPerFileCompile FDWaveformDataSource.swift
SwiftCompile normal arm64 Compiling\ FDWaveformAudioDataSource.swift /Users/admin/builder/spi-builder-workspace/Sources/FDWaveformView/FDWaveformAudioDataSource.swift (in target 'FDWaveformView' from project 'FDWaveformView')
SwiftCompile normal arm64 /Users/admin/builder/spi-builder-workspace/Sources/FDWaveformView/FDWaveformAudioDataSource.swift (in target 'FDWaveformView' from project 'FDWaveformView')
    cd /Users/admin/builder/spi-builder-workspace/.swiftpm/xcode
    builtin-SwiftPerFileCompile FDWaveformAudioDataSource.swift
SwiftEmitModule normal arm64 Emitting\ module\ for\ FDWaveformView (in target 'FDWaveformView' from project 'FDWaveformView')
/Users/admin/builder/spi-builder-workspace/Sources/FDWaveformView/FDWaveformRenderOperation.swift:41:13: warning: class 'FDWaveformRenderOperation' must restate inherited '@unchecked Sendable' conformance
 39 |
 40 | /// Operation used for rendering waveform images
 41 | final class FDWaveformRenderOperation: Operation {
    |             `- warning: class 'FDWaveformRenderOperation' must restate inherited '@unchecked Sendable' conformance
 42 |
 43 |   /// When samples per pixel falls below this threshold, switch from binned maximums to individual samples
/Users/admin/builder/spi-builder-workspace/Sources/FDWaveformView/FDWaveformRenderOperation.swift:261:1: warning: extension declares a conformance of imported type 'Status' to imported protocol 'CustomStringConvertible'; this will not behave correctly if the owners of 'AVFoundation' introduce this conformance in the future
259 | }
260 |
261 | extension AVAssetReader.Status: CustomStringConvertible {
    | |- warning: extension declares a conformance of imported type 'Status' to imported protocol 'CustomStringConvertible'; this will not behave correctly if the owners of 'AVFoundation' introduce this conformance in the future
    | `- note: add '@retroactive' to silence this warning
262 |   public var description: String {
263 |     switch self {
/Users/admin/builder/spi-builder-workspace/Sources/FDWaveformView/FDWaveformView.swift:246:37: error: 'UIPinchGestureRecognizer' is unavailable in tvOS
244 |
245 |   /// Gesture recognizer
246 |   fileprivate var pinchRecognizer = UIPinchGestureRecognizer()
    |                                     `- error: 'UIPinchGestureRecognizer' is unavailable in tvOS
247 |
248 |   /// Gesture recognizer
/Applications/Xcode-27.0.0.app/Contents/Developer/Platforms/AppleTVOS.platform/Developer/SDKs/AppleTVOS27.0.sdk/System/Library/Frameworks/UIKit.framework/Headers/UIPinchGestureRecognizer.h:20:12: note: 'UIPinchGestureRecognizer' has been explicitly marked unavailable here
18 |
19 | UIKIT_EXTERN API_AVAILABLE(ios(3.2)) API_UNAVAILABLE(tvos, watchos) NS_SWIFT_UI_ACTOR
20 | @interface UIPinchGestureRecognizer : UIGestureRecognizer
   |            `- note: 'UIPinchGestureRecognizer' has been explicitly marked unavailable here
21 |
22 | @property (nonatomic)          CGFloat scale;               // scale relative to the touch points in screen coordinates
/Users/admin/builder/spi-builder-workspace/Sources/FDWaveformView/FDWaveformView.swift:486:47: error: 'UIPinchGestureRecognizer' is unavailable in tvOS
484 |   }
485 |
486 |   @objc func handlePinchGesture(_ recognizer: UIPinchGestureRecognizer) {
    |                                               `- error: 'UIPinchGestureRecognizer' is unavailable in tvOS
487 |     guard doesAllowStretch else { return }
488 |
/Applications/Xcode-27.0.0.app/Contents/Developer/Platforms/AppleTVOS.platform/Developer/SDKs/AppleTVOS27.0.sdk/System/Library/Frameworks/UIKit.framework/Headers/UIPinchGestureRecognizer.h:20:12: note: 'UIPinchGestureRecognizer' has been explicitly marked unavailable here
18 |
19 | UIKIT_EXTERN API_AVAILABLE(ios(3.2)) API_UNAVAILABLE(tvos, watchos) NS_SWIFT_UI_ACTOR
20 | @interface UIPinchGestureRecognizer : UIGestureRecognizer
   |            `- note: 'UIPinchGestureRecognizer' has been explicitly marked unavailable here
21 |
22 | @property (nonatomic)          CGFloat scale;               // scale relative to the touch points in screen coordinates
Failed frontend command:
/Applications/Xcode-27.0.0.app/Contents/Developer/Toolchains/XcodeDefault.xctoolchain/usr/bin/swift-frontend -frontend -emit-module -experimental-skip-non-inlinable-function-bodies-without-types /Users/admin/builder/spi-builder-workspace/Sources/FDWaveformView/FDWaveformAudioDataSource.swift /Users/admin/builder/spi-builder-workspace/Sources/FDWaveformView/FDWaveformDataSource.swift /Users/admin/builder/spi-builder-workspace/Sources/FDWaveformView/FDWaveformRenderOperation.swift /Users/admin/builder/spi-builder-workspace/Sources/FDWaveformView/FDWaveformView.swift -target arm64-apple-tvos15.0 -disable-cross-import-overlay-search -load-resolved-plugin /Applications/Xcode-27.0.0.app/Contents/Developer/Platforms/AppleTVOS.platform/Developer/usr/lib/swift/host/plugins/libFoundationMacros.dylib\#/Applications/Xcode-27.0.0.app/Contents/Developer/Platforms/AppleTVOS.platform/Developer/usr/bin/swift-plugin-server\#FoundationMacros -load-resolved-plugin /Applications/Xcode-27.0.0.app/Contents/Developer/Platforms/AppleTVOS.platform/Developer/usr/lib/swift/host/plugins/libObservationMacros.dylib\#/Applications/Xcode-27.0.0.app/Contents/Developer/Platforms/AppleTVOS.platform/Developer/usr/bin/swift-plugin-server\#ObservationMacros -load-resolved-plugin /Applications/Xcode-27.0.0.app/Contents/Developer/Platforms/AppleTVOS.platform/Developer/usr/lib/swift/host/plugins/libPreviewsMacros.dylib\#/Applications/Xcode-27.0.0.app/Contents/Developer/Platforms/AppleTVOS.platform/Developer/usr/bin/swift-plugin-server\#PreviewsMacros -load-resolved-plugin /Applications/Xcode-27.0.0.app/Contents/Developer/Platforms/AppleTVOS.platform/Developer/usr/lib/swift/host/plugins/libSwiftMacros.dylib\#/Applications/Xcode-27.0.0.app/Contents/Developer/Platforms/AppleTVOS.platform/Developer/usr/bin/swift-plugin-server\#SwiftMacros -load-resolved-plugin /Applications/Xcode-27.0.0.app/Contents/Developer/Platforms/AppleTVOS.platform/Developer/usr/lib/swift/host/plugins/libSwiftUIMacros.dylib\#/Applications/Xcode-27.0.0.app/Contents/Developer/Platforms/AppleTVOS.platform/Developer/usr/bin/swift-plugin-server\#SwiftUIMacros -disable-implicit-swift-modules -Xcc -fno-implicit-modules -Xcc -fno-implicit-module-maps -explicit-swift-module-map-file /Users/admin/builder/spi-builder-workspace/.derivedData/Build/Intermediates.noindex/FDWaveformView.build/Debug-appletvos/FDWaveformView-t.build/Objects-normal/arm64/FDWaveformView-dependencies-1.json -Xllvm -aarch64-use-tbi -enable-objc-interop -stack-check -sdk /Applications/Xcode-27.0.0.app/Contents/Developer/Platforms/AppleTVOS.platform/Developer/SDKs/AppleTVOS27.0.sdk -I /Users/admin/builder/spi-builder-workspace/.derivedData/Build/Products/Debug-appletvos -Isystem /Applications/Xcode-27.0.0.app/Contents/Developer/Platforms/AppleTVOS.platform/Developer/usr/lib -F /Users/admin/builder/spi-builder-workspace/.derivedData/Build/Products/Debug-appletvos -F /Applications/Xcode-27.0.0.app/Contents/Developer/Platforms/AppleTVOS.platform/Developer/Library/Frameworks -F /Applications/Xcode-27.0.0.app/Contents/Developer/Platforms/AppleTVOS.platform/Developer/SDKs/AppleTVOS27.0.sdk/Developer/Library/Frameworks -module-cache-path /Users/admin/builder/spi-builder-workspace/.derivedData/Build/Intermediates.noindex/SwiftExplicitPrecompiledModules -no-color-diagnostics -Xcc -fno-color-diagnostics -enable-testing -g -debug-info-format\=dwarf -dwarf-version\=4 -profile-generate -profile-coverage-mapping -swift-version 6 -Onone -D SWIFT_PACKAGE -D DEBUG -D SWIFT_MODULE_RESOURCE_BUNDLE_UNAVAILABLE -D Xcode -serialize-debugging-options -enable-upcoming-feature ApproachableConcurrency -enable-experimental-feature DebugDescriptionMacro -empty-abi-descriptor -validate-clang-modules-once -clang-build-session-file /Users/admin/builder/spi-builder-workspace/.derivedData/ModuleCache.noindex/Session.modulevalidation -Xcc -working-directory -Xcc /Users/admin/builder/spi-builder-workspace/.swiftpm/xcode -enable-anonymous-context-mangled-names -file-compilation-dir /Users/admin/builder/spi-builder-workspace/.swiftpm/xcode -Xcc -D_LIBCPP_HARDENING_MODE\=_LIBCPP_HARDENING_MODE_DEBUG -Xcc -ivfsstatcache -Xcc /Users/admin/builder/spi-builder-workspace/.derivedData/SDKStatCaches.noindex/appletvos27.0-24J360-e829b21a6f8c9b70876ba0858053c044509235ffd515576fb835ffc8f67461e5.sdkstatcache -Xcc -fmodules-prune-interval\=86400 -Xcc -fmodules-prune-after\=345600 -Xcc -I/Users/admin/builder/spi-builder-workspace/.derivedData/Build/Products/Debug-appletvos/include -Xcc -I/Users/admin/builder/spi-builder-workspace/.derivedData/Build/Intermediates.noindex/FDWaveformView.build/Debug-appletvos/FDWaveformView-t.build/DerivedSources-normal/arm64 -Xcc -I/Users/admin/builder/spi-builder-workspace/.derivedData/Build/Intermediates.noindex/FDWaveformView.build/Debug-appletvos/FDWaveformView-t.build/DerivedSources/arm64 -Xcc -I/Users/admin/builder/spi-builder-workspace/.derivedData/Build/Intermediates.noindex/FDWaveformView.build/Debug-appletvos/FDWaveformView-t.build/DerivedSources -Xcc -DSWIFT_PACKAGE -Xcc -DDEBUG\=1 -no-auto-bridging-header-chaining -module-name FDWaveformView -package-name spi_builder_workspace -const-gather-protocols-file /Users/admin/builder/spi-builder-workspace/.derivedData/Build/Intermediates.noindex/FDWaveformView.build/Debug-appletvos/FDWaveformView-t.build/Objects-normal/arm64/FDWaveformView_const_extract_protocols.json -disable-clang-spi -clang-target arm64-apple-tvos27.0 -target-sdk-version 27.0 -target-sdk-name appletvos27.0 -in-process-plugin-server-path /Applications/Xcode-27.0.0.app/Contents/Developer/Toolchains/XcodeDefault.xctoolchain/usr/lib/swift/host/libSwiftInProcPluginServer.dylib -emit-module-doc-path /Users/admin/builder/spi-builder-workspace/.derivedData/Build/Intermediates.noindex/FDWaveformView.build/Debug-appletvos/FDWaveformView-t.build/Objects-normal/arm64/FDWaveformView.swiftdoc -emit-module-source-info-path /Users/admin/builder/spi-builder-workspace/.derivedData/Build/Intermediates.noindex/FDWaveformView.build/Debug-appletvos/FDWaveformView-t.build/Objects-normal/arm64/FDWaveformView.swiftsourceinfo -emit-objc-header-path /Users/admin/builder/spi-builder-workspace/.derivedData/Build/Intermediates.noindex/FDWaveformView.build/Debug-appletvos/FDWaveformView-t.build/Objects-normal/arm64/FDWaveformView-Swift.h -serialize-diagnostics-path /Users/admin/builder/spi-builder-workspace/.derivedData/Build/Intermediates.noindex/FDWaveformView.build/Debug-appletvos/FDWaveformView-t.build/Objects-normal/arm64/FDWaveformView-primary-emit-module.dia -emit-dependencies-path /Users/admin/builder/spi-builder-workspace/.derivedData/Build/Intermediates.noindex/FDWaveformView.build/Debug-appletvos/FDWaveformView-t.build/Objects-normal/arm64/FDWaveformView-primary-emit-module.d -parse-as-library -o /Users/admin/builder/spi-builder-workspace/.derivedData/Build/Intermediates.noindex/FDWaveformView.build/Debug-appletvos/FDWaveformView-t.build/Objects-normal/arm64/FDWaveformView.swiftmodule -emit-abi-descriptor-path /Users/admin/builder/spi-builder-workspace/.derivedData/Build/Intermediates.noindex/FDWaveformView.build/Debug-appletvos/FDWaveformView-t.build/Objects-normal/arm64/FDWaveformView.abi.json
SwiftCompile normal arm64 (in target 'FDWaveformView' from project 'FDWaveformView')
    cd /Users/admin/builder/spi-builder-workspace/.swiftpm/xcode

SwiftCompile normal arm64 Compiling\ FDWaveformView.swift /Users/admin/builder/spi-builder-workspace/Sources/FDWaveformView/FDWaveformView.swift (in target 'FDWaveformView' from project 'FDWaveformView')
/Users/admin/builder/spi-builder-workspace/Sources/FDWaveformView/FDWaveformView.swift:246:37: error: 'UIPinchGestureRecognizer' is unavailable in tvOS
244 |
245 |   /// Gesture recognizer
246 |   fileprivate var pinchRecognizer = UIPinchGestureRecognizer()
    |                                     `- error: 'UIPinchGestureRecognizer' is unavailable in tvOS
247 |
248 |   /// Gesture recognizer
/Applications/Xcode-27.0.0.app/Contents/Developer/Platforms/AppleTVOS.platform/Developer/SDKs/AppleTVOS27.0.sdk/System/Library/Frameworks/UIKit.framework/Headers/UIPinchGestureRecognizer.h:20:12: note: 'UIPinchGestureRecognizer' has been explicitly marked unavailable here
18 |
19 | UIKIT_EXTERN API_AVAILABLE(ios(3.2)) API_UNAVAILABLE(tvos, watchos) NS_SWIFT_UI_ACTOR
20 | @interface UIPinchGestureRecognizer : UIGestureRecognizer
   |            `- note: 'UIPinchGestureRecognizer' has been explicitly marked unavailable here
21 |
22 | @property (nonatomic)          CGFloat scale;               // scale relative to the touch points in screen coordinates
/Users/admin/builder/spi-builder-workspace/Sources/FDWaveformView/FDWaveformView.swift:486:47: error: 'UIPinchGestureRecognizer' is unavailable in tvOS
484 |   }
485 |
486 |   @objc func handlePinchGesture(_ recognizer: UIPinchGestureRecognizer) {
    |                                               `- error: 'UIPinchGestureRecognizer' is unavailable in tvOS
487 |     guard doesAllowStretch else { return }
488 |
/Applications/Xcode-27.0.0.app/Contents/Developer/Platforms/AppleTVOS.platform/Developer/SDKs/AppleTVOS27.0.sdk/System/Library/Frameworks/UIKit.framework/Headers/UIPinchGestureRecognizer.h:20:12: note: 'UIPinchGestureRecognizer' has been explicitly marked unavailable here
18 |
19 | UIKIT_EXTERN API_AVAILABLE(ios(3.2)) API_UNAVAILABLE(tvos, watchos) NS_SWIFT_UI_ACTOR
20 | @interface UIPinchGestureRecognizer : UIGestureRecognizer
   |            `- note: 'UIPinchGestureRecognizer' has been explicitly marked unavailable here
21 |
22 | @property (nonatomic)          CGFloat scale;               // scale relative to the touch points in screen coordinates
SwiftCompile normal arm64 /Users/admin/builder/spi-builder-workspace/Sources/FDWaveformView/FDWaveformView.swift (in target 'FDWaveformView' from project 'FDWaveformView')
    cd /Users/admin/builder/spi-builder-workspace/.swiftpm/xcode
    builtin-SwiftPerFileCompile FDWaveformView.swift
SwiftCompile normal arm64 Compiling\ FDWaveformRenderOperation.swift /Users/admin/builder/spi-builder-workspace/Sources/FDWaveformView/FDWaveformRenderOperation.swift (in target 'FDWaveformView' from project 'FDWaveformView')
/Users/admin/builder/spi-builder-workspace/Sources/FDWaveformView/FDWaveformRenderOperation.swift:41:13: warning: class 'FDWaveformRenderOperation' must restate inherited '@unchecked Sendable' conformance
 39 |
 40 | /// Operation used for rendering waveform images
 41 | final class FDWaveformRenderOperation: Operation {
    |             `- warning: class 'FDWaveformRenderOperation' must restate inherited '@unchecked Sendable' conformance
 42 |
 43 |   /// When samples per pixel falls below this threshold, switch from binned maximums to individual samples
/Users/admin/builder/spi-builder-workspace/Sources/FDWaveformView/FDWaveformRenderOperation.swift:261:1: warning: extension declares a conformance of imported type 'Status' to imported protocol 'CustomStringConvertible'; this will not behave correctly if the owners of 'AVFoundation' introduce this conformance in the future
259 | }
260 |
261 | extension AVAssetReader.Status: CustomStringConvertible {
    | |- warning: extension declares a conformance of imported type 'Status' to imported protocol 'CustomStringConvertible'; this will not behave correctly if the owners of 'AVFoundation' introduce this conformance in the future
    | `- note: add '@retroactive' to silence this warning
262 |   public var description: String {
263 |     switch self {
/Users/admin/builder/spi-builder-workspace/Sources/FDWaveformView/FDWaveformRenderOperation.swift:25:28: warning: main actor-isolated property 'scale' can not be referenced from a nonisolated context
 23 |       return 2.0
 24 |     #else
 25 |       return UIScreen.main.scale
    |                            `- warning: main actor-isolated property 'scale' can not be referenced from a nonisolated context
 26 |     #endif
 27 |   }
/Applications/Xcode-27.0.0.app/Contents/Developer/Platforms/AppleTVOS.platform/Developer/SDKs/AppleTVOS27.0.sdk/System/Library/Frameworks/UIKit.framework/Headers/UIScreen.h:60:39: note: property declared here
 58 |
 59 | @property(nonatomic,readonly) CGRect  bounds;                // Bounds of entire screen in points
 60 | @property(nonatomic,readonly) CGFloat scale API_AVAILABLE(ios(4.0));
    |                                       `- note: property declared here
 61 |
 62 | @property(nonatomic,readonly,copy) NSArray<UIScreenMode *> *availableModes API_AVAILABLE(ios(3.2)) API_UNAVAILABLE(tvos);             // The list of modes that this screen supports
SwiftCompile normal arm64 /Users/admin/builder/spi-builder-workspace/Sources/FDWaveformView/FDWaveformRenderOperation.swift (in target 'FDWaveformView' from project 'FDWaveformView')
    cd /Users/admin/builder/spi-builder-workspace/.swiftpm/xcode
    builtin-SwiftPerFileCompile FDWaveformRenderOperation.swift
PruneExplicitPrecompiledModules /Users/admin/builder/spi-builder-workspace/.derivedData/SDKExplicitPrecompiledModules
PruneExplicitPrecompiledModules /Users/admin/builder/spi-builder-workspace/.derivedData/Build/Intermediates.noindex/SwiftExplicitPrecompiledModules
PruneExplicitPrecompiledModules /Users/admin/builder/spi-builder-workspace/.derivedData/Build/Intermediates.noindex/ExplicitPrecompiledModules
2026-10-16 23:06:45.610 xcodebuild[756:4554] [MT] IDERunDestination: Supported platforms for the buildables in the current scheme is empty.
** BUILD FAILED **
The following build commands failed:
	SwiftEmitModule normal arm64 Emitting\ module\ for\ FDWaveformView (in target 'FDWaveformView' from project 'FDWaveformView')
	SwiftCompile normal arm64 (in target 'FDWaveformView' from project 'FDWaveformView')
	Building workspace FDWaveformView with scheme FDWaveformView
(3 failures)
BUILD FAILURE 6.4 tvOS