The Swift Package Index logo.Swift Package Index

Build Information

Failed to build IperfSwift, reference main (2c04fe), with Swift 6.1 for Wasm on 23 Oct 2026 00:56:46 UTC.

Build Command

bash -c docker run --pull=always --rm -v "checkouts-54344843-0":/host -w "$PWD" -e JAVA_HOME="/root/.sdkman/candidates/java/current" -e SPI_BUILD="1" -e SPI_PROCESSING="1" registry.gitlab.com/saguaro1/spi-images:wasm-6.1-latest swift build --swift-sdk wasm32-unknown-wasi 2>&1

Build Log

========================================
RunAll
========================================
Builder version: 5.1.3
Interrupt handler set up.
========================================
Checkout
========================================
Clone URL: https://github.com/gewill/iperf-swift.git
Reference: main
Initialized empty Git repository in /host/spi-builder-workspace/.git/
hint: Using 'master' as the name for the initial branch. This default branch name
hint: is subject to change. To configure the initial branch name to use in all
hint: of your new repositories, which will suppress this warning, call:
hint:
hint: 	git config --global init.defaultBranch <name>
hint:
hint: Names commonly chosen instead of 'master' are 'main', 'trunk' and
hint: 'development'. The just-created branch can be renamed via this command:
hint:
hint: 	git branch -m <name>
From https://github.com/gewill/iperf-swift
 * branch            main       -> FETCH_HEAD
 * [new branch]      main       -> origin/main
HEAD is now at 2c04fea chore(release): 发布 IperfSwift 3.22.1 (#204)
Cloned https://github.com/gewill/iperf-swift.git
Revision (git rev-parse @):
2c04feaa9b49644aa8ba88f904df359cbb60c8e4
SPI manifest file found: $PWD/.spi.yml
SUCCESS checkout https://github.com/gewill/iperf-swift.git at main
========================================
Build
========================================
Selected platform:         wasm
Swift version:             6.1
Building package at path:  $PWD
https://github.com/gewill/iperf-swift.git
https://github.com/gewill/iperf-swift.git
WARNING: environment variable SUPPRESS_SWIFT_6_FLAGS is not set
Running build ...
bash -c docker run --pull=always --rm -v "checkouts-54344843-0":/host -w "$PWD" -e JAVA_HOME="/root/.sdkman/candidates/java/current" -e SPI_BUILD="1" -e SPI_PROCESSING="1" registry.gitlab.com/saguaro1/spi-images:wasm-6.1-latest swift build --swift-sdk wasm32-unknown-wasi -Xswiftc -Xfrontend -Xswiftc -stats-output-dir -Xswiftc -Xfrontend -Xswiftc .stats -Xswiftc -strict-concurrency=complete -Xswiftc -enable-upcoming-feature -Xswiftc StrictConcurrency -Xswiftc -enable-upcoming-feature -Xswiftc DisableOutwardActorInference -Xswiftc -enable-upcoming-feature -Xswiftc GlobalActorIsolatedTypesUsability -Xswiftc -enable-upcoming-feature -Xswiftc InferSendableFromCaptures 2>&1
wasm-6.1-latest: Pulling from saguaro1/spi-images
Digest: sha256:8209621f35c5a12749e7df75bbcb99eccb508d0196da99f6ac3bcf5f4827df31
Status: Image is up to date for registry.gitlab.com/saguaro1/spi-images:wasm-6.1-latest
Fetching https://github.com/swiftlang/swift-docc-plugin
Fetching https://github.com/Lakr233/openssl-spm.git
[1/226] Fetching openssl-spm
Fetched https://github.com/Lakr233/openssl-spm.git from cache (0.37s)
[1/2345] Fetching swift-docc-plugin
Fetched https://github.com/swiftlang/swift-docc-plugin from cache (0.61s)
Computing version for https://github.com/swiftlang/swift-docc-plugin
Computed https://github.com/swiftlang/swift-docc-plugin at 1.5.0 (0.87s)
Fetching https://github.com/swiftlang/swift-docc-symbolkit
[1/3846] Fetching swift-docc-symbolkit
Fetched https://github.com/swiftlang/swift-docc-symbolkit from cache (0.55s)
Computing version for https://github.com/Lakr233/openssl-spm.git
Computed https://github.com/Lakr233/openssl-spm.git at 4.0.1 (0.85s)
Computing version for https://github.com/swiftlang/swift-docc-symbolkit
Computed https://github.com/swiftlang/swift-docc-symbolkit at 1.0.0 (0.28s)
Creating working copy for https://github.com/swiftlang/swift-docc-plugin
Working copy of https://github.com/swiftlang/swift-docc-plugin resolved at 1.5.0
Creating working copy for https://github.com/swiftlang/swift-docc-symbolkit
Working copy of https://github.com/swiftlang/swift-docc-symbolkit resolved at 1.0.0
Creating working copy for https://github.com/Lakr233/openssl-spm.git
Working copy of https://github.com/Lakr233/openssl-spm.git resolved at 4.0.1
Downloading binary artifact https://github.com/Lakr233/openssl-spm/releases/download/storage.4.0.1/libssl.xcframework.zip
[832/60015891] Downloading https://github.com/Lakr233/openssl-spm/releases/download/storage.4.0.1/libssl.xcframework.zip
Downloaded https://github.com/Lakr233/openssl-spm/releases/download/storage.4.0.1/libssl.xcframework.zip (3.56s)
[1/1] Compiling plugin Swift-DocC Preview
[2/2] Compiling plugin Swift-DocC
Building for debugging...
[2/29] Write sources
[4/29] Write swift-version-24593BA9C3E375BF.txt
error: emit-module command failed with exit code 1 (use -v to see invocation)
[6/31] Emitting module OpenSSL
/host/spi-builder-workspace/.build/checkouts/openssl-spm/Source/OpenSSL/OpenSSL.swift:8:19: error: no such module 'libssl'
6 | //
7 |
8 | @_exported import libssl
  |                   `- error: no such module 'libssl'
9 |
[7/31] Compiling OpenSSL OpenSSL.swift
/host/spi-builder-workspace/.build/checkouts/openssl-spm/Source/OpenSSL/OpenSSL.swift:8:19: error: no such module 'libssl'
6 | //
7 |
8 | @_exported import libssl
  |                   `- error: no such module 'libssl'
9 |
Running build ...
bash -c docker run --pull=always --rm -v "checkouts-54344843-0":/host -w "$PWD" -e JAVA_HOME="/root/.sdkman/candidates/java/current" -e SPI_BUILD="1" -e SPI_PROCESSING="1" registry.gitlab.com/saguaro1/spi-images:wasm-6.1-latest swift build --swift-sdk wasm32-unknown-wasi 2>&1
wasm-6.1-latest: Pulling from saguaro1/spi-images
Digest: sha256:8209621f35c5a12749e7df75bbcb99eccb508d0196da99f6ac3bcf5f4827df31
Status: Image is up to date for registry.gitlab.com/saguaro1/spi-images:wasm-6.1-latest
[0/1] Planning build
[1/1] Compiling plugin Swift-DocC Preview
[2/2] Compiling plugin Swift-DocC
Building for debugging...
[2/27] Write swift-version-24593BA9C3E375BF.txt
error: emit-module command failed with exit code 1 (use -v to see invocation)
[4/29] Emitting module OpenSSL
/host/spi-builder-workspace/.build/checkouts/openssl-spm/Source/OpenSSL/OpenSSL.swift:8:19: error: no such module 'libssl'
6 | //
7 |
8 | @_exported import libssl
  |                   `- error: no such module 'libssl'
9 |
[5/29] Compiling OpenSSL OpenSSL.swift
/host/spi-builder-workspace/.build/checkouts/openssl-spm/Source/OpenSSL/OpenSSL.swift:8:19: error: no such module 'libssl'
6 | //
7 |
8 | @_exported import libssl
  |                   `- error: no such module 'libssl'
9 |
BUILD FAILURE 6.1 wasm