The Swift Package Index logo.Swift Package Index

Build Information

Failed to build SecretsManager, reference main (66af2a), with Swift 6.4 for Wasm on 20 Sep 2026 12:37:48 UTC.

Build Command

bash -c docker run --pull=always --rm -v "checkouts-53886769-0":/host -w "$PWD" -e JAVA_HOME="/root/.sdkman/candidates/java/current" -e SPI_BUILD="1" -e SPI_PROCESSING="1" registry.gitlab.com/saguaro1/spi-images:wasm-6.4-latest swift build --swift-sdk swift-6.4.x-DEVELOPMENT-SNAPSHOT-2026-09-04-a_wasm 2>&1

Build Log

========================================
RunAll
========================================
Builder version: 5.1.0
Interrupt handler set up.
========================================
Checkout
========================================
Clone URL: https://github.com/vdka/SecretsManager.git
Reference: main
Initialized empty Git repository in /host/spi-builder-workspace/.git/
hint: Using 'master' as the name for the initial branch. This default branch name
hint: is subject to change. To configure the initial branch name to use in all
hint: of your new repositories, which will suppress this warning, call:
hint:
hint: 	git config --global init.defaultBranch <name>
hint:
hint: Names commonly chosen instead of 'master' are 'main', 'trunk' and
hint: 'development'. The just-created branch can be renamed via this command:
hint:
hint: 	git branch -m <name>
From https://github.com/vdka/SecretsManager
 * branch            main       -> FETCH_HEAD
 * [new branch]      main       -> origin/main
HEAD is now at 66af2ab fix: Add package platform & use older file initializer for iOS 14 compatability
Cloned https://github.com/vdka/SecretsManager.git
Revision (git rev-parse @):
66af2ab2e88b2d68a2385734fa86c87c3236d44f
SUCCESS checkout https://github.com/vdka/SecretsManager.git at main
========================================
Build
========================================
Selected platform:         wasm
Swift version:             6.4
Building package at path:  $PWD
https://github.com/vdka/SecretsManager.git
Running build ...
bash -c docker run --pull=always --rm -v "checkouts-53886769-0":/host -w "$PWD" -e JAVA_HOME="/root/.sdkman/candidates/java/current" -e SPI_BUILD="1" -e SPI_PROCESSING="1" registry.gitlab.com/saguaro1/spi-images:wasm-6.4-latest swift build --swift-sdk swift-6.4.x-DEVELOPMENT-SNAPSHOT-2026-09-04-a_wasm 2>&1
wasm-6.4-latest: Pulling from saguaro1/spi-images
Digest: sha256:4328fdb43c680d205c1d6761b1e3267aa38277eefdda9ddfb17b6a0f1a77857a
Status: Image is up to date for registry.gitlab.com/saguaro1/spi-images:wasm-6.4-latest
Building for debugging...
[Planning deferred tasks]
error: SwiftCompile normal wasm32 failed with a nonzero exit code. Command line:     cd /host

[18 / 21] SecretsManager-product
/host/spi-builder-workspace/Sources/SecretsManager/main.swift:94:18: error: cannot find 'SecRandomCopyBytes' in scope
 92 | var cypher = Data(count: longestSecret)
 93 | cypher.withUnsafeMutableBytes {
 94 |     let result = SecRandomCopyBytes(kSecRandomDefault, longestSecret, $0.baseAddress!)
    |                  `- error: cannot find 'SecRandomCopyBytes' in scope
 95 |     precondition(result == errSecSuccess, "Failed to generate a random cypher using SecRandomCopyBytes")
 96 | }
/host/spi-builder-workspace/Sources/SecretsManager/main.swift:94:37: error: cannot find 'kSecRandomDefault' in scope
 92 | var cypher = Data(count: longestSecret)
 93 | cypher.withUnsafeMutableBytes {
 94 |     let result = SecRandomCopyBytes(kSecRandomDefault, longestSecret, $0.baseAddress!)
    |                                     `- error: cannot find 'kSecRandomDefault' in scope
 95 |     precondition(result == errSecSuccess, "Failed to generate a random cypher using SecRandomCopyBytes")
 96 | }
/host/spi-builder-workspace/Sources/SecretsManager/main.swift:95:28: error: cannot find 'errSecSuccess' in scope
 93 | cypher.withUnsafeMutableBytes {
 94 |     let result = SecRandomCopyBytes(kSecRandomDefault, longestSecret, $0.baseAddress!)
 95 |     precondition(result == errSecSuccess, "Failed to generate a random cypher using SecRandomCopyBytes")
    |                            `- error: cannot find 'errSecSuccess' in scope
 96 | }
 97 |
Failed frontend command:
/usr/bin/swift-frontend -frontend -emit-module -experimental-skip-non-inlinable-function-bodies-without-types /host/spi-builder-workspace/Sources/SecretsManager/main.swift -target wasm32-unknown-wasip1 -disable-objc-interop -sdk /root/.swiftpm/swift-sdks/swift-6.4.x-DEVELOPMENT-SNAPSHOT-2026-09-04-a_wasm.artifactbundle/swift-6.4.x-DEVELOPMENT-SNAPSHOT-2026-09-04-a_wasm/wasm32-unknown-wasip1/WASI.sdk -sysroot /root/.swiftpm/swift-sdks/swift-6.4.x-DEVELOPMENT-SNAPSHOT-2026-09-04-a_wasm.artifactbundle/swift-6.4.x-DEVELOPMENT-SNAPSHOT-2026-09-04-a_wasm/wasm32-unknown-wasip1/WASI.sdk -I /host/spi-builder-workspace/.build/out/Products/Debug-webassembly-wasm32 -module-cache-path /host/spi-builder-workspace/.build/out/ModuleCache.noindex -color-diagnostics -Xcc -fcolor-diagnostics -enable-testing -g -debug-info-format\=dwarf -dwarf-version\=4 -swift-version 5 -Onone -D SWIFT_PACKAGE -D DEBUG -D Xcode -serialize-debugging-options -enable-experimental-feature DebugDescriptionMacro -empty-abi-descriptor -external-plugin-path /usr/lib/swift/host/plugins/testing\#/usr/bin/swift-plugin-server -validate-clang-modules-once -clang-build-session-file /host/spi-builder-workspace/.build/out/ModuleCache.noindex/Session.modulevalidation -Xcc -working-directory -Xcc /host -resource-dir /root/.swiftpm/swift-sdks/swift-6.4.x-DEVELOPMENT-SNAPSHOT-2026-09-04-a_wasm.artifactbundle/swift-6.4.x-DEVELOPMENT-SNAPSHOT-2026-09-04-a_wasm/wasm32-unknown-wasip1/swift.xctoolchain/usr/lib/swift_static -use-static-resource-dir -enable-anonymous-context-mangled-names -file-compilation-dir /host -Xcc -resource-dir -Xcc /root/.swiftpm/swift-sdks/swift-6.4.x-DEVELOPMENT-SNAPSHOT-2026-09-04-a_wasm.artifactbundle/swift-6.4.x-DEVELOPMENT-SNAPSHOT-2026-09-04-a_wasm/wasm32-unknown-wasip1/swift.xctoolchain/usr/lib/swift_static/clang -Xcc -D_LIBCPP_HARDENING_MODE\=_LIBCPP_HARDENING_MODE_DEBUG -Xcc -fmodules-prune-interval\=86400 -Xcc -fmodules-prune-after\=345600 -Xcc -I/host/spi-builder-workspace/.build/out/Products/Debug-webassembly-wasm32/include -Xcc -I/host/spi-builder-workspace/.build/out/Intermediates.noindex/SecretsManager.build/Debug-webassembly-wasm32/SecretsManager-p.build/DerivedSources-normal/wasm32 -Xcc -I/host/spi-builder-workspace/.build/out/Intermediates.noindex/SecretsManager.build/Debug-webassembly-wasm32/SecretsManager-p.build/DerivedSources/wasm32 -Xcc -I/host/spi-builder-workspace/.build/out/Intermediates.noindex/SecretsManager.build/Debug-webassembly-wasm32/SecretsManager-p.build/DerivedSources -Xcc -DSWIFT_PACKAGE -Xcc -DDEBUG\=1 -no-auto-bridging-header-chaining -module-name SecretsManager -const-gather-protocols-file /host/spi-builder-workspace/.build/out/Intermediates.noindex/SecretsManager.build/Debug-webassembly-wasm32/SecretsManager-p.build/Objects-normal/wasm32/SecretsManager_const_extract_protocols.json -in-process-plugin-server-path /usr/lib/swift/host/libSwiftInProcPluginServer.so -plugin-path /usr/lib/swift/host/plugins -plugin-path /usr/local/lib/swift/host/plugins -emit-module-doc-path /host/spi-builder-workspace/.build/out/Intermediates.noindex/SecretsManager.build/Debug-webassembly-wasm32/SecretsManager-p.build/Objects-normal/wasm32/Modules/SecretsManager.swiftdoc -emit-module-source-info-path /host/spi-builder-workspace/.build/out/Intermediates.noindex/SecretsManager.build/Debug-webassembly-wasm32/SecretsManager-p.build/Objects-normal/wasm32/Modules/SecretsManager.swiftsourceinfo -serialize-diagnostics-path /host/spi-builder-workspace/.build/out/Intermediates.noindex/SecretsManager.build/Debug-webassembly-wasm32/SecretsManager-p.build/Objects-normal/wasm32/SecretsManager-primary-emit-module.dia -emit-dependencies-path /host/spi-builder-workspace/.build/out/Intermediates.noindex/SecretsManager.build/Debug-webassembly-wasm32/SecretsManager-p.build/Objects-normal/wasm32/SecretsManager-primary-emit-module.d -o /host/spi-builder-workspace/.build/out/Intermediates.noindex/SecretsManager.build/Debug-webassembly-wasm32/SecretsManager-p.build/Objects-normal/wasm32/Modules/SecretsManager.swiftmodule
error: Build failed
BUILD FAILURE 6.4 wasm