The Swift Package Index logo.Swift Package Index

Build Information

Failed to build SwiftyNats, reference 1.3.1 (3e25dc), with Swift 6.4 for macOS (Xcode) using Xcode 27.0 on 20 Sep 2026 17:06:54 UTC.

Build Command

No build command. This typically means the build failed at an early stage where we determine the build command.

Build Log

========================================
RunAll
========================================
Builder version: 5.1.0
Interrupt handler set up.
========================================
Checkout
========================================
Clone URL: https://github.com/sodiray/swifty-nats.git
Reference: 1.3.1
Initialized empty Git repository in /Users/admin/builder/spi-builder-workspace/.git/
From https://github.com/sodiray/swifty-nats
 * tag               1.3.1      -> FETCH_HEAD
HEAD is now at 3e25dc9 + fix osx error
Cloned https://github.com/sodiray/swifty-nats.git
Revision (git rev-parse @):
3e25dc90e5e020aa0e13027c0add9685e96319ee
SUCCESS checkout https://github.com/sodiray/swifty-nats.git at 1.3.1
========================================
Build
========================================
Selected platform:         macosXcodebuild
Swift version:             6.4
Building package at path:  $PWD
https://github.com/sodiray/swifty-nats.git
Command line invocation:
    /Applications/Xcode-27.0.0-Release.Candidate.app/Contents/Developer/usr/bin/xcodebuild -IDEClonedSourcePackagesDirPathOverride=/Users/admin/builder/spi-builder-workspace/.dependencies -resolvePackageDependencies
2026-09-20 13:06:53.428 xcodebuild[529:3025] Writing error result bundle to /var/folders/xq/y_g06wb113726d38xsyx71_h0000gn/T/ResultBundle_2026-20-09_13-06-0053.xcresult
xcodebuild: error: Unable to read project 'SwiftyNats.xcodeproj'.
	Reason: The project at “SwiftyNats.xcodeproj” is missing its inner “project.pbxproj” file.
	If possible, restore the “project.pbxproj” file from version control.
Command line invocation:
    /Applications/Xcode-27.0.0-Release.Candidate.app/Contents/Developer/usr/bin/xcodebuild -IDEClonedSourcePackagesDirPathOverride=/Users/admin/builder/spi-builder-workspace/.dependencies -resolvePackageDependencies
2026-09-20 13:06:54.364 xcodebuild[539:3107] Writing error result bundle to /var/folders/xq/y_g06wb113726d38xsyx71_h0000gn/T/ResultBundle_2026-20-09_13-06-0054.xcresult
xcodebuild: error: Unable to read project 'SwiftyNats.xcodeproj'.
	Reason: The project at “SwiftyNats.xcodeproj” is missing its inner “project.pbxproj” file.
	If possible, restore the “project.pbxproj” file from version control.
BUILD FAILURE 6.4 macosXcodebuild