The Swift Package Index logo.Swift Package Index

Build Information

Failed to build CameraCapture, reference 1.0.18 (4aaf2c), with Swift 6.4 for macOS (Xcode) using Xcode 27.0 on 20 Sep 2026 12:27:23 UTC.

Build Command

env DEVELOPER_DIR=/Applications/Xcode-27.0.0-Release.Candidate.app xcrun xcodebuild -IDEClonedSourcePackagesDirPathOverride=$PWD/.dependencies -skipMacroValidation -skipPackagePluginValidation -derivedDataPath $PWD/.derivedData build -scheme CameraCapture -destination platform=macOS,arch=arm64

Build Log

========================================
RunAll
========================================
Builder version: 5.1.0
Interrupt handler set up.
========================================
Checkout
========================================
Clone URL: https://github.com/samst-one/CameraCapture.git
Reference: 1.0.18
Initialized empty Git repository in /Users/admin/builder/spi-builder-workspace/.git/
From https://github.com/samst-one/CameraCapture
 * tag               1.0.18     -> FETCH_HEAD
HEAD is now at 4aaf2c8 Update README.md
Cloned https://github.com/samst-one/CameraCapture.git
Revision (git rev-parse @):
4aaf2c8036b9de921fe94449bdeae29bdb0cbe92
SUCCESS checkout https://github.com/samst-one/CameraCapture.git at 1.0.18
========================================
Build
========================================
Selected platform:         macosXcodebuild
Swift version:             6.4
Building package at path:  $PWD
https://github.com/samst-one/CameraCapture.git
Command line invocation:
    /Applications/Xcode-27.0.0-Release.Candidate.app/Contents/Developer/usr/bin/xcodebuild -IDEClonedSourcePackagesDirPathOverride=/Users/admin/builder/spi-builder-workspace/.dependencies -resolvePackageDependencies
Resolve Package Graph
Resolve Package Graph
Resolved source packages:
  CameraCapture: /Users/admin/builder/spi-builder-workspace
resolved source packages: CameraCapture
2026-09-20 08:26:35.504 xcodebuild[529:3033] [MT] IDERunDestination: Supported platforms for the buildables in the current scheme is empty.
2026-09-20 08:26:35.666 xcodebuild[529:3033] [MT] IDERunDestination: Supported platforms for the buildables in the current scheme is empty.
2026-09-20 08:26:37.274 xcodebuild[529:3033] [MT] IDERunDestination: Supported platforms for the buildables in the current scheme is empty.
{
  "dependencies" : [
  ],
  "manifest_display_name" : "CameraCapture",
  "name" : "CameraCapture",
  "path" : "/Users/admin/builder/spi-builder-workspace",
  "platforms" : [
    {
      "name" : "ios",
      "version" : "13.0"
    }
  ],
  "products" : [
    {
      "name" : "CameraCapture",
      "targets" : [
        "CameraCapture"
      ],
      "type" : {
        "library" : [
          "automatic"
        ]
      }
    }
  ],
  "targets" : [
    {
      "c99name" : "CameraCaptureTests",
      "module_type" : "SwiftTarget",
      "name" : "CameraCaptureTests",
      "path" : "Tests/CameraCaptureTests",
      "sources" : [
        "CameraSettingsToAVSettingsTests.swift",
        "DeviceAdaptionTests.swift",
        "FocusTests.swift",
        "RetrieveAvailableCamerasTests.swift",
        "RotateCameraTests.swift",
        "SetCameraTests.swift",
        "SetFlashStateTests.swift",
        "StartCameraTests.swift",
        "System.swift",
        "TakePhotoTests.swift",
        "ZoomTests.swift"
      ],
      "target_dependencies" : [
        "CameraCapture"
      ],
      "type" : "test"
    },
    {
      "c99name" : "CameraCapture",
      "module_type" : "SwiftTarget",
      "name" : "CameraCapture",
      "path" : "Sources/CameraCapture",
      "product_memberships" : [
        "CameraCapture"
      ],
      "sources" : [
        "Implementation/AVFoundation/AVCameraController.swift",
        "Implementation/AVFoundation/AVCameraSession.swift",
        "Implementation/AVFoundation/AVCaptureDelegate.swift",
        "Implementation/AVFoundation/AVDataSource.swift",
        "Implementation/AVFoundation/AVFlashController.swift",
        "Implementation/AVFoundation/AVFocusController.swift",
        "Implementation/AVFoundation/AVZoomController.swift",
        "Implementation/Adapters.swift",
        "Implementation/CameraRepo.swift",
        "Implementation/CaptureHandler.swift",
        "Implementation/DefaultCamera.swift",
        "Implementation/SettingsRepo.swift",
        "Implementation/Use Cases/FocusUseCase.swift",
        "Implementation/Use Cases/RetrieveAvailableCamerasUseCase.swift",
        "Implementation/Use Cases/RotateCameraUseCase.swift",
        "Implementation/Use Cases/SetCameraUseCase.swift",
        "Implementation/Use Cases/SetFlashStateUseCase.swift",
        "Implementation/Use Cases/SetRotationUseCase.swift",
        "Implementation/Use Cases/SetZoomUseCase.swift",
        "Implementation/Use Cases/StartCameraUseCase.swift",
        "Implementation/Use Cases/TakePhotoUseCase.swift",
        "Implementation/Views/Presenter.swift",
        "Implementation/Views/PreviewView.swift",
        "Public API/Camera.swift",
        "Public API/CameraFactory.swift",
        "Public API/Models/CameraSettings.swift",
        "Public API/Models/Device.swift",
        "Public API/Models/PhotoCaptureError.swift",
        "Public API/Models/ZoomObserver.swift"
      ],
      "type" : "library"
    }
  ],
  "tools_version" : "5.9"
}
{
  "workspace" : {
    "name" : "CameraCapture",
    "schemes" : [
      "CameraCapture"
    ]
  }
}
2026-09-20 08:27:12.802 xcodebuild[626:3847] [MT] IDERunDestination: Supported platforms for the buildables in the current scheme is empty.
2026-09-20 08:27:12.947 xcodebuild[626:3847] [MT] IDERunDestination: Supported platforms for the buildables in the current scheme is empty.
Running build ...
env DEVELOPER_DIR=/Applications/Xcode-27.0.0-Release.Candidate.app xcrun xcodebuild -IDEClonedSourcePackagesDirPathOverride=$PWD/.dependencies -skipMacroValidation -skipPackagePluginValidation -derivedDataPath $PWD/.derivedData build -scheme CameraCapture -destination platform=macOS,arch=arm64
Command line invocation:
    /Applications/Xcode-27.0.0-Release.Candidate.app/Contents/Developer/usr/bin/xcodebuild -IDEClonedSourcePackagesDirPathOverride=/Users/admin/builder/spi-builder-workspace/.dependencies -skipMacroValidation -skipPackagePluginValidation -derivedDataPath /Users/admin/builder/spi-builder-workspace/.derivedData build -scheme CameraCapture -destination platform=macOS,arch=arm64
Resolve Package Graph
Resolved source packages:
  CameraCapture: /Users/admin/builder/spi-builder-workspace
ComputePackagePrebuildTargetDependencyGraph
Prepare packages
CreateBuildRequest
SendProjectDescription
CreateBuildOperation
ComputeTargetDependencyGraph
note: Building targets in dependency order
note: Target dependency graph (2 targets)
    Target 'CameraCapture-product' in project 'CameraCapture'
        ➜ Explicit dependency on target 'CameraCapture' in project 'CameraCapture'
    Target 'CameraCapture' in project 'CameraCapture' (no dependencies)
GatherProvisioningInputs
CreateBuildDescription
ExecuteExternalTool /Applications/Xcode-27.0.0-Release.Candidate.app/Contents/Developer/Toolchains/XcodeDefault.xctoolchain/usr/bin/clang -v -E -dM -isysroot /Applications/Xcode-27.0.0-Release.Candidate.app/Contents/Developer/Platforms/MacOSX.platform/Developer/SDKs/MacOSX27.0.sdk -x c -c /dev/null
ExecuteExternalTool /Applications/Xcode-27.0.0-Release.Candidate.app/Contents/Developer/Toolchains/XcodeDefault.xctoolchain/usr/bin/swiftc --version
ExecuteExternalTool /Applications/Xcode-27.0.0-Release.Candidate.app/Contents/Developer/Toolchains/XcodeDefault.xctoolchain/usr/bin/ld -version_details
ReadFileContents /Applications/Xcode-27.0.0-Release.Candidate.app/Contents/Developer/Toolchains/XcodeDefault.xctoolchain/usr/share/docc/features.json
Build description signature: b6a8cb278043f2e47da34c60e6927066
Build description path: /Users/admin/builder/spi-builder-workspace/.derivedData/Build/Intermediates.noindex/XCBuildData/b6a8cb278043f2e47da34c60e6927066.xcbuilddata
CreateBuildDirectory /Users/admin/builder/spi-builder-workspace/.derivedData/ModuleCache.noindex
    cd /Users/admin/builder/spi-builder-workspace/.swiftpm/xcode
    builtin-create-build-directory /Users/admin/builder/spi-builder-workspace/.derivedData/ModuleCache.noindex
CreateBuildDirectory /Users/admin/builder/spi-builder-workspace/.derivedData/SDKExplicitPrecompiledModules
    cd /Users/admin/builder/spi-builder-workspace/.swiftpm/xcode
    builtin-create-build-directory /Users/admin/builder/spi-builder-workspace/.derivedData/SDKExplicitPrecompiledModules
CreateBuildDirectory /Users/admin/builder/spi-builder-workspace/.derivedData/CompilationCache.noindex
    cd /Users/admin/builder/spi-builder-workspace/.swiftpm/xcode
    builtin-create-build-directory /Users/admin/builder/spi-builder-workspace/.derivedData/CompilationCache.noindex
ClangStatCache /Applications/Xcode-27.0.0-Release.Candidate.app/Contents/Developer/Toolchains/XcodeDefault.xctoolchain/usr/bin/clang-stat-cache /Applications/Xcode-27.0.0-Release.Candidate.app/Contents/Developer/Platforms/MacOSX.platform/Developer/SDKs/MacOSX27.0.sdk /Users/admin/builder/spi-builder-workspace/.derivedData/SDKStatCaches.noindex/macosx27.0-26A425-e829b21a6f8c9b70876ba0858053c0446a22442a12e9d48fe1a705f55a1adfc4.sdkstatcache
    cd /Users/admin/builder/spi-builder-workspace/.swiftpm/xcode
    /Applications/Xcode-27.0.0-Release.Candidate.app/Contents/Developer/Toolchains/XcodeDefault.xctoolchain/usr/bin/clang-stat-cache /Applications/Xcode-27.0.0-Release.Candidate.app/Contents/Developer/Platforms/MacOSX.platform/Developer/SDKs/MacOSX27.0.sdk -o /Users/admin/builder/spi-builder-workspace/.derivedData/SDKStatCaches.noindex/macosx27.0-26A425-e829b21a6f8c9b70876ba0858053c0446a22442a12e9d48fe1a705f55a1adfc4.sdkstatcache
CreateBuildDirectory /Users/admin/builder/spi-builder-workspace/.derivedData/Build/Intermediates.noindex
    cd /Users/admin/builder/spi-builder-workspace/.swiftpm/xcode
    builtin-create-build-directory /Users/admin/builder/spi-builder-workspace/.derivedData/Build/Intermediates.noindex
CreateBuildDirectory /Users/admin/builder/spi-builder-workspace/.derivedData/Build/Products
    cd /Users/admin/builder/spi-builder-workspace/.swiftpm/xcode
    builtin-create-build-directory /Users/admin/builder/spi-builder-workspace/.derivedData/Build/Products
CreateBuildDirectory /Users/admin/builder/spi-builder-workspace/.derivedData/Build/Intermediates.noindex/SwiftExplicitPrecompiledModules
    cd /Users/admin/builder/spi-builder-workspace/.swiftpm/xcode
    builtin-create-build-directory /Users/admin/builder/spi-builder-workspace/.derivedData/Build/Intermediates.noindex/SwiftExplicitPrecompiledModules
CreateBuildDirectory /Users/admin/builder/spi-builder-workspace/.derivedData/Build/Intermediates.noindex/ExplicitPrecompiledModules
    cd /Users/admin/builder/spi-builder-workspace/.swiftpm/xcode
    builtin-create-build-directory /Users/admin/builder/spi-builder-workspace/.derivedData/Build/Intermediates.noindex/ExplicitPrecompiledModules
CreateBuildDirectory /Users/admin/builder/spi-builder-workspace/.derivedData/Build/Intermediates.noindex/PrecompiledHeaders
    cd /Users/admin/builder/spi-builder-workspace/.swiftpm/xcode
    builtin-create-build-directory /Users/admin/builder/spi-builder-workspace/.derivedData/Build/Intermediates.noindex/PrecompiledHeaders
CreateBuildDirectory /Users/admin/builder/spi-builder-workspace/.derivedData/Build/Intermediates.noindex/EagerLinkingTBDs/Debug
    cd /Users/admin/builder/spi-builder-workspace/.swiftpm/xcode
    builtin-create-build-directory /Users/admin/builder/spi-builder-workspace/.derivedData/Build/Intermediates.noindex/EagerLinkingTBDs/Debug
CreateBuildDirectory /Users/admin/builder/spi-builder-workspace/.derivedData/Build/Products/Debug
    cd /Users/admin/builder/spi-builder-workspace/.swiftpm/xcode
    builtin-create-build-directory /Users/admin/builder/spi-builder-workspace/.derivedData/Build/Products/Debug
CreateBuildDirectory /Users/admin/builder/spi-builder-workspace/.derivedData/Build/Products/Debug/PackageFrameworks
    cd /Users/admin/builder/spi-builder-workspace/.swiftpm/xcode
    builtin-create-build-directory /Users/admin/builder/spi-builder-workspace/.derivedData/Build/Products/Debug/PackageFrameworks
WriteAuxiliaryFile /Users/admin/builder/spi-builder-workspace/.derivedData/Build/Intermediates.noindex/CameraCapture.build/Debug/CameraCapture-t.build/CameraCapture.modulemap (in target 'CameraCapture' from project 'CameraCapture')
    cd /Users/admin/builder/spi-builder-workspace
    write-file /Users/admin/builder/spi-builder-workspace/.derivedData/Build/Intermediates.noindex/CameraCapture.build/Debug/CameraCapture-t.build/CameraCapture.modulemap
WriteAuxiliaryFile /Users/admin/builder/spi-builder-workspace/.derivedData/Build/Intermediates.noindex/CameraCapture.build/Debug/CameraCapture-t.build/CameraCapture.DependencyStaticMetadataFileList (in target 'CameraCapture' from project 'CameraCapture')
    cd /Users/admin/builder/spi-builder-workspace
    write-file /Users/admin/builder/spi-builder-workspace/.derivedData/Build/Intermediates.noindex/CameraCapture.build/Debug/CameraCapture-t.build/CameraCapture.DependencyStaticMetadataFileList
WriteAuxiliaryFile /Users/admin/builder/spi-builder-workspace/.derivedData/Build/Intermediates.noindex/CameraCapture.build/Debug/CameraCapture-t.build/CameraCapture.DependencyMetadataFileList (in target 'CameraCapture' from project 'CameraCapture')
    cd /Users/admin/builder/spi-builder-workspace
    write-file /Users/admin/builder/spi-builder-workspace/.derivedData/Build/Intermediates.noindex/CameraCapture.build/Debug/CameraCapture-t.build/CameraCapture.DependencyMetadataFileList
WriteAuxiliaryFile /Users/admin/builder/spi-builder-workspace/.derivedData/Build/Intermediates.noindex/CameraCapture.build/Debug/CameraCapture-t.build/Objects-normal/arm64/CameraCapture.LinkFileList (in target 'CameraCapture' from project 'CameraCapture')
    cd /Users/admin/builder/spi-builder-workspace
    write-file /Users/admin/builder/spi-builder-workspace/.derivedData/Build/Intermediates.noindex/CameraCapture.build/Debug/CameraCapture-t.build/Objects-normal/arm64/CameraCapture.LinkFileList
WriteAuxiliaryFile /Users/admin/builder/spi-builder-workspace/.derivedData/Build/Intermediates.noindex/CameraCapture.build/Debug/CameraCapture-t.build/Objects-normal/arm64/CameraCapture.SwiftConstValuesFileList (in target 'CameraCapture' from project 'CameraCapture')
    cd /Users/admin/builder/spi-builder-workspace
    write-file /Users/admin/builder/spi-builder-workspace/.derivedData/Build/Intermediates.noindex/CameraCapture.build/Debug/CameraCapture-t.build/Objects-normal/arm64/CameraCapture.SwiftConstValuesFileList
WriteAuxiliaryFile /Users/admin/builder/spi-builder-workspace/.derivedData/Build/Intermediates.noindex/CameraCapture.build/Debug/CameraCapture-t.build/Objects-normal/arm64/CameraCapture.SwiftFileList (in target 'CameraCapture' from project 'CameraCapture')
    cd /Users/admin/builder/spi-builder-workspace
    write-file /Users/admin/builder/spi-builder-workspace/.derivedData/Build/Intermediates.noindex/CameraCapture.build/Debug/CameraCapture-t.build/Objects-normal/arm64/CameraCapture.SwiftFileList
WriteAuxiliaryFile /Users/admin/builder/spi-builder-workspace/.derivedData/Build/Intermediates.noindex/CameraCapture.build/Debug/CameraCapture-t.build/Objects-normal/arm64/CameraCapture-OutputFileMap.json (in target 'CameraCapture' from project 'CameraCapture')
    cd /Users/admin/builder/spi-builder-workspace
    write-file /Users/admin/builder/spi-builder-workspace/.derivedData/Build/Intermediates.noindex/CameraCapture.build/Debug/CameraCapture-t.build/Objects-normal/arm64/CameraCapture-OutputFileMap.json
WriteAuxiliaryFile /Users/admin/builder/spi-builder-workspace/.derivedData/Build/Intermediates.noindex/CameraCapture.build/Debug/CameraCapture-t.build/Objects-normal/arm64/CameraCapture_const_extract_protocols.json (in target 'CameraCapture' from project 'CameraCapture')
    cd /Users/admin/builder/spi-builder-workspace
    write-file /Users/admin/builder/spi-builder-workspace/.derivedData/Build/Intermediates.noindex/CameraCapture.build/Debug/CameraCapture-t.build/Objects-normal/arm64/CameraCapture_const_extract_protocols.json
Copy /Users/admin/builder/spi-builder-workspace/.derivedData/Build/Intermediates.noindex/GeneratedModuleMaps/CameraCapture.modulemap /Users/admin/builder/spi-builder-workspace/.derivedData/Build/Intermediates.noindex/CameraCapture.build/Debug/CameraCapture-t.build/CameraCapture.modulemap (in target 'CameraCapture' from project 'CameraCapture')
    cd /Users/admin/builder/spi-builder-workspace
    builtin-copy -exclude .DS_Store -exclude CVS -exclude .svn -exclude .git -exclude .hg -resolve-src-symlinks /Users/admin/builder/spi-builder-workspace/.derivedData/Build/Intermediates.noindex/CameraCapture.build/Debug/CameraCapture-t.build/CameraCapture.modulemap /Users/admin/builder/spi-builder-workspace/.derivedData/Build/Intermediates.noindex/GeneratedModuleMaps
SwiftDriver CameraCapture normal arm64 com.apple.xcode.tools.swift.compiler (in target 'CameraCapture' from project 'CameraCapture')
    cd /Users/admin/builder/spi-builder-workspace/.swiftpm/xcode
    builtin-SwiftDriver -- /Applications/Xcode-27.0.0-Release.Candidate.app/Contents/Developer/Toolchains/XcodeDefault.xctoolchain/usr/bin/swiftc -parse-as-library -module-name CameraCapture -Onone @/Users/admin/builder/spi-builder-workspace/.derivedData/Build/Intermediates.noindex/CameraCapture.build/Debug/CameraCapture-t.build/Objects-normal/arm64/CameraCapture.SwiftFileList -DSWIFT_PACKAGE -DDEBUG -DSWIFT_MODULE_RESOURCE_BUNDLE_UNAVAILABLE -DXcode -plugin-path /Applications/Xcode-27.0.0-Release.Candidate.app/Contents/Developer/Toolchains/XcodeDefault.xctoolchain/usr/lib/swift/host/plugins/testing -enable-experimental-feature DebugDescriptionMacro -sdk /Applications/Xcode-27.0.0-Release.Candidate.app/Contents/Developer/Platforms/MacOSX.platform/Developer/SDKs/MacOSX27.0.sdk -target arm64-apple-macos12.0 -g -module-cache-path /Users/admin/builder/spi-builder-workspace/.derivedData/ModuleCache.noindex -Xfrontend -serialize-debugging-options -profile-coverage-mapping -profile-generate -enable-testing -index-store-path /Users/admin/builder/spi-builder-workspace/.derivedData/Index.noindex/DataStore -Xcc -D_LIBCPP_HARDENING_MODE\=_LIBCPP_HARDENING_MODE_DEBUG -swift-version 5 -I /Users/admin/builder/spi-builder-workspace/.derivedData/Build/Products/Debug -Isystem /Applications/Xcode-27.0.0-Release.Candidate.app/Contents/Developer/Platforms/MacOSX.platform/Developer/usr/lib -F /Users/admin/builder/spi-builder-workspace/.derivedData/Build/Products/Debug -F /Applications/Xcode-27.0.0-Release.Candidate.app/Contents/Developer/Platforms/MacOSX.platform/Developer/Library/Frameworks -c -j10 -enable-batch-mode -incremental -Xcc -ivfsstatcache -Xcc /Users/admin/builder/spi-builder-workspace/.derivedData/SDKStatCaches.noindex/macosx27.0-26A425-e829b21a6f8c9b70876ba0858053c0446a22442a12e9d48fe1a705f55a1adfc4.sdkstatcache -output-file-map /Users/admin/builder/spi-builder-workspace/.derivedData/Build/Intermediates.noindex/CameraCapture.build/Debug/CameraCapture-t.build/Objects-normal/arm64/CameraCapture-OutputFileMap.json -save-temps -no-color-diagnostics -explicit-module-build -module-cache-path /Users/admin/builder/spi-builder-workspace/.derivedData/Build/Intermediates.noindex/SwiftExplicitPrecompiledModules -clang-scanner-module-cache-path /Users/admin/builder/spi-builder-workspace/.derivedData/ModuleCache.noindex -sdk-module-cache-path /Users/admin/builder/spi-builder-workspace/.derivedData/SDKExplicitPrecompiledModules -emit-dependencies -emit-module -emit-module-path /Users/admin/builder/spi-builder-workspace/.derivedData/Build/Intermediates.noindex/CameraCapture.build/Debug/CameraCapture-t.build/Objects-normal/arm64/CameraCapture.swiftmodule -serialize-diagnostics -dependency-scan-serialize-diagnostics-path /Users/admin/builder/spi-builder-workspace/.derivedData/Build/Intermediates.noindex/CameraCapture.build/Debug/CameraCapture-t.build/Objects-normal/arm64/CameraCapture-dependency-scan.dia -validate-clang-modules-once -clang-build-session-file /Users/admin/builder/spi-builder-workspace/.derivedData/ModuleCache.noindex/Session.modulevalidation -Xcc -fmodules-prune-interval\=86400 -Xcc -fmodules-prune-after\=345600 -package-name spi_builder_workspace -emit-const-values -const-gather-protocols-list /Users/admin/builder/spi-builder-workspace/.derivedData/Build/Intermediates.noindex/CameraCapture.build/Debug/CameraCapture-t.build/Objects-normal/arm64/CameraCapture_const_extract_protocols.json -Xcc -I/Users/admin/builder/spi-builder-workspace/.derivedData/Build/Products/Debug/include -Xcc -I/Users/admin/builder/spi-builder-workspace/.derivedData/Build/Intermediates.noindex/CameraCapture.build/Debug/CameraCapture-t.build/DerivedSources-normal/arm64 -Xcc -I/Users/admin/builder/spi-builder-workspace/.derivedData/Build/Intermediates.noindex/CameraCapture.build/Debug/CameraCapture-t.build/DerivedSources/arm64 -Xcc -I/Users/admin/builder/spi-builder-workspace/.derivedData/Build/Intermediates.noindex/CameraCapture.build/Debug/CameraCapture-t.build/DerivedSources -Xcc -DSWIFT_PACKAGE -Xcc -DDEBUG\=1 -emit-objc-header -emit-objc-header-path /Users/admin/builder/spi-builder-workspace/.derivedData/Build/Intermediates.noindex/CameraCapture.build/Debug/CameraCapture-t.build/Objects-normal/arm64/CameraCapture-Swift.h -working-directory /Users/admin/builder/spi-builder-workspace/.swiftpm/xcode -experimental-emit-module-separately -disable-cmo
/Users/admin/builder/spi-builder-workspace/Sources/CameraCapture/Implementation/AVFoundation/AVCaptureDelegate.swift:2:8: error: Unable to resolve module dependency: 'UIKit' (in target 'CameraCapture' from project 'CameraCapture')
    note: A dependency of main module 'CameraCapture'
    /Users/admin/builder/spi-builder-workspace/Sources/CameraCapture/Implementation/DefaultCamera.swift:1:8: note: Also imported here
    /Users/admin/builder/spi-builder-workspace/Sources/CameraCapture/Implementation/Views/PreviewView.swift:1:8: note: Also imported here
    /Users/admin/builder/spi-builder-workspace/Sources/CameraCapture/Public API/Camera.swift:1:8: note: Also imported here
    /Users/admin/builder/spi-builder-workspace/Sources/CameraCapture/Public API/CameraFactory.swift:1:8: note: Also imported here
/Users/admin/builder/spi-builder-workspace/Sources/CameraCapture/Implementation/AVFoundation/AVCaptureDelegate.swift:2:8: note: A dependency of main module 'CameraCapture'
import UIKit
       ^ (in target 'CameraCapture' from project 'CameraCapture')
/Users/admin/builder/spi-builder-workspace/Sources/CameraCapture/Implementation/DefaultCamera.swift:1:8: note: Also imported here
import UIKit
       ^ (in target 'CameraCapture' from project 'CameraCapture')
/Users/admin/builder/spi-builder-workspace/Sources/CameraCapture/Implementation/Views/PreviewView.swift:1:8: note: Also imported here
import UIKit
       ^ (in target 'CameraCapture' from project 'CameraCapture')
/Users/admin/builder/spi-builder-workspace/Sources/CameraCapture/Public API/Camera.swift:1:8: note: Also imported here
import UIKit
       ^ (in target 'CameraCapture' from project 'CameraCapture')
/Users/admin/builder/spi-builder-workspace/Sources/CameraCapture/Public API/CameraFactory.swift:1:8: note: Also imported here
import UIKit
       ^ (in target 'CameraCapture' from project 'CameraCapture')
PruneExplicitPrecompiledModules /Users/admin/builder/spi-builder-workspace/.derivedData/Build/Intermediates.noindex/SwiftExplicitPrecompiledModules
PruneExplicitPrecompiledModules /Users/admin/builder/spi-builder-workspace/.derivedData/SDKExplicitPrecompiledModules
PruneExplicitPrecompiledModules /Users/admin/builder/spi-builder-workspace/.derivedData/Build/Intermediates.noindex/ExplicitPrecompiledModules
2026-09-20 08:27:13.757 xcodebuild[627:3892] [MT] IDERunDestination: Supported platforms for the buildables in the current scheme is empty.
2026-09-20 08:27:13.902 xcodebuild[627:3892] [MT] IDERunDestination: Supported platforms for the buildables in the current scheme is empty.
--- xcodebuild: WARNING: Using the first of multiple matching destinations:
{ platform:macOS, arch:arm64, id:288ac99e47da22b42831c0d75e4bfde1eae4227a, name:My Mac }
{ platform:macOS, arch:arm64, variant:Mac Catalyst, id:288ac99e47da22b42831c0d75e4bfde1eae4227a, name:My Mac }
{ platform:macOS, arch:arm64, variant:DriverKit, id:288ac99e47da22b42831c0d75e4bfde1eae4227a, name:My Mac }
{ platform:macOS, arch:arm64, variant:Designed for [iPad,iPhone], id:288ac99e47da22b42831c0d75e4bfde1eae4227a, name:My Mac }
** BUILD FAILED **
The following build commands failed:
	SwiftDriver CameraCapture normal arm64 com.apple.xcode.tools.swift.compiler (in target 'CameraCapture' from project 'CameraCapture')
	Building workspace CameraCapture with scheme CameraCapture
(2 failures)
Command line invocation:
    /Applications/Xcode-27.0.0-Release.Candidate.app/Contents/Developer/usr/bin/xcodebuild -IDEClonedSourcePackagesDirPathOverride=/Users/admin/builder/spi-builder-workspace/.dependencies -resolvePackageDependencies
Resolve Package Graph
Resolved source packages:
  CameraCapture: /Users/admin/builder/spi-builder-workspace
resolved source packages: CameraCapture
2026-09-20 08:27:20.306 xcodebuild[664:4280] [MT] IDERunDestination: Supported platforms for the buildables in the current scheme is empty.
{
  "dependencies" : [
  ],
  "manifest_display_name" : "CameraCapture",
  "name" : "CameraCapture",
  "path" : "/Users/admin/builder/spi-builder-workspace",
  "platforms" : [
    {
      "name" : "ios",
      "version" : "13.0"
    }
  ],
  "products" : [
    {
      "name" : "CameraCapture",
      "targets" : [
        "CameraCapture"
      ],
      "type" : {
        "library" : [
          "automatic"
        ]
      }
    }
  ],
  "targets" : [
    {
      "c99name" : "CameraCaptureTests",
      "module_type" : "SwiftTarget",
      "name" : "CameraCaptureTests",
      "path" : "Tests/CameraCaptureTests",
      "sources" : [
        "CameraSettingsToAVSettingsTests.swift",
        "DeviceAdaptionTests.swift",
        "FocusTests.swift",
        "RetrieveAvailableCamerasTests.swift",
        "RotateCameraTests.swift",
        "SetCameraTests.swift",
        "SetFlashStateTests.swift",
        "StartCameraTests.swift",
        "System.swift",
        "TakePhotoTests.swift",
        "ZoomTests.swift"
      ],
      "target_dependencies" : [
        "CameraCapture"
      ],
      "type" : "test"
    },
    {
      "c99name" : "CameraCapture",
      "module_type" : "SwiftTarget",
      "name" : "CameraCapture",
      "path" : "Sources/CameraCapture",
      "product_memberships" : [
        "CameraCapture"
      ],
      "sources" : [
        "Implementation/AVFoundation/AVCameraController.swift",
        "Implementation/AVFoundation/AVCameraSession.swift",
        "Implementation/AVFoundation/AVCaptureDelegate.swift",
        "Implementation/AVFoundation/AVDataSource.swift",
        "Implementation/AVFoundation/AVFlashController.swift",
        "Implementation/AVFoundation/AVFocusController.swift",
        "Implementation/AVFoundation/AVZoomController.swift",
        "Implementation/Adapters.swift",
        "Implementation/CameraRepo.swift",
        "Implementation/CaptureHandler.swift",
        "Implementation/DefaultCamera.swift",
        "Implementation/SettingsRepo.swift",
        "Implementation/Use Cases/FocusUseCase.swift",
        "Implementation/Use Cases/RetrieveAvailableCamerasUseCase.swift",
        "Implementation/Use Cases/RotateCameraUseCase.swift",
        "Implementation/Use Cases/SetCameraUseCase.swift",
        "Implementation/Use Cases/SetFlashStateUseCase.swift",
        "Implementation/Use Cases/SetRotationUseCase.swift",
        "Implementation/Use Cases/SetZoomUseCase.swift",
        "Implementation/Use Cases/StartCameraUseCase.swift",
        "Implementation/Use Cases/TakePhotoUseCase.swift",
        "Implementation/Views/Presenter.swift",
        "Implementation/Views/PreviewView.swift",
        "Public API/Camera.swift",
        "Public API/CameraFactory.swift",
        "Public API/Models/CameraSettings.swift",
        "Public API/Models/Device.swift",
        "Public API/Models/PhotoCaptureError.swift",
        "Public API/Models/ZoomObserver.swift"
      ],
      "type" : "library"
    }
  ],
  "tools_version" : "5.9"
}
{
  "workspace" : {
    "name" : "CameraCapture",
    "schemes" : [
      "CameraCapture"
    ]
  }
}
2026-09-20 08:27:21.571 xcodebuild[672:4346] [MT] IDERunDestination: Supported platforms for the buildables in the current scheme is empty.
2026-09-20 08:27:21.726 xcodebuild[672:4346] [MT] IDERunDestination: Supported platforms for the buildables in the current scheme is empty.
Running build ...
env DEVELOPER_DIR=/Applications/Xcode-27.0.0-Release.Candidate.app xcrun xcodebuild -IDEClonedSourcePackagesDirPathOverride=$PWD/.dependencies -skipMacroValidation -skipPackagePluginValidation -derivedDataPath $PWD/.derivedData build -scheme CameraCapture -destination platform=macOS,arch=arm64
Command line invocation:
    /Applications/Xcode-27.0.0-Release.Candidate.app/Contents/Developer/usr/bin/xcodebuild -IDEClonedSourcePackagesDirPathOverride=/Users/admin/builder/spi-builder-workspace/.dependencies -skipMacroValidation -skipPackagePluginValidation -derivedDataPath /Users/admin/builder/spi-builder-workspace/.derivedData build -scheme CameraCapture -destination platform=macOS,arch=arm64
Resolve Package Graph
Resolved source packages:
  CameraCapture: /Users/admin/builder/spi-builder-workspace
ComputePackagePrebuildTargetDependencyGraph
Prepare packages
CreateBuildRequest
SendProjectDescription
CreateBuildOperation
ComputeTargetDependencyGraph
note: Building targets in dependency order
note: Target dependency graph (2 targets)
    Target 'CameraCapture-product' in project 'CameraCapture'
        ➜ Explicit dependency on target 'CameraCapture' in project 'CameraCapture'
    Target 'CameraCapture' in project 'CameraCapture' (no dependencies)
GatherProvisioningInputs
CreateBuildDescription
ClangStatCache /Applications/Xcode-27.0.0-Release.Candidate.app/Contents/Developer/Toolchains/XcodeDefault.xctoolchain/usr/bin/clang-stat-cache /Applications/Xcode-27.0.0-Release.Candidate.app/Contents/Developer/Platforms/MacOSX.platform/Developer/SDKs/MacOSX27.0.sdk /Users/admin/builder/spi-builder-workspace/.derivedData/SDKStatCaches.noindex/macosx27.0-26A425-e829b21a6f8c9b70876ba0858053c0446a22442a12e9d48fe1a705f55a1adfc4.sdkstatcache
    cd /Users/admin/builder/spi-builder-workspace/.swiftpm/xcode
    /Applications/Xcode-27.0.0-Release.Candidate.app/Contents/Developer/Toolchains/XcodeDefault.xctoolchain/usr/bin/clang-stat-cache /Applications/Xcode-27.0.0-Release.Candidate.app/Contents/Developer/Platforms/MacOSX.platform/Developer/SDKs/MacOSX27.0.sdk -o /Users/admin/builder/spi-builder-workspace/.derivedData/SDKStatCaches.noindex/macosx27.0-26A425-e829b21a6f8c9b70876ba0858053c0446a22442a12e9d48fe1a705f55a1adfc4.sdkstatcache
SwiftDriver CameraCapture normal arm64 com.apple.xcode.tools.swift.compiler (in target 'CameraCapture' from project 'CameraCapture')
    cd /Users/admin/builder/spi-builder-workspace/.swiftpm/xcode
    builtin-SwiftDriver -- /Applications/Xcode-27.0.0-Release.Candidate.app/Contents/Developer/Toolchains/XcodeDefault.xctoolchain/usr/bin/swiftc -parse-as-library -module-name CameraCapture -Onone @/Users/admin/builder/spi-builder-workspace/.derivedData/Build/Intermediates.noindex/CameraCapture.build/Debug/CameraCapture-t.build/Objects-normal/arm64/CameraCapture.SwiftFileList -DSWIFT_PACKAGE -DDEBUG -DSWIFT_MODULE_RESOURCE_BUNDLE_UNAVAILABLE -DXcode -plugin-path /Applications/Xcode-27.0.0-Release.Candidate.app/Contents/Developer/Toolchains/XcodeDefault.xctoolchain/usr/lib/swift/host/plugins/testing -enable-experimental-feature DebugDescriptionMacro -sdk /Applications/Xcode-27.0.0-Release.Candidate.app/Contents/Developer/Platforms/MacOSX.platform/Developer/SDKs/MacOSX27.0.sdk -target arm64-apple-macos12.0 -g -module-cache-path /Users/admin/builder/spi-builder-workspace/.derivedData/ModuleCache.noindex -Xfrontend -serialize-debugging-options -profile-coverage-mapping -profile-generate -enable-testing -index-store-path /Users/admin/builder/spi-builder-workspace/.derivedData/Index.noindex/DataStore -Xcc -D_LIBCPP_HARDENING_MODE\=_LIBCPP_HARDENING_MODE_DEBUG -swift-version 5 -I /Users/admin/builder/spi-builder-workspace/.derivedData/Build/Products/Debug -Isystem /Applications/Xcode-27.0.0-Release.Candidate.app/Contents/Developer/Platforms/MacOSX.platform/Developer/usr/lib -F /Users/admin/builder/spi-builder-workspace/.derivedData/Build/Products/Debug -F /Applications/Xcode-27.0.0-Release.Candidate.app/Contents/Developer/Platforms/MacOSX.platform/Developer/Library/Frameworks -c -j10 -enable-batch-mode -incremental -Xcc -ivfsstatcache -Xcc /Users/admin/builder/spi-builder-workspace/.derivedData/SDKStatCaches.noindex/macosx27.0-26A425-e829b21a6f8c9b70876ba0858053c0446a22442a12e9d48fe1a705f55a1adfc4.sdkstatcache -output-file-map /Users/admin/builder/spi-builder-workspace/.derivedData/Build/Intermediates.noindex/CameraCapture.build/Debug/CameraCapture-t.build/Objects-normal/arm64/CameraCapture-OutputFileMap.json -save-temps -no-color-diagnostics -explicit-module-build -module-cache-path /Users/admin/builder/spi-builder-workspace/.derivedData/Build/Intermediates.noindex/SwiftExplicitPrecompiledModules -clang-scanner-module-cache-path /Users/admin/builder/spi-builder-workspace/.derivedData/ModuleCache.noindex -sdk-module-cache-path /Users/admin/builder/spi-builder-workspace/.derivedData/SDKExplicitPrecompiledModules -emit-dependencies -emit-module -emit-module-path /Users/admin/builder/spi-builder-workspace/.derivedData/Build/Intermediates.noindex/CameraCapture.build/Debug/CameraCapture-t.build/Objects-normal/arm64/CameraCapture.swiftmodule -serialize-diagnostics -dependency-scan-serialize-diagnostics-path /Users/admin/builder/spi-builder-workspace/.derivedData/Build/Intermediates.noindex/CameraCapture.build/Debug/CameraCapture-t.build/Objects-normal/arm64/CameraCapture-dependency-scan.dia -validate-clang-modules-once -clang-build-session-file /Users/admin/builder/spi-builder-workspace/.derivedData/ModuleCache.noindex/Session.modulevalidation -Xcc -fmodules-prune-interval\=86400 -Xcc -fmodules-prune-after\=345600 -package-name spi_builder_workspace -emit-const-values -const-gather-protocols-list /Users/admin/builder/spi-builder-workspace/.derivedData/Build/Intermediates.noindex/CameraCapture.build/Debug/CameraCapture-t.build/Objects-normal/arm64/CameraCapture_const_extract_protocols.json -Xcc -I/Users/admin/builder/spi-builder-workspace/.derivedData/Build/Products/Debug/include -Xcc -I/Users/admin/builder/spi-builder-workspace/.derivedData/Build/Intermediates.noindex/CameraCapture.build/Debug/CameraCapture-t.build/DerivedSources-normal/arm64 -Xcc -I/Users/admin/builder/spi-builder-workspace/.derivedData/Build/Intermediates.noindex/CameraCapture.build/Debug/CameraCapture-t.build/DerivedSources/arm64 -Xcc -I/Users/admin/builder/spi-builder-workspace/.derivedData/Build/Intermediates.noindex/CameraCapture.build/Debug/CameraCapture-t.build/DerivedSources -Xcc -DSWIFT_PACKAGE -Xcc -DDEBUG\=1 -emit-objc-header -emit-objc-header-path /Users/admin/builder/spi-builder-workspace/.derivedData/Build/Intermediates.noindex/CameraCapture.build/Debug/CameraCapture-t.build/Objects-normal/arm64/CameraCapture-Swift.h -working-directory /Users/admin/builder/spi-builder-workspace/.swiftpm/xcode -experimental-emit-module-separately -disable-cmo
/Users/admin/builder/spi-builder-workspace/Sources/CameraCapture/Implementation/AVFoundation/AVCaptureDelegate.swift:2:8: error: Unable to resolve module dependency: 'UIKit' (in target 'CameraCapture' from project 'CameraCapture')
    note: A dependency of main module 'CameraCapture'
    /Users/admin/builder/spi-builder-workspace/Sources/CameraCapture/Implementation/DefaultCamera.swift:1:8: note: Also imported here
    /Users/admin/builder/spi-builder-workspace/Sources/CameraCapture/Implementation/Views/PreviewView.swift:1:8: note: Also imported here
    /Users/admin/builder/spi-builder-workspace/Sources/CameraCapture/Public API/Camera.swift:1:8: note: Also imported here
    /Users/admin/builder/spi-builder-workspace/Sources/CameraCapture/Public API/CameraFactory.swift:1:8: note: Also imported here
/Users/admin/builder/spi-builder-workspace/Sources/CameraCapture/Implementation/AVFoundation/AVCaptureDelegate.swift:2:8: note: A dependency of main module 'CameraCapture'
import UIKit
       ^ (in target 'CameraCapture' from project 'CameraCapture')
/Users/admin/builder/spi-builder-workspace/Sources/CameraCapture/Implementation/DefaultCamera.swift:1:8: note: Also imported here
import UIKit
       ^ (in target 'CameraCapture' from project 'CameraCapture')
/Users/admin/builder/spi-builder-workspace/Sources/CameraCapture/Implementation/Views/PreviewView.swift:1:8: note: Also imported here
import UIKit
       ^ (in target 'CameraCapture' from project 'CameraCapture')
/Users/admin/builder/spi-builder-workspace/Sources/CameraCapture/Public API/Camera.swift:1:8: note: Also imported here
import UIKit
       ^ (in target 'CameraCapture' from project 'CameraCapture')
/Users/admin/builder/spi-builder-workspace/Sources/CameraCapture/Public API/CameraFactory.swift:1:8: note: Also imported here
import UIKit
       ^ (in target 'CameraCapture' from project 'CameraCapture')
PruneExplicitPrecompiledModules /Users/admin/builder/spi-builder-workspace/.derivedData/Build/Intermediates.noindex/ExplicitPrecompiledModules
PruneExplicitPrecompiledModules /Users/admin/builder/spi-builder-workspace/.derivedData/Build/Intermediates.noindex/SwiftExplicitPrecompiledModules
PruneExplicitPrecompiledModules /Users/admin/builder/spi-builder-workspace/.derivedData/SDKExplicitPrecompiledModules
2026-09-20 08:27:22.619 xcodebuild[673:4373] [MT] IDERunDestination: Supported platforms for the buildables in the current scheme is empty.
2026-09-20 08:27:22.772 xcodebuild[673:4373] [MT] IDERunDestination: Supported platforms for the buildables in the current scheme is empty.
--- xcodebuild: WARNING: Using the first of multiple matching destinations:
{ platform:macOS, arch:arm64, id:288ac99e47da22b42831c0d75e4bfde1eae4227a, name:My Mac }
{ platform:macOS, arch:arm64, variant:Mac Catalyst, id:288ac99e47da22b42831c0d75e4bfde1eae4227a, name:My Mac }
{ platform:macOS, arch:arm64, variant:DriverKit, id:288ac99e47da22b42831c0d75e4bfde1eae4227a, name:My Mac }
{ platform:macOS, arch:arm64, variant:Designed for [iPad,iPhone], id:288ac99e47da22b42831c0d75e4bfde1eae4227a, name:My Mac }
** BUILD FAILED **
The following build commands failed:
	SwiftDriver CameraCapture normal arm64 com.apple.xcode.tools.swift.compiler (in target 'CameraCapture' from project 'CameraCapture')
	Building workspace CameraCapture with scheme CameraCapture
(2 failures)
BUILD FAILURE 6.4 macosXcodebuild