Build Information
Failed to build leaf, reference main (eae9ab), with Swift 6.1 for Wasm on 20 Jul 2026 02:35:11 UTC.
Build Command
bash -c docker run --pull=always --rm -v "checkouts-54344849-2":/host -w "$PWD" -e JAVA_HOME="/root/.sdkman/candidates/java/current" -e SPI_BUILD="1" -e SPI_PROCESSING="1" registry.gitlab.com/saguaro1/spi-images:wasm-6.1-latest swift build --swift-sdk wasm32-unknown-wasi 2>&1Build Log
========================================
RunAll
========================================
Builder version: 333316120c8b89ed7d21f1b34865290794301d91
Interrupt handler set up.
========================================
Checkout
========================================
Clone URL: https://github.com/vapor/leaf.git
Reference: main
Initialized empty Git repository in /host/spi-builder-workspace/.git/
hint: Using 'master' as the name for the initial branch. This default branch name
hint: is subject to change. To configure the initial branch name to use in all
hint: of your new repositories, which will suppress this warning, call:
hint:
hint: git config --global init.defaultBranch <name>
hint:
hint: Names commonly chosen instead of 'master' are 'main', 'trunk' and
hint: 'development'. The just-created branch can be renamed via this command:
hint:
hint: git branch -m <name>
From https://github.com/vapor/leaf
* branch main -> FETCH_HEAD
* [new branch] main -> origin/main
HEAD is now at eae9ab5 Update API docs workflow
Cloned https://github.com/vapor/leaf.git
Revision (git rev-parse @):
eae9ab57a440867a5a4e0a68ddd4cd94de47b898
SPI manifest file found: $PWD/.spi.yml
SUCCESS checkout https://github.com/vapor/leaf.git at main
========================================
Build
========================================
Selected platform: wasm
Swift version: 6.1
Building package at path: $PWD
https://github.com/vapor/leaf.git
https://github.com/vapor/leaf.git
WARNING: environment variable SUPPRESS_SWIFT_6_FLAGS is not set
Running build ...
bash -c docker run --pull=always --rm -v "checkouts-54344849-2":/host -w "$PWD" -e JAVA_HOME="/root/.sdkman/candidates/java/current" -e SPI_BUILD="1" -e SPI_PROCESSING="1" registry.gitlab.com/saguaro1/spi-images:wasm-6.1-latest swift build --swift-sdk wasm32-unknown-wasi -Xswiftc -Xfrontend -Xswiftc -stats-output-dir -Xswiftc -Xfrontend -Xswiftc .stats -Xswiftc -strict-concurrency=complete -Xswiftc -enable-upcoming-feature -Xswiftc StrictConcurrency -Xswiftc -enable-upcoming-feature -Xswiftc DisableOutwardActorInference -Xswiftc -enable-upcoming-feature -Xswiftc GlobalActorIsolatedTypesUsability -Xswiftc -enable-upcoming-feature -Xswiftc InferSendableFromCaptures 2>&1
wasm-6.1-latest: Pulling from saguaro1/spi-images
Digest: sha256:1ad245dad3d2ae0004e1afbc92334bd39884ed9ca587cf04d0a8d5f640fb02e9
Status: Image is up to date for registry.gitlab.com/saguaro1/spi-images:wasm-6.1-latest
Fetching https://github.com/vapor/vapor.git
Fetching https://github.com/vapor/leaf-kit.git
Fetching https://github.com/apple/swift-algorithms.git
[1/5084] Fetching leaf-kit
[5085/11160] Fetching leaf-kit, swift-algorithms
[11161/88740] Fetching leaf-kit, swift-algorithms, vapor
Fetched https://github.com/apple/swift-algorithms.git from cache (1.71s)
Fetched https://github.com/vapor/leaf-kit.git from cache (1.71s)
Fetched https://github.com/vapor/vapor.git from cache (1.72s)
Computing version for https://github.com/apple/swift-algorithms.git
Computed https://github.com/apple/swift-algorithms.git at 1.2.1 (2.75s)
Fetching https://github.com/apple/swift-numerics.git
[1/6441] Fetching swift-numerics
Fetched https://github.com/apple/swift-numerics.git from cache (0.48s)
Computing version for https://github.com/vapor/leaf-kit.git
Computed https://github.com/vapor/leaf-kit.git at 1.14.2 (0.70s)
Fetching https://github.com/apple/swift-nio.git
[1/84598] Fetching swift-nio
Fetched https://github.com/apple/swift-nio.git from cache (3.30s)
Computing version for https://github.com/vapor/vapor.git
Computed https://github.com/vapor/vapor.git at 4.122.0 (3.57s)
Fetching https://github.com/vapor/websocket-kit.git
Fetching https://github.com/apple/swift-service-context.git
Fetching https://github.com/apple/swift-certificates.git
Fetching https://github.com/vapor/multipart-kit.git
Fetching https://github.com/apple/swift-asn1.git
Fetching https://github.com/apple/swift-atomics.git
[1/1868] Fetching swift-atomics
[431/3175] Fetching swift-atomics, swift-service-context
[2614/7185] Fetching swift-atomics, swift-service-context, multipart-kit
Fetched https://github.com/apple/swift-atomics.git from cache (0.45s)
Fetching https://github.com/apple/swift-distributed-tracing.git
[2953/12738] Fetching swift-service-context, multipart-kit, swift-certificates
[7926/14652] Fetching swift-service-context, multipart-kit, swift-certificates, swift-asn1
[12288/17322] Fetching swift-service-context, multipart-kit, swift-certificates, swift-asn1, websocket-kit
Fetched https://github.com/apple/swift-service-context.git from cache (0.83s)
Fetched https://github.com/apple/swift-asn1.git from cache (0.83s)
Fetching https://github.com/apple/swift-metrics.git
Fetching https://github.com/apple/swift-log.git
Fetched https://github.com/apple/swift-certificates.git from cache (0.83s)
Fetched https://github.com/vapor/websocket-kit.git from cache (0.84s)
Fetching https://github.com/apple/swift-nio-http2.git
[1646/9875] Fetching multipart-kit, swift-distributed-tracing
Fetched https://github.com/apple/swift-distributed-tracing.git from cache (0.59s)
Fetching https://github.com/apple/swift-nio-ssl.git
[1646/11798] Fetching multipart-kit, swift-log
[3749/15209] Fetching multipart-kit, swift-log, swift-metrics
Fetching https://github.com/apple/swift-nio-extras.git
Fetched https://github.com/apple/swift-log.git from cache (0.46s)
Fetching https://github.com/vapor/routing-kit.git
Fetched https://github.com/apple/swift-metrics.git from cache (0.48s)
Fetching https://github.com/apple/swift-crypto.git
Fetched https://github.com/vapor/multipart-kit.git from cache (1.32s)
Fetching https://github.com/vapor/console-kit.git
[1/12183] Fetching swift-nio-http2
[12184/27780] Fetching swift-nio-http2, swift-nio-ssl
[13744/49225] Fetching swift-nio-http2, swift-nio-ssl, routing-kit
[18073/55935] Fetching swift-nio-http2, swift-nio-ssl, routing-kit, console-kit
[21575/62540] Fetching swift-nio-http2, swift-nio-ssl, routing-kit, console-kit, swift-nio-extras
Fetched https://github.com/apple/swift-nio-http2.git from cache (0.85s)
[9763/50357] Fetching swift-nio-ssl, routing-kit, console-kit, swift-nio-extras
Fetching https://github.com/vapor/async-kit.git
Fetched https://github.com/vapor/console-kit.git from cache (0.49s)
Fetching https://github.com/swift-server/async-http-client.git
[27740/43647] Fetching swift-nio-ssl, routing-kit, swift-nio-extras
Fetched https://github.com/apple/swift-nio-extras.git from cache (0.54s)
[21291/37042] Fetching swift-nio-ssl, routing-kit
[28933/54845] Fetching swift-nio-ssl, routing-kit, swift-crypto
Fetched https://github.com/vapor/routing-kit.git from cache (0.69s)
[11987/33400] Fetching swift-nio-ssl, swift-crypto
[17023/35904] Fetching swift-nio-ssl, swift-crypto, async-kit
Fetched https://github.com/vapor/async-kit.git from cache (0.46s)
[17378/33400] Fetching swift-nio-ssl, swift-crypto
Fetched https://github.com/apple/swift-nio-ssl.git from cache (1.28s)
[6766/17803] Fetching swift-crypto
[10149/33824] Fetching swift-crypto, async-http-client
Fetched https://github.com/swift-server/async-http-client.git from cache (0.95s)
Fetched https://github.com/apple/swift-crypto.git from cache (1.46s)
Computing version for https://github.com/apple/swift-atomics.git
Computed https://github.com/apple/swift-atomics.git at 1.3.1 (3.01s)
Computing version for https://github.com/vapor/routing-kit.git
Computed https://github.com/vapor/routing-kit.git at 4.9.3 (0.21s)
Computing version for https://github.com/apple/swift-service-context.git
Computed https://github.com/apple/swift-service-context.git at 1.3.0 (0.21s)
Computing version for https://github.com/apple/swift-numerics.git
Computed https://github.com/apple/swift-numerics.git at 1.1.1 (0.22s)
Computing version for https://github.com/vapor/websocket-kit.git
Computed https://github.com/vapor/websocket-kit.git at 2.16.2 (0.21s)
Fetching https://github.com/apple/swift-nio-transport-services.git
[1/2860] Fetching swift-nio-transport-services
Fetched https://github.com/apple/swift-nio-transport-services.git from cache (0.41s)
Computing version for https://github.com/apple/swift-nio-ssl.git
Computed https://github.com/apple/swift-nio-ssl.git at 2.37.2 (0.67s)
Computing version for https://github.com/apple/swift-nio.git
Computed https://github.com/apple/swift-nio.git at 2.101.3 (0.42s)
Fetching https://github.com/apple/swift-system.git
Fetching https://github.com/apple/swift-collections.git
[1/6236] Fetching swift-system
[5676/32349] Fetching swift-system, swift-collections
Fetched https://github.com/apple/swift-system.git from cache (0.56s)
[5745/26113] Fetching swift-collections
Fetched https://github.com/apple/swift-collections.git from cache (1.01s)
Computing version for https://github.com/vapor/console-kit.git
Computed https://github.com/vapor/console-kit.git at 4.16.0 (1.24s)
Computing version for https://github.com/apple/swift-log.git
Computed https://github.com/apple/swift-log.git at 1.14.0 (0.29s)
Computing version for https://github.com/vapor/async-kit.git
Computed https://github.com/vapor/async-kit.git at 1.22.0 (0.38s)
Computing version for https://github.com/apple/swift-collections.git
Computed https://github.com/apple/swift-collections.git at 1.6.0 (0.55s)
Computing version for https://github.com/apple/swift-certificates.git
Computed https://github.com/apple/swift-certificates.git at 1.19.3 (1.38s)
Computing version for https://github.com/apple/swift-asn1.git
Computed https://github.com/apple/swift-asn1.git at 1.7.1 (0.38s)
Computing version for https://github.com/apple/swift-distributed-tracing.git
Computed https://github.com/apple/swift-distributed-tracing.git at 1.4.1 (0.38s)
Computing version for https://github.com/apple/swift-metrics.git
Computed https://github.com/apple/swift-metrics.git at 2.11.0 (0.38s)
Computing version for https://github.com/vapor/multipart-kit.git
Computed https://github.com/vapor/multipart-kit.git at 4.7.1 (0.41s)
Computing version for https://github.com/apple/swift-system.git
Computed https://github.com/apple/swift-system.git at 1.7.4 (0.45s)
Computing version for https://github.com/apple/swift-nio-transport-services.git
Computed https://github.com/apple/swift-nio-transport-services.git at 1.28.0 (0.40s)
Computing version for https://github.com/apple/swift-crypto.git
Computed https://github.com/apple/swift-crypto.git at 4.5.1 (1.33s)
Computing version for https://github.com/apple/swift-nio-extras.git
Computed https://github.com/apple/swift-nio-extras.git at 1.34.3 (0.54s)
Fetching https://github.com/apple/swift-http-types.git
Fetching https://github.com/apple/swift-async-algorithms.git
Fetching https://github.com/apple/swift-http-structured-headers.git
[1/1249] Fetching swift-http-structured-headers
[1250/2468] Fetching swift-http-structured-headers, swift-http-types
Fetched https://github.com/apple/swift-http-structured-headers.git from cache (0.45s)
[427/1219] Fetching swift-http-types
[1220/7818] Fetching swift-http-types, swift-async-algorithms
Fetched https://github.com/apple/swift-http-types.git from cache (0.52s)
[462/6599] Fetching swift-async-algorithms
Fetching https://github.com/swift-server/swift-service-lifecycle.git
Fetched https://github.com/apple/swift-async-algorithms.git from cache (0.66s)
[1/2775] Fetching swift-service-lifecycle
Fetched https://github.com/swift-server/swift-service-lifecycle.git from cache (0.47s)
Computing version for https://github.com/swift-server/swift-service-lifecycle.git
Computed https://github.com/swift-server/swift-service-lifecycle.git at 2.11.0 (1.51s)
Computing version for https://github.com/apple/swift-async-algorithms.git
Computed https://github.com/apple/swift-async-algorithms.git at 1.1.5 (0.38s)
Computing version for https://github.com/apple/swift-http-types.git
Computed https://github.com/apple/swift-http-types.git at 1.6.0 (0.26s)
Computing version for https://github.com/apple/swift-http-structured-headers.git
Computed https://github.com/apple/swift-http-structured-headers.git at 1.7.0 (0.21s)
Computing version for https://github.com/apple/swift-nio-http2.git
Computed https://github.com/apple/swift-nio-http2.git at 1.44.0 (0.22s)
Computing version for https://github.com/swift-server/async-http-client.git
Computed https://github.com/swift-server/async-http-client.git at 1.35.0 (0.24s)
Creating working copy for https://github.com/apple/swift-http-types.git
Working copy of https://github.com/apple/swift-http-types.git resolved at 1.6.0
Creating working copy for https://github.com/apple/swift-nio-http2.git
Working copy of https://github.com/apple/swift-nio-http2.git resolved at 1.44.0
Creating working copy for https://github.com/apple/swift-nio.git
Working copy of https://github.com/apple/swift-nio.git resolved at 2.101.3
Creating working copy for https://github.com/apple/swift-system.git
Working copy of https://github.com/apple/swift-system.git resolved at 1.7.4
Creating working copy for https://github.com/apple/swift-algorithms.git
Working copy of https://github.com/apple/swift-algorithms.git resolved at 1.2.1
Creating working copy for https://github.com/apple/swift-log.git
Working copy of https://github.com/apple/swift-log.git resolved at 1.14.0
Creating working copy for https://github.com/apple/swift-certificates.git
Working copy of https://github.com/apple/swift-certificates.git resolved at 1.19.3
Creating working copy for https://github.com/apple/swift-http-structured-headers.git
Working copy of https://github.com/apple/swift-http-structured-headers.git resolved at 1.7.0
Creating working copy for https://github.com/vapor/leaf-kit.git
Working copy of https://github.com/vapor/leaf-kit.git resolved at 1.14.2
Creating working copy for https://github.com/vapor/console-kit.git
Working copy of https://github.com/vapor/console-kit.git resolved at 4.16.0
Creating working copy for https://github.com/vapor/multipart-kit.git
Working copy of https://github.com/vapor/multipart-kit.git resolved at 4.7.1
Creating working copy for https://github.com/swift-server/swift-service-lifecycle.git
Working copy of https://github.com/swift-server/swift-service-lifecycle.git resolved at 2.11.0
Creating working copy for https://github.com/apple/swift-atomics.git
Working copy of https://github.com/apple/swift-atomics.git resolved at 1.3.1
Creating working copy for https://github.com/apple/swift-numerics.git
Working copy of https://github.com/apple/swift-numerics.git resolved at 1.1.1
Creating working copy for https://github.com/swift-server/async-http-client.git
Working copy of https://github.com/swift-server/async-http-client.git resolved at 1.35.0
Creating working copy for https://github.com/apple/swift-crypto.git
Working copy of https://github.com/apple/swift-crypto.git resolved at 4.5.1
Creating working copy for https://github.com/vapor/websocket-kit.git
Working copy of https://github.com/vapor/websocket-kit.git resolved at 2.16.2
Creating working copy for https://github.com/apple/swift-nio-ssl.git
Working copy of https://github.com/apple/swift-nio-ssl.git resolved at 2.37.2
Creating working copy for https://github.com/vapor/vapor.git
Working copy of https://github.com/vapor/vapor.git resolved at 4.122.0
Creating working copy for https://github.com/vapor/async-kit.git
Working copy of https://github.com/vapor/async-kit.git resolved at 1.22.0
Creating working copy for https://github.com/apple/swift-asn1.git
Working copy of https://github.com/apple/swift-asn1.git resolved at 1.7.1
Creating working copy for https://github.com/apple/swift-nio-transport-services.git
Working copy of https://github.com/apple/swift-nio-transport-services.git resolved at 1.28.0
Creating working copy for https://github.com/apple/swift-async-algorithms.git
Working copy of https://github.com/apple/swift-async-algorithms.git resolved at 1.1.5
Creating working copy for https://github.com/vapor/routing-kit.git
Working copy of https://github.com/vapor/routing-kit.git resolved at 4.9.3
Creating working copy for https://github.com/apple/swift-collections.git
Working copy of https://github.com/apple/swift-collections.git resolved at 1.6.0
Creating working copy for https://github.com/apple/swift-metrics.git
Working copy of https://github.com/apple/swift-metrics.git resolved at 2.11.0
Creating working copy for https://github.com/apple/swift-nio-extras.git
Working copy of https://github.com/apple/swift-nio-extras.git resolved at 1.34.3
Creating working copy for https://github.com/apple/swift-service-context.git
Working copy of https://github.com/apple/swift-service-context.git resolved at 1.3.0
Creating working copy for https://github.com/apple/swift-distributed-tracing.git
Working copy of https://github.com/apple/swift-distributed-tracing.git resolved at 1.4.1
Building for debugging...
[0/862] Write sources
[44/862] Compiling CNIOWindows shim.c
[45/862] Write sources
[46/862] Compiling CNIOWindows WSAStartup.c
[47/862] Write sources
[49/862] Compiling CNIOOpenBSD shim.c
[50/862] Write sources
[53/862] Compiling CNIOWASI CNIOWASI.c
[53/862] Compiling _NumericsShims _NumericsShims.c
[53/862] Write sources
[59/862] Compiling _AtomicsShims.c
[60/862] Compiling SimpleFIPS202.c
[60/862] Compiling CXKCPShims shims.c
[61/862] Compiling CVaporBcrypt bcrypt.c
[63/862] Compiling KeccakSponge.c
[63/862] Compiling CVaporBcrypt blf.c
[65/862] Compiling CSystem shims.c
[66/862] Compiling CNIOLinux shim.c
[66/862] Compiling CNIOPosix event_loop_id.c
[68/862] Compiling KeccakHash.c
[69/862] Compiling CNIOLinux liburing_shims.c
[70/862] Compiling CNIOSHA1 c_nio_sha1.c
[71/862] Compiling CNIOLLHTTP c_nio_http.c
[72/862] Compiling CNIOFreeBSD shim.c
[73/862] Compiling CNIOLLHTTP c_nio_api.c
[74/862] Compiling CNIOExtrasZlib zutil.c
[75/862] Compiling CNIOExtrasZlib inftrees.c
[76/862] Compiling CNIOExtrasZlib inffast.c
[77/862] Compiling CNIOExtrasZlib trees.c
[78/862] Compiling _CWASI _CWASI.c
[79/862] Write swift-version-24593BA9C3E375BF.txt
[80/862] Compiling CNIODarwin shim.c
[81/862] Compiling CNIOExtrasZlib adler32.c
[82/862] Compiling CNIOExtrasZlib crc32.c
[83/862] Compiling CNIOExtrasZlib inflate.c
[84/862] Compiling CNIOExtrasZlib deflate.c
[85/924] Compiling CNIOBoringSSLShims shims.c
[86/927] Compiling CNIOLLHTTP c_nio_llhttp.c
[88/938] Emitting module SystemPackage
[89/943] Emitting module _CertificateInternals
<unknown>:0: warning: upcoming feature 'InferSendableFromCaptures' is already enabled as of Swift version 6
<unknown>:0: warning: upcoming feature 'GlobalActorIsolatedTypesUsability' is already enabled as of Swift version 6
<unknown>:0: warning: upcoming feature 'DisableOutwardActorInference' is already enabled as of Swift version 6
[90/943] Compiling _CertificateInternals _TinyArray.swift
<unknown>:0: warning: upcoming feature 'InferSendableFromCaptures' is already enabled as of Swift version 6
<unknown>:0: warning: upcoming feature 'GlobalActorIsolatedTypesUsability' is already enabled as of Swift version 6
<unknown>:0: warning: upcoming feature 'DisableOutwardActorInference' is already enabled as of Swift version 6
[92/944] Compiling SwiftASN1 TimeUtilities.swift
<unknown>:0: warning: upcoming feature 'InferSendableFromCaptures' is already enabled as of Swift version 6
<unknown>:0: warning: upcoming feature 'GlobalActorIsolatedTypesUsability' is already enabled as of Swift version 6
<unknown>:0: warning: upcoming feature 'DisableOutwardActorInference' is already enabled as of Swift version 6
[93/944] Compiling SwiftASN1 UTCTime.swift
<unknown>:0: warning: upcoming feature 'InferSendableFromCaptures' is already enabled as of Swift version 6
<unknown>:0: warning: upcoming feature 'GlobalActorIsolatedTypesUsability' is already enabled as of Swift version 6
<unknown>:0: warning: upcoming feature 'DisableOutwardActorInference' is already enabled as of Swift version 6
[94/946] Compiling RealModule ElementaryFunctions.swift
[95/946] Compiling RealModule Float+Real.swift
[96/947] Compiling SwiftASN1 ASN1Integer.swift
<unknown>:0: warning: upcoming feature 'InferSendableFromCaptures' is already enabled as of Swift version 6
<unknown>:0: warning: upcoming feature 'GlobalActorIsolatedTypesUsability' is already enabled as of Swift version 6
<unknown>:0: warning: upcoming feature 'DisableOutwardActorInference' is already enabled as of Swift version 6
[97/947] Compiling SwiftASN1 ASN1Null.swift
<unknown>:0: warning: upcoming feature 'InferSendableFromCaptures' is already enabled as of Swift version 6
<unknown>:0: warning: upcoming feature 'GlobalActorIsolatedTypesUsability' is already enabled as of Swift version 6
<unknown>:0: warning: upcoming feature 'DisableOutwardActorInference' is already enabled as of Swift version 6
[98/947] Compiling _NIODataStructures _TinyArray.swift
<unknown>:0: warning: upcoming feature 'InferSendableFromCaptures' is already enabled as of Swift version 6
<unknown>:0: warning: upcoming feature 'GlobalActorIsolatedTypesUsability' is already enabled as of Swift version 6
<unknown>:0: warning: upcoming feature 'DisableOutwardActorInference' is already enabled as of Swift version 6
[99/947] Emitting module RealModule
[100/947] Compiling RealModule AugmentedArithmetic.swift
[101/947] Compiling RealModule Double+Real.swift
[102/947] Compiling RealModule AlgebraicField.swift
[103/947] Compiling RealModule ApproximateEquality.swift
[104/947] Compiling RealModule Real.swift
[105/947] Compiling RealModule RealFunctions.swift
[106/952] Compiling ServiceContextModule ServiceContextKey.swift
<unknown>:0: warning: upcoming feature 'InferSendableFromCaptures' is already enabled as of Swift version 6
<unknown>:0: warning: upcoming feature 'GlobalActorIsolatedTypesUsability' is already enabled as of Swift version 6
<unknown>:0: warning: upcoming feature 'DisableOutwardActorInference' is already enabled as of Swift version 6
[107/952] Compiling RealModule Float80+Real.swift
[108/952] Compiling RealModule Float16+Real.swift
[109/958] Compiling Logging MultiplexLogHandler.swift
[110/958] Compiling Logging StreamLogHandler.swift
[111/958] Compiling Logging SwiftLogNoOpLogHandler.swift
[112/958] Compiling Logging Locks.swift
[113/958] Compiling Logging LogEvent.swift
[114/958] Compiling RealModule RelaxedArithmetic.swift
[115/958] Compiling SwiftASN1 ASN1OctetString.swift
<unknown>:0: warning: upcoming feature 'InferSendableFromCaptures' is already enabled as of Swift version 6
<unknown>:0: warning: upcoming feature 'GlobalActorIsolatedTypesUsability' is already enabled as of Swift version 6
<unknown>:0: warning: upcoming feature 'DisableOutwardActorInference' is already enabled as of Swift version 6
[116/958] Compiling SwiftASN1 ASN1Strings.swift
<unknown>:0: warning: upcoming feature 'InferSendableFromCaptures' is already enabled as of Swift version 6
<unknown>:0: warning: upcoming feature 'GlobalActorIsolatedTypesUsability' is already enabled as of Swift version 6
<unknown>:0: warning: upcoming feature 'DisableOutwardActorInference' is already enabled as of Swift version 6
[117/959] Emitting module ServiceContextModule
<unknown>:0: warning: upcoming feature 'InferSendableFromCaptures' is already enabled as of Swift version 6
<unknown>:0: warning: upcoming feature 'GlobalActorIsolatedTypesUsability' is already enabled as of Swift version 6
<unknown>:0: warning: upcoming feature 'DisableOutwardActorInference' is already enabled as of Swift version 6
[118/959] Compiling ServiceContextModule ServiceContext.swift
<unknown>:0: warning: upcoming feature 'InferSendableFromCaptures' is already enabled as of Swift version 6
<unknown>:0: warning: upcoming feature 'GlobalActorIsolatedTypesUsability' is already enabled as of Swift version 6
<unknown>:0: warning: upcoming feature 'DisableOutwardActorInference' is already enabled as of Swift version 6
[119/960] Compiling SystemPackage SystemString.swift
[120/960] Compiling SystemPackage Util+StringArray.swift
[121/960] Compiling SystemPackage Util.swift
[122/960] Compiling SystemPackage UtilConsumers.swift
[123/960] Compiling SystemPackage WinSDK+Overlay.swift
<unknown>:0: warning: upcoming feature 'InferSendableFromCaptures' is already enabled as of Swift version 6
<unknown>:0: warning: upcoming feature 'GlobalActorIsolatedTypesUsability' is already enabled as of Swift version 6
<unknown>:0: warning: upcoming feature 'DisableOutwardActorInference' is already enabled as of Swift version 6
<unknown>:0: warning: upcoming feature 'InferSendableFromCaptures' is already enabled as of Swift version 6
<unknown>:0: warning: upcoming feature 'GlobalActorIsolatedTypesUsability' is already enabled as of Swift version 6
<unknown>:0: warning: upcoming feature 'DisableOutwardActorInference' is already enabled as of Swift version 6
<unknown>:0: warning: upcoming feature 'InferSendableFromCaptures' is already enabled as of Swift version 6
<unknown>:0: warning: upcoming feature 'GlobalActorIsolatedTypesUsability' is already enabled as of Swift version 6
<unknown>:0: warning: upcoming feature 'DisableOutwardActorInference' is already enabled as of Swift version 6
[129/960] Compiling _NIODataStructures PriorityQueue.swift
<unknown>:0: warning: upcoming feature 'InferSendableFromCaptures' is already enabled as of Swift version 6
<unknown>:0: warning: upcoming feature 'GlobalActorIsolatedTypesUsability' is already enabled as of Swift version 6
<unknown>:0: warning: upcoming feature 'DisableOutwardActorInference' is already enabled as of Swift version 6
[130/960] Emitting module SwiftASN1
<unknown>:0: warning: upcoming feature 'InferSendableFromCaptures' is already enabled as of Swift version 6
<unknown>:0: warning: upcoming feature 'GlobalActorIsolatedTypesUsability' is already enabled as of Swift version 6
<unknown>:0: warning: upcoming feature 'DisableOutwardActorInference' is already enabled as of Swift version 6
<unknown>:0: warning: upcoming feature 'InferSendableFromCaptures' is already enabled as of Swift version 6
<unknown>:0: warning: upcoming feature 'GlobalActorIsolatedTypesUsability' is already enabled as of Swift version 6
<unknown>:0: warning: upcoming feature 'DisableOutwardActorInference' is already enabled as of Swift version 6
<unknown>:0: warning: upcoming feature 'InferSendableFromCaptures' is already enabled as of Swift version 6
<unknown>:0: warning: upcoming feature 'GlobalActorIsolatedTypesUsability' is already enabled as of Swift version 6
<unknown>:0: warning: upcoming feature 'DisableOutwardActorInference' is already enabled as of Swift version 6
[133/960] Compiling Logging LogHandler.swift
<unknown>:0: warning: upcoming feature 'InferSendableFromCaptures' is already enabled as of Swift version 6
<unknown>:0: warning: upcoming feature 'GlobalActorIsolatedTypesUsability' is already enabled as of Swift version 6
<unknown>:0: warning: upcoming feature 'DisableOutwardActorInference' is already enabled as of Swift version 6
[134/960] Compiling _NIOBase64 Base64.swift
<unknown>:0: warning: upcoming feature 'InferSendableFromCaptures' is already enabled as of Swift version 6
<unknown>:0: warning: upcoming feature 'GlobalActorIsolatedTypesUsability' is already enabled as of Swift version 6
<unknown>:0: warning: upcoming feature 'DisableOutwardActorInference' is already enabled as of Swift version 6
[135/960] Emitting module _NIOBase64
<unknown>:0: warning: upcoming feature 'InferSendableFromCaptures' is already enabled as of Swift version 6
<unknown>:0: warning: upcoming feature 'GlobalActorIsolatedTypesUsability' is already enabled as of Swift version 6
<unknown>:0: warning: upcoming feature 'DisableOutwardActorInference' is already enabled as of Swift version 6
<unknown>:0: warning: upcoming feature 'InferSendableFromCaptures' is already enabled as of Swift version 6
<unknown>:0: warning: upcoming feature 'GlobalActorIsolatedTypesUsability' is already enabled as of Swift version 6
<unknown>:0: warning: upcoming feature 'DisableOutwardActorInference' is already enabled as of Swift version 6
<unknown>:0: warning: upcoming feature 'InferSendableFromCaptures' is already enabled as of Swift version 6
<unknown>:0: warning: upcoming feature 'GlobalActorIsolatedTypesUsability' is already enabled as of Swift version 6
<unknown>:0: warning: upcoming feature 'DisableOutwardActorInference' is already enabled as of Swift version 6
[138/985] Compiling Logging LoggingSystem.swift
<unknown>:0: warning: upcoming feature 'InferSendableFromCaptures' is already enabled as of Swift version 6
<unknown>:0: warning: upcoming feature 'GlobalActorIsolatedTypesUsability' is already enabled as of Swift version 6
<unknown>:0: warning: upcoming feature 'DisableOutwardActorInference' is already enabled as of Swift version 6
[139/985] Compiling InternalCollectionsUtilities Debugging.swift
<unknown>:0: warning: upcoming feature 'InferSendableFromCaptures' is already enabled as of Swift version 6
<unknown>:0: warning: upcoming feature 'GlobalActorIsolatedTypesUsability' is already enabled as of Swift version 6
<unknown>:0: warning: upcoming feature 'DisableOutwardActorInference' is already enabled as of Swift version 6
[140/985] Compiling InternalCollectionsUtilities Descriptions.swift
<unknown>:0: warning: upcoming feature 'InferSendableFromCaptures' is already enabled as of Swift version 6
<unknown>:0: warning: upcoming feature 'GlobalActorIsolatedTypesUsability' is already enabled as of Swift version 6
<unknown>:0: warning: upcoming feature 'DisableOutwardActorInference' is already enabled as of Swift version 6
[141/985] Compiling InternalCollectionsUtilities FixedWidthInteger+roundUpToPowerOfTwo.swift
<unknown>:0: warning: upcoming feature 'InferSendableFromCaptures' is already enabled as of Swift version 6
<unknown>:0: warning: upcoming feature 'GlobalActorIsolatedTypesUsability' is already enabled as of Swift version 6
<unknown>:0: warning: upcoming feature 'DisableOutwardActorInference' is already enabled as of Swift version 6
[142/985] Compiling InternalCollectionsUtilities UnsafeBufferPointer+Extras.swift
<unknown>:0: warning: upcoming feature 'InferSendableFromCaptures' is already enabled as of Swift version 6
<unknown>:0: warning: upcoming feature 'GlobalActorIsolatedTypesUsability' is already enabled as of Swift version 6
<unknown>:0: warning: upcoming feature 'DisableOutwardActorInference' is already enabled as of Swift version 6
[143/985] Compiling SystemPackage RawBuffer.swift
[144/985] Compiling SystemPackage Syscalls.swift
[145/985] Compiling SystemPackage WindowsSyscallAdapters.swift
[146/985] Compiling SystemPackage MachPort.swift
[147/985] Compiling SystemPackage PlatformString.swift
[148/985] Compiling InternalCollectionsUtilities UnsafeMutableBufferPointer+Extras.swift
[149/985] Compiling SwiftASN1 Errors.swift
[150/985] Compiling SystemPackage FileType.swift
[151/985] Compiling SystemPackage Identifiers.swift
[152/985] Compiling SystemPackage Stat.swift
[154/985] Compiling InternalCollectionsUtilities UnsafeMutableRawBufferPointer+Extras.swift
[155/985] Compiling InternalCollectionsUtilities UnsafeRawBufferPointer+Extras.swift
[160/985] Compiling InternalCollectionsUtilities LifetimeOverride.swift
[161/985] Compiling InternalCollectionsUtilities RandomAccessCollection+Offsets.swift
[162/985] Compiling InternalCollectionsUtilities Span+Extras.swift
[163/985] Compiling InternalCollectionsUtilities String+Padding.swift
[164/985] Compiling InternalCollectionsUtilities _UnsafeBitSet+Index.swift
[165/985] Compiling CoreMetrics WithMetricsFactory.swift
<unknown>:0: warning: upcoming feature 'InferSendableFromCaptures' is already enabled as of Swift version 6
<unknown>:0: warning: upcoming feature 'GlobalActorIsolatedTypesUsability' is already enabled as of Swift version 6
<unknown>:0: warning: upcoming feature 'DisableOutwardActorInference' is already enabled as of Swift version 6
[166/985] Compiling Logging MetadataProvider.swift
<unknown>:0: warning: upcoming feature 'InferSendableFromCaptures' is already enabled as of Swift version 6
<unknown>:0: warning: upcoming feature 'GlobalActorIsolatedTypesUsability' is already enabled as of Swift version 6
<unknown>:0: warning: upcoming feature 'DisableOutwardActorInference' is already enabled as of Swift version 6
[167/985] Emitting module _NIODataStructures
<unknown>:0: warning: upcoming feature 'InferSendableFromCaptures' is already enabled as of Swift version 6
<unknown>:0: warning: upcoming feature 'GlobalActorIsolatedTypesUsability' is already enabled as of Swift version 6
<unknown>:0: warning: upcoming feature 'DisableOutwardActorInference' is already enabled as of Swift version 6
[168/985] Compiling _NIODataStructures Heap.swift
<unknown>:0: warning: upcoming feature 'InferSendableFromCaptures' is already enabled as of Swift version 6
<unknown>:0: warning: upcoming feature 'GlobalActorIsolatedTypesUsability' is already enabled as of Swift version 6
<unknown>:0: warning: upcoming feature 'DisableOutwardActorInference' is already enabled as of Swift version 6
[169/986] Compiling SystemPackage IOCompletion.swift
[170/986] Compiling SystemPackage IORequest.swift
[171/986] Compiling SystemPackage IORing+Util.swift
[172/986] Compiling SystemPackage IORing.swift
[173/986] Compiling SystemPackage RawIORequest.swift
[174/986] Compiling SystemPackage Backcompat.swift
[175/986] Compiling SystemPackage CInterop.swift
[176/986] Compiling SystemPackage Constants.swift
[177/986] Compiling SystemPackage Exports.swift
[178/986] Compiling SystemPackage Mocking.swift
[179/987] Compiling CoreMetrics Locks.swift
<unknown>:0: warning: upcoming feature 'InferSendableFromCaptures' is already enabled as of Swift version 6
<unknown>:0: warning: upcoming feature 'GlobalActorIsolatedTypesUsability' is already enabled as of Swift version 6
<unknown>:0: warning: upcoming feature 'DisableOutwardActorInference' is already enabled as of Swift version 6
<unknown>:0: warning: upcoming feature 'InferSendableFromCaptures' is already enabled as of Swift version 6
<unknown>:0: warning: upcoming feature 'GlobalActorIsolatedTypesUsability' is already enabled as of Swift version 6
<unknown>:0: warning: upcoming feature 'DisableOutwardActorInference' is already enabled as of Swift version 6
<unknown>:0: warning: upcoming feature 'InferSendableFromCaptures' is already enabled as of Swift version 6
<unknown>:0: warning: upcoming feature 'GlobalActorIsolatedTypesUsability' is already enabled as of Swift version 6
<unknown>:0: warning: upcoming feature 'DisableOutwardActorInference' is already enabled as of Swift version 6
<unknown>:0: warning: upcoming feature 'InferSendableFromCaptures' is already enabled as of Swift version 6
<unknown>:0: warning: upcoming feature 'GlobalActorIsolatedTypesUsability' is already enabled as of Swift version 6
<unknown>:0: warning: upcoming feature 'DisableOutwardActorInference' is already enabled as of Swift version 6
[184/989] Compiling InternalCollectionsUtilities _SortedCollection.swift
<unknown>:0: warning: upcoming feature 'InferSendableFromCaptures' is already enabled as of Swift version 6
<unknown>:0: warning: upcoming feature 'GlobalActorIsolatedTypesUsability' is already enabled as of Swift version 6
<unknown>:0: warning: upcoming feature 'DisableOutwardActorInference' is already enabled as of Swift version 6
[185/990] Compiling InternalCollectionsUtilities _UnsafeBitSet.swift
<unknown>:0: warning: upcoming feature 'InferSendableFromCaptures' is already enabled as of Swift version 6
<unknown>:0: warning: upcoming feature 'GlobalActorIsolatedTypesUsability' is already enabled as of Swift version 6
<unknown>:0: warning: upcoming feature 'DisableOutwardActorInference' is already enabled as of Swift version 6
<unknown>:0: warning: upcoming feature 'InferSendableFromCaptures' is already enabled as of Swift version 6
<unknown>:0: warning: upcoming feature 'GlobalActorIsolatedTypesUsability' is already enabled as of Swift version 6
<unknown>:0: warning: upcoming feature 'DisableOutwardActorInference' is already enabled as of Swift version 6
<unknown>:0: warning: upcoming feature 'InferSendableFromCaptures' is already enabled as of Swift version 6
<unknown>:0: warning: upcoming feature 'GlobalActorIsolatedTypesUsability' is already enabled as of Swift version 6
<unknown>:0: warning: upcoming feature 'DisableOutwardActorInference' is already enabled as of Swift version 6
<unknown>:0: warning: upcoming feature 'InferSendableFromCaptures' is already enabled as of Swift version 6
<unknown>:0: warning: upcoming feature 'GlobalActorIsolatedTypesUsability' is already enabled as of Swift version 6
<unknown>:0: warning: upcoming feature 'DisableOutwardActorInference' is already enabled as of Swift version 6
[188/990] Compiling fiat_p256_adx_sqr.S
[190/990] Compiling fiat_p256_adx_mul.S
<unknown>:0: warning: upcoming feature 'InferSendableFromCaptures' is already enabled as of Swift version 6
<unknown>:0: warning: upcoming feature 'GlobalActorIsolatedTypesUsability' is already enabled as of Swift version 6
<unknown>:0: warning: upcoming feature 'DisableOutwardActorInference' is already enabled as of Swift version 6
[193/990] Compiling InternalCollectionsUtilities _UniqueCollection.swift
<unknown>:0: warning: upcoming feature 'InferSendableFromCaptures' is already enabled as of Swift version 6
<unknown>:0: warning: upcoming feature 'GlobalActorIsolatedTypesUsability' is already enabled as of Swift version 6
<unknown>:0: warning: upcoming feature 'DisableOutwardActorInference' is already enabled as of Swift version 6
[194/990] Compiling Logging Logger+Attributes.swift
<unknown>:0: warning: upcoming feature 'InferSendableFromCaptures' is already enabled as of Swift version 6
<unknown>:0: warning: upcoming feature 'GlobalActorIsolatedTypesUsability' is already enabled as of Swift version 6
<unknown>:0: warning: upcoming feature 'DisableOutwardActorInference' is already enabled as of Swift version 6
[195/990] Compiling Logging Logger+With.swift
unable to find node: pound
unable to find node: pound
<unknown>:0: warning: upcoming feature 'InferSendableFromCaptures' is already enabled as of Swift version 6
<unknown>:0: warning: upcoming feature 'GlobalActorIsolatedTypesUsability' is already enabled as of Swift version 6
<unknown>:0: warning: upcoming feature 'DisableOutwardActorInference' is already enabled as of Swift version 6
[196/990] Compiling Logging Logger.swift
<unknown>:0: warning: upcoming feature 'InferSendableFromCaptures' is already enabled as of Swift version 6
<unknown>:0: warning: upcoming feature 'GlobalActorIsolatedTypesUsability' is already enabled as of Swift version 6
<unknown>:0: warning: upcoming feature 'DisableOutwardActorInference' is already enabled as of Swift version 6
[196/990] Compiling fiat_curve25519_adx_square.S
[198/996] Compiling fiat_curve25519_adx_mul.S
[200/996] Emitting module Logging
unable to find node: pound
unable to find node: pound
<unknown>:0: warning: upcoming feature 'InferSendableFromCaptures' is already enabled as of Swift version 6
<unknown>:0: warning: upcoming feature 'GlobalActorIsolatedTypesUsability' is already enabled as of Swift version 6
<unknown>:0: warning: upcoming feature 'DisableOutwardActorInference' is already enabled as of Swift version 6
[201/996] Compiling InternalCollectionsUtilities Integer rank.swift
<unknown>:0: warning: upcoming feature 'InferSendableFromCaptures' is already enabled as of Swift version 6
<unknown>:0: warning: upcoming feature 'GlobalActorIsolatedTypesUsability' is already enabled as of Swift version 6
<unknown>:0: warning: upcoming feature 'DisableOutwardActorInference' is already enabled as of Swift version 6
[202/996] Compiling InternalCollectionsUtilities UInt+first and last set bit.swift
<unknown>:0: warning: upcoming feature 'InferSendableFromCaptures' is already enabled as of Swift version 6
<unknown>:0: warning: upcoming feature 'GlobalActorIsolatedTypesUsability' is already enabled as of Swift version 6
<unknown>:0: warning: upcoming feature 'DisableOutwardActorInference' is already enabled as of Swift version 6
<unknown>:0: warning: upcoming feature 'InferSendableFromCaptures' is already enabled as of Swift version 6
<unknown>:0: warning: upcoming feature 'GlobalActorIsolatedTypesUsability' is already enabled as of Swift version 6
<unknown>:0: warning: upcoming feature 'DisableOutwardActorInference' is already enabled as of Swift version 6
<unknown>:0: warning: upcoming feature 'InferSendableFromCaptures' is already enabled as of Swift version 6
<unknown>:0: warning: upcoming feature 'GlobalActorIsolatedTypesUsability' is already enabled as of Swift version 6
<unknown>:0: warning: upcoming feature 'DisableOutwardActorInference' is already enabled as of Swift version 6
<unknown>:0: warning: upcoming feature 'InferSendableFromCaptures' is already enabled as of Swift version 6
<unknown>:0: warning: upcoming feature 'GlobalActorIsolatedTypesUsability' is already enabled as of Swift version 6
<unknown>:0: warning: upcoming feature 'DisableOutwardActorInference' is already enabled as of Swift version 6
[206/997] Compiling InternalCollectionsUtilities _UnsafeBitSet+_Word.swift
<unknown>:0: warning: upcoming feature 'InferSendableFromCaptures' is already enabled as of Swift version 6
<unknown>:0: warning: upcoming feature 'GlobalActorIsolatedTypesUsability' is already enabled as of Swift version 6
<unknown>:0: warning: upcoming feature 'DisableOutwardActorInference' is already enabled as of Swift version 6
<unknown>:0: warning: upcoming feature 'InferSendableFromCaptures' is already enabled as of Swift version 6
<unknown>:0: warning: upcoming feature 'GlobalActorIsolatedTypesUsability' is already enabled as of Swift version 6
<unknown>:0: warning: upcoming feature 'DisableOutwardActorInference' is already enabled as of Swift version 6
<unknown>:0: warning: upcoming feature 'InferSendableFromCaptures' is already enabled as of Swift version 6
<unknown>:0: warning: upcoming feature 'GlobalActorIsolatedTypesUsability' is already enabled as of Swift version 6
<unknown>:0: warning: upcoming feature 'DisableOutwardActorInference' is already enabled as of Swift version 6
<unknown>:0: warning: upcoming feature 'InferSendableFromCaptures' is already enabled as of Swift version 6
<unknown>:0: warning: upcoming feature 'GlobalActorIsolatedTypesUsability' is already enabled as of Swift version 6
<unknown>:0: warning: upcoming feature 'DisableOutwardActorInference' is already enabled as of Swift version 6
[210/997] Emitting module CoreMetrics
<unknown>:0: warning: upcoming feature 'InferSendableFromCaptures' is already enabled as of Swift version 6
<unknown>:0: warning: upcoming feature 'GlobalActorIsolatedTypesUsability' is already enabled as of Swift version 6
<unknown>:0: warning: upcoming feature 'DisableOutwardActorInference' is already enabled as of Swift version 6
<unknown>:0: warning: upcoming feature 'InferSendableFromCaptures' is already enabled as of Swift version 6
<unknown>:0: warning: upcoming feature 'GlobalActorIsolatedTypesUsability' is already enabled as of Swift version 6
<unknown>:0: warning: upcoming feature 'DisableOutwardActorInference' is already enabled as of Swift version 6
<unknown>:0: warning: upcoming feature 'InferSendableFromCaptures' is already enabled as of Swift version 6
<unknown>:0: warning: upcoming feature 'GlobalActorIsolatedTypesUsability' is already enabled as of Swift version 6
<unknown>:0: warning: upcoming feature 'DisableOutwardActorInference' is already enabled as of Swift version 6
[214/997] Compiling InternalCollectionsUtilities UInt+reversed.swift
<unknown>:0: warning: upcoming feature 'InferSendableFromCaptures' is already enabled as of Swift version 6
<unknown>:0: warning: upcoming feature 'GlobalActorIsolatedTypesUsability' is already enabled as of Swift version 6
<unknown>:0: warning: upcoming feature 'DisableOutwardActorInference' is already enabled as of Swift version 6
<unknown>:0: warning: upcoming feature 'InferSendableFromCaptures' is already enabled as of Swift version 6
<unknown>:0: warning: upcoming feature 'GlobalActorIsolatedTypesUsability' is already enabled as of Swift version 6
<unknown>:0: warning: upcoming feature 'DisableOutwardActorInference' is already enabled as of Swift version 6
<unknown>:0: warning: upcoming feature 'InferSendableFromCaptures' is already enabled as of Swift version 6
<unknown>:0: warning: upcoming feature 'GlobalActorIsolatedTypesUsability' is already enabled as of Swift version 6
<unknown>:0: warning: upcoming feature 'DisableOutwardActorInference' is already enabled as of Swift version 6
<unknown>:0: warning: upcoming feature 'InferSendableFromCaptures' is already enabled as of Swift version 6
<unknown>:0: warning: upcoming feature 'GlobalActorIsolatedTypesUsability' is already enabled as of Swift version 6
<unknown>:0: warning: upcoming feature 'DisableOutwardActorInference' is already enabled as of Swift version 6
[218/997] Compiling Instrumentation NoOpInstrument.swift
<unknown>:0: warning: upcoming feature 'InferSendableFromCaptures' is already enabled as of Swift version 6
<unknown>:0: warning: upcoming feature 'GlobalActorIsolatedTypesUsability' is already enabled as of Swift version 6
<unknown>:0: warning: upcoming feature 'DisableOutwardActorInference' is already enabled as of Swift version 6
[219/997] Emitting module Instrumentation
<unknown>:0: warning: upcoming feature 'InferSendableFromCaptures' is already enabled as of Swift version 6
<unknown>:0: warning: upcoming feature 'GlobalActorIsolatedTypesUsability' is already enabled as of Swift version 6
<unknown>:0: warning: upcoming feature 'DisableOutwardActorInference' is already enabled as of Swift version 6
[220/997] Compiling Instrumentation MultiplexInstrument.swift
<unknown>:0: warning: upcoming feature 'InferSendableFromCaptures' is already enabled as of Swift version 6
<unknown>:0: warning: upcoming feature 'GlobalActorIsolatedTypesUsability' is already enabled as of Swift version 6
<unknown>:0: warning: upcoming feature 'DisableOutwardActorInference' is already enabled as of Swift version 6
[221/997] Compiling Instrumentation Locks.swift
<unknown>:0: warning: upcoming feature 'InferSendableFromCaptures' is already enabled as of Swift version 6
<unknown>:0: warning: upcoming feature 'GlobalActorIsolatedTypesUsability' is already enabled as of Swift version 6
<unknown>:0: warning: upcoming feature 'DisableOutwardActorInference' is already enabled as of Swift version 6
[222/997] Compiling Instrumentation InstrumentationSystem.swift
<unknown>:0: warning: upcoming feature 'InferSendableFromCaptures' is already enabled as of Swift version 6
<unknown>:0: warning: upcoming feature 'GlobalActorIsolatedTypesUsability' is already enabled as of Swift version 6
<unknown>:0: warning: upcoming feature 'DisableOutwardActorInference' is already enabled as of Swift version 6
[223/997] Compiling Instrumentation Instrument.swift
<unknown>:0: warning: upcoming feature 'InferSendableFromCaptures' is already enabled as of Swift version 6
<unknown>:0: warning: upcoming feature 'GlobalActorIsolatedTypesUsability' is already enabled as of Swift version 6
<unknown>:0: warning: upcoming feature 'DisableOutwardActorInference' is already enabled as of Swift version 6
[225/998] Emitting module InternalCollectionsUtilities
<unknown>:0: warning: upcoming feature 'InferSendableFromCaptures' is already enabled as of Swift version 6
<unknown>:0: warning: upcoming feature 'GlobalActorIsolatedTypesUsability' is already enabled as of Swift version 6
<unknown>:0: warning: upcoming feature 'DisableOutwardActorInference' is already enabled as of Swift version 6
[227/1069] Compiling CoreMetrics Metrics.swift
<unknown>:0: warning: upcoming feature 'InferSendableFromCaptures' is already enabled as of Swift version 6
<unknown>:0: warning: upcoming feature 'GlobalActorIsolatedTypesUsability' is already enabled as of Swift version 6
<unknown>:0: warning: upcoming feature 'DisableOutwardActorInference' is already enabled as of Swift version 6
[228/1069] Compiling CoreMetrics MappingMetricsFactory.swift
<unknown>:0: warning: upcoming feature 'InferSendableFromCaptures' is already enabled as of Swift version 6
<unknown>:0: warning: upcoming feature 'GlobalActorIsolatedTypesUsability' is already enabled as of Swift version 6
<unknown>:0: warning: upcoming feature 'DisableOutwardActorInference' is already enabled as of Swift version 6
[230/1076] Compiling _RopeModule BigString+Chunk+Breaks.swift
[231/1076] Compiling _RopeModule BigString+Chunk+Character.swift
[232/1076] Compiling _RopeModule BigString+Chunk+Counts.swift
[233/1076] Compiling _RopeModule BigString+Chunk+Description.swift
[234/1076] Compiling _RopeModule BigString+Chunk+Index.swift
[235/1076] Compiling _RopeModule BigString+Chunk+RopeElement.swift
[236/1076] Compiling _RopeModule BigString+Chunk+Splitting.swift
[237/1076] Compiling _RopeModule BigString+Chunk+UTF16.swift
[238/1076] Compiling _RopeModule BigString+Chunk+UTF8.swift
[239/1076] Compiling _RopeModule BigString+Chunk+UnicodeScalar.swift
[240/1076] Compiling _RopeModule BigString+Chunk.swift
[241/1076] Compiling _RopeModule BigString+BidirectionalCollection.swift
[242/1076] Compiling _RopeModule BigString+Comparable.swift
[243/1076] Compiling _RopeModule BigString+CustomDebugStringConvertible.swift
[244/1076] Compiling _RopeModule BigString+CustomStringConvertible.swift
[245/1076] Compiling _RopeModule BigString+Equatable.swift
[246/1076] Compiling _RopeModule BigString+ExpressibleByStringLiteral.swift
[247/1076] Compiling _RopeModule BigString+Hashing.swift
[248/1076] Compiling _RopeModule BigString+LosslessStringConvertible.swift
[249/1076] Compiling _RopeModule BigString+RangeReplaceableCollection.swift
[250/1076] Compiling _RopeModule BigString+Builder.swift
[251/1076] Compiling _RopeModule BigString+Contents.swift
[252/1076] Compiling _RopeModule BigString+Debugging.swift
[253/1076] Compiling _RopeModule BigString+Index.swift
[254/1076] Compiling _RopeModule BigString+Ingester.swift
[255/1076] Compiling _RopeModule BigString+Invariants.swift
[256/1076] Compiling _RopeModule BigString+Metrics.swift
[257/1076] Compiling _RopeModule BigString+Summary.swift
[258/1076] Compiling _RopeModule BigString.swift
[259/1076] Compiling _RopeModule BigString+Chunk+Append and Insert.swift
In file included from /host/spi-builder-workspace/.build/checkouts/swift-nio-ssl/Sources/CNIOBoringSSL/ssl/tls_method.cc:17:
/host/spi-builder-workspace/.build/checkouts/swift-nio-ssl/Sources/CNIOBoringSSL/ssl/../crypto/internal.h:32:10: fatal error: 'pthread.h' file not found
32 | #include <pthread.h>
| ^~~~~~~~~~~
1 error generated.
[259/1085] Compiling tls_method.cc
In file included from /host/spi-builder-workspace/.build/checkouts/swift-nio-ssl/Sources/CNIOBoringSSL/ssl/tls_record.cc:19:
/host/spi-builder-workspace/.build/checkouts/swift-nio-ssl/Sources/CNIOBoringSSL/ssl/../crypto/internal.h:32:10: fatal error: 'pthread.h' file not found
32 | #include <pthread.h>
| ^~~~~~~~~~~
1 error generated.
[259/1085] Compiling tls_record.cc
In file included from /host/spi-builder-workspace/.build/checkouts/swift-nio-ssl/Sources/CNIOBoringSSL/ssl/tls13_server.cc:32:
/host/spi-builder-workspace/.build/checkouts/swift-nio-ssl/Sources/CNIOBoringSSL/ssl/../crypto/internal.h:32:10: fatal error: 'pthread.h' file not found
32 | #include <pthread.h>
| ^~~~~~~~~~~
1 error generated.
[259/1085] Compiling tls13_server.cc
[259/1085] Compiling tls13_enc.cc
[259/1085] Compiling KeccakP-1600-opt64.c
Running build ...
bash -c docker run --pull=always --rm -v "checkouts-54344849-2":/host -w "$PWD" -e JAVA_HOME="/root/.sdkman/candidates/java/current" -e SPI_BUILD="1" -e SPI_PROCESSING="1" registry.gitlab.com/saguaro1/spi-images:wasm-6.1-latest swift build --swift-sdk wasm32-unknown-wasi 2>&1
wasm-6.1-latest: Pulling from saguaro1/spi-images
Digest: sha256:1ad245dad3d2ae0004e1afbc92334bd39884ed9ca587cf04d0a8d5f640fb02e9
Status: Image is up to date for registry.gitlab.com/saguaro1/spi-images:wasm-6.1-latest
[0/1] Planning build
Building for debugging...
[0/771] Write sources
[2/772] Compiling fiat_p256_adx_mul.S
[2/772] Compiling fiat_curve25519_adx_mul.S
[4/772] Compiling fiat_p256_adx_sqr.S
[5/772] Compiling fiat_curve25519_adx_square.S
[6/772] Write swift-version-24593BA9C3E375BF.txt
[7/772] Compiling CCryptoBoringSSLShims shims.c
[9/776] Compiling _NIODataStructures PriorityQueue.swift
In file included from /host/spi-builder-workspace/.build/checkouts/swift-nio-ssl/Sources/CNIOBoringSSL/ssl/tls13_enc.cc:34:
/host/spi-builder-workspace/.build/checkouts/swift-nio-ssl/Sources/CNIOBoringSSL/ssl/../crypto/internal.h:32:10: fatal error: 'pthread.h' file not found
32 | #include <pthread.h>
| ^~~~~~~~~~~
1 error generated.
[9/776] Compiling tls13_enc.cc
[9/776] Compiling KeccakP-1600-opt64.c
[9/776] Compiling tls13_server.cc
[9/776] Compiling tls_record.cc
[9/776] Compiling tls13_both.cc
[9/776] Compiling tls13_client.cc
[9/776] Compiling tls_method.cc
BUILD FAILURE 6.1 wasm