Build Information
Failed to build ZendeskCoreSDK, reference 5.0.5 (36091e), with Swift 6.4 for watchOS using Xcode 27.0 on 24 Sep 2026 02:31:27 UTC.
Build Command
env DEVELOPER_DIR=/Applications/Xcode-27.0.0-Release.Candidate.app xcrun xcodebuild -IDEClonedSourcePackagesDirPathOverride=$PWD/.dependencies -skipMacroValidation -skipPackagePluginValidation -derivedDataPath $PWD/.derivedData build -scheme ZendeskCoreSDK -destination generic/platform=watchOSBuild Log
========================================
RunAll
========================================
Builder version: 5.1.0
Interrupt handler set up.
========================================
Checkout
========================================
Clone URL: https://github.com/zendesk/core_sdk_ios.git
Reference: 5.0.5
Initialized empty Git repository in /Users/admin/builder/spi-builder-workspace/.git/
From https://github.com/zendesk/core_sdk_ios
* tag 5.0.5 -> FETCH_HEAD
HEAD is now at 36091ee [RELEASE] New version 5.0.5
Cloned https://github.com/zendesk/core_sdk_ios.git
Revision (git rev-parse @):
36091ee0cd0fb888fc98f815f460b66e30132192
SUCCESS checkout https://github.com/zendesk/core_sdk_ios.git at 5.0.5
========================================
Build
========================================
Selected platform: watchOS
Swift version: 6.4
Building package at path: $PWD
https://github.com/zendesk/core_sdk_ios.git
Command line invocation:
/Applications/Xcode-27.0.0-Release.Candidate.app/Contents/Developer/usr/bin/xcodebuild -IDEClonedSourcePackagesDirPathOverride=/Users/admin/builder/spi-builder-workspace/.dependencies -resolvePackageDependencies
Resolve Package Graph
Resolve Package Graph
Resolved source packages:
ZendeskCoreSDK: /Users/admin/builder/spi-builder-workspace
resolved source packages: ZendeskCoreSDK
2026-09-23 22:30:34.546 xcodebuild[529:3038] [MT] IDERunDestination: Supported platforms for the buildables in the current scheme is empty.
{
"dependencies" : [
],
"manifest_display_name" : "ZendeskCoreSDK",
"name" : "ZendeskCoreSDK",
"path" : "/Users/admin/builder/spi-builder-workspace",
"platforms" : [
{
"name" : "ios",
"version" : "12.0"
}
],
"products" : [
{
"name" : "ZendeskCoreSDK",
"targets" : [
"ZendeskCoreSDK"
],
"type" : {
"library" : [
"automatic"
]
}
}
],
"targets" : [
{
"c99name" : "ZendeskCoreSDK",
"module_type" : "BinaryTarget",
"name" : "ZendeskCoreSDK",
"path" : "ZendeskCoreSDK.xcframework",
"product_memberships" : [
"ZendeskCoreSDK"
],
"sources" : [
],
"type" : "binary"
}
],
"tools_version" : "5.3"
}
{
"workspace" : {
"name" : "ZendeskCoreSDK",
"schemes" : [
"ZendeskCoreSDK"
]
}
}
2026-09-23 22:31:17.319 xcodebuild[714:4572] [MT] IDERunDestination: Supported platforms for the buildables in the current scheme is empty.
Running build ...
env DEVELOPER_DIR=/Applications/Xcode-27.0.0-Release.Candidate.app xcrun xcodebuild -IDEClonedSourcePackagesDirPathOverride=$PWD/.dependencies -skipMacroValidation -skipPackagePluginValidation -derivedDataPath $PWD/.derivedData build -scheme ZendeskCoreSDK -destination generic/platform=watchOS
Command line invocation:
/Applications/Xcode-27.0.0-Release.Candidate.app/Contents/Developer/usr/bin/xcodebuild -IDEClonedSourcePackagesDirPathOverride=/Users/admin/builder/spi-builder-workspace/.dependencies -skipMacroValidation -skipPackagePluginValidation -derivedDataPath /Users/admin/builder/spi-builder-workspace/.derivedData build -scheme ZendeskCoreSDK -destination generic/platform=watchOS
Resolve Package Graph
Resolve Package Graph
Resolved source packages:
ZendeskCoreSDK: /Users/admin/builder/spi-builder-workspace
ComputePackagePrebuildTargetDependencyGraph
Prepare packages
CreateBuildRequest
SendProjectDescription
CreateBuildOperation
ComputeTargetDependencyGraph
note: Building targets in dependency order
note: Target dependency graph (1 target)
Target 'ZendeskCoreSDK-product' in project 'ZendeskCoreSDK' (no dependencies)
GatherProvisioningInputs
CreateBuildDescription
ExecuteExternalTool /Applications/Xcode-27.0.0-Release.Candidate.app/Contents/Developer/Toolchains/XcodeDefault.xctoolchain/usr/bin/clang -v -E -dM -isysroot /Applications/Xcode-27.0.0-Release.Candidate.app/Contents/Developer/Platforms/WatchOS.platform/Developer/SDKs/WatchOS27.0.sdk -x c -c /dev/null
Build description signature: 5eec0e7429af38b65e3e191f58b04b15
Build description path: /Users/admin/builder/spi-builder-workspace/.derivedData/Build/Intermediates.noindex/XCBuildData/5eec0e7429af38b65e3e191f58b04b15.xcbuilddata
/Users/admin/builder/spi-builder-workspace/ZendeskCoreSDK.xcframework:1:1: error: While building for watchOS, no library for this platform was found in '/Users/admin/builder/spi-builder-workspace/ZendeskCoreSDK.xcframework'. (in target 'ZendeskCoreSDK-product' from project 'ZendeskCoreSDK')
2026-09-23 22:31:20.088 xcodebuild[737:4748] [MT] IDERunDestination: Supported platforms for the buildables in the current scheme is empty.
** BUILD FAILED **
The following build commands failed:
Building workspace ZendeskCoreSDK with scheme ZendeskCoreSDK
(1 failure)
Command line invocation:
/Applications/Xcode-27.0.0-Release.Candidate.app/Contents/Developer/usr/bin/xcodebuild -IDEClonedSourcePackagesDirPathOverride=/Users/admin/builder/spi-builder-workspace/.dependencies -resolvePackageDependencies
Resolve Package Graph
Resolved source packages:
ZendeskCoreSDK: /Users/admin/builder/spi-builder-workspace
resolved source packages: ZendeskCoreSDK
2026-09-23 22:31:22.706 xcodebuild[760:4922] [MT] IDERunDestination: Supported platforms for the buildables in the current scheme is empty.
{
"dependencies" : [
],
"manifest_display_name" : "ZendeskCoreSDK",
"name" : "ZendeskCoreSDK",
"path" : "/Users/admin/builder/spi-builder-workspace",
"platforms" : [
{
"name" : "ios",
"version" : "12.0"
}
],
"products" : [
{
"name" : "ZendeskCoreSDK",
"targets" : [
"ZendeskCoreSDK"
],
"type" : {
"library" : [
"automatic"
]
}
}
],
"targets" : [
{
"c99name" : "ZendeskCoreSDK",
"module_type" : "BinaryTarget",
"name" : "ZendeskCoreSDK",
"path" : "ZendeskCoreSDK.xcframework",
"product_memberships" : [
"ZendeskCoreSDK"
],
"sources" : [
],
"type" : "binary"
}
],
"tools_version" : "5.3"
}
{
"workspace" : {
"name" : "ZendeskCoreSDK",
"schemes" : [
"ZendeskCoreSDK"
]
}
}
2026-09-23 22:31:24.779 xcodebuild[768:4985] [MT] IDERunDestination: Supported platforms for the buildables in the current scheme is empty.
Running build ...
env DEVELOPER_DIR=/Applications/Xcode-27.0.0-Release.Candidate.app xcrun xcodebuild -IDEClonedSourcePackagesDirPathOverride=$PWD/.dependencies -skipMacroValidation -skipPackagePluginValidation -derivedDataPath $PWD/.derivedData build -scheme ZendeskCoreSDK -destination generic/platform=watchOS
Command line invocation:
/Applications/Xcode-27.0.0-Release.Candidate.app/Contents/Developer/usr/bin/xcodebuild -IDEClonedSourcePackagesDirPathOverride=/Users/admin/builder/spi-builder-workspace/.dependencies -skipMacroValidation -skipPackagePluginValidation -derivedDataPath /Users/admin/builder/spi-builder-workspace/.derivedData build -scheme ZendeskCoreSDK -destination generic/platform=watchOS
Resolve Package Graph
Resolved source packages:
ZendeskCoreSDK: /Users/admin/builder/spi-builder-workspace
ComputePackagePrebuildTargetDependencyGraph
Prepare packages
CreateBuildRequest
SendProjectDescription
CreateBuildOperation
ComputeTargetDependencyGraph
note: Building targets in dependency order
note: Target dependency graph (1 target)
Target 'ZendeskCoreSDK-product' in project 'ZendeskCoreSDK' (no dependencies)
GatherProvisioningInputs
CreateBuildDescription
/Users/admin/builder/spi-builder-workspace/ZendeskCoreSDK.xcframework:1:1: error: While building for watchOS, no library for this platform was found in '/Users/admin/builder/spi-builder-workspace/ZendeskCoreSDK.xcframework'. (in target 'ZendeskCoreSDK-product' from project 'ZendeskCoreSDK')
2026-09-23 22:31:26.595 xcodebuild[769:5009] [MT] IDERunDestination: Supported platforms for the buildables in the current scheme is empty.
** BUILD FAILED **
The following build commands failed:
Building workspace ZendeskCoreSDK with scheme ZendeskCoreSDK
(1 failure)
BUILD FAILURE 6.4 watchOS