Build Information
Failed to build TypographyKit, reference main (1ae814), with Swift 6.4 for visionOS using Xcode 27.0 on 21 Sep 2026 19:14:21 UTC.
Build Command
env DEVELOPER_DIR=/Applications/Xcode-27.0.0-Release.Candidate.app xcrun xcodebuild -IDEClonedSourcePackagesDirPathOverride=$PWD/.dependencies -skipMacroValidation -skipPackagePluginValidation -derivedDataPath $PWD/.derivedData build -scheme TypographyKit -destination generic/platform=xrOSBuild Log
========================================
RunAll
========================================
Builder version: 5.1.0
Interrupt handler set up.
========================================
Checkout
========================================
Clone URL: https://github.com/rwbutler/TypographyKit.git
Reference: main
Initialized empty Git repository in /Users/admin/builder/spi-builder-workspace/.git/
From https://github.com/rwbutler/TypographyKit
* branch main -> FETCH_HEAD
* [new branch] main -> origin/main
HEAD is now at 1ae8140 Updated CHANGELOG.md
Cloned https://github.com/rwbutler/TypographyKit.git
Revision (git rev-parse @):
1ae8140c28cc5e0b66a301d6a2b63ef0a52292fc
SUCCESS checkout https://github.com/rwbutler/TypographyKit.git at main
========================================
Build
========================================
Selected platform: visionOS
Swift version: 6.4
Building package at path: $PWD
https://github.com/rwbutler/TypographyKit.git
Command line invocation:
/Applications/Xcode-27.0.0-Release.Candidate.app/Contents/Developer/usr/bin/xcodebuild -IDEClonedSourcePackagesDirPathOverride=/Users/admin/builder/spi-builder-workspace/.dependencies -resolvePackageDependencies
resolved source packages:
{
"dependencies" : [
{
"identity" : "lettercase",
"requirement" : {
"range" : [
{
"lower_bound" : "2.0.0",
"upper_bound" : "3.0.0"
}
]
},
"type" : "sourceControl",
"url" : "https://github.com/rwbutler/LetterCase"
}
],
"manifest_display_name" : "TypographyKit",
"name" : "TypographyKit",
"path" : "/Users/admin/builder/spi-builder-workspace",
"platforms" : [
{
"name" : "ios",
"version" : "11.0"
}
],
"products" : [
{
"name" : "TypographyKit",
"targets" : [
"TypographyKit"
],
"type" : {
"library" : [
"automatic"
]
}
}
],
"targets" : [
{
"c99name" : "TypographyKit",
"module_type" : "SwiftTarget",
"name" : "TypographyKit",
"path" : "TypographyKit/Classes",
"product_dependencies" : [
"LetterCase"
],
"product_memberships" : [
"TypographyKit"
],
"sources" : [
"ButtonSettings.swift",
"ButtonTitleColorApplyMode.swift",
"CloseButtonAlignment.swift",
"ColorParser.swift",
"ConfigurationKey.swift",
"ConfigurationParsingError.swift",
"ConfigurationType.swift",
"FontTextStyleParser.swift",
"JSONParsingService.swift",
"LabelSettings.swift",
"LoggingService.swift",
"NSLineBreakMode.swift",
"ParsingError.swift",
"ParsingService.swift",
"PropertyListParsingService.swift",
"RegularExpressionMatchable.swift",
"ScalingMode.swift",
"StrategicConfigurationParsingService.swift",
"String+RegularExpressionMatchable.swift",
"StringAdditions.swift",
"Typography.swift",
"TypographyColor.swift",
"TypographyColors.swift",
"TypographyInterfaceStyle.swift",
"TypographyKit.swift",
"TypographyKitColorCell.swift",
"TypographyKitColorsViewController.swift",
"TypographyKitConfiguration.swift",
"TypographyKitElement.swift",
"TypographyKitPropertyAdditionsKey.swift",
"TypographyKitSettings.swift",
"TypographyKitViewController.swift",
"TypographyKitViewControllerDelegate.swift",
"TypographyStyles.swift",
"UIButtonAdditions.swift",
"UIColorAdditions.swift",
"UIControlState.swift",
"UILabelAdditions.swift",
"UITextFieldAdditions.swift",
"UITextViewAdditions.swift",
"ViewAdditions.swift",
"ViewControllerNavigationSettings.swift"
],
"type" : "library"
}
],
"tools_version" : "5.1"
}
{
"project" : {
"configurations" : [
"Debug",
"Release"
],
"name" : "Pods",
"schemes" : [
"LetterCase",
"Pods-TypographyKit_Example",
"Pods-TypographyKit_Tests",
"TypographyKit"
],
"targets" : [
"LetterCase",
"Pods-TypographyKit_Example",
"Pods-TypographyKit_Tests",
"TypographyKit"
]
}
}
{
"workspace" : {
"name" : "TypographyKit",
"schemes" : [
"TypographyKit"
]
}
}
2026-09-21 15:14:03.577 xcodebuild[655:4127] [MT] IDERunDestination: Supported platforms for the buildables in the current scheme is empty.
Running build ...
env DEVELOPER_DIR=/Applications/Xcode-27.0.0-Release.Candidate.app xcrun xcodebuild -IDEClonedSourcePackagesDirPathOverride=$PWD/.dependencies -skipMacroValidation -skipPackagePluginValidation -derivedDataPath $PWD/.derivedData build -scheme TypographyKit -destination generic/platform=xrOS
Command line invocation:
/Applications/Xcode-27.0.0-Release.Candidate.app/Contents/Developer/usr/bin/xcodebuild -IDEClonedSourcePackagesDirPathOverride=/Users/admin/builder/spi-builder-workspace/.dependencies -skipMacroValidation -skipPackagePluginValidation -derivedDataPath /Users/admin/builder/spi-builder-workspace/.derivedData build -scheme TypographyKit -destination generic/platform=xrOS
Resolve Package Graph
Resolve Package Graph
Resolved source packages:
TypographyKit: /Users/admin/builder/spi-builder-workspace
LetterCase: https://github.com/rwbutler/LetterCase @ 2.0.0
ComputePackagePrebuildTargetDependencyGraph
Prepare packages
CreateBuildRequest
SendProjectDescription
CreateBuildOperation
ComputeTargetDependencyGraph
note: Building targets in dependency order
note: Target dependency graph (4 targets)
Target 'TypographyKit-product' in project 'TypographyKit'
➜ Explicit dependency on target 'TypographyKit' in project 'TypographyKit'
➜ Explicit dependency on target 'LetterCase-product' in project 'LetterCase'
Target 'TypographyKit' in project 'TypographyKit'
➜ Explicit dependency on target 'LetterCase-product' in project 'LetterCase'
Target 'LetterCase-product' in project 'LetterCase'
➜ Explicit dependency on target 'LetterCase' in project 'LetterCase'
Target 'LetterCase' in project 'LetterCase' (no dependencies)
GatherProvisioningInputs
CreateBuildDescription
ExecuteExternalTool /Applications/Xcode-27.0.0-Release.Candidate.app/Contents/Developer/Toolchains/XcodeDefault.xctoolchain/usr/bin/clang -v -E -dM -isysroot /Applications/Xcode-27.0.0-Release.Candidate.app/Contents/Developer/Platforms/XROS.platform/Developer/SDKs/XROS27.0.sdk -x c -c /dev/null
ExecuteExternalTool /Applications/Xcode-27.0.0-Release.Candidate.app/Contents/Developer/Toolchains/XcodeDefault.xctoolchain/usr/bin/swiftc --version
ExecuteExternalTool /Applications/Xcode-27.0.0-Release.Candidate.app/Contents/Developer/Toolchains/XcodeDefault.xctoolchain/usr/bin/ld -version_details
Build description signature: 104290b94eb2b1346a53898558822e3b
Build description path: /Users/admin/builder/spi-builder-workspace/.derivedData/Build/Intermediates.noindex/XCBuildData/104290b94eb2b1346a53898558822e3b.xcbuilddata
CreateBuildDirectory /Users/admin/builder/spi-builder-workspace/.derivedData/CompilationCache.noindex
cd /Users/admin/builder/spi-builder-workspace/.swiftpm/xcode
builtin-create-build-directory /Users/admin/builder/spi-builder-workspace/.derivedData/CompilationCache.noindex
CreateBuildDirectory /Users/admin/builder/spi-builder-workspace/.derivedData/SDKExplicitPrecompiledModules
cd /Users/admin/builder/spi-builder-workspace/.swiftpm/xcode
builtin-create-build-directory /Users/admin/builder/spi-builder-workspace/.derivedData/SDKExplicitPrecompiledModules
CreateBuildDirectory /Users/admin/builder/spi-builder-workspace/.derivedData/ModuleCache.noindex
cd /Users/admin/builder/spi-builder-workspace/.swiftpm/xcode
builtin-create-build-directory /Users/admin/builder/spi-builder-workspace/.derivedData/ModuleCache.noindex
ClangStatCache /Applications/Xcode-27.0.0-Release.Candidate.app/Contents/Developer/Toolchains/XcodeDefault.xctoolchain/usr/bin/clang-stat-cache /Applications/Xcode-27.0.0-Release.Candidate.app/Contents/Developer/Platforms/XROS.platform/Developer/SDKs/XROS27.0.sdk /Users/admin/builder/spi-builder-workspace/.derivedData/SDKStatCaches.noindex/xros27.0-24M361-e829b21a6f8c9b70876ba0858053c044735bd543db762f57723cac368afd1ce4.sdkstatcache
cd /Users/admin/builder/spi-builder-workspace/.swiftpm/xcode
/Applications/Xcode-27.0.0-Release.Candidate.app/Contents/Developer/Toolchains/XcodeDefault.xctoolchain/usr/bin/clang-stat-cache /Applications/Xcode-27.0.0-Release.Candidate.app/Contents/Developer/Platforms/XROS.platform/Developer/SDKs/XROS27.0.sdk -o /Users/admin/builder/spi-builder-workspace/.derivedData/SDKStatCaches.noindex/xros27.0-24M361-e829b21a6f8c9b70876ba0858053c044735bd543db762f57723cac368afd1ce4.sdkstatcache
CreateBuildDirectory /Users/admin/builder/spi-builder-workspace/.derivedData/Build/Products
cd /Users/admin/builder/spi-builder-workspace/.swiftpm/xcode
builtin-create-build-directory /Users/admin/builder/spi-builder-workspace/.derivedData/Build/Products
CreateBuildDirectory /Users/admin/builder/spi-builder-workspace/.derivedData/Build/Intermediates.noindex
cd /Users/admin/builder/spi-builder-workspace/.swiftpm/xcode
builtin-create-build-directory /Users/admin/builder/spi-builder-workspace/.derivedData/Build/Intermediates.noindex
CreateBuildDirectory /Users/admin/builder/spi-builder-workspace/.derivedData/Build/Intermediates.noindex/SwiftExplicitPrecompiledModules
cd /Users/admin/builder/spi-builder-workspace/.swiftpm/xcode
builtin-create-build-directory /Users/admin/builder/spi-builder-workspace/.derivedData/Build/Intermediates.noindex/SwiftExplicitPrecompiledModules
CreateBuildDirectory /Users/admin/builder/spi-builder-workspace/.derivedData/Build/Intermediates.noindex/PrecompiledHeaders
cd /Users/admin/builder/spi-builder-workspace/.swiftpm/xcode
builtin-create-build-directory /Users/admin/builder/spi-builder-workspace/.derivedData/Build/Intermediates.noindex/PrecompiledHeaders
CreateBuildDirectory /Users/admin/builder/spi-builder-workspace/.derivedData/Build/Intermediates.noindex/ExplicitPrecompiledModules
cd /Users/admin/builder/spi-builder-workspace/.swiftpm/xcode
builtin-create-build-directory /Users/admin/builder/spi-builder-workspace/.derivedData/Build/Intermediates.noindex/ExplicitPrecompiledModules
CreateBuildDirectory /Users/admin/builder/spi-builder-workspace/.derivedData/Build/Intermediates.noindex/EagerLinkingTBDs/Debug-xros
cd /Users/admin/builder/spi-builder-workspace/.swiftpm/xcode
builtin-create-build-directory /Users/admin/builder/spi-builder-workspace/.derivedData/Build/Intermediates.noindex/EagerLinkingTBDs/Debug-xros
CreateBuildDirectory /Users/admin/builder/spi-builder-workspace/.derivedData/Build/Products/Debug-xros
cd /Users/admin/builder/spi-builder-workspace/.swiftpm/xcode
builtin-create-build-directory /Users/admin/builder/spi-builder-workspace/.derivedData/Build/Products/Debug-xros
CreateBuildDirectory /Users/admin/builder/spi-builder-workspace/.derivedData/Build/Products/Debug-xros/PackageFrameworks
cd /Users/admin/builder/spi-builder-workspace/.swiftpm/xcode
builtin-create-build-directory /Users/admin/builder/spi-builder-workspace/.derivedData/Build/Products/Debug-xros/PackageFrameworks
WriteAuxiliaryFile /Users/admin/builder/spi-builder-workspace/.derivedData/Build/Intermediates.noindex/TypographyKit.build/Debug-xros/TypographyKit-t.build/TypographyKit.modulemap (in target 'TypographyKit' from project 'TypographyKit')
cd /Users/admin/builder/spi-builder-workspace
write-file /Users/admin/builder/spi-builder-workspace/.derivedData/Build/Intermediates.noindex/TypographyKit.build/Debug-xros/TypographyKit-t.build/TypographyKit.modulemap
WriteAuxiliaryFile /Users/admin/builder/spi-builder-workspace/.derivedData/Build/Intermediates.noindex/TypographyKit.build/Debug-xros/TypographyKit-t.build/TypographyKit.DependencyMetadataFileList (in target 'TypographyKit' from project 'TypographyKit')
cd /Users/admin/builder/spi-builder-workspace
write-file /Users/admin/builder/spi-builder-workspace/.derivedData/Build/Intermediates.noindex/TypographyKit.build/Debug-xros/TypographyKit-t.build/TypographyKit.DependencyMetadataFileList
WriteAuxiliaryFile /Users/admin/builder/spi-builder-workspace/.derivedData/Build/Intermediates.noindex/TypographyKit.build/Debug-xros/TypographyKit-t.build/TypographyKit.DependencyStaticMetadataFileList (in target 'TypographyKit' from project 'TypographyKit')
cd /Users/admin/builder/spi-builder-workspace
write-file /Users/admin/builder/spi-builder-workspace/.derivedData/Build/Intermediates.noindex/TypographyKit.build/Debug-xros/TypographyKit-t.build/TypographyKit.DependencyStaticMetadataFileList
WriteAuxiliaryFile /Users/admin/builder/spi-builder-workspace/.derivedData/Build/Intermediates.noindex/TypographyKit.build/Debug-xros/TypographyKit-t.build/Objects-normal/arm64/TypographyKit-OutputFileMap.json (in target 'TypographyKit' from project 'TypographyKit')
cd /Users/admin/builder/spi-builder-workspace
write-file /Users/admin/builder/spi-builder-workspace/.derivedData/Build/Intermediates.noindex/TypographyKit.build/Debug-xros/TypographyKit-t.build/Objects-normal/arm64/TypographyKit-OutputFileMap.json
WriteAuxiliaryFile /Users/admin/builder/spi-builder-workspace/.derivedData/Build/Intermediates.noindex/TypographyKit.build/Debug-xros/TypographyKit-t.build/Objects-normal/arm64/TypographyKit.LinkFileList (in target 'TypographyKit' from project 'TypographyKit')
cd /Users/admin/builder/spi-builder-workspace
write-file /Users/admin/builder/spi-builder-workspace/.derivedData/Build/Intermediates.noindex/TypographyKit.build/Debug-xros/TypographyKit-t.build/Objects-normal/arm64/TypographyKit.LinkFileList
WriteAuxiliaryFile /Users/admin/builder/spi-builder-workspace/.derivedData/Build/Intermediates.noindex/TypographyKit.build/Debug-xros/TypographyKit-t.build/Objects-normal/arm64/TypographyKit_const_extract_protocols.json (in target 'TypographyKit' from project 'TypographyKit')
cd /Users/admin/builder/spi-builder-workspace
write-file /Users/admin/builder/spi-builder-workspace/.derivedData/Build/Intermediates.noindex/TypographyKit.build/Debug-xros/TypographyKit-t.build/Objects-normal/arm64/TypographyKit_const_extract_protocols.json
WriteAuxiliaryFile /Users/admin/builder/spi-builder-workspace/.derivedData/Build/Intermediates.noindex/TypographyKit.build/Debug-xros/TypographyKit-t.build/Objects-normal/arm64/TypographyKit.SwiftFileList (in target 'TypographyKit' from project 'TypographyKit')
cd /Users/admin/builder/spi-builder-workspace
write-file /Users/admin/builder/spi-builder-workspace/.derivedData/Build/Intermediates.noindex/TypographyKit.build/Debug-xros/TypographyKit-t.build/Objects-normal/arm64/TypographyKit.SwiftFileList
WriteAuxiliaryFile /Users/admin/builder/spi-builder-workspace/.derivedData/Build/Intermediates.noindex/TypographyKit.build/Debug-xros/TypographyKit-t.build/Objects-normal/arm64/TypographyKit.SwiftConstValuesFileList (in target 'TypographyKit' from project 'TypographyKit')
cd /Users/admin/builder/spi-builder-workspace
write-file /Users/admin/builder/spi-builder-workspace/.derivedData/Build/Intermediates.noindex/TypographyKit.build/Debug-xros/TypographyKit-t.build/Objects-normal/arm64/TypographyKit.SwiftConstValuesFileList
WriteAuxiliaryFile /Users/admin/builder/spi-builder-workspace/.derivedData/Build/Intermediates.noindex/LetterCase.build/Debug-xros/LetterCase-t.build/Objects-normal/arm64/LetterCase_const_extract_protocols.json (in target 'LetterCase' from project 'LetterCase')
cd /Users/admin/builder/spi-builder-workspace/.dependencies/checkouts/LetterCase
write-file /Users/admin/builder/spi-builder-workspace/.derivedData/Build/Intermediates.noindex/LetterCase.build/Debug-xros/LetterCase-t.build/Objects-normal/arm64/LetterCase_const_extract_protocols.json
WriteAuxiliaryFile /Users/admin/builder/spi-builder-workspace/.derivedData/Build/Intermediates.noindex/LetterCase.build/Debug-xros/LetterCase-t.build/Objects-normal/arm64/LetterCase.SwiftFileList (in target 'LetterCase' from project 'LetterCase')
cd /Users/admin/builder/spi-builder-workspace/.dependencies/checkouts/LetterCase
write-file /Users/admin/builder/spi-builder-workspace/.derivedData/Build/Intermediates.noindex/LetterCase.build/Debug-xros/LetterCase-t.build/Objects-normal/arm64/LetterCase.SwiftFileList
WriteAuxiliaryFile /Users/admin/builder/spi-builder-workspace/.derivedData/Build/Intermediates.noindex/LetterCase.build/Debug-xros/LetterCase-t.build/Objects-normal/arm64/LetterCase.SwiftConstValuesFileList (in target 'LetterCase' from project 'LetterCase')
cd /Users/admin/builder/spi-builder-workspace/.dependencies/checkouts/LetterCase
write-file /Users/admin/builder/spi-builder-workspace/.derivedData/Build/Intermediates.noindex/LetterCase.build/Debug-xros/LetterCase-t.build/Objects-normal/arm64/LetterCase.SwiftConstValuesFileList
WriteAuxiliaryFile /Users/admin/builder/spi-builder-workspace/.derivedData/Build/Intermediates.noindex/LetterCase.build/Debug-xros/LetterCase-t.build/Objects-normal/arm64/LetterCase.LinkFileList (in target 'LetterCase' from project 'LetterCase')
cd /Users/admin/builder/spi-builder-workspace/.dependencies/checkouts/LetterCase
write-file /Users/admin/builder/spi-builder-workspace/.derivedData/Build/Intermediates.noindex/LetterCase.build/Debug-xros/LetterCase-t.build/Objects-normal/arm64/LetterCase.LinkFileList
Copy /Users/admin/builder/spi-builder-workspace/.derivedData/Build/Intermediates.noindex/GeneratedModuleMaps-xros/TypographyKit.modulemap /Users/admin/builder/spi-builder-workspace/.derivedData/Build/Intermediates.noindex/TypographyKit.build/Debug-xros/TypographyKit-t.build/TypographyKit.modulemap (in target 'TypographyKit' from project 'TypographyKit')
cd /Users/admin/builder/spi-builder-workspace
builtin-copy -exclude .DS_Store -exclude CVS -exclude .svn -exclude .git -exclude .hg -resolve-src-symlinks /Users/admin/builder/spi-builder-workspace/.derivedData/Build/Intermediates.noindex/TypographyKit.build/Debug-xros/TypographyKit-t.build/TypographyKit.modulemap /Users/admin/builder/spi-builder-workspace/.derivedData/Build/Intermediates.noindex/GeneratedModuleMaps-xros
WriteAuxiliaryFile /Users/admin/builder/spi-builder-workspace/.derivedData/Build/Intermediates.noindex/LetterCase.build/Debug-xros/LetterCase-t.build/Objects-normal/arm64/LetterCase-OutputFileMap.json (in target 'LetterCase' from project 'LetterCase')
cd /Users/admin/builder/spi-builder-workspace/.dependencies/checkouts/LetterCase
write-file /Users/admin/builder/spi-builder-workspace/.derivedData/Build/Intermediates.noindex/LetterCase.build/Debug-xros/LetterCase-t.build/Objects-normal/arm64/LetterCase-OutputFileMap.json
WriteAuxiliaryFile /Users/admin/builder/spi-builder-workspace/.derivedData/Build/Intermediates.noindex/LetterCase.build/Debug-xros/LetterCase-t.build/LetterCase.modulemap (in target 'LetterCase' from project 'LetterCase')
cd /Users/admin/builder/spi-builder-workspace/.dependencies/checkouts/LetterCase
write-file /Users/admin/builder/spi-builder-workspace/.derivedData/Build/Intermediates.noindex/LetterCase.build/Debug-xros/LetterCase-t.build/LetterCase.modulemap
WriteAuxiliaryFile /Users/admin/builder/spi-builder-workspace/.derivedData/Build/Intermediates.noindex/LetterCase.build/Debug-xros/LetterCase-t.build/LetterCase.DependencyMetadataFileList (in target 'LetterCase' from project 'LetterCase')
cd /Users/admin/builder/spi-builder-workspace/.dependencies/checkouts/LetterCase
write-file /Users/admin/builder/spi-builder-workspace/.derivedData/Build/Intermediates.noindex/LetterCase.build/Debug-xros/LetterCase-t.build/LetterCase.DependencyMetadataFileList
WriteAuxiliaryFile /Users/admin/builder/spi-builder-workspace/.derivedData/Build/Intermediates.noindex/LetterCase.build/Debug-xros/LetterCase-t.build/LetterCase.DependencyStaticMetadataFileList (in target 'LetterCase' from project 'LetterCase')
cd /Users/admin/builder/spi-builder-workspace/.dependencies/checkouts/LetterCase
write-file /Users/admin/builder/spi-builder-workspace/.derivedData/Build/Intermediates.noindex/LetterCase.build/Debug-xros/LetterCase-t.build/LetterCase.DependencyStaticMetadataFileList
Copy /Users/admin/builder/spi-builder-workspace/.derivedData/Build/Intermediates.noindex/GeneratedModuleMaps-xros/LetterCase.modulemap /Users/admin/builder/spi-builder-workspace/.derivedData/Build/Intermediates.noindex/LetterCase.build/Debug-xros/LetterCase-t.build/LetterCase.modulemap (in target 'LetterCase' from project 'LetterCase')
cd /Users/admin/builder/spi-builder-workspace/.dependencies/checkouts/LetterCase
builtin-copy -exclude .DS_Store -exclude CVS -exclude .svn -exclude .git -exclude .hg -resolve-src-symlinks /Users/admin/builder/spi-builder-workspace/.derivedData/Build/Intermediates.noindex/LetterCase.build/Debug-xros/LetterCase-t.build/LetterCase.modulemap /Users/admin/builder/spi-builder-workspace/.derivedData/Build/Intermediates.noindex/GeneratedModuleMaps-xros
SwiftDriver LetterCase normal arm64 com.apple.xcode.tools.swift.compiler (in target 'LetterCase' from project 'LetterCase')
cd /Users/admin/builder/spi-builder-workspace/.swiftpm/xcode
builtin-SwiftDriver -- /Applications/Xcode-27.0.0-Release.Candidate.app/Contents/Developer/Toolchains/XcodeDefault.xctoolchain/usr/bin/swiftc -parse-as-library -module-name LetterCase -Onone @/Users/admin/builder/spi-builder-workspace/.derivedData/Build/Intermediates.noindex/LetterCase.build/Debug-xros/LetterCase-t.build/Objects-normal/arm64/LetterCase.SwiftFileList -DSWIFT_PACKAGE -DDEBUG -DSWIFT_MODULE_RESOURCE_BUNDLE_UNAVAILABLE -DXcode -plugin-path /Applications/Xcode-27.0.0-Release.Candidate.app/Contents/Developer/Toolchains/XcodeDefault.xctoolchain/usr/lib/swift/host/plugins/testing -enable-experimental-feature DebugDescriptionMacro -sdk /Applications/Xcode-27.0.0-Release.Candidate.app/Contents/Developer/Platforms/XROS.platform/Developer/SDKs/XROS27.0.sdk -target arm64-apple-xros1.0 -g -module-cache-path /Users/admin/builder/spi-builder-workspace/.derivedData/ModuleCache.noindex -Xfrontend -serialize-debugging-options -enable-testing -suppress-warnings -index-store-path /Users/admin/builder/spi-builder-workspace/.derivedData/Index.noindex/DataStore -Xcc -D_LIBCPP_HARDENING_MODE\=_LIBCPP_HARDENING_MODE_DEBUG -swift-version 4.2 -I /Users/admin/builder/spi-builder-workspace/.derivedData/Build/Products/Debug-xros -Isystem /Applications/Xcode-27.0.0-Release.Candidate.app/Contents/Developer/Platforms/XROS.platform/Developer/usr/lib -F /Users/admin/builder/spi-builder-workspace/.derivedData/Build/Products/Debug-xros -F /Applications/Xcode-27.0.0-Release.Candidate.app/Contents/Developer/Platforms/XROS.platform/Developer/Library/Frameworks -F /Applications/Xcode-27.0.0-Release.Candidate.app/Contents/Developer/Platforms/XROS.platform/Developer/SDKs/XROS27.0.sdk/Developer/Library/Frameworks -c -j10 -enable-batch-mode -incremental -Xcc -ivfsstatcache -Xcc /Users/admin/builder/spi-builder-workspace/.derivedData/SDKStatCaches.noindex/xros27.0-24M361-e829b21a6f8c9b70876ba0858053c044735bd543db762f57723cac368afd1ce4.sdkstatcache -output-file-map /Users/admin/builder/spi-builder-workspace/.derivedData/Build/Intermediates.noindex/LetterCase.build/Debug-xros/LetterCase-t.build/Objects-normal/arm64/LetterCase-OutputFileMap.json -save-temps -no-color-diagnostics -emit-dependencies -emit-module -emit-module-path /Users/admin/builder/spi-builder-workspace/.derivedData/Build/Intermediates.noindex/LetterCase.build/Debug-xros/LetterCase-t.build/Objects-normal/arm64/LetterCase.swiftmodule -serialize-diagnostics -validate-clang-modules-once -clang-build-session-file /Users/admin/builder/spi-builder-workspace/.derivedData/ModuleCache.noindex/Session.modulevalidation -Xcc -fmodules-prune-interval\=86400 -Xcc -fmodules-prune-after\=345600 -emit-const-values -const-gather-protocols-list /Users/admin/builder/spi-builder-workspace/.derivedData/Build/Intermediates.noindex/LetterCase.build/Debug-xros/LetterCase-t.build/Objects-normal/arm64/LetterCase_const_extract_protocols.json -Xcc -I/Users/admin/builder/spi-builder-workspace/.derivedData/Build/Products/Debug-xros/include -Xcc -I/Users/admin/builder/spi-builder-workspace/.derivedData/Build/Intermediates.noindex/LetterCase.build/Debug-xros/LetterCase-t.build/DerivedSources-normal/arm64 -Xcc -I/Users/admin/builder/spi-builder-workspace/.derivedData/Build/Intermediates.noindex/LetterCase.build/Debug-xros/LetterCase-t.build/DerivedSources/arm64 -Xcc -I/Users/admin/builder/spi-builder-workspace/.derivedData/Build/Intermediates.noindex/LetterCase.build/Debug-xros/LetterCase-t.build/DerivedSources -Xcc -DSWIFT_PACKAGE -Xcc -DDEBUG\=1 -emit-objc-header -emit-objc-header-path /Users/admin/builder/spi-builder-workspace/.derivedData/Build/Intermediates.noindex/LetterCase.build/Debug-xros/LetterCase-t.build/Objects-normal/arm64/LetterCase-Swift.h -working-directory /Users/admin/builder/spi-builder-workspace/.swiftpm/xcode -experimental-emit-module-separately -disable-cmo
SwiftCompile normal arm64 Compiling\ LetterCase.swift /Users/admin/builder/spi-builder-workspace/.dependencies/checkouts/LetterCase/LetterCase/Classes/LetterCase.swift (in target 'LetterCase' from project 'LetterCase')
SwiftCompile normal arm64 /Users/admin/builder/spi-builder-workspace/.dependencies/checkouts/LetterCase/LetterCase/Classes/LetterCase.swift (in target 'LetterCase' from project 'LetterCase')
cd /Users/admin/builder/spi-builder-workspace/.swiftpm/xcode
builtin-SwiftPerFileCompile LetterCase.swift
SwiftCompile normal arm64 Compiling\ KeyDecodingStrategyAdditions.swift /Users/admin/builder/spi-builder-workspace/.dependencies/checkouts/LetterCase/LetterCase/Classes/KeyDecodingStrategyAdditions.swift (in target 'LetterCase' from project 'LetterCase')
SwiftCompile normal arm64 /Users/admin/builder/spi-builder-workspace/.dependencies/checkouts/LetterCase/LetterCase/Classes/KeyDecodingStrategyAdditions.swift (in target 'LetterCase' from project 'LetterCase')
cd /Users/admin/builder/spi-builder-workspace/.swiftpm/xcode
builtin-SwiftPerFileCompile KeyDecodingStrategyAdditions.swift
SwiftCompile normal arm64 Compiling\ StringAdditions.swift /Users/admin/builder/spi-builder-workspace/.dependencies/checkouts/LetterCase/LetterCase/Classes/StringAdditions.swift (in target 'LetterCase' from project 'LetterCase')
SwiftCompile normal arm64 /Users/admin/builder/spi-builder-workspace/.dependencies/checkouts/LetterCase/LetterCase/Classes/StringAdditions.swift (in target 'LetterCase' from project 'LetterCase')
cd /Users/admin/builder/spi-builder-workspace/.swiftpm/xcode
builtin-SwiftPerFileCompile StringAdditions.swift
SwiftCompile normal arm64 Compiling\ LetterCaseOptions.swift /Users/admin/builder/spi-builder-workspace/.dependencies/checkouts/LetterCase/LetterCase/Classes/LetterCaseOptions.swift (in target 'LetterCase' from project 'LetterCase')
SwiftCompile normal arm64 /Users/admin/builder/spi-builder-workspace/.dependencies/checkouts/LetterCase/LetterCase/Classes/LetterCaseOptions.swift (in target 'LetterCase' from project 'LetterCase')
cd /Users/admin/builder/spi-builder-workspace/.swiftpm/xcode
builtin-SwiftPerFileCompile LetterCaseOptions.swift
SwiftEmitModule normal arm64 Emitting\ module\ for\ LetterCase (in target 'LetterCase' from project 'LetterCase')
SwiftCompile normal arm64 (in target 'LetterCase' from project 'LetterCase')
cd /Users/admin/builder/spi-builder-workspace/.swiftpm/xcode
SwiftDriverJobDiscovery normal arm64 Emitting module for LetterCase (in target 'LetterCase' from project 'LetterCase')
SwiftDriver\ Compilation\ Requirements LetterCase normal arm64 com.apple.xcode.tools.swift.compiler (in target 'LetterCase' from project 'LetterCase')
cd /Users/admin/builder/spi-builder-workspace/.swiftpm/xcode
builtin-Swift-Compilation-Requirements -- /Applications/Xcode-27.0.0-Release.Candidate.app/Contents/Developer/Toolchains/XcodeDefault.xctoolchain/usr/bin/swiftc -parse-as-library -module-name LetterCase -Onone @/Users/admin/builder/spi-builder-workspace/.derivedData/Build/Intermediates.noindex/LetterCase.build/Debug-xros/LetterCase-t.build/Objects-normal/arm64/LetterCase.SwiftFileList -DSWIFT_PACKAGE -DDEBUG -DSWIFT_MODULE_RESOURCE_BUNDLE_UNAVAILABLE -DXcode -plugin-path /Applications/Xcode-27.0.0-Release.Candidate.app/Contents/Developer/Toolchains/XcodeDefault.xctoolchain/usr/lib/swift/host/plugins/testing -enable-experimental-feature DebugDescriptionMacro -sdk /Applications/Xcode-27.0.0-Release.Candidate.app/Contents/Developer/Platforms/XROS.platform/Developer/SDKs/XROS27.0.sdk -target arm64-apple-xros1.0 -g -module-cache-path /Users/admin/builder/spi-builder-workspace/.derivedData/ModuleCache.noindex -Xfrontend -serialize-debugging-options -enable-testing -suppress-warnings -index-store-path /Users/admin/builder/spi-builder-workspace/.derivedData/Index.noindex/DataStore -Xcc -D_LIBCPP_HARDENING_MODE\=_LIBCPP_HARDENING_MODE_DEBUG -swift-version 4.2 -I /Users/admin/builder/spi-builder-workspace/.derivedData/Build/Products/Debug-xros -Isystem /Applications/Xcode-27.0.0-Release.Candidate.app/Contents/Developer/Platforms/XROS.platform/Developer/usr/lib -F /Users/admin/builder/spi-builder-workspace/.derivedData/Build/Products/Debug-xros -F /Applications/Xcode-27.0.0-Release.Candidate.app/Contents/Developer/Platforms/XROS.platform/Developer/Library/Frameworks -F /Applications/Xcode-27.0.0-Release.Candidate.app/Contents/Developer/Platforms/XROS.platform/Developer/SDKs/XROS27.0.sdk/Developer/Library/Frameworks -c -j10 -enable-batch-mode -incremental -Xcc -ivfsstatcache -Xcc /Users/admin/builder/spi-builder-workspace/.derivedData/SDKStatCaches.noindex/xros27.0-24M361-e829b21a6f8c9b70876ba0858053c044735bd543db762f57723cac368afd1ce4.sdkstatcache -output-file-map /Users/admin/builder/spi-builder-workspace/.derivedData/Build/Intermediates.noindex/LetterCase.build/Debug-xros/LetterCase-t.build/Objects-normal/arm64/LetterCase-OutputFileMap.json -save-temps -no-color-diagnostics -emit-dependencies -emit-module -emit-module-path /Users/admin/builder/spi-builder-workspace/.derivedData/Build/Intermediates.noindex/LetterCase.build/Debug-xros/LetterCase-t.build/Objects-normal/arm64/LetterCase.swiftmodule -serialize-diagnostics -validate-clang-modules-once -clang-build-session-file /Users/admin/builder/spi-builder-workspace/.derivedData/ModuleCache.noindex/Session.modulevalidation -Xcc -fmodules-prune-interval\=86400 -Xcc -fmodules-prune-after\=345600 -emit-const-values -const-gather-protocols-list /Users/admin/builder/spi-builder-workspace/.derivedData/Build/Intermediates.noindex/LetterCase.build/Debug-xros/LetterCase-t.build/Objects-normal/arm64/LetterCase_const_extract_protocols.json -Xcc -I/Users/admin/builder/spi-builder-workspace/.derivedData/Build/Products/Debug-xros/include -Xcc -I/Users/admin/builder/spi-builder-workspace/.derivedData/Build/Intermediates.noindex/LetterCase.build/Debug-xros/LetterCase-t.build/DerivedSources-normal/arm64 -Xcc -I/Users/admin/builder/spi-builder-workspace/.derivedData/Build/Intermediates.noindex/LetterCase.build/Debug-xros/LetterCase-t.build/DerivedSources/arm64 -Xcc -I/Users/admin/builder/spi-builder-workspace/.derivedData/Build/Intermediates.noindex/LetterCase.build/Debug-xros/LetterCase-t.build/DerivedSources -Xcc -DSWIFT_PACKAGE -Xcc -DDEBUG\=1 -emit-objc-header -emit-objc-header-path /Users/admin/builder/spi-builder-workspace/.derivedData/Build/Intermediates.noindex/LetterCase.build/Debug-xros/LetterCase-t.build/Objects-normal/arm64/LetterCase-Swift.h -working-directory /Users/admin/builder/spi-builder-workspace/.swiftpm/xcode -experimental-emit-module-separately -disable-cmo
SwiftMergeGeneratedHeaders /Users/admin/builder/spi-builder-workspace/.derivedData/Build/Intermediates.noindex/GeneratedModuleMaps-xros/LetterCase-Swift.h /Users/admin/builder/spi-builder-workspace/.derivedData/Build/Intermediates.noindex/LetterCase.build/Debug-xros/LetterCase-t.build/Objects-normal/arm64/LetterCase-Swift.h (in target 'LetterCase' from project 'LetterCase')
cd /Users/admin/builder/spi-builder-workspace/.dependencies/checkouts/LetterCase
builtin-swiftHeaderTool -arch arm64 /Users/admin/builder/spi-builder-workspace/.derivedData/Build/Intermediates.noindex/LetterCase.build/Debug-xros/LetterCase-t.build/Objects-normal/arm64/LetterCase-Swift.h -o /Users/admin/builder/spi-builder-workspace/.derivedData/Build/Intermediates.noindex/GeneratedModuleMaps-xros/LetterCase-Swift.h
Copy /Users/admin/builder/spi-builder-workspace/.derivedData/Build/Products/Debug-xros/LetterCase.swiftmodule/arm64-apple-xros.swiftdoc /Users/admin/builder/spi-builder-workspace/.derivedData/Build/Intermediates.noindex/LetterCase.build/Debug-xros/LetterCase-t.build/Objects-normal/arm64/LetterCase.swiftdoc (in target 'LetterCase' from project 'LetterCase')
cd /Users/admin/builder/spi-builder-workspace/.dependencies/checkouts/LetterCase
builtin-copy -exclude .DS_Store -exclude CVS -exclude .svn -exclude .git -exclude .hg -resolve-src-symlinks -rename /Users/admin/builder/spi-builder-workspace/.derivedData/Build/Intermediates.noindex/LetterCase.build/Debug-xros/LetterCase-t.build/Objects-normal/arm64/LetterCase.swiftdoc /Users/admin/builder/spi-builder-workspace/.derivedData/Build/Products/Debug-xros/LetterCase.swiftmodule/arm64-apple-xros.swiftdoc
Copy /Users/admin/builder/spi-builder-workspace/.derivedData/Build/Products/Debug-xros/LetterCase.swiftmodule/arm64-apple-xros.abi.json /Users/admin/builder/spi-builder-workspace/.derivedData/Build/Intermediates.noindex/LetterCase.build/Debug-xros/LetterCase-t.build/Objects-normal/arm64/LetterCase.abi.json (in target 'LetterCase' from project 'LetterCase')
cd /Users/admin/builder/spi-builder-workspace/.dependencies/checkouts/LetterCase
builtin-copy -exclude .DS_Store -exclude CVS -exclude .svn -exclude .git -exclude .hg -resolve-src-symlinks -rename /Users/admin/builder/spi-builder-workspace/.derivedData/Build/Intermediates.noindex/LetterCase.build/Debug-xros/LetterCase-t.build/Objects-normal/arm64/LetterCase.abi.json /Users/admin/builder/spi-builder-workspace/.derivedData/Build/Products/Debug-xros/LetterCase.swiftmodule/arm64-apple-xros.abi.json
Copy /Users/admin/builder/spi-builder-workspace/.derivedData/Build/Products/Debug-xros/LetterCase.swiftmodule/arm64-apple-xros.swiftmodule /Users/admin/builder/spi-builder-workspace/.derivedData/Build/Intermediates.noindex/LetterCase.build/Debug-xros/LetterCase-t.build/Objects-normal/arm64/LetterCase.swiftmodule (in target 'LetterCase' from project 'LetterCase')
cd /Users/admin/builder/spi-builder-workspace/.dependencies/checkouts/LetterCase
builtin-copy -exclude .DS_Store -exclude CVS -exclude .svn -exclude .git -exclude .hg -resolve-src-symlinks -rename /Users/admin/builder/spi-builder-workspace/.derivedData/Build/Intermediates.noindex/LetterCase.build/Debug-xros/LetterCase-t.build/Objects-normal/arm64/LetterCase.swiftmodule /Users/admin/builder/spi-builder-workspace/.derivedData/Build/Products/Debug-xros/LetterCase.swiftmodule/arm64-apple-xros.swiftmodule
Copy /Users/admin/builder/spi-builder-workspace/.derivedData/Build/Products/Debug-xros/LetterCase.swiftmodule/Project/arm64-apple-xros.swiftsourceinfo /Users/admin/builder/spi-builder-workspace/.derivedData/Build/Intermediates.noindex/LetterCase.build/Debug-xros/LetterCase-t.build/Objects-normal/arm64/LetterCase.swiftsourceinfo (in target 'LetterCase' from project 'LetterCase')
cd /Users/admin/builder/spi-builder-workspace/.dependencies/checkouts/LetterCase
builtin-copy -exclude .DS_Store -exclude CVS -exclude .svn -exclude .git -exclude .hg -resolve-src-symlinks -rename /Users/admin/builder/spi-builder-workspace/.derivedData/Build/Intermediates.noindex/LetterCase.build/Debug-xros/LetterCase-t.build/Objects-normal/arm64/LetterCase.swiftsourceinfo /Users/admin/builder/spi-builder-workspace/.derivedData/Build/Products/Debug-xros/LetterCase.swiftmodule/Project/arm64-apple-xros.swiftsourceinfo
SwiftDriver TypographyKit normal arm64 com.apple.xcode.tools.swift.compiler (in target 'TypographyKit' from project 'TypographyKit')
cd /Users/admin/builder/spi-builder-workspace/.swiftpm/xcode
builtin-SwiftDriver -- /Applications/Xcode-27.0.0-Release.Candidate.app/Contents/Developer/Toolchains/XcodeDefault.xctoolchain/usr/bin/swiftc -parse-as-library -module-name TypographyKit -Onone @/Users/admin/builder/spi-builder-workspace/.derivedData/Build/Intermediates.noindex/TypographyKit.build/Debug-xros/TypographyKit-t.build/Objects-normal/arm64/TypographyKit.SwiftFileList -DSWIFT_PACKAGE -DDEBUG -DSWIFT_MODULE_RESOURCE_BUNDLE_UNAVAILABLE -DXcode -plugin-path /Applications/Xcode-27.0.0-Release.Candidate.app/Contents/Developer/Toolchains/XcodeDefault.xctoolchain/usr/lib/swift/host/plugins/testing -enable-experimental-feature DebugDescriptionMacro -sdk /Applications/Xcode-27.0.0-Release.Candidate.app/Contents/Developer/Platforms/XROS.platform/Developer/SDKs/XROS27.0.sdk -target arm64-apple-xros1.0 -g -module-cache-path /Users/admin/builder/spi-builder-workspace/.derivedData/ModuleCache.noindex -Xfrontend -serialize-debugging-options -enable-testing -index-store-path /Users/admin/builder/spi-builder-workspace/.derivedData/Index.noindex/DataStore -Xcc -D_LIBCPP_HARDENING_MODE\=_LIBCPP_HARDENING_MODE_DEBUG -swift-version 5 -I /Users/admin/builder/spi-builder-workspace/.derivedData/Build/Products/Debug-xros -Isystem /Applications/Xcode-27.0.0-Release.Candidate.app/Contents/Developer/Platforms/XROS.platform/Developer/usr/lib -F /Users/admin/builder/spi-builder-workspace/.derivedData/Build/Products/Debug-xros/PackageFrameworks -F /Users/admin/builder/spi-builder-workspace/.derivedData/Build/Products/Debug-xros -F /Applications/Xcode-27.0.0-Release.Candidate.app/Contents/Developer/Platforms/XROS.platform/Developer/Library/Frameworks -F /Applications/Xcode-27.0.0-Release.Candidate.app/Contents/Developer/Platforms/XROS.platform/Developer/SDKs/XROS27.0.sdk/Developer/Library/Frameworks -c -j10 -enable-batch-mode -incremental -Xcc -ivfsstatcache -Xcc /Users/admin/builder/spi-builder-workspace/.derivedData/SDKStatCaches.noindex/xros27.0-24M361-e829b21a6f8c9b70876ba0858053c044735bd543db762f57723cac368afd1ce4.sdkstatcache -output-file-map /Users/admin/builder/spi-builder-workspace/.derivedData/Build/Intermediates.noindex/TypographyKit.build/Debug-xros/TypographyKit-t.build/Objects-normal/arm64/TypographyKit-OutputFileMap.json -save-temps -no-color-diagnostics -explicit-module-build -module-cache-path /Users/admin/builder/spi-builder-workspace/.derivedData/Build/Intermediates.noindex/SwiftExplicitPrecompiledModules -clang-scanner-module-cache-path /Users/admin/builder/spi-builder-workspace/.derivedData/ModuleCache.noindex -sdk-module-cache-path /Users/admin/builder/spi-builder-workspace/.derivedData/SDKExplicitPrecompiledModules -emit-dependencies -emit-module -emit-module-path /Users/admin/builder/spi-builder-workspace/.derivedData/Build/Intermediates.noindex/TypographyKit.build/Debug-xros/TypographyKit-t.build/Objects-normal/arm64/TypographyKit.swiftmodule -serialize-diagnostics -dependency-scan-serialize-diagnostics-path /Users/admin/builder/spi-builder-workspace/.derivedData/Build/Intermediates.noindex/TypographyKit.build/Debug-xros/TypographyKit-t.build/Objects-normal/arm64/TypographyKit-dependency-scan.dia -validate-clang-modules-once -clang-build-session-file /Users/admin/builder/spi-builder-workspace/.derivedData/ModuleCache.noindex/Session.modulevalidation -Xcc -fmodules-prune-interval\=86400 -Xcc -fmodules-prune-after\=345600 -emit-const-values -const-gather-protocols-list /Users/admin/builder/spi-builder-workspace/.derivedData/Build/Intermediates.noindex/TypographyKit.build/Debug-xros/TypographyKit-t.build/Objects-normal/arm64/TypographyKit_const_extract_protocols.json -Xcc -I/Users/admin/builder/spi-builder-workspace/.derivedData/Build/Products/Debug-xros/include -Xcc -I/Users/admin/builder/spi-builder-workspace/.derivedData/Build/Intermediates.noindex/TypographyKit.build/Debug-xros/TypographyKit-t.build/DerivedSources-normal/arm64 -Xcc -I/Users/admin/builder/spi-builder-workspace/.derivedData/Build/Intermediates.noindex/TypographyKit.build/Debug-xros/TypographyKit-t.build/DerivedSources/arm64 -Xcc -I/Users/admin/builder/spi-builder-workspace/.derivedData/Build/Intermediates.noindex/TypographyKit.build/Debug-xros/TypographyKit-t.build/DerivedSources -Xcc -DSWIFT_PACKAGE -Xcc -DDEBUG\=1 -emit-objc-header -emit-objc-header-path /Users/admin/builder/spi-builder-workspace/.derivedData/Build/Intermediates.noindex/TypographyKit.build/Debug-xros/TypographyKit-t.build/Objects-normal/arm64/TypographyKit-Swift.h -working-directory /Users/admin/builder/spi-builder-workspace/.swiftpm/xcode -experimental-emit-module-separately -disable-cmo
SwiftExplicitDependencyGeneratePcm arm64 /Users/admin/builder/spi-builder-workspace/.derivedData/SDKExplicitPrecompiledModules/_Builtin_stdarg-CDA349K2K4US766844K8E0PVA.pcm
SwiftExplicitDependencyGeneratePcm arm64 /Users/admin/builder/spi-builder-workspace/.derivedData/SDKExplicitPrecompiledModules/SwiftShims-CI4H5RO9IYFFWQ2COB512Q2S9.pcm
SwiftExplicitDependencyGeneratePcm arm64 /Users/admin/builder/spi-builder-workspace/.derivedData/SDKExplicitPrecompiledModules/_AvailabilityInternal-1Q8IQP6M38UWSGZ95UCEY2M44.pcm
SwiftExplicitDependencyGeneratePcm arm64 /Users/admin/builder/spi-builder-workspace/.derivedData/SDKExplicitPrecompiledModules/_Builtin_float-6WKHNW5S40U2QGHXXGETUDIRA.pcm
SwiftExplicitDependencyGeneratePcm arm64 /Users/admin/builder/spi-builder-workspace/.derivedData/SDKExplicitPrecompiledModules/ptrcheck-BXA97MNLI4BB0HF5I8MJE403D.pcm
SwiftExplicitDependencyGeneratePcm arm64 /Users/admin/builder/spi-builder-workspace/.derivedData/SDKExplicitPrecompiledModules/ptrauth-1WBA714DZSVUL5JQDJ08CLKZ.pcm
SwiftExplicitDependencyGeneratePcm arm64 /Users/admin/builder/spi-builder-workspace/.derivedData/SDKExplicitPrecompiledModules/DeveloperToolsSupport-46GOQP8J1QTHLYQSJW81T8UZ3.pcm
SwiftExplicitDependencyGeneratePcm arm64 /Users/admin/builder/spi-builder-workspace/.derivedData/SDKExplicitPrecompiledModules/_SwiftConcurrencyShims-C8XHKSHX96D5YYALNM4W70Z0O.pcm
SwiftExplicitDependencyGeneratePcm arm64 /Users/admin/builder/spi-builder-workspace/.derivedData/SDKExplicitPrecompiledModules/_Builtin_stddef-5NQ9Z1GV07GBSRQGAQCGXGVRI.pcm
SwiftExplicitDependencyGeneratePcm arm64 /Users/admin/builder/spi-builder-workspace/.derivedData/SDKExplicitPrecompiledModules/_Builtin_stdbool-5BU2ADS7JXQMYENKQHW9X8XOU.pcm
SwiftExplicitDependencyGeneratePcm arm64 /Users/admin/builder/spi-builder-workspace/.derivedData/SDKExplicitPrecompiledModules/ShaderGraph-AW1O397P711WTY8KSK8LZX9YA.pcm
SwiftExplicitDependencyGeneratePcm arm64 /Users/admin/builder/spi-builder-workspace/.derivedData/SDKExplicitPrecompiledModules/_DarwinFoundation1-5RGRVV2TZ6WC4WZW5IXF8NQ04.pcm
SwiftExplicitDependencyGeneratePcm arm64 /Users/admin/builder/spi-builder-workspace/.derivedData/SDKExplicitPrecompiledModules/_DarwinFoundation2-ENTECK156YEWITZRRBTOCE4KR.pcm
SwiftExplicitDependencyGeneratePcm arm64 /Users/admin/builder/spi-builder-workspace/.derivedData/SDKExplicitPrecompiledModules/_Builtin_limits-425JDMN5HPM3D0UEI8LEHP6NM.pcm
SwiftDriverJobDiscovery normal arm64 Compiling LetterCase.swift (in target 'LetterCase' from project 'LetterCase')
SwiftDriverJobDiscovery normal arm64 Compiling LetterCaseOptions.swift (in target 'LetterCase' from project 'LetterCase')
SwiftDriverJobDiscovery normal arm64 Compiling StringAdditions.swift (in target 'LetterCase' from project 'LetterCase')
SwiftDriverJobDiscovery normal arm64 Compiling KeyDecodingStrategyAdditions.swift (in target 'LetterCase' from project 'LetterCase')
SwiftDriver\ Compilation LetterCase normal arm64 com.apple.xcode.tools.swift.compiler (in target 'LetterCase' from project 'LetterCase')
cd /Users/admin/builder/spi-builder-workspace/.swiftpm/xcode
builtin-Swift-Compilation -- /Applications/Xcode-27.0.0-Release.Candidate.app/Contents/Developer/Toolchains/XcodeDefault.xctoolchain/usr/bin/swiftc -parse-as-library -module-name LetterCase -Onone @/Users/admin/builder/spi-builder-workspace/.derivedData/Build/Intermediates.noindex/LetterCase.build/Debug-xros/LetterCase-t.build/Objects-normal/arm64/LetterCase.SwiftFileList -DSWIFT_PACKAGE -DDEBUG -DSWIFT_MODULE_RESOURCE_BUNDLE_UNAVAILABLE -DXcode -plugin-path /Applications/Xcode-27.0.0-Release.Candidate.app/Contents/Developer/Toolchains/XcodeDefault.xctoolchain/usr/lib/swift/host/plugins/testing -enable-experimental-feature DebugDescriptionMacro -sdk /Applications/Xcode-27.0.0-Release.Candidate.app/Contents/Developer/Platforms/XROS.platform/Developer/SDKs/XROS27.0.sdk -target arm64-apple-xros1.0 -g -module-cache-path /Users/admin/builder/spi-builder-workspace/.derivedData/ModuleCache.noindex -Xfrontend -serialize-debugging-options -enable-testing -suppress-warnings -index-store-path /Users/admin/builder/spi-builder-workspace/.derivedData/Index.noindex/DataStore -Xcc -D_LIBCPP_HARDENING_MODE\=_LIBCPP_HARDENING_MODE_DEBUG -swift-version 4.2 -I /Users/admin/builder/spi-builder-workspace/.derivedData/Build/Products/Debug-xros -Isystem /Applications/Xcode-27.0.0-Release.Candidate.app/Contents/Developer/Platforms/XROS.platform/Developer/usr/lib -F /Users/admin/builder/spi-builder-workspace/.derivedData/Build/Products/Debug-xros -F /Applications/Xcode-27.0.0-Release.Candidate.app/Contents/Developer/Platforms/XROS.platform/Developer/Library/Frameworks -F /Applications/Xcode-27.0.0-Release.Candidate.app/Contents/Developer/Platforms/XROS.platform/Developer/SDKs/XROS27.0.sdk/Developer/Library/Frameworks -c -j10 -enable-batch-mode -incremental -Xcc -ivfsstatcache -Xcc /Users/admin/builder/spi-builder-workspace/.derivedData/SDKStatCaches.noindex/xros27.0-24M361-e829b21a6f8c9b70876ba0858053c044735bd543db762f57723cac368afd1ce4.sdkstatcache -output-file-map /Users/admin/builder/spi-builder-workspace/.derivedData/Build/Intermediates.noindex/LetterCase.build/Debug-xros/LetterCase-t.build/Objects-normal/arm64/LetterCase-OutputFileMap.json -save-temps -no-color-diagnostics -emit-dependencies -emit-module -emit-module-path /Users/admin/builder/spi-builder-workspace/.derivedData/Build/Intermediates.noindex/LetterCase.build/Debug-xros/LetterCase-t.build/Objects-normal/arm64/LetterCase.swiftmodule -serialize-diagnostics -validate-clang-modules-once -clang-build-session-file /Users/admin/builder/spi-builder-workspace/.derivedData/ModuleCache.noindex/Session.modulevalidation -Xcc -fmodules-prune-interval\=86400 -Xcc -fmodules-prune-after\=345600 -emit-const-values -const-gather-protocols-list /Users/admin/builder/spi-builder-workspace/.derivedData/Build/Intermediates.noindex/LetterCase.build/Debug-xros/LetterCase-t.build/Objects-normal/arm64/LetterCase_const_extract_protocols.json -Xcc -I/Users/admin/builder/spi-builder-workspace/.derivedData/Build/Products/Debug-xros/include -Xcc -I/Users/admin/builder/spi-builder-workspace/.derivedData/Build/Intermediates.noindex/LetterCase.build/Debug-xros/LetterCase-t.build/DerivedSources-normal/arm64 -Xcc -I/Users/admin/builder/spi-builder-workspace/.derivedData/Build/Intermediates.noindex/LetterCase.build/Debug-xros/LetterCase-t.build/DerivedSources/arm64 -Xcc -I/Users/admin/builder/spi-builder-workspace/.derivedData/Build/Intermediates.noindex/LetterCase.build/Debug-xros/LetterCase-t.build/DerivedSources -Xcc -DSWIFT_PACKAGE -Xcc -DDEBUG\=1 -emit-objc-header -emit-objc-header-path /Users/admin/builder/spi-builder-workspace/.derivedData/Build/Intermediates.noindex/LetterCase.build/Debug-xros/LetterCase-t.build/Objects-normal/arm64/LetterCase-Swift.h -working-directory /Users/admin/builder/spi-builder-workspace/.swiftpm/xcode -experimental-emit-module-separately -disable-cmo
Ld /Users/admin/builder/spi-builder-workspace/.derivedData/Build/Products/Debug-xros/LetterCase.o normal (in target 'LetterCase' from project 'LetterCase')
cd /Users/admin/builder/spi-builder-workspace/.dependencies/checkouts/LetterCase
/Applications/Xcode-27.0.0-Release.Candidate.app/Contents/Developer/Toolchains/XcodeDefault.xctoolchain/usr/bin/clang -Xlinker -reproducible -target arm64-apple-xros1.0 -r -isysroot /Applications/Xcode-27.0.0-Release.Candidate.app/Contents/Developer/Platforms/XROS.platform/Developer/SDKs/XROS27.0.sdk -O0 -w -Xlinker -no_warn_duplicate_libraries -F/Users/admin/builder/spi-builder-workspace/.derivedData/Build/Intermediates.noindex/EagerLinkingTBDs/Debug-xros -F/Users/admin/builder/spi-builder-workspace/.derivedData/Build/Products/Debug-xros -iframework /Applications/Xcode-27.0.0-Release.Candidate.app/Contents/Developer/Platforms/XROS.platform/Developer/Library/Frameworks -iframework /Applications/Xcode-27.0.0-Release.Candidate.app/Contents/Developer/Platforms/XROS.platform/Developer/SDKs/XROS27.0.sdk/Developer/Library/Frameworks -filelist /Users/admin/builder/spi-builder-workspace/.derivedData/Build/Intermediates.noindex/LetterCase.build/Debug-xros/LetterCase-t.build/Objects-normal/arm64/LetterCase.LinkFileList -nostdlib -Xlinker -object_path_lto -Xlinker /Users/admin/builder/spi-builder-workspace/.derivedData/Build/Intermediates.noindex/LetterCase.build/Debug-xros/LetterCase-t.build/Objects-normal/arm64/LetterCase_lto.o -Xlinker -no_deduplicate -Xlinker -dependency_info -Xlinker /Users/admin/builder/spi-builder-workspace/.derivedData/Build/Intermediates.noindex/LetterCase.build/Debug-xros/LetterCase-t.build/Objects-normal/arm64/LetterCase_dependency_info.dat -fobjc-link-runtime -L/Applications/Xcode-27.0.0-Release.Candidate.app/Contents/Developer/Toolchains/XcodeDefault.xctoolchain/usr/lib/swift/xros -L/usr/lib/swift -Xlinker -add_ast_path -Xlinker /Users/admin/builder/spi-builder-workspace/.derivedData/Build/Intermediates.noindex/LetterCase.build/Debug-xros/LetterCase-t.build/Objects-normal/arm64/LetterCase.swiftmodule -o /Users/admin/builder/spi-builder-workspace/.derivedData/Build/Products/Debug-xros/LetterCase.o
ExtractAppIntentsMetadata (in target 'LetterCase' from project 'LetterCase')
cd /Users/admin/builder/spi-builder-workspace/.dependencies/checkouts/LetterCase
/Applications/Xcode-27.0.0-Release.Candidate.app/Contents/Developer/Toolchains/XcodeDefault.xctoolchain/usr/bin/appintentsmetadataprocessor --toolchain-dir /var/run/com.apple.security.cryptexd/mnt/com.apple.MobileAsset.MetalToolchain-v27.1.266.1.pMESbe/Metal.xctoolchain --module-name LetterCase --sdk-root /Applications/Xcode-27.0.0-Release.Candidate.app/Contents/Developer/Platforms/XROS.platform/Developer/SDKs/XROS27.0.sdk --xcode-version 27A266a --platform-family xrOS --deployment-target 1.0 --bundle-identifier lettercase.LetterCase --output /Users/admin/builder/spi-builder-workspace/.derivedData/Build/Products/Debug-xros/LetterCase.appintents --target-triple arm64-apple-xros1.0 --binary-file /Users/admin/builder/spi-builder-workspace/.derivedData/Build/Products/Debug-xros/LetterCase.o --dependency-file /Users/admin/builder/spi-builder-workspace/.derivedData/Build/Intermediates.noindex/LetterCase.build/Debug-xros/LetterCase-t.build/Objects-normal/arm64/LetterCase_dependency_info.dat --stringsdata-file /Users/admin/builder/spi-builder-workspace/.derivedData/Build/Intermediates.noindex/LetterCase.build/Debug-xros/LetterCase-t.build/Objects-normal/arm64/ExtractedAppShortcutsMetadata.stringsdata --source-file-list /Users/admin/builder/spi-builder-workspace/.derivedData/Build/Intermediates.noindex/LetterCase.build/Debug-xros/LetterCase-t.build/Objects-normal/arm64/LetterCase.SwiftFileList --metadata-file-list /Users/admin/builder/spi-builder-workspace/.derivedData/Build/Intermediates.noindex/LetterCase.build/Debug-xros/LetterCase-t.build/LetterCase.DependencyMetadataFileList --static-metadata-file-list /Users/admin/builder/spi-builder-workspace/.derivedData/Build/Intermediates.noindex/LetterCase.build/Debug-xros/LetterCase-t.build/LetterCase.DependencyStaticMetadataFileList --swift-const-vals-list /Users/admin/builder/spi-builder-workspace/.derivedData/Build/Intermediates.noindex/LetterCase.build/Debug-xros/LetterCase-t.build/Objects-normal/arm64/LetterCase.SwiftConstValuesFileList --force --compile-time-extraction --deployment-aware-processing --no-app-shortcuts-localization
2026-09-21 15:14:11.403 appintentsmetadataprocessor[760:4872] Starting appintentsmetadataprocessor export
2026-09-21 15:14:11.511 appintentsmetadataprocessor[760:4872] Extracted no relevant App Intents symbols, skipping writing output
SwiftExplicitDependencyGeneratePcm arm64 /Users/admin/builder/spi-builder-workspace/.derivedData/SDKExplicitPrecompiledModules/sys_types-AYM0BHR77VKMWZCO2T0XGV2HF.pcm
SwiftExplicitDependencyGeneratePcm arm64 /Users/admin/builder/spi-builder-workspace/.derivedData/SDKExplicitPrecompiledModules/_Builtin_stdint-8OR6T47OOYJA90ZBO3N1USDE.pcm
SwiftExplicitDependencyGeneratePcm arm64 /Users/admin/builder/spi-builder-workspace/.derivedData/SDKExplicitPrecompiledModules/string_h-2GT67HHHHK5CF1V1S31LH0PU2.pcm
SwiftExplicitDependencyGeneratePcm arm64 /Users/admin/builder/spi-builder-workspace/.derivedData/SDKExplicitPrecompiledModules/_Builtin_tgmath-BPYSMHWI520EQRL2HW519ZY7Z.pcm
SwiftExplicitDependencyGeneratePcm arm64 /Users/admin/builder/spi-builder-workspace/.derivedData/SDKExplicitPrecompiledModules/_Builtin_intrinsics-BC5IJI3YI34RQ61ZNVDRDZ6RN.pcm
SwiftExplicitDependencyGeneratePcm arm64 /Users/admin/builder/spi-builder-workspace/.derivedData/SDKExplicitPrecompiledModules/_DarwinFoundation3-9ZHN6JKBS40BBA81RQMV8H0IC.pcm
SwiftExplicitDependencyGeneratePcm arm64 /Users/admin/builder/spi-builder-workspace/.derivedData/SDKExplicitPrecompiledModules/_Builtin_stdatomic-1VUZPM79PNCAHXVBERD53WRSF.pcm
SwiftExplicitDependencyGeneratePcm arm64 /Users/admin/builder/spi-builder-workspace/.derivedData/SDKExplicitPrecompiledModules/_Builtin_inttypes-11B64KJD36B3YOHBR1BBXBJY8.pcm
SwiftExplicitDependencyGeneratePcm arm64 /Users/admin/builder/spi-builder-workspace/.derivedData/SDKExplicitPrecompiledModules/Darwin-60P5LVNQO3ESRRM5DCJ05PFNK.pcm
SwiftExplicitDependencyGeneratePcm arm64 /Users/admin/builder/spi-builder-workspace/.derivedData/SDKExplicitPrecompiledModules/simd-9XXAB17Y6E4BBPQADD61NZ23.pcm
SwiftExplicitDependencyGeneratePcm arm64 /Users/admin/builder/spi-builder-workspace/.derivedData/SDKExplicitPrecompiledModules/MachO-3XTHY7HWV6RF3KXKYQVHUBUXK.pcm
SwiftExplicitDependencyGeneratePcm arm64 /Users/admin/builder/spi-builder-workspace/.derivedData/SDKExplicitPrecompiledModules/ObjectiveC-26TIBFYCEJZVP216ZZAU1X8KN.pcm
SwiftExplicitDependencyGeneratePcm arm64 /Users/admin/builder/spi-builder-workspace/.derivedData/SDKExplicitPrecompiledModules/os_object-692CJ8BG6RE5H04487EJJOVXW.pcm
SwiftExplicitDependencyGeneratePcm arm64 /Users/admin/builder/spi-builder-workspace/.derivedData/SDKExplicitPrecompiledModules/os_workgroup-4U1VXMWIZD80E7PRUQF2G7P9X.pcm
SwiftExplicitDependencyGeneratePcm arm64 /Users/admin/builder/spi-builder-workspace/.derivedData/SDKExplicitPrecompiledModules/Dispatch-CLT3466HKC22GCKAWSCNG0H7T.pcm
SwiftExplicitDependencyGeneratePcm arm64 /Users/admin/builder/spi-builder-workspace/.derivedData/SDKExplicitPrecompiledModules/Spatial-5E0I2846LO3ZE24CSVR2O57TI.pcm
SwiftExplicitDependencyGeneratePcm arm64 /Users/admin/builder/spi-builder-workspace/.derivedData/SDKExplicitPrecompiledModules/dnssd-CCUV1M8EULNEQJUXO7L0PJAL4.pcm
SwiftExplicitDependencyGeneratePcm arm64 /Users/admin/builder/spi-builder-workspace/.derivedData/SDKExplicitPrecompiledModules/XPC-EP5EU7FNGP4VOA3EDM18P1KHO.pcm
SwiftExplicitDependencyGeneratePcm arm64 /Users/admin/builder/spi-builder-workspace/.derivedData/SDKExplicitPrecompiledModules/CoreFoundation-AVLTZVCXBU2TO75JCN4AGU8XJ.pcm
SwiftExplicitDependencyGeneratePcm arm64 /Users/admin/builder/spi-builder-workspace/.derivedData/SDKExplicitPrecompiledModules/os-1004XEJ3IXOOAU0KL58SM3D0K.pcm
SwiftExplicitDependencyGeneratePcm arm64 /Users/admin/builder/spi-builder-workspace/.derivedData/SDKExplicitPrecompiledModules/CFNetwork-5MI70N1VLDQSWTX4COWLMSIRO.pcm
SwiftExplicitDependencyGeneratePcm arm64 /Users/admin/builder/spi-builder-workspace/.derivedData/SDKExplicitPrecompiledModules/CoreAudioTypes-45UXYEQRN95KG6BF2CW0QIYK9.pcm
SwiftExplicitDependencyGeneratePcm arm64 /Users/admin/builder/spi-builder-workspace/.derivedData/SDKExplicitPrecompiledModules/Security-8TH2M8WJIQMET4SADWX0N8372.pcm
SwiftExplicitDependencyGeneratePcm arm64 /Users/admin/builder/spi-builder-workspace/.derivedData/SDKExplicitPrecompiledModules/CoreGraphics-BFUJ177R223UT2ZI327ZTZY91.pcm
SwiftExplicitDependencyGeneratePcm arm64 /Users/admin/builder/spi-builder-workspace/.derivedData/SDKExplicitPrecompiledModules/CoreAudio-CXS3C78T5TQDGLEGXIBJ04WJ4.pcm
SwiftExplicitDependencyGeneratePcm arm64 /Users/admin/builder/spi-builder-workspace/.derivedData/SDKExplicitPrecompiledModules/Foundation-8GON1KVEKRN3NOQI8RETBRWJP.pcm
SwiftExplicitDependencyGeneratePcm arm64 /Users/admin/builder/spi-builder-workspace/.derivedData/SDKExplicitPrecompiledModules/CoreText-6F9TY5TEPCCZ1K2KYM4GMEGHD.pcm
SwiftExplicitDependencyGeneratePcm arm64 /Users/admin/builder/spi-builder-workspace/.derivedData/SDKExplicitPrecompiledModules/ImageIO-5CC6COR9KJYI1UBL7CSHLU2OG.pcm
SwiftExplicitDependencyGeneratePcm arm64 /Users/admin/builder/spi-builder-workspace/.derivedData/SDKExplicitPrecompiledModules/DataDetection-BANTQ3WXXGKZJYC0LLB3MD9K0.pcm
SwiftExplicitDependencyGeneratePcm arm64 /Users/admin/builder/spi-builder-workspace/.derivedData/SDKExplicitPrecompiledModules/LocalAuthentication-9MSPUJ85OBXBTOD7NJCT1GZ0O.pcm
SwiftExplicitDependencyGeneratePcm arm64 /Users/admin/builder/spi-builder-workspace/.derivedData/SDKExplicitPrecompiledModules/_LocationEssentials-8GQGFVARUE99D8VJX3TINY0VP.pcm
SwiftExplicitDependencyGeneratePcm arm64 /Users/admin/builder/spi-builder-workspace/.derivedData/SDKExplicitPrecompiledModules/UniformTypeIdentifiers-E5KMWDZEKS4QW9RO1KBRDEXV6.pcm
SwiftExplicitDependencyGeneratePcm arm64 /Users/admin/builder/spi-builder-workspace/.derivedData/SDKExplicitPrecompiledModules/CoreMIDI-7L19IC4ZH9BPYLVTD8IIFWN9R.pcm
SwiftExplicitDependencyGeneratePcm arm64 /Users/admin/builder/spi-builder-workspace/.derivedData/SDKExplicitPrecompiledModules/UIUtilities-AOVGLUWEAN6CG2UZFNESGSP6C.pcm
SwiftExplicitDependencyGeneratePcm arm64 /Users/admin/builder/spi-builder-workspace/.derivedData/SDKExplicitPrecompiledModules/CoreData-73N6Z547OZUEZ8ADGEC6XRHWN.pcm
SwiftExplicitDependencyGeneratePcm arm64 /Users/admin/builder/spi-builder-workspace/.derivedData/SDKExplicitPrecompiledModules/Symbols-8G2XC01RPQ5HYIZE6JNUT864I.pcm
SwiftExplicitDependencyGeneratePcm arm64 /Users/admin/builder/spi-builder-workspace/.derivedData/SDKExplicitPrecompiledModules/FileProvider-C9I28SI56F2SEVH1BCWTKGODO.pcm
SwiftExplicitDependencyGeneratePcm arm64 /Users/admin/builder/spi-builder-workspace/.derivedData/SDKExplicitPrecompiledModules/Accessibility-1DR4J4YDVDGAYQTZ0FKZ1PU09.pcm
SwiftExplicitDependencyGeneratePcm arm64 /Users/admin/builder/spi-builder-workspace/.derivedData/SDKExplicitPrecompiledModules/OSLog-BNGT87TS0GMBFF7TY70HHB69.pcm
SwiftExplicitDependencyGeneratePcm arm64 /Users/admin/builder/spi-builder-workspace/.derivedData/SDKExplicitPrecompiledModules/IOSurface-5FE9U89GVFF9A7X7AGO2R8ENI.pcm
SwiftExplicitDependencyGeneratePcm arm64 /Users/admin/builder/spi-builder-workspace/.derivedData/SDKExplicitPrecompiledModules/CoreLocation-1SN37095DAPVJ068LLP9TBDQX.pcm
SwiftExplicitDependencyGeneratePcm arm64 /Users/admin/builder/spi-builder-workspace/.derivedData/SDKExplicitPrecompiledModules/CoreTransferable-8TBYAKHCX6UC8QQSS7BD8GQK5.pcm
SwiftExplicitDependencyGeneratePcm arm64 /Users/admin/builder/spi-builder-workspace/.derivedData/SDKExplicitPrecompiledModules/Network-EQPZZF3W6BWG89K0PY9NZO3T0.pcm
SwiftExplicitDependencyGeneratePcm arm64 /Users/admin/builder/spi-builder-workspace/.derivedData/SDKExplicitPrecompiledModules/UserNotifications-8IIV1V1FPNAPA4LY1Y23LOM2N.pcm
SwiftExplicitDependencyGeneratePcm arm64 /Users/admin/builder/spi-builder-workspace/.derivedData/SDKExplicitPrecompiledModules/AudioToolbox-2K3S8EA590EB3GMH6D6784BWZ.pcm
SwiftExplicitDependencyGeneratePcm arm64 /Users/admin/builder/spi-builder-workspace/.derivedData/SDKExplicitPrecompiledModules/Metal-EKNUM9P3PRIBHZK1ZBD6BA2T7.pcm
SwiftExplicitDependencyGeneratePcm arm64 /Users/admin/builder/spi-builder-workspace/.derivedData/SDKExplicitPrecompiledModules/OpenGLES-56BKSYXNVAP91BYZRWAKQZKGI.pcm
SwiftExplicitDependencyGeneratePcm arm64 /Users/admin/builder/spi-builder-workspace/.derivedData/SDKExplicitPrecompiledModules/CoreMotion-10LV922UPGE28QX2SOIO7ALIZ.pcm
SwiftExplicitDependencyGeneratePcm arm64 /Users/admin/builder/spi-builder-workspace/.derivedData/SDKExplicitPrecompiledModules/AVRouting-55P8FRNK50AFZOMMB2LBBOX33.pcm
SwiftExplicitDependencyCompileModuleFromInterface arm64 /Users/admin/builder/spi-builder-workspace/.derivedData/SDKExplicitPrecompiledModules/ShaderGraph-URHKVVOFZL5Z.swiftmodule
SwiftExplicitDependencyGeneratePcm arm64 /Users/admin/builder/spi-builder-workspace/.derivedData/SDKExplicitPrecompiledModules/CoreVideo-E12HJSJSLO0YKWYBES11UKJ02.pcm
SwiftExplicitDependencyGeneratePcm arm64 /Users/admin/builder/spi-builder-workspace/.derivedData/SDKExplicitPrecompiledModules/CoreImage-8WF1P230U10QM666EQMNV7OF1.pcm
SwiftExplicitDependencyGeneratePcm arm64 /Users/admin/builder/spi-builder-workspace/.derivedData/SDKExplicitPrecompiledModules/CoreML-37QYERWC0RQN4IY4377UD0TY1.pcm
SwiftExplicitDependencyGeneratePcm arm64 /Users/admin/builder/spi-builder-workspace/.derivedData/SDKExplicitPrecompiledModules/QuartzCore-12T8WVKUNCL1N7VXH87MM4YOB.pcm
SwiftExplicitDependencyGeneratePcm arm64 /Users/admin/builder/spi-builder-workspace/.derivedData/SDKExplicitPrecompiledModules/CoreMedia-D1IBHC28BRHWLNUG1Q75G5YN0.pcm
SwiftExplicitDependencyGeneratePcm arm64 /Users/admin/builder/spi-builder-workspace/.derivedData/SDKExplicitPrecompiledModules/ARKitFoundation-3N77COW7DLP77CM0PWZXSR9BD.pcm
SwiftExplicitDependencyGeneratePcm arm64 /Users/admin/builder/spi-builder-workspace/.derivedData/SDKExplicitPrecompiledModules/SwiftUICore-6OBBMA39VFD4CB6SG2PE41FAP.pcm
SwiftExplicitDependencyGeneratePcm arm64 /Users/admin/builder/spi-builder-workspace/.derivedData/SDKExplicitPrecompiledModules/MediaToolbox-1J5U29ERBPNPI1HKEJHXOP8EV.pcm
SwiftExplicitDependencyGeneratePcm arm64 /Users/admin/builder/spi-builder-workspace/.derivedData/SDKExplicitPrecompiledModules/AVFAudio-E8GATWFYYBEBB41O9N0LRRGYC.pcm
SwiftExplicitDependencyGeneratePcm arm64 /Users/admin/builder/spi-builder-workspace/.derivedData/SDKExplicitPrecompiledModules/VideoToolbox-7I4MDYIPJ4IWU1ZSL4JE3I7M6.pcm
SwiftExplicitDependencyGeneratePcm arm64 /Users/admin/builder/spi-builder-workspace/.derivedData/SDKExplicitPrecompiledModules/Vision-DVVG9MQGC3IMTVPTC1691MQ6Z.pcm
SwiftExplicitDependencyGeneratePcm arm64 /Users/admin/builder/spi-builder-workspace/.derivedData/SDKExplicitPrecompiledModules/UIKit-2D2PMAAE45TMO6S28UCGCO5BR.pcm
SwiftExplicitDependencyGeneratePcm arm64 /Users/admin/builder/spi-builder-workspace/.derivedData/SDKExplicitPrecompiledModules/AVFoundation-DFCX8GQJWVA3CZBITWEHAZEFX.pcm
SwiftExplicitDependencyGeneratePcm arm64 /Users/admin/builder/spi-builder-workspace/.derivedData/SDKExplicitPrecompiledModules/ARKitCore-307YVPJLQNB66BTBIONHZNP86.pcm
SwiftExplicitDependencyGeneratePcm arm64 /Users/admin/builder/spi-builder-workspace/.derivedData/SDKExplicitPrecompiledModules/GameController-7QL0VMQHE24OWQFUR0UFT89DW.pcm
SwiftExplicitDependencyGeneratePcm arm64 /Users/admin/builder/spi-builder-workspace/.derivedData/SDKExplicitPrecompiledModules/SwiftUI-77PUPXISY3V3TUF5FJEHUQC86.pcm
SwiftExplicitDependencyGeneratePcm arm64 /Users/admin/builder/spi-builder-workspace/.derivedData/SDKExplicitPrecompiledModules/ARKit-27VDPOZ50FG2MJG7OFV6IFQYQ.pcm
SwiftCompile normal arm64 Compiling\ UITextFieldAdditions.swift,\ UITextViewAdditions.swift,\ ViewAdditions.swift,\ ViewControllerNavigationSettings.swift /Users/admin/builder/spi-builder-workspace/TypographyKit/Classes/UITextFieldAdditions.swift /Users/admin/builder/spi-builder-workspace/TypographyKit/Classes/UITextViewAdditions.swift /Users/admin/builder/spi-builder-workspace/TypographyKit/Classes/ViewAdditions.swift /Users/admin/builder/spi-builder-workspace/TypographyKit/Classes/ViewControllerNavigationSettings.swift (in target 'TypographyKit' from project 'TypographyKit')
SwiftCompile normal arm64 /Users/admin/builder/spi-builder-workspace/TypographyKit/Classes/UITextFieldAdditions.swift (in target 'TypographyKit' from project 'TypographyKit')
cd /Users/admin/builder/spi-builder-workspace/.swiftpm/xcode
builtin-SwiftPerFileCompile UITextFieldAdditions.swift
SwiftCompile normal arm64 /Users/admin/builder/spi-builder-workspace/TypographyKit/Classes/UITextViewAdditions.swift (in target 'TypographyKit' from project 'TypographyKit')
cd /Users/admin/builder/spi-builder-workspace/.swiftpm/xcode
builtin-SwiftPerFileCompile UITextViewAdditions.swift
SwiftCompile normal arm64 /Users/admin/builder/spi-builder-workspace/TypographyKit/Classes/ViewAdditions.swift (in target 'TypographyKit' from project 'TypographyKit')
cd /Users/admin/builder/spi-builder-workspace/.swiftpm/xcode
builtin-SwiftPerFileCompile ViewAdditions.swift
SwiftCompile normal arm64 /Users/admin/builder/spi-builder-workspace/TypographyKit/Classes/ViewControllerNavigationSettings.swift (in target 'TypographyKit' from project 'TypographyKit')
cd /Users/admin/builder/spi-builder-workspace/.swiftpm/xcode
builtin-SwiftPerFileCompile ViewControllerNavigationSettings.swift
SwiftEmitModule normal arm64 Emitting\ module\ for\ TypographyKit (in target 'TypographyKit' from project 'TypographyKit')
/Users/admin/builder/spi-builder-workspace/TypographyKit/Classes/LabelSettings.swift:27:1: warning: extension declares a conformance of imported type 'NSLineBreakMode' to imported protocols 'Decodable', 'Encodable'; this will not behave correctly if the owners of 'UIKit' introduce this conformance in the future
25 | }
26 |
27 | extension NSLineBreakMode: Codable {}
| |- warning: extension declares a conformance of imported type 'NSLineBreakMode' to imported protocols 'Decodable', 'Encodable'; this will not behave correctly if the owners of 'UIKit' introduce this conformance in the future
| `- note: add '@retroactive' to silence this warning
28 |
SwiftCompile normal arm64 (in target 'TypographyKit' from project 'TypographyKit')
cd /Users/admin/builder/spi-builder-workspace/.swiftpm/xcode
SwiftCompile normal arm64 Compiling\ TypographyKitColorsViewController.swift,\ TypographyKitConfiguration.swift,\ TypographyKitElement.swift,\ TypographyKitPropertyAdditionsKey.swift /Users/admin/builder/spi-builder-workspace/TypographyKit/Classes/TypographyKitColorsViewController.swift /Users/admin/builder/spi-builder-workspace/TypographyKit/Classes/TypographyKitConfiguration.swift /Users/admin/builder/spi-builder-workspace/TypographyKit/Classes/TypographyKitElement.swift /Users/admin/builder/spi-builder-workspace/TypographyKit/Classes/TypographyKitPropertyAdditionsKey.swift (in target 'TypographyKit' from project 'TypographyKit')
SwiftCompile normal arm64 /Users/admin/builder/spi-builder-workspace/TypographyKit/Classes/TypographyKitColorsViewController.swift (in target 'TypographyKit' from project 'TypographyKit')
cd /Users/admin/builder/spi-builder-workspace/.swiftpm/xcode
builtin-SwiftPerFileCompile TypographyKitColorsViewController.swift
SwiftCompile normal arm64 /Users/admin/builder/spi-builder-workspace/TypographyKit/Classes/TypographyKitConfiguration.swift (in target 'TypographyKit' from project 'TypographyKit')
cd /Users/admin/builder/spi-builder-workspace/.swiftpm/xcode
builtin-SwiftPerFileCompile TypographyKitConfiguration.swift
SwiftCompile normal arm64 /Users/admin/builder/spi-builder-workspace/TypographyKit/Classes/TypographyKitElement.swift (in target 'TypographyKit' from project 'TypographyKit')
cd /Users/admin/builder/spi-builder-workspace/.swiftpm/xcode
builtin-SwiftPerFileCompile TypographyKitElement.swift
SwiftCompile normal arm64 /Users/admin/builder/spi-builder-workspace/TypographyKit/Classes/TypographyKitPropertyAdditionsKey.swift (in target 'TypographyKit' from project 'TypographyKit')
cd /Users/admin/builder/spi-builder-workspace/.swiftpm/xcode
builtin-SwiftPerFileCompile TypographyKitPropertyAdditionsKey.swift
SwiftCompile normal arm64 Compiling\ String+RegularExpressionMatchable.swift,\ StringAdditions.swift,\ Typography.swift,\ TypographyColor.swift /Users/admin/builder/spi-builder-workspace/TypographyKit/Classes/String+RegularExpressionMatchable.swift /Users/admin/builder/spi-builder-workspace/TypographyKit/Classes/StringAdditions.swift /Users/admin/builder/spi-builder-workspace/TypographyKit/Classes/Typography.swift /Users/admin/builder/spi-builder-workspace/TypographyKit/Classes/TypographyColor.swift (in target 'TypographyKit' from project 'TypographyKit')
SwiftCompile normal arm64 /Users/admin/builder/spi-builder-workspace/TypographyKit/Classes/String+RegularExpressionMatchable.swift (in target 'TypographyKit' from project 'TypographyKit')
cd /Users/admin/builder/spi-builder-workspace/.swiftpm/xcode
builtin-SwiftPerFileCompile String+RegularExpressionMatchable.swift
SwiftCompile normal arm64 /Users/admin/builder/spi-builder-workspace/TypographyKit/Classes/StringAdditions.swift (in target 'TypographyKit' from project 'TypographyKit')
cd /Users/admin/builder/spi-builder-workspace/.swiftpm/xcode
builtin-SwiftPerFileCompile StringAdditions.swift
SwiftCompile normal arm64 /Users/admin/builder/spi-builder-workspace/TypographyKit/Classes/Typography.swift (in target 'TypographyKit' from project 'TypographyKit')
cd /Users/admin/builder/spi-builder-workspace/.swiftpm/xcode
builtin-SwiftPerFileCompile Typography.swift
SwiftCompile normal arm64 /Users/admin/builder/spi-builder-workspace/TypographyKit/Classes/TypographyColor.swift (in target 'TypographyKit' from project 'TypographyKit')
cd /Users/admin/builder/spi-builder-workspace/.swiftpm/xcode
builtin-SwiftPerFileCompile TypographyColor.swift
SwiftCompile normal arm64 Compiling\ TypographyColors.swift,\ TypographyInterfaceStyle.swift,\ TypographyKit.swift,\ TypographyKitColorCell.swift /Users/admin/builder/spi-builder-workspace/TypographyKit/Classes/TypographyColors.swift /Users/admin/builder/spi-builder-workspace/TypographyKit/Classes/TypographyInterfaceStyle.swift /Users/admin/builder/spi-builder-workspace/TypographyKit/Classes/TypographyKit.swift /Users/admin/builder/spi-builder-workspace/TypographyKit/Classes/TypographyKitColorCell.swift (in target 'TypographyKit' from project 'TypographyKit')
/Users/admin/builder/spi-builder-workspace/TypographyKit/Classes/TypographyKit.swift:250:52: error: 'keyWindow' is unavailable in visionOS
248 | ) {
249 | let viewController = TypographyKitColorsViewController()
250 | guard let presenter = UIApplication.shared.keyWindow?.rootViewController else {
| `- error: 'keyWindow' is unavailable in visionOS
251 | return
252 | }
/Applications/Xcode-27.0.0-Release.Candidate.app/Contents/Developer/Platforms/XROS.platform/Developer/SDKs/XROS27.0.sdk/System/Library/Frameworks/UIKit.framework/Headers/UIApplication.h:108:51: note: 'keyWindow' has been explicitly marked unavailable here
106 | - (void)sendEvent:(UIEvent *)event;
107 |
108 | @property(nullable, nonatomic,readonly) UIWindow *keyWindow API_DEPRECATED("Should not be used for applications that support multiple scenes as it returns a key window across all connected scenes", ios(2.0, 13.0)) API_UNAVAILABLE(visionos, watchos);
| `- note: 'keyWindow' has been explicitly marked unavailable here
109 | @property(nonatomic,readonly) NSArray<__kindof UIWindow *> *windows API_DEPRECATED("Use UIWindowScene.windows on a relevant window scene instead", ios(2.0, 15.0), visionos(1.0, 1.0)) API_UNAVAILABLE(watchos);
110 |
/Users/admin/builder/spi-builder-workspace/TypographyKit/Classes/TypographyKit.swift:278:52: error: 'keyWindow' is unavailable in visionOS
276 | ) {
277 | let viewController = TypographyKitColorsViewController()
278 | guard let presenter = UIApplication.shared.keyWindow?.rootViewController else {
| `- error: 'keyWindow' is unavailable in visionOS
279 | return
280 | }
/Applications/Xcode-27.0.0-Release.Candidate.app/Contents/Developer/Platforms/XROS.platform/Developer/SDKs/XROS27.0.sdk/System/Library/Frameworks/UIKit.framework/Headers/UIApplication.h:108:51: note: 'keyWindow' has been explicitly marked unavailable here
106 | - (void)sendEvent:(UIEvent *)event;
107 |
108 | @property(nullable, nonatomic,readonly) UIWindow *keyWindow API_DEPRECATED("Should not be used for applications that support multiple scenes as it returns a key window across all connected scenes", ios(2.0, 13.0)) API_UNAVAILABLE(visionos, watchos);
| `- note: 'keyWindow' has been explicitly marked unavailable here
109 | @property(nonatomic,readonly) NSArray<__kindof UIWindow *> *windows API_DEPRECATED("Use UIWindowScene.windows on a relevant window scene instead", ios(2.0, 15.0), visionos(1.0, 1.0)) API_UNAVAILABLE(watchos);
110 |
/Users/admin/builder/spi-builder-workspace/TypographyKit/Classes/TypographyKit.swift:297:52: error: 'keyWindow' is unavailable in visionOS
295 | shouldRefresh: Bool = true
296 | ) {
297 | guard let presenter = UIApplication.shared.keyWindow?.rootViewController else {
| `- error: 'keyWindow' is unavailable in visionOS
298 | return
299 | }
/Applications/Xcode-27.0.0-Release.Candidate.app/Contents/Developer/Platforms/XROS.platform/Developer/SDKs/XROS27.0.sdk/System/Library/Frameworks/UIKit.framework/Headers/UIApplication.h:108:51: note: 'keyWindow' has been explicitly marked unavailable here
106 | - (void)sendEvent:(UIEvent *)event;
107 |
108 | @property(nullable, nonatomic,readonly) UIWindow *keyWindow API_DEPRECATED("Should not be used for applications that support multiple scenes as it returns a key window across all connected scenes", ios(2.0, 13.0)) API_UNAVAILABLE(visionos, watchos);
| `- note: 'keyWindow' has been explicitly marked unavailable here
109 | @property(nonatomic,readonly) NSArray<__kindof UIWindow *> *windows API_DEPRECATED("Use UIWindowScene.windows on a relevant window scene instead", ios(2.0, 15.0), visionos(1.0, 1.0)) API_UNAVAILABLE(watchos);
110 |
SwiftCompile normal arm64 /Users/admin/builder/spi-builder-workspace/TypographyKit/Classes/TypographyColors.swift (in target 'TypographyKit' from project 'TypographyKit')
cd /Users/admin/builder/spi-builder-workspace/.swiftpm/xcode
builtin-SwiftPerFileCompile TypographyColors.swift
SwiftCompile normal arm64 /Users/admin/builder/spi-builder-workspace/TypographyKit/Classes/TypographyInterfaceStyle.swift (in target 'TypographyKit' from project 'TypographyKit')
cd /Users/admin/builder/spi-builder-workspace/.swiftpm/xcode
builtin-SwiftPerFileCompile TypographyInterfaceStyle.swift
SwiftCompile normal arm64 /Users/admin/builder/spi-builder-workspace/TypographyKit/Classes/TypographyKit.swift (in target 'TypographyKit' from project 'TypographyKit')
cd /Users/admin/builder/spi-builder-workspace/.swiftpm/xcode
builtin-SwiftPerFileCompile TypographyKit.swift
SwiftCompile normal arm64 /Users/admin/builder/spi-builder-workspace/TypographyKit/Classes/TypographyKitColorCell.swift (in target 'TypographyKit' from project 'TypographyKit')
cd /Users/admin/builder/spi-builder-workspace/.swiftpm/xcode
builtin-SwiftPerFileCompile TypographyKitColorCell.swift
SwiftCompile normal arm64 Compiling\ UIButtonAdditions.swift,\ UIColorAdditions.swift,\ UIControlState.swift,\ UILabelAdditions.swift /Users/admin/builder/spi-builder-workspace/TypographyKit/Classes/UIButtonAdditions.swift /Users/admin/builder/spi-builder-workspace/TypographyKit/Classes/UIColorAdditions.swift /Users/admin/builder/spi-builder-workspace/TypographyKit/Classes/UIControlState.swift /Users/admin/builder/spi-builder-workspace/TypographyKit/Classes/UILabelAdditions.swift (in target 'TypographyKit' from project 'TypographyKit')
SwiftCompile normal arm64 /Users/admin/builder/spi-builder-workspace/TypographyKit/Classes/UIButtonAdditions.swift (in target 'TypographyKit' from project 'TypographyKit')
cd /Users/admin/builder/spi-builder-workspace/.swiftpm/xcode
builtin-SwiftPerFileCompile UIButtonAdditions.swift
SwiftCompile normal arm64 /Users/admin/builder/spi-builder-workspace/TypographyKit/Classes/UIColorAdditions.swift (in target 'TypographyKit' from project 'TypographyKit')
cd /Users/admin/builder/spi-builder-workspace/.swiftpm/xcode
builtin-SwiftPerFileCompile UIColorAdditions.swift
SwiftCompile normal arm64 /Users/admin/builder/spi-builder-workspace/TypographyKit/Classes/UIControlState.swift (in target 'TypographyKit' from project 'TypographyKit')
cd /Users/admin/builder/spi-builder-workspace/.swiftpm/xcode
builtin-SwiftPerFileCompile UIControlState.swift
SwiftCompile normal arm64 /Users/admin/builder/spi-builder-workspace/TypographyKit/Classes/UILabelAdditions.swift (in target 'TypographyKit' from project 'TypographyKit')
cd /Users/admin/builder/spi-builder-workspace/.swiftpm/xcode
builtin-SwiftPerFileCompile UILabelAdditions.swift
SwiftCompile normal arm64 Compiling\ LoggingService.swift,\ NSLineBreakMode.swift,\ ParsingError.swift,\ ParsingService.swift /Users/admin/builder/spi-builder-workspace/TypographyKit/Classes/LoggingService.swift /Users/admin/builder/spi-builder-workspace/TypographyKit/Classes/NSLineBreakMode.swift /Users/admin/builder/spi-builder-workspace/TypographyKit/Classes/ParsingError.swift /Users/admin/builder/spi-builder-workspace/TypographyKit/Classes/ParsingService.swift (in target 'TypographyKit' from project 'TypographyKit')
SwiftCompile normal arm64 /Users/admin/builder/spi-builder-workspace/TypographyKit/Classes/LoggingService.swift (in target 'TypographyKit' from project 'TypographyKit')
cd /Users/admin/builder/spi-builder-workspace/.swiftpm/xcode
builtin-SwiftPerFileCompile LoggingService.swift
SwiftCompile normal arm64 /Users/admin/builder/spi-builder-workspace/TypographyKit/Classes/NSLineBreakMode.swift (in target 'TypographyKit' from project 'TypographyKit')
cd /Users/admin/builder/spi-builder-workspace/.swiftpm/xcode
builtin-SwiftPerFileCompile NSLineBreakMode.swift
SwiftCompile normal arm64 /Users/admin/builder/spi-builder-workspace/TypographyKit/Classes/ParsingError.swift (in target 'TypographyKit' from project 'TypographyKit')
cd /Users/admin/builder/spi-builder-workspace/.swiftpm/xcode
builtin-SwiftPerFileCompile ParsingError.swift
SwiftCompile normal arm64 /Users/admin/builder/spi-builder-workspace/TypographyKit/Classes/ParsingService.swift (in target 'TypographyKit' from project 'TypographyKit')
cd /Users/admin/builder/spi-builder-workspace/.swiftpm/xcode
builtin-SwiftPerFileCompile ParsingService.swift
SwiftCompile normal arm64 Compiling\ PropertyListParsingService.swift,\ RegularExpressionMatchable.swift,\ ScalingMode.swift,\ StrategicConfigurationParsingService.swift /Users/admin/builder/spi-builder-workspace/TypographyKit/Classes/PropertyListParsingService.swift /Users/admin/builder/spi-builder-workspace/TypographyKit/Classes/RegularExpressionMatchable.swift /Users/admin/builder/spi-builder-workspace/TypographyKit/Classes/ScalingMode.swift /Users/admin/builder/spi-builder-workspace/TypographyKit/Classes/StrategicConfigurationParsingService.swift (in target 'TypographyKit' from project 'TypographyKit')
SwiftCompile normal arm64 /Users/admin/builder/spi-builder-workspace/TypographyKit/Classes/PropertyListParsingService.swift (in target 'TypographyKit' from project 'TypographyKit')
cd /Users/admin/builder/spi-builder-workspace/.swiftpm/xcode
builtin-SwiftPerFileCompile PropertyListParsingService.swift
SwiftCompile normal arm64 /Users/admin/builder/spi-builder-workspace/TypographyKit/Classes/RegularExpressionMatchable.swift (in target 'TypographyKit' from project 'TypographyKit')
cd /Users/admin/builder/spi-builder-workspace/.swiftpm/xcode
builtin-SwiftPerFileCompile RegularExpressionMatchable.swift
SwiftCompile normal arm64 /Users/admin/builder/spi-builder-workspace/TypographyKit/Classes/ScalingMode.swift (in target 'TypographyKit' from project 'TypographyKit')
cd /Users/admin/builder/spi-builder-workspace/.swiftpm/xcode
builtin-SwiftPerFileCompile ScalingMode.swift
SwiftCompile normal arm64 /Users/admin/builder/spi-builder-workspace/TypographyKit/Classes/StrategicConfigurationParsingService.swift (in target 'TypographyKit' from project 'TypographyKit')
cd /Users/admin/builder/spi-builder-workspace/.swiftpm/xcode
builtin-SwiftPerFileCompile StrategicConfigurationParsingService.swift
SwiftCompile normal arm64 Compiling\ ConfigurationParsingError.swift,\ ConfigurationType.swift,\ FontTextStyleParser.swift,\ JSONParsingService.swift,\ LabelSettings.swift /Users/admin/builder/spi-builder-workspace/TypographyKit/Classes/ConfigurationParsingError.swift /Users/admin/builder/spi-builder-workspace/TypographyKit/Classes/ConfigurationType.swift /Users/admin/builder/spi-builder-workspace/TypographyKit/Classes/FontTextStyleParser.swift /Users/admin/builder/spi-builder-workspace/TypographyKit/Classes/JSONParsingService.swift /Users/admin/builder/spi-builder-workspace/TypographyKit/Classes/LabelSettings.swift (in target 'TypographyKit' from project 'TypographyKit')
/Users/admin/builder/spi-builder-workspace/TypographyKit/Classes/LabelSettings.swift:27:1: warning: extension declares a conformance of imported type 'NSLineBreakMode' to imported protocols 'Decodable', 'Encodable'; this will not behave correctly if the owners of 'UIKit' introduce this conformance in the future
25 | }
26 |
27 | extension NSLineBreakMode: Codable {}
| |- warning: extension declares a conformance of imported type 'NSLineBreakMode' to imported protocols 'Decodable', 'Encodable'; this will not behave correctly if the owners of 'UIKit' introduce this conformance in the future
| `- note: add '@retroactive' to silence this warning
28 |
SwiftCompile normal arm64 /Users/admin/builder/spi-builder-workspace/TypographyKit/Classes/ConfigurationParsingError.swift (in target 'TypographyKit' from project 'TypographyKit')
cd /Users/admin/builder/spi-builder-workspace/.swiftpm/xcode
builtin-SwiftPerFileCompile ConfigurationParsingError.swift
SwiftCompile normal arm64 /Users/admin/builder/spi-builder-workspace/TypographyKit/Classes/ConfigurationType.swift (in target 'TypographyKit' from project 'TypographyKit')
cd /Users/admin/builder/spi-builder-workspace/.swiftpm/xcode
builtin-SwiftPerFileCompile ConfigurationType.swift
SwiftCompile normal arm64 /Users/admin/builder/spi-builder-workspace/TypographyKit/Classes/FontTextStyleParser.swift (in target 'TypographyKit' from project 'TypographyKit')
cd /Users/admin/builder/spi-builder-workspace/.swiftpm/xcode
builtin-SwiftPerFileCompile FontTextStyleParser.swift
SwiftCompile normal arm64 /Users/admin/builder/spi-builder-workspace/TypographyKit/Classes/JSONParsingService.swift (in target 'TypographyKit' from project 'TypographyKit')
cd /Users/admin/builder/spi-builder-workspace/.swiftpm/xcode
builtin-SwiftPerFileCompile JSONParsingService.swift
SwiftCompile normal arm64 /Users/admin/builder/spi-builder-workspace/TypographyKit/Classes/LabelSettings.swift (in target 'TypographyKit' from project 'TypographyKit')
cd /Users/admin/builder/spi-builder-workspace/.swiftpm/xcode
builtin-SwiftPerFileCompile LabelSettings.swift
SwiftCompile normal arm64 Compiling\ ButtonSettings.swift,\ ButtonTitleColorApplyMode.swift,\ CloseButtonAlignment.swift,\ ColorParser.swift,\ ConfigurationKey.swift /Users/admin/builder/spi-builder-workspace/TypographyKit/Classes/ButtonSettings.swift /Users/admin/builder/spi-builder-workspace/TypographyKit/Classes/ButtonTitleColorApplyMode.swift /Users/admin/builder/spi-builder-workspace/TypographyKit/Classes/CloseButtonAlignment.swift /Users/admin/builder/spi-builder-workspace/TypographyKit/Classes/ColorParser.swift /Users/admin/builder/spi-builder-workspace/TypographyKit/Classes/ConfigurationKey.swift (in target 'TypographyKit' from project 'TypographyKit')
SwiftCompile normal arm64 /Users/admin/builder/spi-builder-workspace/TypographyKit/Classes/ButtonSettings.swift (in target 'TypographyKit' from project 'TypographyKit')
cd /Users/admin/builder/spi-builder-workspace/.swiftpm/xcode
builtin-SwiftPerFileCompile ButtonSettings.swift
SwiftCompile normal arm64 /Users/admin/builder/spi-builder-workspace/TypographyKit/Classes/ButtonTitleColorApplyMode.swift (in target 'TypographyKit' from project 'TypographyKit')
cd /Users/admin/builder/spi-builder-workspace/.swiftpm/xcode
builtin-SwiftPerFileCompile ButtonTitleColorApplyMode.swift
SwiftCompile normal arm64 /Users/admin/builder/spi-builder-workspace/TypographyKit/Classes/CloseButtonAlignment.swift (in target 'TypographyKit' from project 'TypographyKit')
cd /Users/admin/builder/spi-builder-workspace/.swiftpm/xcode
builtin-SwiftPerFileCompile CloseButtonAlignment.swift
SwiftCompile normal arm64 /Users/admin/builder/spi-builder-workspace/TypographyKit/Classes/ColorParser.swift (in target 'TypographyKit' from project 'TypographyKit')
cd /Users/admin/builder/spi-builder-workspace/.swiftpm/xcode
builtin-SwiftPerFileCompile ColorParser.swift
SwiftCompile normal arm64 /Users/admin/builder/spi-builder-workspace/TypographyKit/Classes/ConfigurationKey.swift (in target 'TypographyKit' from project 'TypographyKit')
cd /Users/admin/builder/spi-builder-workspace/.swiftpm/xcode
builtin-SwiftPerFileCompile ConfigurationKey.swift
SwiftCompile normal arm64 Compiling\ TypographyKitSettings.swift,\ TypographyKitViewController.swift,\ TypographyKitViewControllerDelegate.swift,\ TypographyStyles.swift /Users/admin/builder/spi-builder-workspace/TypographyKit/Classes/TypographyKitSettings.swift /Users/admin/builder/spi-builder-workspace/TypographyKit/Classes/TypographyKitViewController.swift /Users/admin/builder/spi-builder-workspace/TypographyKit/Classes/TypographyKitViewControllerDelegate.swift /Users/admin/builder/spi-builder-workspace/TypographyKit/Classes/TypographyStyles.swift (in target 'TypographyKit' from project 'TypographyKit')
/Users/admin/builder/spi-builder-workspace/TypographyKit/Classes/TypographyKitViewController.swift:126:108: error: ambiguous use of 'export'
124 | target: self,
125 | action: #selector(close))
126 | let exportButton = UIBarButtonItem(title: "Export", style: .plain, target: self, action: #selector(export))
| `- error: ambiguous use of 'export'
127 | let closeButtonAlignment = navigationSettings?.closeButtonAlignment ?? .closeButtonLeftExportButtonRight
128 | switch closeButtonAlignment {
:
183 | }
184 |
185 | @objc func export() {
| `- note: found this candidate
186 | var deltaY: CGFloat = 0
187 | var pageY: CGFloat = 0
/Applications/Xcode-27.0.0-Release.Candidate.app/Contents/Developer/Platforms/XROS.platform/Developer/SDKs/XROS27.0.sdk/System/Library/Frameworks/UIKit.framework/Headers/UIResponder.h:70:1: note: found this candidate in module 'UIKit'
68 | - (void)duplicate:(nullable id)sender API_AVAILABLE(ios(16.0)) API_UNAVAILABLE(watchos);
69 | - (void)move:(nullable id)sender API_AVAILABLE(ios(16.0)) API_UNAVAILABLE(watchos);
70 | - (void)export:(nullable id)sender API_AVAILABLE(ios(16.0)) API_UNAVAILABLE(watchos);
| `- note: found this candidate in module 'UIKit'
71 |
72 | - (void)toggleSidebar:(nullable id)sender API_AVAILABLE(ios(15.0)) API_UNAVAILABLE(watchos);
Failed frontend command:
/Applications/Xcode-27.0.0-Release.Candidate.app/Contents/Developer/Toolchains/XcodeDefault.xctoolchain/usr/bin/swift-frontend -frontend -c /Users/admin/builder/spi-builder-workspace/TypographyKit/Classes/ButtonSettings.swift /Users/admin/builder/spi-builder-workspace/TypographyKit/Classes/ButtonTitleColorApplyMode.swift /Users/admin/builder/spi-builder-workspace/TypographyKit/Classes/CloseButtonAlignment.swift /Users/admin/builder/spi-builder-workspace/TypographyKit/Classes/ColorParser.swift /Users/admin/builder/spi-builder-workspace/TypographyKit/Classes/ConfigurationKey.swift /Users/admin/builder/spi-builder-workspace/TypographyKit/Classes/ConfigurationParsingError.swift /Users/admin/builder/spi-builder-workspace/TypographyKit/Classes/ConfigurationType.swift /Users/admin/builder/spi-builder-workspace/TypographyKit/Classes/FontTextStyleParser.swift /Users/admin/builder/spi-builder-workspace/TypographyKit/Classes/JSONParsingService.swift /Users/admin/builder/spi-builder-workspace/TypographyKit/Classes/LabelSettings.swift /Users/admin/builder/spi-builder-workspace/TypographyKit/Classes/LoggingService.swift /Users/admin/builder/spi-builder-workspace/TypographyKit/Classes/NSLineBreakMode.swift /Users/admin/builder/spi-builder-workspace/TypographyKit/Classes/ParsingError.swift /Users/admin/builder/spi-builder-workspace/TypographyKit/Classes/ParsingService.swift /Users/admin/builder/spi-builder-workspace/TypographyKit/Classes/PropertyListParsingService.swift /Users/admin/builder/spi-builder-workspace/TypographyKit/Classes/RegularExpressionMatchable.swift /Users/admin/builder/spi-builder-workspace/TypographyKit/Classes/ScalingMode.swift /Users/admin/builder/spi-builder-workspace/TypographyKit/Classes/StrategicConfigurationParsingService.swift /Users/admin/builder/spi-builder-workspace/TypographyKit/Classes/String+RegularExpressionMatchable.swift /Users/admin/builder/spi-builder-workspace/TypographyKit/Classes/StringAdditions.swift /Users/admin/builder/spi-builder-workspace/TypographyKit/Classes/Typography.swift /Users/admin/builder/spi-builder-workspace/TypographyKit/Classes/TypographyColor.swift /Users/admin/builder/spi-builder-workspace/TypographyKit/Classes/TypographyColors.swift /Users/admin/builder/spi-builder-workspace/TypographyKit/Classes/TypographyInterfaceStyle.swift /Users/admin/builder/spi-builder-workspace/TypographyKit/Classes/TypographyKit.swift /Users/admin/builder/spi-builder-workspace/TypographyKit/Classes/TypographyKitColorCell.swift /Users/admin/builder/spi-builder-workspace/TypographyKit/Classes/TypographyKitColorsViewController.swift /Users/admin/builder/spi-builder-workspace/TypographyKit/Classes/TypographyKitConfiguration.swift /Users/admin/builder/spi-builder-workspace/TypographyKit/Classes/TypographyKitElement.swift /Users/admin/builder/spi-builder-workspace/TypographyKit/Classes/TypographyKitPropertyAdditionsKey.swift -primary-file /Users/admin/builder/spi-builder-workspace/TypographyKit/Classes/TypographyKitSettings.swift -primary-file /Users/admin/builder/spi-builder-workspace/TypographyKit/Classes/TypographyKitViewController.swift -primary-file /Users/admin/builder/spi-builder-workspace/TypographyKit/Classes/TypographyKitViewControllerDelegate.swift -primary-file /Users/admin/builder/spi-builder-workspace/TypographyKit/Classes/TypographyStyles.swift /Users/admin/builder/spi-builder-workspace/TypographyKit/Classes/UIButtonAdditions.swift /Users/admin/builder/spi-builder-workspace/TypographyKit/Classes/UIColorAdditions.swift /Users/admin/builder/spi-builder-workspace/TypographyKit/Classes/UIControlState.swift /Users/admin/builder/spi-builder-workspace/TypographyKit/Classes/UILabelAdditions.swift /Users/admin/builder/spi-builder-workspace/TypographyKit/Classes/UITextFieldAdditions.swift /Users/admin/builder/spi-builder-workspace/TypographyKit/Classes/UITextViewAdditions.swift /Users/admin/builder/spi-builder-workspace/TypographyKit/Classes/ViewAdditions.swift /Users/admin/builder/spi-builder-workspace/TypographyKit/Classes/ViewControllerNavigationSettings.swift -supplementary-output-file-map /Users/admin/builder/spi-builder-workspace/.derivedData/Build/Intermediates.noindex/TypographyKit.build/Debug-xros/TypographyKit-t.build/Objects-normal/arm64/supplementaryOutputs-8 -target arm64-apple-xros1.0 -module-can-import-version SwiftUI 8.0.84.1 8.0.84 -disable-cross-import-overlay-search -load-resolved-plugin /Applications/Xcode-27.0.0-Release.Candidate.app/Contents/Developer/Platforms/XROS.platform/Developer/usr/lib/swift/host/plugins/libFoundationMacros.dylib\#/Applications/Xcode-27.0.0-Release.Candidate.app/Contents/Developer/Platforms/XROS.platform/Developer/usr/bin/swift-plugin-server\#FoundationMacros -load-resolved-plugin /Applications/Xcode-27.0.0-Release.Candidate.app/Contents/Developer/Platforms/XROS.platform/Developer/usr/lib/swift/host/plugins/libObservationMacros.dylib\#/Applications/Xcode-27.0.0-Release.Candidate.app/Contents/Developer/Platforms/XROS.platform/Developer/usr/bin/swift-plugin-server\#ObservationMacros -load-resolved-plugin /Applications/Xcode-27.0.0-Release.Candidate.app/Contents/Developer/Platforms/XROS.platform/Developer/usr/lib/swift/host/plugins/libPreviewsMacros.dylib\#/Applications/Xcode-27.0.0-Release.Candidate.app/Contents/Developer/Platforms/XROS.platform/Developer/usr/bin/swift-plugin-server\#PreviewsMacros -load-resolved-plugin /Applications/Xcode-27.0.0-Release.Candidate.app/Contents/Developer/Platforms/XROS.platform/Developer/usr/lib/swift/host/plugins/libSwiftMacros.dylib\#/Applications/Xcode-27.0.0-Release.Candidate.app/Contents/Developer/Platforms/XROS.platform/Developer/usr/bin/swift-plugin-server\#SwiftMacros -load-resolved-plugin /Applications/Xcode-27.0.0-Release.Candidate.app/Contents/Developer/Platforms/XROS.platform/Developer/usr/lib/swift/host/plugins/libSwiftUIMacros.dylib\#/Applications/Xcode-27.0.0-Release.Candidate.app/Contents/Developer/Platforms/XROS.platform/Developer/usr/bin/swift-plugin-server\#SwiftUIMacros -disable-implicit-swift-modules -Xcc -fno-implicit-modules -Xcc -fno-implicit-module-maps -explicit-swift-module-map-file /Users/admin/builder/spi-builder-workspace/.derivedData/Build/Intermediates.noindex/TypographyKit.build/Debug-xros/TypographyKit-t.build/Objects-normal/arm64/TypographyKit-dependencies-1.json -Xllvm -aarch64-use-tbi -enable-objc-interop -stack-check -sdk /Applications/Xcode-27.0.0-Release.Candidate.app/Contents/Developer/Platforms/XROS.platform/Developer/SDKs/XROS27.0.sdk -I /Users/admin/builder/spi-builder-workspace/.derivedData/Build/Products/Debug-xros -Isystem /Applications/Xcode-27.0.0-Release.Candidate.app/Contents/Developer/Platforms/XROS.platform/Developer/usr/lib -F /Users/admin/builder/spi-builder-workspace/.derivedData/Build/Products/Debug-xros/PackageFrameworks -F /Users/admin/builder/spi-builder-workspace/.derivedData/Build/Products/Debug-xros -F /Applications/Xcode-27.0.0-Release.Candidate.app/Contents/Developer/Platforms/XROS.platform/Developer/Library/Frameworks -F /Applications/Xcode-27.0.0-Release.Candidate.app/Contents/Developer/Platforms/XROS.platform/Developer/SDKs/XROS27.0.sdk/Developer/Library/Frameworks -module-cache-path /Users/admin/builder/spi-builder-workspace/.derivedData/Build/Intermediates.noindex/SwiftExplicitPrecompiledModules -no-color-diagnostics -Xcc -fno-color-diagnostics -enable-testing -g -debug-info-format\=dwarf -dwarf-version\=4 -swift-version 5 -Onone -D SWIFT_PACKAGE -D DEBUG -D SWIFT_MODULE_RESOURCE_BUNDLE_UNAVAILABLE -D Xcode -serialize-debugging-options -enable-experimental-feature DebugDescriptionMacro -empty-abi-descriptor -validate-clang-modules-once -clang-build-session-file /Users/admin/builder/spi-builder-workspace/.derivedData/ModuleCache.noindex/Session.modulevalidation -Xcc -working-directory -Xcc /Users/admin/builder/spi-builder-workspace/.swiftpm/xcode -enable-anonymous-context-mangled-names -file-compilation-dir /Users/admin/builder/spi-builder-workspace/.swiftpm/xcode -Xcc -D_LIBCPP_HARDENING_MODE\=_LIBCPP_HARDENING_MODE_DEBUG -Xcc -ivfsstatcache -Xcc /Users/admin/builder/spi-builder-workspace/.derivedData/SDKStatCaches.noindex/xros27.0-24M361-e829b21a6f8c9b70876ba0858053c044735bd543db762f57723cac368afd1ce4.sdkstatcache -Xcc -fmodules-prune-interval\=86400 -Xcc -fmodules-prune-after\=345600 -Xcc -I/Users/admin/builder/spi-builder-workspace/.derivedData/Build/Products/Debug-xros/include -Xcc -I/Users/admin/builder/spi-builder-workspace/.derivedData/Build/Intermediates.noindex/TypographyKit.build/Debug-xros/TypographyKit-t.build/DerivedSources-normal/arm64 -Xcc -I/Users/admin/builder/spi-builder-workspace/.derivedData/Build/Intermediates.noindex/TypographyKit.build/Debug-xros/TypographyKit-t.build/DerivedSources/arm64 -Xcc -I/Users/admin/builder/spi-builder-workspace/.derivedData/Build/Intermediates.noindex/TypographyKit.build/Debug-xros/TypographyKit-t.build/DerivedSources -Xcc -DSWIFT_PACKAGE -Xcc -DDEBUG\=1 -no-auto-bridging-header-chaining -module-name TypographyKit -const-gather-protocols-file /Users/admin/builder/spi-builder-workspace/.derivedData/Build/Intermediates.noindex/TypographyKit.build/Debug-xros/TypographyKit-t.build/Objects-normal/arm64/TypographyKit_const_extract_protocols.json -disable-clang-spi -clang-target arm64-apple-xros27.0 -target-sdk-version 27.0 -target-sdk-name xros27.0 -in-process-plugin-server-path /Applications/Xcode-27.0.0-Release.Candidate.app/Contents/Developer/Toolchains/XcodeDefault.xctoolchain/usr/lib/swift/host/libSwiftInProcPluginServer.dylib -parse-as-library -o /Users/admin/builder/spi-builder-workspace/.derivedData/Build/Intermediates.noindex/TypographyKit.build/Debug-xros/TypographyKit-t.build/Objects-normal/arm64/TypographyKitSettings.o -o /Users/admin/builder/spi-builder-workspace/.derivedData/Build/Intermediates.noindex/TypographyKit.build/Debug-xros/TypographyKit-t.build/Objects-normal/arm64/TypographyKitViewController.o -o /Users/admin/builder/spi-builder-workspace/.derivedData/Build/Intermediates.noindex/TypographyKit.build/Debug-xros/TypographyKit-t.build/Objects-normal/arm64/TypographyKitViewControllerDelegate.o -o /Users/admin/builder/spi-builder-workspace/.derivedData/Build/Intermediates.noindex/TypographyKit.build/Debug-xros/TypographyKit-t.build/Objects-normal/arm64/TypographyStyles.o -debug-module-path /Users/admin/builder/spi-builder-workspace/.derivedData/Build/Intermediates.noindex/TypographyKit.build/Debug-xros/TypographyKit-t.build/Objects-normal/arm64/TypographyKit.swiftmodule -index-unit-output-path /TypographyKit.build/Debug-xros/TypographyKit-t.build/Objects-normal/arm64/TypographyKitSettings.o -index-unit-output-path /TypographyKit.build/Debug-xros/TypographyKit-t.build/Objects-normal/arm64/TypographyKitViewController.o -index-unit-output-path /TypographyKit.build/Debug-xros/TypographyKit-t.build/Objects-normal/arm64/TypographyKitViewControllerDelegate.o -index-unit-output-path /TypographyKit.build/Debug-xros/TypographyKit-t.build/Objects-normal/arm64/TypographyStyles.o -index-store-path /Users/admin/builder/spi-builder-workspace/.derivedData/Index.noindex/DataStore -index-system-modules
SwiftCompile normal arm64 /Users/admin/builder/spi-builder-workspace/TypographyKit/Classes/TypographyKitSettings.swift (in target 'TypographyKit' from project 'TypographyKit')
cd /Users/admin/builder/spi-builder-workspace/.swiftpm/xcode
builtin-SwiftPerFileCompile TypographyKitSettings.swift
SwiftCompile normal arm64 /Users/admin/builder/spi-builder-workspace/TypographyKit/Classes/TypographyKitViewController.swift (in target 'TypographyKit' from project 'TypographyKit')
cd /Users/admin/builder/spi-builder-workspace/.swiftpm/xcode
builtin-SwiftPerFileCompile TypographyKitViewController.swift
SwiftCompile normal arm64 /Users/admin/builder/spi-builder-workspace/TypographyKit/Classes/TypographyKitViewControllerDelegate.swift (in target 'TypographyKit' from project 'TypographyKit')
cd /Users/admin/builder/spi-builder-workspace/.swiftpm/xcode
builtin-SwiftPerFileCompile TypographyKitViewControllerDelegate.swift
SwiftCompile normal arm64 /Users/admin/builder/spi-builder-workspace/TypographyKit/Classes/TypographyStyles.swift (in target 'TypographyKit' from project 'TypographyKit')
cd /Users/admin/builder/spi-builder-workspace/.swiftpm/xcode
builtin-SwiftPerFileCompile TypographyStyles.swift
SwiftDriverJobDiscovery normal arm64 Compiling PropertyListParsingService.swift, RegularExpressionMatchable.swift, ScalingMode.swift, StrategicConfigurationParsingService.swift (in target 'TypographyKit' from project 'TypographyKit')
SwiftDriverJobDiscovery normal arm64 Emitting module for TypographyKit (in target 'TypographyKit' from project 'TypographyKit')
SwiftDriver\ Compilation\ Requirements TypographyKit normal arm64 com.apple.xcode.tools.swift.compiler (in target 'TypographyKit' from project 'TypographyKit')
cd /Users/admin/builder/spi-builder-workspace/.swiftpm/xcode
builtin-Swift-Compilation-Requirements -- /Applications/Xcode-27.0.0-Release.Candidate.app/Contents/Developer/Toolchains/XcodeDefault.xctoolchain/usr/bin/swiftc -parse-as-library -module-name TypographyKit -Onone @/Users/admin/builder/spi-builder-workspace/.derivedData/Build/Intermediates.noindex/TypographyKit.build/Debug-xros/TypographyKit-t.build/Objects-normal/arm64/TypographyKit.SwiftFileList -DSWIFT_PACKAGE -DDEBUG -DSWIFT_MODULE_RESOURCE_BUNDLE_UNAVAILABLE -DXcode -plugin-path /Applications/Xcode-27.0.0-Release.Candidate.app/Contents/Developer/Toolchains/XcodeDefault.xctoolchain/usr/lib/swift/host/plugins/testing -enable-experimental-feature DebugDescriptionMacro -sdk /Applications/Xcode-27.0.0-Release.Candidate.app/Contents/Developer/Platforms/XROS.platform/Developer/SDKs/XROS27.0.sdk -target arm64-apple-xros1.0 -g -module-cache-path /Users/admin/builder/spi-builder-workspace/.derivedData/ModuleCache.noindex -Xfrontend -serialize-debugging-options -enable-testing -index-store-path /Users/admin/builder/spi-builder-workspace/.derivedData/Index.noindex/DataStore -Xcc -D_LIBCPP_HARDENING_MODE\=_LIBCPP_HARDENING_MODE_DEBUG -swift-version 5 -I /Users/admin/builder/spi-builder-workspace/.derivedData/Build/Products/Debug-xros -Isystem /Applications/Xcode-27.0.0-Release.Candidate.app/Contents/Developer/Platforms/XROS.platform/Developer/usr/lib -F /Users/admin/builder/spi-builder-workspace/.derivedData/Build/Products/Debug-xros/PackageFrameworks -F /Users/admin/builder/spi-builder-workspace/.derivedData/Build/Products/Debug-xros -F /Applications/Xcode-27.0.0-Release.Candidate.app/Contents/Developer/Platforms/XROS.platform/Developer/Library/Frameworks -F /Applications/Xcode-27.0.0-Release.Candidate.app/Contents/Developer/Platforms/XROS.platform/Developer/SDKs/XROS27.0.sdk/Developer/Library/Frameworks -c -j10 -enable-batch-mode -incremental -Xcc -ivfsstatcache -Xcc /Users/admin/builder/spi-builder-workspace/.derivedData/SDKStatCaches.noindex/xros27.0-24M361-e829b21a6f8c9b70876ba0858053c044735bd543db762f57723cac368afd1ce4.sdkstatcache -output-file-map /Users/admin/builder/spi-builder-workspace/.derivedData/Build/Intermediates.noindex/TypographyKit.build/Debug-xros/TypographyKit-t.build/Objects-normal/arm64/TypographyKit-OutputFileMap.json -save-temps -no-color-diagnostics -explicit-module-build -module-cache-path /Users/admin/builder/spi-builder-workspace/.derivedData/Build/Intermediates.noindex/SwiftExplicitPrecompiledModules -clang-scanner-module-cache-path /Users/admin/builder/spi-builder-workspace/.derivedData/ModuleCache.noindex -sdk-module-cache-path /Users/admin/builder/spi-builder-workspace/.derivedData/SDKExplicitPrecompiledModules -emit-dependencies -emit-module -emit-module-path /Users/admin/builder/spi-builder-workspace/.derivedData/Build/Intermediates.noindex/TypographyKit.build/Debug-xros/TypographyKit-t.build/Objects-normal/arm64/TypographyKit.swiftmodule -serialize-diagnostics -dependency-scan-serialize-diagnostics-path /Users/admin/builder/spi-builder-workspace/.derivedData/Build/Intermediates.noindex/TypographyKit.build/Debug-xros/TypographyKit-t.build/Objects-normal/arm64/TypographyKit-dependency-scan.dia -validate-clang-modules-once -clang-build-session-file /Users/admin/builder/spi-builder-workspace/.derivedData/ModuleCache.noindex/Session.modulevalidation -Xcc -fmodules-prune-interval\=86400 -Xcc -fmodules-prune-after\=345600 -emit-const-values -const-gather-protocols-list /Users/admin/builder/spi-builder-workspace/.derivedData/Build/Intermediates.noindex/TypographyKit.build/Debug-xros/TypographyKit-t.build/Objects-normal/arm64/TypographyKit_const_extract_protocols.json -Xcc -I/Users/admin/builder/spi-builder-workspace/.derivedData/Build/Products/Debug-xros/include -Xcc -I/Users/admin/builder/spi-builder-workspace/.derivedData/Build/Intermediates.noindex/TypographyKit.build/Debug-xros/TypographyKit-t.build/DerivedSources-normal/arm64 -Xcc -I/Users/admin/builder/spi-builder-workspace/.derivedData/Build/Intermediates.noindex/TypographyKit.build/Debug-xros/TypographyKit-t.build/DerivedSources/arm64 -Xcc -I/Users/admin/builder/spi-builder-workspace/.derivedData/Build/Intermediates.noindex/TypographyKit.build/Debug-xros/TypographyKit-t.build/DerivedSources -Xcc -DSWIFT_PACKAGE -Xcc -DDEBUG\=1 -emit-objc-header -emit-objc-header-path /Users/admin/builder/spi-builder-workspace/.derivedData/Build/Intermediates.noindex/TypographyKit.build/Debug-xros/TypographyKit-t.build/Objects-normal/arm64/TypographyKit-Swift.h -working-directory /Users/admin/builder/spi-builder-workspace/.swiftpm/xcode -experimental-emit-module-separately -disable-cmo
SwiftMergeGeneratedHeaders /Users/admin/builder/spi-builder-workspace/.derivedData/Build/Intermediates.noindex/GeneratedModuleMaps-xros/TypographyKit-Swift.h /Users/admin/builder/spi-builder-workspace/.derivedData/Build/Intermediates.noindex/TypographyKit.build/Debug-xros/TypographyKit-t.build/Objects-normal/arm64/TypographyKit-Swift.h (in target 'TypographyKit' from project 'TypographyKit')
cd /Users/admin/builder/spi-builder-workspace
builtin-swiftHeaderTool -arch arm64 /Users/admin/builder/spi-builder-workspace/.derivedData/Build/Intermediates.noindex/TypographyKit.build/Debug-xros/TypographyKit-t.build/Objects-normal/arm64/TypographyKit-Swift.h -o /Users/admin/builder/spi-builder-workspace/.derivedData/Build/Intermediates.noindex/GeneratedModuleMaps-xros/TypographyKit-Swift.h
Copy /Users/admin/builder/spi-builder-workspace/.derivedData/Build/Products/Debug-xros/TypographyKit.swiftmodule/arm64-apple-xros.swiftmodule /Users/admin/builder/spi-builder-workspace/.derivedData/Build/Intermediates.noindex/TypographyKit.build/Debug-xros/TypographyKit-t.build/Objects-normal/arm64/TypographyKit.swiftmodule (in target 'TypographyKit' from project 'TypographyKit')
cd /Users/admin/builder/spi-builder-workspace
builtin-copy -exclude .DS_Store -exclude CVS -exclude .svn -exclude .git -exclude .hg -resolve-src-symlinks -rename /Users/admin/builder/spi-builder-workspace/.derivedData/Build/Intermediates.noindex/TypographyKit.build/Debug-xros/TypographyKit-t.build/Objects-normal/arm64/TypographyKit.swiftmodule /Users/admin/builder/spi-builder-workspace/.derivedData/Build/Products/Debug-xros/TypographyKit.swiftmodule/arm64-apple-xros.swiftmodule
Copy /Users/admin/builder/spi-builder-workspace/.derivedData/Build/Products/Debug-xros/TypographyKit.swiftmodule/arm64-apple-xros.swiftdoc /Users/admin/builder/spi-builder-workspace/.derivedData/Build/Intermediates.noindex/TypographyKit.build/Debug-xros/TypographyKit-t.build/Objects-normal/arm64/TypographyKit.swiftdoc (in target 'TypographyKit' from project 'TypographyKit')
cd /Users/admin/builder/spi-builder-workspace
builtin-copy -exclude .DS_Store -exclude CVS -exclude .svn -exclude .git -exclude .hg -resolve-src-symlinks -rename /Users/admin/builder/spi-builder-workspace/.derivedData/Build/Intermediates.noindex/TypographyKit.build/Debug-xros/TypographyKit-t.build/Objects-normal/arm64/TypographyKit.swiftdoc /Users/admin/builder/spi-builder-workspace/.derivedData/Build/Products/Debug-xros/TypographyKit.swiftmodule/arm64-apple-xros.swiftdoc
Copy /Users/admin/builder/spi-builder-workspace/.derivedData/Build/Products/Debug-xros/TypographyKit.swiftmodule/arm64-apple-xros.abi.json /Users/admin/builder/spi-builder-workspace/.derivedData/Build/Intermediates.noindex/TypographyKit.build/Debug-xros/TypographyKit-t.build/Objects-normal/arm64/TypographyKit.abi.json (in target 'TypographyKit' from project 'TypographyKit')
cd /Users/admin/builder/spi-builder-workspace
builtin-copy -exclude .DS_Store -exclude CVS -exclude .svn -exclude .git -exclude .hg -resolve-src-symlinks -rename /Users/admin/builder/spi-builder-workspace/.derivedData/Build/Intermediates.noindex/TypographyKit.build/Debug-xros/TypographyKit-t.build/Objects-normal/arm64/TypographyKit.abi.json /Users/admin/builder/spi-builder-workspace/.derivedData/Build/Products/Debug-xros/TypographyKit.swiftmodule/arm64-apple-xros.abi.json
Copy /Users/admin/builder/spi-builder-workspace/.derivedData/Build/Products/Debug-xros/TypographyKit.swiftmodule/Project/arm64-apple-xros.swiftsourceinfo /Users/admin/builder/spi-builder-workspace/.derivedData/Build/Intermediates.noindex/TypographyKit.build/Debug-xros/TypographyKit-t.build/Objects-normal/arm64/TypographyKit.swiftsourceinfo (in target 'TypographyKit' from project 'TypographyKit')
cd /Users/admin/builder/spi-builder-workspace
builtin-copy -exclude .DS_Store -exclude CVS -exclude .svn -exclude .git -exclude .hg -resolve-src-symlinks -rename /Users/admin/builder/spi-builder-workspace/.derivedData/Build/Intermediates.noindex/TypographyKit.build/Debug-xros/TypographyKit-t.build/Objects-normal/arm64/TypographyKit.swiftsourceinfo /Users/admin/builder/spi-builder-workspace/.derivedData/Build/Products/Debug-xros/TypographyKit.swiftmodule/Project/arm64-apple-xros.swiftsourceinfo
PruneExplicitPrecompiledModules /Users/admin/builder/spi-builder-workspace/.derivedData/SDKExplicitPrecompiledModules
PruneExplicitPrecompiledModules /Users/admin/builder/spi-builder-workspace/.derivedData/Build/Intermediates.noindex/SwiftExplicitPrecompiledModules
PruneExplicitPrecompiledModules /Users/admin/builder/spi-builder-workspace/.derivedData/Build/Intermediates.noindex/ExplicitPrecompiledModules
2026-09-21 15:14:05.862 xcodebuild[701:4508] [MT] IDERunDestination: Supported platforms for the buildables in the current scheme is empty.
** BUILD FAILED **
The following build commands failed:
SwiftCompile normal arm64 Compiling\ TypographyKitSettings.swift,\ TypographyKitViewController.swift,\ TypographyKitViewControllerDelegate.swift,\ TypographyStyles.swift /Users/admin/builder/spi-builder-workspace/TypographyKit/Classes/TypographyKitSettings.swift /Users/admin/builder/spi-builder-workspace/TypographyKit/Classes/TypographyKitViewController.swift /Users/admin/builder/spi-builder-workspace/TypographyKit/Classes/TypographyKitViewControllerDelegate.swift /Users/admin/builder/spi-builder-workspace/TypographyKit/Classes/TypographyStyles.swift (in target 'TypographyKit' from project 'TypographyKit')
SwiftCompile normal arm64 /Users/admin/builder/spi-builder-workspace/TypographyKit/Classes/TypographyKitViewController.swift (in target 'TypographyKit' from project 'TypographyKit')
Building workspace TypographyKit with scheme TypographyKit
(3 failures)
Command line invocation:
/Applications/Xcode-27.0.0-Release.Candidate.app/Contents/Developer/usr/bin/xcodebuild -IDEClonedSourcePackagesDirPathOverride=/Users/admin/builder/spi-builder-workspace/.dependencies -resolvePackageDependencies
Resolve Package Graph
Resolved source packages:
LetterCase: https://github.com/rwbutler/LetterCase @ 2.0.0
TypographyKit: /Users/admin/builder/spi-builder-workspace
resolved source packages: LetterCase, TypographyKit
2026-09-21 15:14:18.197 xcodebuild[839:5109] [MT] IDERunDestination: Supported platforms for the buildables in the current scheme is empty.
{
"dependencies" : [
{
"identity" : "lettercase",
"requirement" : {
"range" : [
{
"lower_bound" : "2.0.0",
"upper_bound" : "3.0.0"
}
]
},
"type" : "sourceControl",
"url" : "https://github.com/rwbutler/LetterCase"
}
],
"manifest_display_name" : "TypographyKit",
"name" : "TypographyKit",
"path" : "/Users/admin/builder/spi-builder-workspace",
"platforms" : [
{
"name" : "ios",
"version" : "11.0"
}
],
"products" : [
{
"name" : "TypographyKit",
"targets" : [
"TypographyKit"
],
"type" : {
"library" : [
"automatic"
]
}
}
],
"targets" : [
{
"c99name" : "TypographyKit",
"module_type" : "SwiftTarget",
"name" : "TypographyKit",
"path" : "TypographyKit/Classes",
"product_dependencies" : [
"LetterCase"
],
"product_memberships" : [
"TypographyKit"
],
"sources" : [
"ButtonSettings.swift",
"ButtonTitleColorApplyMode.swift",
"CloseButtonAlignment.swift",
"ColorParser.swift",
"ConfigurationKey.swift",
"ConfigurationParsingError.swift",
"ConfigurationType.swift",
"FontTextStyleParser.swift",
"JSONParsingService.swift",
"LabelSettings.swift",
"LoggingService.swift",
"NSLineBreakMode.swift",
"ParsingError.swift",
"ParsingService.swift",
"PropertyListParsingService.swift",
"RegularExpressionMatchable.swift",
"ScalingMode.swift",
"StrategicConfigurationParsingService.swift",
"String+RegularExpressionMatchable.swift",
"StringAdditions.swift",
"Typography.swift",
"TypographyColor.swift",
"TypographyColors.swift",
"TypographyInterfaceStyle.swift",
"TypographyKit.swift",
"TypographyKitColorCell.swift",
"TypographyKitColorsViewController.swift",
"TypographyKitConfiguration.swift",
"TypographyKitElement.swift",
"TypographyKitPropertyAdditionsKey.swift",
"TypographyKitSettings.swift",
"TypographyKitViewController.swift",
"TypographyKitViewControllerDelegate.swift",
"TypographyStyles.swift",
"UIButtonAdditions.swift",
"UIColorAdditions.swift",
"UIControlState.swift",
"UILabelAdditions.swift",
"UITextFieldAdditions.swift",
"UITextViewAdditions.swift",
"ViewAdditions.swift",
"ViewControllerNavigationSettings.swift"
],
"type" : "library"
}
],
"tools_version" : "5.1"
}
{
"workspace" : {
"name" : "TypographyKit",
"schemes" : [
"TypographyKit"
]
}
}
2026-09-21 15:14:19.477 xcodebuild[847:5182] [MT] IDERunDestination: Supported platforms for the buildables in the current scheme is empty.
Running build ...
env DEVELOPER_DIR=/Applications/Xcode-27.0.0-Release.Candidate.app xcrun xcodebuild -IDEClonedSourcePackagesDirPathOverride=$PWD/.dependencies -skipMacroValidation -skipPackagePluginValidation -derivedDataPath $PWD/.derivedData build -scheme TypographyKit -destination generic/platform=xrOS
Command line invocation:
/Applications/Xcode-27.0.0-Release.Candidate.app/Contents/Developer/usr/bin/xcodebuild -IDEClonedSourcePackagesDirPathOverride=/Users/admin/builder/spi-builder-workspace/.dependencies -skipMacroValidation -skipPackagePluginValidation -derivedDataPath /Users/admin/builder/spi-builder-workspace/.derivedData build -scheme TypographyKit -destination generic/platform=xrOS
Resolve Package Graph
Resolved source packages:
LetterCase: https://github.com/rwbutler/LetterCase @ 2.0.0
TypographyKit: /Users/admin/builder/spi-builder-workspace
ComputePackagePrebuildTargetDependencyGraph
Prepare packages
CreateBuildRequest
SendProjectDescription
CreateBuildOperation
ComputeTargetDependencyGraph
note: Building targets in dependency order
note: Target dependency graph (4 targets)
Target 'TypographyKit-product' in project 'TypographyKit'
➜ Explicit dependency on target 'TypographyKit' in project 'TypographyKit'
➜ Explicit dependency on target 'LetterCase-product' in project 'LetterCase'
Target 'TypographyKit' in project 'TypographyKit'
➜ Explicit dependency on target 'LetterCase-product' in project 'LetterCase'
Target 'LetterCase-product' in project 'LetterCase'
➜ Explicit dependency on target 'LetterCase' in project 'LetterCase'
Target 'LetterCase' in project 'LetterCase' (no dependencies)
GatherProvisioningInputs
CreateBuildDescription
ClangStatCache /Applications/Xcode-27.0.0-Release.Candidate.app/Contents/Developer/Toolchains/XcodeDefault.xctoolchain/usr/bin/clang-stat-cache /Applications/Xcode-27.0.0-Release.Candidate.app/Contents/Developer/Platforms/XROS.platform/Developer/SDKs/XROS27.0.sdk /Users/admin/builder/spi-builder-workspace/.derivedData/SDKStatCaches.noindex/xros27.0-24M361-e829b21a6f8c9b70876ba0858053c044735bd543db762f57723cac368afd1ce4.sdkstatcache
cd /Users/admin/builder/spi-builder-workspace/.swiftpm/xcode
/Applications/Xcode-27.0.0-Release.Candidate.app/Contents/Developer/Toolchains/XcodeDefault.xctoolchain/usr/bin/clang-stat-cache /Applications/Xcode-27.0.0-Release.Candidate.app/Contents/Developer/Platforms/XROS.platform/Developer/SDKs/XROS27.0.sdk -o /Users/admin/builder/spi-builder-workspace/.derivedData/SDKStatCaches.noindex/xros27.0-24M361-e829b21a6f8c9b70876ba0858053c044735bd543db762f57723cac368afd1ce4.sdkstatcache
SwiftDriver TypographyKit normal arm64 com.apple.xcode.tools.swift.compiler (in target 'TypographyKit' from project 'TypographyKit')
cd /Users/admin/builder/spi-builder-workspace/.swiftpm/xcode
builtin-SwiftDriver -- /Applications/Xcode-27.0.0-Release.Candidate.app/Contents/Developer/Toolchains/XcodeDefault.xctoolchain/usr/bin/swiftc -parse-as-library -module-name TypographyKit -Onone @/Users/admin/builder/spi-builder-workspace/.derivedData/Build/Intermediates.noindex/TypographyKit.build/Debug-xros/TypographyKit-t.build/Objects-normal/arm64/TypographyKit.SwiftFileList -DSWIFT_PACKAGE -DDEBUG -DSWIFT_MODULE_RESOURCE_BUNDLE_UNAVAILABLE -DXcode -plugin-path /Applications/Xcode-27.0.0-Release.Candidate.app/Contents/Developer/Toolchains/XcodeDefault.xctoolchain/usr/lib/swift/host/plugins/testing -enable-experimental-feature DebugDescriptionMacro -sdk /Applications/Xcode-27.0.0-Release.Candidate.app/Contents/Developer/Platforms/XROS.platform/Developer/SDKs/XROS27.0.sdk -target arm64-apple-xros1.0 -g -module-cache-path /Users/admin/builder/spi-builder-workspace/.derivedData/ModuleCache.noindex -Xfrontend -serialize-debugging-options -enable-testing -index-store-path /Users/admin/builder/spi-builder-workspace/.derivedData/Index.noindex/DataStore -Xcc -D_LIBCPP_HARDENING_MODE\=_LIBCPP_HARDENING_MODE_DEBUG -swift-version 5 -I /Users/admin/builder/spi-builder-workspace/.derivedData/Build/Products/Debug-xros -Isystem /Applications/Xcode-27.0.0-Release.Candidate.app/Contents/Developer/Platforms/XROS.platform/Developer/usr/lib -F /Users/admin/builder/spi-builder-workspace/.derivedData/Build/Products/Debug-xros/PackageFrameworks -F /Users/admin/builder/spi-builder-workspace/.derivedData/Build/Products/Debug-xros -F /Applications/Xcode-27.0.0-Release.Candidate.app/Contents/Developer/Platforms/XROS.platform/Developer/Library/Frameworks -F /Applications/Xcode-27.0.0-Release.Candidate.app/Contents/Developer/Platforms/XROS.platform/Developer/SDKs/XROS27.0.sdk/Developer/Library/Frameworks -c -j10 -enable-batch-mode -incremental -Xcc -ivfsstatcache -Xcc /Users/admin/builder/spi-builder-workspace/.derivedData/SDKStatCaches.noindex/xros27.0-24M361-e829b21a6f8c9b70876ba0858053c044735bd543db762f57723cac368afd1ce4.sdkstatcache -output-file-map /Users/admin/builder/spi-builder-workspace/.derivedData/Build/Intermediates.noindex/TypographyKit.build/Debug-xros/TypographyKit-t.build/Objects-normal/arm64/TypographyKit-OutputFileMap.json -save-temps -no-color-diagnostics -explicit-module-build -module-cache-path /Users/admin/builder/spi-builder-workspace/.derivedData/Build/Intermediates.noindex/SwiftExplicitPrecompiledModules -clang-scanner-module-cache-path /Users/admin/builder/spi-builder-workspace/.derivedData/ModuleCache.noindex -sdk-module-cache-path /Users/admin/builder/spi-builder-workspace/.derivedData/SDKExplicitPrecompiledModules -emit-dependencies -emit-module -emit-module-path /Users/admin/builder/spi-builder-workspace/.derivedData/Build/Intermediates.noindex/TypographyKit.build/Debug-xros/TypographyKit-t.build/Objects-normal/arm64/TypographyKit.swiftmodule -serialize-diagnostics -dependency-scan-serialize-diagnostics-path /Users/admin/builder/spi-builder-workspace/.derivedData/Build/Intermediates.noindex/TypographyKit.build/Debug-xros/TypographyKit-t.build/Objects-normal/arm64/TypographyKit-dependency-scan.dia -validate-clang-modules-once -clang-build-session-file /Users/admin/builder/spi-builder-workspace/.derivedData/ModuleCache.noindex/Session.modulevalidation -Xcc -fmodules-prune-interval\=86400 -Xcc -fmodules-prune-after\=345600 -emit-const-values -const-gather-protocols-list /Users/admin/builder/spi-builder-workspace/.derivedData/Build/Intermediates.noindex/TypographyKit.build/Debug-xros/TypographyKit-t.build/Objects-normal/arm64/TypographyKit_const_extract_protocols.json -Xcc -I/Users/admin/builder/spi-builder-workspace/.derivedData/Build/Products/Debug-xros/include -Xcc -I/Users/admin/builder/spi-builder-workspace/.derivedData/Build/Intermediates.noindex/TypographyKit.build/Debug-xros/TypographyKit-t.build/DerivedSources-normal/arm64 -Xcc -I/Users/admin/builder/spi-builder-workspace/.derivedData/Build/Intermediates.noindex/TypographyKit.build/Debug-xros/TypographyKit-t.build/DerivedSources/arm64 -Xcc -I/Users/admin/builder/spi-builder-workspace/.derivedData/Build/Intermediates.noindex/TypographyKit.build/Debug-xros/TypographyKit-t.build/DerivedSources -Xcc -DSWIFT_PACKAGE -Xcc -DDEBUG\=1 -emit-objc-header -emit-objc-header-path /Users/admin/builder/spi-builder-workspace/.derivedData/Build/Intermediates.noindex/TypographyKit.build/Debug-xros/TypographyKit-t.build/Objects-normal/arm64/TypographyKit-Swift.h -working-directory /Users/admin/builder/spi-builder-workspace/.swiftpm/xcode -experimental-emit-module-separately -disable-cmo
SwiftCompile normal arm64 Compiling\ ConfigurationKey.swift,\ ConfigurationParsingError.swift,\ ConfigurationType.swift,\ FontTextStyleParser.swift /Users/admin/builder/spi-builder-workspace/TypographyKit/Classes/ConfigurationKey.swift /Users/admin/builder/spi-builder-workspace/TypographyKit/Classes/ConfigurationParsingError.swift /Users/admin/builder/spi-builder-workspace/TypographyKit/Classes/ConfigurationType.swift /Users/admin/builder/spi-builder-workspace/TypographyKit/Classes/FontTextStyleParser.swift (in target 'TypographyKit' from project 'TypographyKit')
SwiftCompile normal arm64 /Users/admin/builder/spi-builder-workspace/TypographyKit/Classes/ConfigurationKey.swift (in target 'TypographyKit' from project 'TypographyKit')
cd /Users/admin/builder/spi-builder-workspace/.swiftpm/xcode
builtin-SwiftPerFileCompile ConfigurationKey.swift
SwiftCompile normal arm64 /Users/admin/builder/spi-builder-workspace/TypographyKit/Classes/ConfigurationParsingError.swift (in target 'TypographyKit' from project 'TypographyKit')
cd /Users/admin/builder/spi-builder-workspace/.swiftpm/xcode
builtin-SwiftPerFileCompile ConfigurationParsingError.swift
SwiftCompile normal arm64 /Users/admin/builder/spi-builder-workspace/TypographyKit/Classes/ConfigurationType.swift (in target 'TypographyKit' from project 'TypographyKit')
cd /Users/admin/builder/spi-builder-workspace/.swiftpm/xcode
builtin-SwiftPerFileCompile ConfigurationType.swift
SwiftCompile normal arm64 /Users/admin/builder/spi-builder-workspace/TypographyKit/Classes/FontTextStyleParser.swift (in target 'TypographyKit' from project 'TypographyKit')
cd /Users/admin/builder/spi-builder-workspace/.swiftpm/xcode
builtin-SwiftPerFileCompile FontTextStyleParser.swift
SwiftCompile normal arm64 Compiling\ ParsingError.swift,\ ParsingService.swift,\ String+RegularExpressionMatchable.swift,\ StringAdditions.swift /Users/admin/builder/spi-builder-workspace/TypographyKit/Classes/ParsingError.swift /Users/admin/builder/spi-builder-workspace/TypographyKit/Classes/ParsingService.swift /Users/admin/builder/spi-builder-workspace/TypographyKit/Classes/String+RegularExpressionMatchable.swift /Users/admin/builder/spi-builder-workspace/TypographyKit/Classes/StringAdditions.swift (in target 'TypographyKit' from project 'TypographyKit')
SwiftCompile normal arm64 /Users/admin/builder/spi-builder-workspace/TypographyKit/Classes/ParsingError.swift (in target 'TypographyKit' from project 'TypographyKit')
cd /Users/admin/builder/spi-builder-workspace/.swiftpm/xcode
builtin-SwiftPerFileCompile ParsingError.swift
SwiftCompile normal arm64 /Users/admin/builder/spi-builder-workspace/TypographyKit/Classes/ParsingService.swift (in target 'TypographyKit' from project 'TypographyKit')
cd /Users/admin/builder/spi-builder-workspace/.swiftpm/xcode
builtin-SwiftPerFileCompile ParsingService.swift
SwiftCompile normal arm64 /Users/admin/builder/spi-builder-workspace/TypographyKit/Classes/String+RegularExpressionMatchable.swift (in target 'TypographyKit' from project 'TypographyKit')
cd /Users/admin/builder/spi-builder-workspace/.swiftpm/xcode
builtin-SwiftPerFileCompile String+RegularExpressionMatchable.swift
SwiftCompile normal arm64 /Users/admin/builder/spi-builder-workspace/TypographyKit/Classes/StringAdditions.swift (in target 'TypographyKit' from project 'TypographyKit')
cd /Users/admin/builder/spi-builder-workspace/.swiftpm/xcode
builtin-SwiftPerFileCompile StringAdditions.swift
SwiftCompile normal arm64 Compiling\ ButtonSettings.swift,\ ButtonTitleColorApplyMode.swift,\ CloseButtonAlignment.swift,\ ColorParser.swift /Users/admin/builder/spi-builder-workspace/TypographyKit/Classes/ButtonSettings.swift /Users/admin/builder/spi-builder-workspace/TypographyKit/Classes/ButtonTitleColorApplyMode.swift /Users/admin/builder/spi-builder-workspace/TypographyKit/Classes/CloseButtonAlignment.swift /Users/admin/builder/spi-builder-workspace/TypographyKit/Classes/ColorParser.swift (in target 'TypographyKit' from project 'TypographyKit')
SwiftCompile normal arm64 /Users/admin/builder/spi-builder-workspace/TypographyKit/Classes/ButtonSettings.swift (in target 'TypographyKit' from project 'TypographyKit')
cd /Users/admin/builder/spi-builder-workspace/.swiftpm/xcode
builtin-SwiftPerFileCompile ButtonSettings.swift
SwiftCompile normal arm64 /Users/admin/builder/spi-builder-workspace/TypographyKit/Classes/ButtonTitleColorApplyMode.swift (in target 'TypographyKit' from project 'TypographyKit')
cd /Users/admin/builder/spi-builder-workspace/.swiftpm/xcode
builtin-SwiftPerFileCompile ButtonTitleColorApplyMode.swift
SwiftCompile normal arm64 /Users/admin/builder/spi-builder-workspace/TypographyKit/Classes/CloseButtonAlignment.swift (in target 'TypographyKit' from project 'TypographyKit')
cd /Users/admin/builder/spi-builder-workspace/.swiftpm/xcode
builtin-SwiftPerFileCompile CloseButtonAlignment.swift
SwiftCompile normal arm64 /Users/admin/builder/spi-builder-workspace/TypographyKit/Classes/ColorParser.swift (in target 'TypographyKit' from project 'TypographyKit')
cd /Users/admin/builder/spi-builder-workspace/.swiftpm/xcode
builtin-SwiftPerFileCompile ColorParser.swift
SwiftCompile normal arm64 Compiling\ JSONParsingService.swift,\ LabelSettings.swift,\ LoggingService.swift,\ NSLineBreakMode.swift /Users/admin/builder/spi-builder-workspace/TypographyKit/Classes/JSONParsingService.swift /Users/admin/builder/spi-builder-workspace/TypographyKit/Classes/LabelSettings.swift /Users/admin/builder/spi-builder-workspace/TypographyKit/Classes/LoggingService.swift /Users/admin/builder/spi-builder-workspace/TypographyKit/Classes/NSLineBreakMode.swift (in target 'TypographyKit' from project 'TypographyKit')
/Users/admin/builder/spi-builder-workspace/TypographyKit/Classes/LabelSettings.swift:27:1: warning: extension declares a conformance of imported type 'NSLineBreakMode' to imported protocols 'Decodable', 'Encodable'; this will not behave correctly if the owners of 'UIKit' introduce this conformance in the future
25 | }
26 |
27 | extension NSLineBreakMode: Codable {}
| |- warning: extension declares a conformance of imported type 'NSLineBreakMode' to imported protocols 'Decodable', 'Encodable'; this will not behave correctly if the owners of 'UIKit' introduce this conformance in the future
| `- note: add '@retroactive' to silence this warning
28 |
SwiftCompile normal arm64 /Users/admin/builder/spi-builder-workspace/TypographyKit/Classes/JSONParsingService.swift (in target 'TypographyKit' from project 'TypographyKit')
cd /Users/admin/builder/spi-builder-workspace/.swiftpm/xcode
builtin-SwiftPerFileCompile JSONParsingService.swift
SwiftCompile normal arm64 /Users/admin/builder/spi-builder-workspace/TypographyKit/Classes/LabelSettings.swift (in target 'TypographyKit' from project 'TypographyKit')
cd /Users/admin/builder/spi-builder-workspace/.swiftpm/xcode
builtin-SwiftPerFileCompile LabelSettings.swift
SwiftCompile normal arm64 /Users/admin/builder/spi-builder-workspace/TypographyKit/Classes/LoggingService.swift (in target 'TypographyKit' from project 'TypographyKit')
cd /Users/admin/builder/spi-builder-workspace/.swiftpm/xcode
builtin-SwiftPerFileCompile LoggingService.swift
SwiftCompile normal arm64 /Users/admin/builder/spi-builder-workspace/TypographyKit/Classes/NSLineBreakMode.swift (in target 'TypographyKit' from project 'TypographyKit')
cd /Users/admin/builder/spi-builder-workspace/.swiftpm/xcode
builtin-SwiftPerFileCompile NSLineBreakMode.swift
SwiftCompile normal arm64 Compiling\ TypographyKitViewControllerDelegate.swift,\ TypographyStyles.swift,\ UIButtonAdditions.swift,\ UIColorAdditions.swift /Users/admin/builder/spi-builder-workspace/TypographyKit/Classes/TypographyKitViewControllerDelegate.swift /Users/admin/builder/spi-builder-workspace/TypographyKit/Classes/TypographyStyles.swift /Users/admin/builder/spi-builder-workspace/TypographyKit/Classes/UIButtonAdditions.swift /Users/admin/builder/spi-builder-workspace/TypographyKit/Classes/UIColorAdditions.swift (in target 'TypographyKit' from project 'TypographyKit')
SwiftCompile normal arm64 /Users/admin/builder/spi-builder-workspace/TypographyKit/Classes/TypographyKitViewControllerDelegate.swift (in target 'TypographyKit' from project 'TypographyKit')
cd /Users/admin/builder/spi-builder-workspace/.swiftpm/xcode
builtin-SwiftPerFileCompile TypographyKitViewControllerDelegate.swift
SwiftCompile normal arm64 /Users/admin/builder/spi-builder-workspace/TypographyKit/Classes/TypographyStyles.swift (in target 'TypographyKit' from project 'TypographyKit')
cd /Users/admin/builder/spi-builder-workspace/.swiftpm/xcode
builtin-SwiftPerFileCompile TypographyStyles.swift
SwiftCompile normal arm64 /Users/admin/builder/spi-builder-workspace/TypographyKit/Classes/UIButtonAdditions.swift (in target 'TypographyKit' from project 'TypographyKit')
cd /Users/admin/builder/spi-builder-workspace/.swiftpm/xcode
builtin-SwiftPerFileCompile UIButtonAdditions.swift
SwiftCompile normal arm64 /Users/admin/builder/spi-builder-workspace/TypographyKit/Classes/UIColorAdditions.swift (in target 'TypographyKit' from project 'TypographyKit')
cd /Users/admin/builder/spi-builder-workspace/.swiftpm/xcode
builtin-SwiftPerFileCompile UIColorAdditions.swift
SwiftCompile normal arm64 Compiling\ TypographyKitElement.swift,\ TypographyKitPropertyAdditionsKey.swift,\ TypographyKitSettings.swift,\ TypographyKitViewController.swift /Users/admin/builder/spi-builder-workspace/TypographyKit/Classes/TypographyKitElement.swift /Users/admin/builder/spi-builder-workspace/TypographyKit/Classes/TypographyKitPropertyAdditionsKey.swift /Users/admin/builder/spi-builder-workspace/TypographyKit/Classes/TypographyKitSettings.swift /Users/admin/builder/spi-builder-workspace/TypographyKit/Classes/TypographyKitViewController.swift (in target 'TypographyKit' from project 'TypographyKit')
/Users/admin/builder/spi-builder-workspace/TypographyKit/Classes/TypographyKitViewController.swift:126:108: error: ambiguous use of 'export'
124 | target: self,
125 | action: #selector(close))
126 | let exportButton = UIBarButtonItem(title: "Export", style: .plain, target: self, action: #selector(export))
| `- error: ambiguous use of 'export'
127 | let closeButtonAlignment = navigationSettings?.closeButtonAlignment ?? .closeButtonLeftExportButtonRight
128 | switch closeButtonAlignment {
:
183 | }
184 |
185 | @objc func export() {
| `- note: found this candidate
186 | var deltaY: CGFloat = 0
187 | var pageY: CGFloat = 0
/Applications/Xcode-27.0.0-Release.Candidate.app/Contents/Developer/Platforms/XROS.platform/Developer/SDKs/XROS27.0.sdk/System/Library/Frameworks/UIKit.framework/Headers/UIResponder.h:70:1: note: found this candidate in module 'UIKit'
68 | - (void)duplicate:(nullable id)sender API_AVAILABLE(ios(16.0)) API_UNAVAILABLE(watchos);
69 | - (void)move:(nullable id)sender API_AVAILABLE(ios(16.0)) API_UNAVAILABLE(watchos);
70 | - (void)export:(nullable id)sender API_AVAILABLE(ios(16.0)) API_UNAVAILABLE(watchos);
| `- note: found this candidate in module 'UIKit'
71 |
72 | - (void)toggleSidebar:(nullable id)sender API_AVAILABLE(ios(15.0)) API_UNAVAILABLE(watchos);
Failed frontend command:
SwiftCompile normal arm64 /Users/admin/builder/spi-builder-workspace/TypographyKit/Classes/TypographyKitElement.swift (in target 'TypographyKit' from project 'TypographyKit')
cd /Users/admin/builder/spi-builder-workspace/.swiftpm/xcode
builtin-SwiftPerFileCompile TypographyKitElement.swift
SwiftCompile normal arm64 /Users/admin/builder/spi-builder-workspace/TypographyKit/Classes/TypographyKitPropertyAdditionsKey.swift (in target 'TypographyKit' from project 'TypographyKit')
cd /Users/admin/builder/spi-builder-workspace/.swiftpm/xcode
builtin-SwiftPerFileCompile TypographyKitPropertyAdditionsKey.swift
SwiftCompile normal arm64 /Users/admin/builder/spi-builder-workspace/TypographyKit/Classes/TypographyKitSettings.swift (in target 'TypographyKit' from project 'TypographyKit')
cd /Users/admin/builder/spi-builder-workspace/.swiftpm/xcode
builtin-SwiftPerFileCompile TypographyKitSettings.swift
SwiftCompile normal arm64 /Users/admin/builder/spi-builder-workspace/TypographyKit/Classes/TypographyKitViewController.swift (in target 'TypographyKit' from project 'TypographyKit')
cd /Users/admin/builder/spi-builder-workspace/.swiftpm/xcode
builtin-SwiftPerFileCompile TypographyKitViewController.swift
/Applications/Xcode-27.0.0-Release.Candidate.app/Contents/Developer/Toolchains/XcodeDefault.xctoolchain/usr/bin/swift-frontend -frontend -c /Users/admin/builder/spi-builder-workspace/TypographyKit/Classes/ButtonSettings.swift /Users/admin/builder/spi-builder-workspace/TypographyKit/Classes/ButtonTitleColorApplyMode.swift /Users/admin/builder/spi-builder-workspace/TypographyKit/Classes/CloseButtonAlignment.swift /Users/admin/builder/spi-builder-workspace/TypographyKit/Classes/ColorParser.swift /Users/admin/builder/spi-builder-workspace/TypographyKit/Classes/ConfigurationKey.swift /Users/admin/builder/spi-builder-workspace/TypographyKit/Classes/ConfigurationParsingError.swift /Users/admin/builder/spi-builder-workspace/TypographyKit/Classes/ConfigurationType.swift /Users/admin/builder/spi-builder-workspace/TypographyKit/Classes/FontTextStyleParser.swift /Users/admin/builder/spi-builder-workspace/TypographyKit/Classes/JSONParsingService.swift /Users/admin/builder/spi-builder-workspace/TypographyKit/Classes/LabelSettings.swift /Users/admin/builder/spi-builder-workspace/TypographyKit/Classes/LoggingService.swift /Users/admin/builder/spi-builder-workspace/TypographyKit/Classes/NSLineBreakMode.swift /Users/admin/builder/spi-builder-workspace/TypographyKit/Classes/ParsingError.swift /Users/admin/builder/spi-builder-workspace/TypographyKit/Classes/ParsingService.swift /Users/admin/builder/spi-builder-workspace/TypographyKit/Classes/PropertyListParsingService.swift /Users/admin/builder/spi-builder-workspace/TypographyKit/Classes/RegularExpressionMatchable.swift /Users/admin/builder/spi-builder-workspace/TypographyKit/Classes/ScalingMode.swift /Users/admin/builder/spi-builder-workspace/TypographyKit/Classes/StrategicConfigurationParsingService.swift /Users/admin/builder/spi-builder-workspace/TypographyKit/Classes/String+RegularExpressionMatchable.swift /Users/admin/builder/spi-builder-workspace/TypographyKit/Classes/StringAdditions.swift /Users/admin/builder/spi-builder-workspace/TypographyKit/Classes/Typography.swift /Users/admin/builder/spi-builder-workspace/TypographyKit/Classes/TypographyColor.swift /Users/admin/builder/spi-builder-workspace/TypographyKit/Classes/TypographyColors.swift /Users/admin/builder/spi-builder-workspace/TypographyKit/Classes/TypographyInterfaceStyle.swift /Users/admin/builder/spi-builder-workspace/TypographyKit/Classes/TypographyKit.swift /Users/admin/builder/spi-builder-workspace/TypographyKit/Classes/TypographyKitColorCell.swift /Users/admin/builder/spi-builder-workspace/TypographyKit/Classes/TypographyKitColorsViewController.swift /Users/admin/builder/spi-builder-workspace/TypographyKit/Classes/TypographyKitConfiguration.swift -primary-file /Users/admin/builder/spi-builder-workspace/TypographyKit/Classes/TypographyKitElement.swift -primary-file /Users/admin/builder/spi-builder-workspace/TypographyKit/Classes/TypographyKitPropertyAdditionsKey.swift -primary-file /Users/admin/builder/spi-builder-workspace/TypographyKit/Classes/TypographyKitSettings.swift -primary-file /Users/admin/builder/spi-builder-workspace/TypographyKit/Classes/TypographyKitViewController.swift /Users/admin/builder/spi-builder-workspace/TypographyKit/Classes/TypographyKitViewControllerDelegate.swift /Users/admin/builder/spi-builder-workspace/TypographyKit/Classes/TypographyStyles.swift /Users/admin/builder/spi-builder-workspace/TypographyKit/Classes/UIButtonAdditions.swift /Users/admin/builder/spi-builder-workspace/TypographyKit/Classes/UIColorAdditions.swift /Users/admin/builder/spi-builder-workspace/TypographyKit/Classes/UIControlState.swift /Users/admin/builder/spi-builder-workspace/TypographyKit/Classes/UILabelAdditions.swift /Users/admin/builder/spi-builder-workspace/TypographyKit/Classes/UITextFieldAdditions.swift /Users/admin/builder/spi-builder-workspace/TypographyKit/Classes/UITextViewAdditions.swift /Users/admin/builder/spi-builder-workspace/TypographyKit/Classes/ViewAdditions.swift /Users/admin/builder/spi-builder-workspace/TypographyKit/Classes/ViewControllerNavigationSettings.swift -supplementary-output-file-map /Users/admin/builder/spi-builder-workspace/.derivedData/Build/Intermediates.noindex/TypographyKit.build/Debug-xros/TypographyKit-t.build/Objects-normal/arm64/supplementaryOutputs-7 -target arm64-apple-xros1.0 -module-can-import-version SwiftUI 8.0.84.1 8.0.84 -disable-cross-import-overlay-search -load-resolved-plugin /Applications/Xcode-27.0.0-Release.Candidate.app/Contents/Developer/Platforms/XROS.platform/Developer/usr/lib/swift/host/plugins/libFoundationMacros.dylib\#/Applications/Xcode-27.0.0-Release.Candidate.app/Contents/Developer/Platforms/XROS.platform/Developer/usr/bin/swift-plugin-server\#FoundationMacros -load-resolved-plugin /Applications/Xcode-27.0.0-Release.Candidate.app/Contents/Developer/Platforms/XROS.platform/Developer/usr/lib/swift/host/plugins/libObservationMacros.dylib\#/Applications/Xcode-27.0.0-Release.Candidate.app/Contents/Developer/Platforms/XROS.platform/Developer/usr/bin/swift-plugin-server\#ObservationMacros -load-resolved-plugin /Applications/Xcode-27.0.0-Release.Candidate.app/Contents/Developer/Platforms/XROS.platform/Developer/usr/lib/swift/host/plugins/libPreviewsMacros.dylib\#/Applications/Xcode-27.0.0-Release.Candidate.app/Contents/Developer/Platforms/XROS.platform/Developer/usr/bin/swift-plugin-server\#PreviewsMacros -load-resolved-plugin /Applications/Xcode-27.0.0-Release.Candidate.app/Contents/Developer/Platforms/XROS.platform/Developer/usr/lib/swift/host/plugins/libSwiftMacros.dylib\#/Applications/Xcode-27.0.0-Release.Candidate.app/Contents/Developer/Platforms/XROS.platform/Developer/usr/bin/swift-plugin-server\#SwiftMacros -load-resolved-plugin /Applications/Xcode-27.0.0-Release.Candidate.app/Contents/Developer/Platforms/XROS.platform/Developer/usr/lib/swift/host/plugins/libSwiftUIMacros.dylib\#/Applications/Xcode-27.0.0-Release.Candidate.app/Contents/Developer/Platforms/XROS.platform/Developer/usr/bin/swift-plugin-server\#SwiftUIMacros -disable-implicit-swift-modules -Xcc -fno-implicit-modules -Xcc -fno-implicit-module-maps -explicit-swift-module-map-file /Users/admin/builder/spi-builder-workspace/.derivedData/Build/Intermediates.noindex/TypographyKit.build/Debug-xros/TypographyKit-t.build/Objects-normal/arm64/TypographyKit-dependencies-1.json -Xllvm -aarch64-use-tbi -enable-objc-interop -stack-check -sdk /Applications/Xcode-27.0.0-Release.Candidate.app/Contents/Developer/Platforms/XROS.platform/Developer/SDKs/XROS27.0.sdk -I /Users/admin/builder/spi-builder-workspace/.derivedData/Build/Products/Debug-xros -Isystem /Applications/Xcode-27.0.0-Release.Candidate.app/Contents/Developer/Platforms/XROS.platform/Developer/usr/lib -F /Users/admin/builder/spi-builder-workspace/.derivedData/Build/Products/Debug-xros/PackageFrameworks -F /Users/admin/builder/spi-builder-workspace/.derivedData/Build/Products/Debug-xros -F /Applications/Xcode-27.0.0-Release.Candidate.app/Contents/Developer/Platforms/XROS.platform/Developer/Library/Frameworks -F /Applications/Xcode-27.0.0-Release.Candidate.app/Contents/Developer/Platforms/XROS.platform/Developer/SDKs/XROS27.0.sdk/Developer/Library/Frameworks -module-cache-path /Users/admin/builder/spi-builder-workspace/.derivedData/Build/Intermediates.noindex/SwiftExplicitPrecompiledModules -no-color-diagnostics -Xcc -fno-color-diagnostics -enable-testing -g -debug-info-format\=dwarf -dwarf-version\=4 -swift-version 5 -Onone -D SWIFT_PACKAGE -D DEBUG -D SWIFT_MODULE_RESOURCE_BUNDLE_UNAVAILABLE -D Xcode -serialize-debugging-options -enable-experimental-feature DebugDescriptionMacro -empty-abi-descriptor -validate-clang-modules-once -clang-build-session-file /Users/admin/builder/spi-builder-workspace/.derivedData/ModuleCache.noindex/Session.modulevalidation -Xcc -working-directory -Xcc /Users/admin/builder/spi-builder-workspace/.swiftpm/xcode -enable-anonymous-context-mangled-names -file-compilation-dir /Users/admin/builder/spi-builder-workspace/.swiftpm/xcode -Xcc -D_LIBCPP_HARDENING_MODE\=_LIBCPP_HARDENING_MODE_DEBUG -Xcc -ivfsstatcache -Xcc /Users/admin/builder/spi-builder-workspace/.derivedData/SDKStatCaches.noindex/xros27.0-24M361-e829b21a6f8c9b70876ba0858053c044735bd543db762f57723cac368afd1ce4.sdkstatcache -Xcc -fmodules-prune-interval\=86400 -Xcc -fmodules-prune-after\=345600 -Xcc -I/Users/admin/builder/spi-builder-workspace/.derivedData/Build/Products/Debug-xros/include -Xcc -I/Users/admin/builder/spi-builder-workspace/.derivedData/Build/Intermediates.noindex/TypographyKit.build/Debug-xros/TypographyKit-t.build/DerivedSources-normal/arm64 -Xcc -I/Users/admin/builder/spi-builder-workspace/.derivedData/Build/Intermediates.noindex/TypographyKit.build/Debug-xros/TypographyKit-t.build/DerivedSources/arm64 -Xcc -I/Users/admin/builder/spi-builder-workspace/.derivedData/Build/Intermediates.noindex/TypographyKit.build/Debug-xros/TypographyKit-t.build/DerivedSources -Xcc -DSWIFT_PACKAGE -Xcc -DDEBUG\=1 -no-auto-bridging-header-chaining -module-name TypographyKit -const-gather-protocols-file /Users/admin/builder/spi-builder-workspace/.derivedData/Build/Intermediates.noindex/TypographyKit.build/Debug-xros/TypographyKit-t.build/Objects-normal/arm64/TypographyKit_const_extract_protocols.json -disable-clang-spi -clang-target arm64-apple-xros27.0 -target-sdk-version 27.0 -target-sdk-name xros27.0 -in-process-plugin-server-path /Applications/Xcode-27.0.0-Release.Candidate.app/Contents/Developer/Toolchains/XcodeDefault.xctoolchain/usr/lib/swift/host/libSwiftInProcPluginServer.dylib -parse-as-library -o /Users/admin/builder/spi-builder-workspace/.derivedData/Build/Intermediates.noindex/TypographyKit.build/Debug-xros/TypographyKit-t.build/Objects-normal/arm64/TypographyKitElement.o -o /Users/admin/builder/spi-builder-workspace/.derivedData/Build/Intermediates.noindex/TypographyKit.build/Debug-xros/TypographyKit-t.build/Objects-normal/arm64/TypographyKitPropertyAdditionsKey.o -o /Users/admin/builder/spi-builder-workspace/.derivedData/Build/Intermediates.noindex/TypographyKit.build/Debug-xros/TypographyKit-t.build/Objects-normal/arm64/TypographyKitSettings.o -o /Users/admin/builder/spi-builder-workspace/.derivedData/Build/Intermediates.noindex/TypographyKit.build/Debug-xros/TypographyKit-t.build/Objects-normal/arm64/TypographyKitViewController.o -debug-module-path /Users/admin/builder/spi-builder-workspace/.derivedData/Build/Intermediates.noindex/TypographyKit.build/Debug-xros/TypographyKit-t.build/Objects-normal/arm64/TypographyKit.swiftmodule -index-unit-output-path /TypographyKit.build/Debug-xros/TypographyKit-t.build/Objects-normal/arm64/TypographyKitElement.o -index-unit-output-path /TypographyKit.build/Debug-xros/TypographyKit-t.build/Objects-normal/arm64/TypographyKitPropertyAdditionsKey.o -index-unit-output-path /TypographyKit.build/Debug-xros/TypographyKit-t.build/Objects-normal/arm64/TypographyKitSettings.o -index-unit-output-path /TypographyKit.build/Debug-xros/TypographyKit-t.build/Objects-normal/arm64/TypographyKitViewController.o -index-store-path /Users/admin/builder/spi-builder-workspace/.derivedData/Index.noindex/DataStore -index-system-modules
SwiftCompile normal arm64 Compiling\ Typography.swift,\ TypographyColor.swift,\ TypographyColors.swift,\ TypographyInterfaceStyle.swift /Users/admin/builder/spi-builder-workspace/TypographyKit/Classes/Typography.swift /Users/admin/builder/spi-builder-workspace/TypographyKit/Classes/TypographyColor.swift /Users/admin/builder/spi-builder-workspace/TypographyKit/Classes/TypographyColors.swift /Users/admin/builder/spi-builder-workspace/TypographyKit/Classes/TypographyInterfaceStyle.swift (in target 'TypographyKit' from project 'TypographyKit')
SwiftCompile normal arm64 /Users/admin/builder/spi-builder-workspace/TypographyKit/Classes/Typography.swift (in target 'TypographyKit' from project 'TypographyKit')
cd /Users/admin/builder/spi-builder-workspace/.swiftpm/xcode
builtin-SwiftPerFileCompile Typography.swift
SwiftCompile normal arm64 /Users/admin/builder/spi-builder-workspace/TypographyKit/Classes/TypographyColor.swift (in target 'TypographyKit' from project 'TypographyKit')
cd /Users/admin/builder/spi-builder-workspace/.swiftpm/xcode
builtin-SwiftPerFileCompile TypographyColor.swift
SwiftCompile normal arm64 /Users/admin/builder/spi-builder-workspace/TypographyKit/Classes/TypographyColors.swift (in target 'TypographyKit' from project 'TypographyKit')
cd /Users/admin/builder/spi-builder-workspace/.swiftpm/xcode
builtin-SwiftPerFileCompile TypographyColors.swift
SwiftCompile normal arm64 /Users/admin/builder/spi-builder-workspace/TypographyKit/Classes/TypographyInterfaceStyle.swift (in target 'TypographyKit' from project 'TypographyKit')
cd /Users/admin/builder/spi-builder-workspace/.swiftpm/xcode
builtin-SwiftPerFileCompile TypographyInterfaceStyle.swift
SwiftEmitModule normal arm64 Emitting\ module\ for\ TypographyKit (in target 'TypographyKit' from project 'TypographyKit')
SwiftCompile normal arm64 (in target 'TypographyKit' from project 'TypographyKit')
cd /Users/admin/builder/spi-builder-workspace/.swiftpm/xcode
SwiftCompile normal arm64 Compiling\ UIControlState.swift,\ UILabelAdditions.swift,\ UITextFieldAdditions.swift /Users/admin/builder/spi-builder-workspace/TypographyKit/Classes/UIControlState.swift /Users/admin/builder/spi-builder-workspace/TypographyKit/Classes/UILabelAdditions.swift /Users/admin/builder/spi-builder-workspace/TypographyKit/Classes/UITextFieldAdditions.swift (in target 'TypographyKit' from project 'TypographyKit')
SwiftCompile normal arm64 /Users/admin/builder/spi-builder-workspace/TypographyKit/Classes/UIControlState.swift (in target 'TypographyKit' from project 'TypographyKit')
cd /Users/admin/builder/spi-builder-workspace/.swiftpm/xcode
builtin-SwiftPerFileCompile UIControlState.swift
SwiftCompile normal arm64 /Users/admin/builder/spi-builder-workspace/TypographyKit/Classes/UILabelAdditions.swift (in target 'TypographyKit' from project 'TypographyKit')
cd /Users/admin/builder/spi-builder-workspace/.swiftpm/xcode
builtin-SwiftPerFileCompile UILabelAdditions.swift
SwiftCompile normal arm64 /Users/admin/builder/spi-builder-workspace/TypographyKit/Classes/UITextFieldAdditions.swift (in target 'TypographyKit' from project 'TypographyKit')
cd /Users/admin/builder/spi-builder-workspace/.swiftpm/xcode
builtin-SwiftPerFileCompile UITextFieldAdditions.swift
SwiftCompile normal arm64 Compiling\ UITextViewAdditions.swift,\ ViewAdditions.swift,\ ViewControllerNavigationSettings.swift /Users/admin/builder/spi-builder-workspace/TypographyKit/Classes/UITextViewAdditions.swift /Users/admin/builder/spi-builder-workspace/TypographyKit/Classes/ViewAdditions.swift /Users/admin/builder/spi-builder-workspace/TypographyKit/Classes/ViewControllerNavigationSettings.swift (in target 'TypographyKit' from project 'TypographyKit')
SwiftCompile normal arm64 /Users/admin/builder/spi-builder-workspace/TypographyKit/Classes/UITextViewAdditions.swift (in target 'TypographyKit' from project 'TypographyKit')
cd /Users/admin/builder/spi-builder-workspace/.swiftpm/xcode
builtin-SwiftPerFileCompile UITextViewAdditions.swift
SwiftCompile normal arm64 /Users/admin/builder/spi-builder-workspace/TypographyKit/Classes/ViewAdditions.swift (in target 'TypographyKit' from project 'TypographyKit')
cd /Users/admin/builder/spi-builder-workspace/.swiftpm/xcode
builtin-SwiftPerFileCompile ViewAdditions.swift
SwiftCompile normal arm64 /Users/admin/builder/spi-builder-workspace/TypographyKit/Classes/ViewControllerNavigationSettings.swift (in target 'TypographyKit' from project 'TypographyKit')
cd /Users/admin/builder/spi-builder-workspace/.swiftpm/xcode
builtin-SwiftPerFileCompile ViewControllerNavigationSettings.swift
SwiftCompile normal arm64 Compiling\ TypographyKit.swift,\ TypographyKitColorCell.swift,\ TypographyKitColorsViewController.swift,\ TypographyKitConfiguration.swift /Users/admin/builder/spi-builder-workspace/TypographyKit/Classes/TypographyKit.swift /Users/admin/builder/spi-builder-workspace/TypographyKit/Classes/TypographyKitColorCell.swift /Users/admin/builder/spi-builder-workspace/TypographyKit/Classes/TypographyKitColorsViewController.swift /Users/admin/builder/spi-builder-workspace/TypographyKit/Classes/TypographyKitConfiguration.swift (in target 'TypographyKit' from project 'TypographyKit')
SwiftCompile normal arm64 /Users/admin/builder/spi-builder-workspace/TypographyKit/Classes/TypographyKit.swift (in target 'TypographyKit' from project 'TypographyKit')
cd /Users/admin/builder/spi-builder-workspace/.swiftpm/xcode
builtin-SwiftPerFileCompile TypographyKit.swift
SwiftCompile normal arm64 /Users/admin/builder/spi-builder-workspace/TypographyKit/Classes/TypographyKitColorCell.swift (in target 'TypographyKit' from project 'TypographyKit')
cd /Users/admin/builder/spi-builder-workspace/.swiftpm/xcode
builtin-SwiftPerFileCompile TypographyKitColorCell.swift
SwiftCompile normal arm64 /Users/admin/builder/spi-builder-workspace/TypographyKit/Classes/TypographyKitColorsViewController.swift (in target 'TypographyKit' from project 'TypographyKit')
cd /Users/admin/builder/spi-builder-workspace/.swiftpm/xcode
builtin-SwiftPerFileCompile TypographyKitColorsViewController.swift
SwiftCompile normal arm64 /Users/admin/builder/spi-builder-workspace/TypographyKit/Classes/TypographyKitConfiguration.swift (in target 'TypographyKit' from project 'TypographyKit')
cd /Users/admin/builder/spi-builder-workspace/.swiftpm/xcode
builtin-SwiftPerFileCompile TypographyKitConfiguration.swift
SwiftDriverJobDiscovery normal arm64 Compiling JSONParsingService.swift, LabelSettings.swift, LoggingService.swift, NSLineBreakMode.swift (in target 'TypographyKit' from project 'TypographyKit')
SwiftCompile normal arm64 Compiling\ PropertyListParsingService.swift /Users/admin/builder/spi-builder-workspace/TypographyKit/Classes/PropertyListParsingService.swift (in target 'TypographyKit' from project 'TypographyKit')
SwiftCompile normal arm64 /Users/admin/builder/spi-builder-workspace/TypographyKit/Classes/PropertyListParsingService.swift (in target 'TypographyKit' from project 'TypographyKit')
cd /Users/admin/builder/spi-builder-workspace/.swiftpm/xcode
builtin-SwiftPerFileCompile PropertyListParsingService.swift
SwiftDriverJobDiscovery normal arm64 Compiling ParsingError.swift, ParsingService.swift, String+RegularExpressionMatchable.swift, StringAdditions.swift (in target 'TypographyKit' from project 'TypographyKit')
SwiftCompile normal arm64 Compiling\ ScalingMode.swift /Users/admin/builder/spi-builder-workspace/TypographyKit/Classes/ScalingMode.swift (in target 'TypographyKit' from project 'TypographyKit')
SwiftCompile normal arm64 /Users/admin/builder/spi-builder-workspace/TypographyKit/Classes/ScalingMode.swift (in target 'TypographyKit' from project 'TypographyKit')
cd /Users/admin/builder/spi-builder-workspace/.swiftpm/xcode
builtin-SwiftPerFileCompile ScalingMode.swift
SwiftDriverJobDiscovery normal arm64 Compiling ConfigurationKey.swift, ConfigurationParsingError.swift, ConfigurationType.swift, FontTextStyleParser.swift (in target 'TypographyKit' from project 'TypographyKit')
SwiftCompile normal arm64 Compiling\ RegularExpressionMatchable.swift /Users/admin/builder/spi-builder-workspace/TypographyKit/Classes/RegularExpressionMatchable.swift (in target 'TypographyKit' from project 'TypographyKit')
SwiftCompile normal arm64 /Users/admin/builder/spi-builder-workspace/TypographyKit/Classes/RegularExpressionMatchable.swift (in target 'TypographyKit' from project 'TypographyKit')
cd /Users/admin/builder/spi-builder-workspace/.swiftpm/xcode
builtin-SwiftPerFileCompile RegularExpressionMatchable.swift
SwiftDriverJobDiscovery normal arm64 Compiling ButtonSettings.swift, ButtonTitleColorApplyMode.swift, CloseButtonAlignment.swift, ColorParser.swift (in target 'TypographyKit' from project 'TypographyKit')
SwiftCompile normal arm64 Compiling\ StrategicConfigurationParsingService.swift /Users/admin/builder/spi-builder-workspace/TypographyKit/Classes/StrategicConfigurationParsingService.swift (in target 'TypographyKit' from project 'TypographyKit')
SwiftCompile normal arm64 /Users/admin/builder/spi-builder-workspace/TypographyKit/Classes/StrategicConfigurationParsingService.swift (in target 'TypographyKit' from project 'TypographyKit')
cd /Users/admin/builder/spi-builder-workspace/.swiftpm/xcode
builtin-SwiftPerFileCompile StrategicConfigurationParsingService.swift
SwiftDriverJobDiscovery normal arm64 Compiling UIControlState.swift, UILabelAdditions.swift, UITextFieldAdditions.swift (in target 'TypographyKit' from project 'TypographyKit')
SwiftDriverJobDiscovery normal arm64 Compiling TypographyKitViewControllerDelegate.swift, TypographyStyles.swift, UIButtonAdditions.swift, UIColorAdditions.swift (in target 'TypographyKit' from project 'TypographyKit')
PruneExplicitPrecompiledModules /Users/admin/builder/spi-builder-workspace/.derivedData/SDKExplicitPrecompiledModules
PruneExplicitPrecompiledModules /Users/admin/builder/spi-builder-workspace/.derivedData/Build/Intermediates.noindex/SwiftExplicitPrecompiledModules
PruneExplicitPrecompiledModules /Users/admin/builder/spi-builder-workspace/.derivedData/Build/Intermediates.noindex/ExplicitPrecompiledModules
2026-09-21 15:14:20.475 xcodebuild[848:5208] [MT] IDERunDestination: Supported platforms for the buildables in the current scheme is empty.
** BUILD FAILED **
The following build commands failed:
SwiftCompile normal arm64 /Users/admin/builder/spi-builder-workspace/TypographyKit/Classes/TypographyKitViewController.swift (in target 'TypographyKit' from project 'TypographyKit')
SwiftCompile normal arm64 Compiling\ TypographyKitElement.swift,\ TypographyKitPropertyAdditionsKey.swift,\ TypographyKitSettings.swift,\ TypographyKitViewController.swift /Users/admin/builder/spi-builder-workspace/TypographyKit/Classes/TypographyKitElement.swift /Users/admin/builder/spi-builder-workspace/TypographyKit/Classes/TypographyKitPropertyAdditionsKey.swift /Users/admin/builder/spi-builder-workspace/TypographyKit/Classes/TypographyKitSettings.swift /Users/admin/builder/spi-builder-workspace/TypographyKit/Classes/TypographyKitViewController.swift (in target 'TypographyKit' from project 'TypographyKit')
Building workspace TypographyKit with scheme TypographyKit
(3 failures)
BUILD FAILURE 6.4 visionOS