The Swift Package Index logo.Swift Package Index

Build Information

Failed to build CoreGPX, reference master (58d9a7), with Swift 6.1 for Wasm on 22 Jul 2026 04:55:51 UTC.

Build Command

bash -c docker run --pull=always --rm -v "checkouts-54344849-0":/host -w "$PWD" -e JAVA_HOME="/root/.sdkman/candidates/java/current" -e SPI_BUILD="1" -e SPI_PROCESSING="1" registry.gitlab.com/saguaro1/spi-images:wasm-6.1-latest swift build --swift-sdk wasm32-unknown-wasi 2>&1

Build Log

========================================
RunAll
========================================
Builder version: 333316120c8b89ed7d21f1b34865290794301d91
Interrupt handler set up.
========================================
Checkout
========================================
Clone URL: https://github.com/vincentneo/CoreGPX.git
Reference: master
Initialized empty Git repository in /host/spi-builder-workspace/.git/
hint: Using 'master' as the name for the initial branch. This default branch name
hint: is subject to change. To configure the initial branch name to use in all
hint: of your new repositories, which will suppress this warning, call:
hint:
hint: 	git config --global init.defaultBranch <name>
hint:
hint: Names commonly chosen instead of 'master' are 'main', 'trunk' and
hint: 'development'. The just-created branch can be renamed via this command:
hint:
hint: 	git branch -m <name>
From https://github.com/vincentneo/CoreGPX
 * branch            master     -> FETCH_HEAD
 * [new branch]      master     -> origin/master
HEAD is now at 58d9a7f Merge pull request #109 from alt-romes/master
Cloned https://github.com/vincentneo/CoreGPX.git
Revision (git rev-parse @):
58d9a7f7a374ec5be9913c0fe76c8fd6739749a6
SUCCESS checkout https://github.com/vincentneo/CoreGPX.git at master
========================================
Build
========================================
Selected platform:         wasm
Swift version:             6.1
Building package at path:  $PWD
https://github.com/vincentneo/CoreGPX.git
https://github.com/vincentneo/CoreGPX.git
WARNING: environment variable SUPPRESS_SWIFT_6_FLAGS is not set
Running build ...
bash -c docker run --pull=always --rm -v "checkouts-54344849-0":/host -w "$PWD" -e JAVA_HOME="/root/.sdkman/candidates/java/current" -e SPI_BUILD="1" -e SPI_PROCESSING="1" registry.gitlab.com/saguaro1/spi-images:wasm-6.1-latest swift build --swift-sdk wasm32-unknown-wasi -Xswiftc -Xfrontend -Xswiftc -stats-output-dir -Xswiftc -Xfrontend -Xswiftc .stats -Xswiftc -strict-concurrency=complete -Xswiftc -enable-upcoming-feature -Xswiftc StrictConcurrency -Xswiftc -enable-upcoming-feature -Xswiftc DisableOutwardActorInference -Xswiftc -enable-upcoming-feature -Xswiftc GlobalActorIsolatedTypesUsability -Xswiftc -enable-upcoming-feature -Xswiftc InferSendableFromCaptures 2>&1
wasm-6.1-latest: Pulling from saguaro1/spi-images
Digest: sha256:1ad245dad3d2ae0004e1afbc92334bd39884ed9ca587cf04d0a8d5f640fb02e9
Status: Image is up to date for registry.gitlab.com/saguaro1/spi-images:wasm-6.1-latest
Building for debugging...
[0/2] Write sources
[1/2] Write swift-version-24593BA9C3E375BF.txt
[3/30] Emitting module CoreGPX
/host/spi-builder-workspace/Classes/GPXError.swift:16:14: warning: associated value 'invalidLatitude(dueTo:)' of 'Sendable'-conforming enum 'coordinates' has non-sendable type 'GPXError.coordinates.reason'; this is an error in the Swift 6 language mode
14 |     public enum coordinates: Error {
15 |         /// when lat is outside range (-90˚ to 90˚)
16 |         case invalidLatitude(dueTo: reason)
   |              `- warning: associated value 'invalidLatitude(dueTo:)' of 'Sendable'-conforming enum 'coordinates' has non-sendable type 'GPXError.coordinates.reason'; this is an error in the Swift 6 language mode
17 |         /// when lon is outside range (-180˚ to 180˚)
18 |         case invalidLongitude(dueTo: reason)
19 |
20 |         /// reason of why a coordinate error is thrown.
21 |         public enum reason {
   |                     `- note: consider making enum 'reason' conform to the 'Sendable' protocol
22 |             /// < -90˚ (lat) / < -180˚ (lon)
23 |             case underLimit
/host/spi-builder-workspace/Classes/GPXError.swift:18:14: warning: associated value 'invalidLongitude(dueTo:)' of 'Sendable'-conforming enum 'coordinates' has non-sendable type 'GPXError.coordinates.reason'; this is an error in the Swift 6 language mode
16 |         case invalidLatitude(dueTo: reason)
17 |         /// when lon is outside range (-180˚ to 180˚)
18 |         case invalidLongitude(dueTo: reason)
   |              `- warning: associated value 'invalidLongitude(dueTo:)' of 'Sendable'-conforming enum 'coordinates' has non-sendable type 'GPXError.coordinates.reason'; this is an error in the Swift 6 language mode
19 |
20 |         /// reason of why a coordinate error is thrown.
21 |         public enum reason {
   |                     `- note: consider making enum 'reason' conform to the 'Sendable' protocol
22 |             /// < -90˚ (lat) / < -180˚ (lon)
23 |             case underLimit
[4/33] Compiling CoreGPX Converters.swift
/host/spi-builder-workspace/Classes/DateTimeParsers.swift:67:73: error: cannot convert value of type 'CVaListPointer' to expected argument type '__isoc_va_list' (aka 'UnsafeMutableRawPointer')
 65 |         _ = withVaList([year, month, day, hour, minute,
 66 |                         second], { pointer in
 67 |                             vsscanf(NonNilString, "%d-%d-%dT%d:%d:%dZ", pointer)
    |                                                                         `- error: cannot convert value of type 'CVaListPointer' to expected argument type '__isoc_va_list' (aka 'UnsafeMutableRawPointer')
 68 |
 69 |         })
/host/spi-builder-workspace/Classes/DateTimeParsers.swift:90:41: error: cannot convert value of type 'CVaListPointer' to expected argument type '__isoc_va_list' (aka 'UnsafeMutableRawPointer')
 88 |
 89 |         _ = withVaList([year], { pointer in
 90 |             vsscanf(NonNilString, "%d", pointer)
    |                                         `- error: cannot convert value of type 'CVaListPointer' to expected argument type '__isoc_va_list' (aka 'UnsafeMutableRawPointer')
 91 |
 92 |         })
[5/33] Compiling CoreGPX DateTimeParsers.swift
/host/spi-builder-workspace/Classes/DateTimeParsers.swift:67:73: error: cannot convert value of type 'CVaListPointer' to expected argument type '__isoc_va_list' (aka 'UnsafeMutableRawPointer')
 65 |         _ = withVaList([year, month, day, hour, minute,
 66 |                         second], { pointer in
 67 |                             vsscanf(NonNilString, "%d-%d-%dT%d:%d:%dZ", pointer)
    |                                                                         `- error: cannot convert value of type 'CVaListPointer' to expected argument type '__isoc_va_list' (aka 'UnsafeMutableRawPointer')
 68 |
 69 |         })
/host/spi-builder-workspace/Classes/DateTimeParsers.swift:90:41: error: cannot convert value of type 'CVaListPointer' to expected argument type '__isoc_va_list' (aka 'UnsafeMutableRawPointer')
 88 |
 89 |         _ = withVaList([year], { pointer in
 90 |             vsscanf(NonNilString, "%d", pointer)
    |                                         `- error: cannot convert value of type 'CVaListPointer' to expected argument type '__isoc_va_list' (aka 'UnsafeMutableRawPointer')
 91 |
 92 |         })
[6/33] Compiling CoreGPX GPXAuthor.swift
/host/spi-builder-workspace/Classes/DateTimeParsers.swift:67:73: error: cannot convert value of type 'CVaListPointer' to expected argument type '__isoc_va_list' (aka 'UnsafeMutableRawPointer')
 65 |         _ = withVaList([year, month, day, hour, minute,
 66 |                         second], { pointer in
 67 |                             vsscanf(NonNilString, "%d-%d-%dT%d:%d:%dZ", pointer)
    |                                                                         `- error: cannot convert value of type 'CVaListPointer' to expected argument type '__isoc_va_list' (aka 'UnsafeMutableRawPointer')
 68 |
 69 |         })
/host/spi-builder-workspace/Classes/DateTimeParsers.swift:90:41: error: cannot convert value of type 'CVaListPointer' to expected argument type '__isoc_va_list' (aka 'UnsafeMutableRawPointer')
 88 |
 89 |         _ = withVaList([year], { pointer in
 90 |             vsscanf(NonNilString, "%d", pointer)
    |                                         `- error: cannot convert value of type 'CVaListPointer' to expected argument type '__isoc_va_list' (aka 'UnsafeMutableRawPointer')
 91 |
 92 |         })
[7/33] Compiling CoreGPX GPXBounds.swift
/host/spi-builder-workspace/Classes/DateTimeParsers.swift:67:73: error: cannot convert value of type 'CVaListPointer' to expected argument type '__isoc_va_list' (aka 'UnsafeMutableRawPointer')
 65 |         _ = withVaList([year, month, day, hour, minute,
 66 |                         second], { pointer in
 67 |                             vsscanf(NonNilString, "%d-%d-%dT%d:%d:%dZ", pointer)
    |                                                                         `- error: cannot convert value of type 'CVaListPointer' to expected argument type '__isoc_va_list' (aka 'UnsafeMutableRawPointer')
 68 |
 69 |         })
/host/spi-builder-workspace/Classes/DateTimeParsers.swift:90:41: error: cannot convert value of type 'CVaListPointer' to expected argument type '__isoc_va_list' (aka 'UnsafeMutableRawPointer')
 88 |
 89 |         _ = withVaList([year], { pointer in
 90 |             vsscanf(NonNilString, "%d", pointer)
    |                                         `- error: cannot convert value of type 'CVaListPointer' to expected argument type '__isoc_va_list' (aka 'UnsafeMutableRawPointer')
 91 |
 92 |         })
[8/33] Compiling CoreGPX GPXTrack.swift
[9/33] Compiling CoreGPX GPXTrackPoint.swift
[10/33] Compiling CoreGPX GPXTrackSegment.swift
[11/33] Compiling CoreGPX GPXRoot.swift
[12/33] Compiling CoreGPX GPXRoute.swift
[13/33] Compiling CoreGPX GPXRoutePoint.swift
[14/33] Compiling CoreGPX GPXRouteProtocol.swift
[15/33] Compiling CoreGPX GPXWaypoint.swift
[16/33] Compiling CoreGPX GPXWaypointProtocol.swift
[17/33] Compiling CoreGPX NSMutableString+XML.swift
[18/33] Compiling CoreGPX GPXCompression.swift
[19/33] Compiling CoreGPX GPXCopyright.swift
[20/33] Compiling CoreGPX GPXElement.swift
[21/33] Compiling CoreGPX GPXEmail.swift
[22/33] Compiling CoreGPX GPXPerson.swift
[23/33] Compiling CoreGPX GPXPoint.swift
[24/33] Compiling CoreGPX GPXPointSegment.swift
[25/33] Compiling CoreGPX GPXRawElement.swift
[26/33] Compiling CoreGPX GPXLegacy.swift
[27/33] Compiling CoreGPX GPXLink.swift
[28/33] Compiling CoreGPX GPXMetadata.swift
[29/33] Compiling CoreGPX GPXParser.swift
[30/33] Compiling CoreGPX GPXError.swift
/host/spi-builder-workspace/Classes/GPXError.swift:16:14: warning: associated value 'invalidLatitude(dueTo:)' of 'Sendable'-conforming enum 'coordinates' has non-sendable type 'GPXError.coordinates.reason'; this is an error in the Swift 6 language mode
14 |     public enum coordinates: Error {
15 |         /// when lat is outside range (-90˚ to 90˚)
16 |         case invalidLatitude(dueTo: reason)
   |              `- warning: associated value 'invalidLatitude(dueTo:)' of 'Sendable'-conforming enum 'coordinates' has non-sendable type 'GPXError.coordinates.reason'; this is an error in the Swift 6 language mode
17 |         /// when lon is outside range (-180˚ to 180˚)
18 |         case invalidLongitude(dueTo: reason)
19 |
20 |         /// reason of why a coordinate error is thrown.
21 |         public enum reason {
   |                     `- note: consider making enum 'reason' conform to the 'Sendable' protocol
22 |             /// < -90˚ (lat) / < -180˚ (lon)
23 |             case underLimit
/host/spi-builder-workspace/Classes/GPXError.swift:18:14: warning: associated value 'invalidLongitude(dueTo:)' of 'Sendable'-conforming enum 'coordinates' has non-sendable type 'GPXError.coordinates.reason'; this is an error in the Swift 6 language mode
16 |         case invalidLatitude(dueTo: reason)
17 |         /// when lon is outside range (-180˚ to 180˚)
18 |         case invalidLongitude(dueTo: reason)
   |              `- warning: associated value 'invalidLongitude(dueTo:)' of 'Sendable'-conforming enum 'coordinates' has non-sendable type 'GPXError.coordinates.reason'; this is an error in the Swift 6 language mode
19 |
20 |         /// reason of why a coordinate error is thrown.
21 |         public enum reason {
   |                     `- note: consider making enum 'reason' conform to the 'Sendable' protocol
22 |             /// < -90˚ (lat) / < -180˚ (lon)
23 |             case underLimit
[31/33] Compiling CoreGPX GPXExtensions.swift
/host/spi-builder-workspace/Classes/GPXError.swift:16:14: warning: associated value 'invalidLatitude(dueTo:)' of 'Sendable'-conforming enum 'coordinates' has non-sendable type 'GPXError.coordinates.reason'; this is an error in the Swift 6 language mode
14 |     public enum coordinates: Error {
15 |         /// when lat is outside range (-90˚ to 90˚)
16 |         case invalidLatitude(dueTo: reason)
   |              `- warning: associated value 'invalidLatitude(dueTo:)' of 'Sendable'-conforming enum 'coordinates' has non-sendable type 'GPXError.coordinates.reason'; this is an error in the Swift 6 language mode
17 |         /// when lon is outside range (-180˚ to 180˚)
18 |         case invalidLongitude(dueTo: reason)
19 |
20 |         /// reason of why a coordinate error is thrown.
21 |         public enum reason {
   |                     `- note: consider making enum 'reason' conform to the 'Sendable' protocol
22 |             /// < -90˚ (lat) / < -180˚ (lon)
23 |             case underLimit
/host/spi-builder-workspace/Classes/GPXError.swift:18:14: warning: associated value 'invalidLongitude(dueTo:)' of 'Sendable'-conforming enum 'coordinates' has non-sendable type 'GPXError.coordinates.reason'; this is an error in the Swift 6 language mode
16 |         case invalidLatitude(dueTo: reason)
17 |         /// when lon is outside range (-180˚ to 180˚)
18 |         case invalidLongitude(dueTo: reason)
   |              `- warning: associated value 'invalidLongitude(dueTo:)' of 'Sendable'-conforming enum 'coordinates' has non-sendable type 'GPXError.coordinates.reason'; this is an error in the Swift 6 language mode
19 |
20 |         /// reason of why a coordinate error is thrown.
21 |         public enum reason {
   |                     `- note: consider making enum 'reason' conform to the 'Sendable' protocol
22 |             /// < -90˚ (lat) / < -180˚ (lon)
23 |             case underLimit
[32/33] Compiling CoreGPX GPXExtensionsElement.swift
/host/spi-builder-workspace/Classes/GPXError.swift:16:14: warning: associated value 'invalidLatitude(dueTo:)' of 'Sendable'-conforming enum 'coordinates' has non-sendable type 'GPXError.coordinates.reason'; this is an error in the Swift 6 language mode
14 |     public enum coordinates: Error {
15 |         /// when lat is outside range (-90˚ to 90˚)
16 |         case invalidLatitude(dueTo: reason)
   |              `- warning: associated value 'invalidLatitude(dueTo:)' of 'Sendable'-conforming enum 'coordinates' has non-sendable type 'GPXError.coordinates.reason'; this is an error in the Swift 6 language mode
17 |         /// when lon is outside range (-180˚ to 180˚)
18 |         case invalidLongitude(dueTo: reason)
19 |
20 |         /// reason of why a coordinate error is thrown.
21 |         public enum reason {
   |                     `- note: consider making enum 'reason' conform to the 'Sendable' protocol
22 |             /// < -90˚ (lat) / < -180˚ (lon)
23 |             case underLimit
/host/spi-builder-workspace/Classes/GPXError.swift:18:14: warning: associated value 'invalidLongitude(dueTo:)' of 'Sendable'-conforming enum 'coordinates' has non-sendable type 'GPXError.coordinates.reason'; this is an error in the Swift 6 language mode
16 |         case invalidLatitude(dueTo: reason)
17 |         /// when lon is outside range (-180˚ to 180˚)
18 |         case invalidLongitude(dueTo: reason)
   |              `- warning: associated value 'invalidLongitude(dueTo:)' of 'Sendable'-conforming enum 'coordinates' has non-sendable type 'GPXError.coordinates.reason'; this is an error in the Swift 6 language mode
19 |
20 |         /// reason of why a coordinate error is thrown.
21 |         public enum reason {
   |                     `- note: consider making enum 'reason' conform to the 'Sendable' protocol
22 |             /// < -90˚ (lat) / < -180˚ (lon)
23 |             case underLimit
[33/33] Compiling CoreGPX GPXFix.swift
/host/spi-builder-workspace/Classes/GPXError.swift:16:14: warning: associated value 'invalidLatitude(dueTo:)' of 'Sendable'-conforming enum 'coordinates' has non-sendable type 'GPXError.coordinates.reason'; this is an error in the Swift 6 language mode
14 |     public enum coordinates: Error {
15 |         /// when lat is outside range (-90˚ to 90˚)
16 |         case invalidLatitude(dueTo: reason)
   |              `- warning: associated value 'invalidLatitude(dueTo:)' of 'Sendable'-conforming enum 'coordinates' has non-sendable type 'GPXError.coordinates.reason'; this is an error in the Swift 6 language mode
17 |         /// when lon is outside range (-180˚ to 180˚)
18 |         case invalidLongitude(dueTo: reason)
19 |
20 |         /// reason of why a coordinate error is thrown.
21 |         public enum reason {
   |                     `- note: consider making enum 'reason' conform to the 'Sendable' protocol
22 |             /// < -90˚ (lat) / < -180˚ (lon)
23 |             case underLimit
/host/spi-builder-workspace/Classes/GPXError.swift:18:14: warning: associated value 'invalidLongitude(dueTo:)' of 'Sendable'-conforming enum 'coordinates' has non-sendable type 'GPXError.coordinates.reason'; this is an error in the Swift 6 language mode
16 |         case invalidLatitude(dueTo: reason)
17 |         /// when lon is outside range (-180˚ to 180˚)
18 |         case invalidLongitude(dueTo: reason)
   |              `- warning: associated value 'invalidLongitude(dueTo:)' of 'Sendable'-conforming enum 'coordinates' has non-sendable type 'GPXError.coordinates.reason'; this is an error in the Swift 6 language mode
19 |
20 |         /// reason of why a coordinate error is thrown.
21 |         public enum reason {
   |                     `- note: consider making enum 'reason' conform to the 'Sendable' protocol
22 |             /// < -90˚ (lat) / < -180˚ (lon)
23 |             case underLimit
Running build ...
bash -c docker run --pull=always --rm -v "checkouts-54344849-0":/host -w "$PWD" -e JAVA_HOME="/root/.sdkman/candidates/java/current" -e SPI_BUILD="1" -e SPI_PROCESSING="1" registry.gitlab.com/saguaro1/spi-images:wasm-6.1-latest swift build --swift-sdk wasm32-unknown-wasi 2>&1
wasm-6.1-latest: Pulling from saguaro1/spi-images
Digest: sha256:1ad245dad3d2ae0004e1afbc92334bd39884ed9ca587cf04d0a8d5f640fb02e9
Status: Image is up to date for registry.gitlab.com/saguaro1/spi-images:wasm-6.1-latest
warning: 'spi-builder-workspace': found 4 file(s) which are unhandled; explicitly declare them as resources or exclude from the target
    /host/spi-builder-workspace/Example/Tests/Info.plist
    /host/spi-builder-workspace/Example/Tests/GPXTest-DualLinks.gpx
    /host/spi-builder-workspace/Example/Tests/GPXTest-TrackPointOnly.gpx
    /host/spi-builder-workspace/Example/Tests/wptError.gpx
[0/1] Planning build
Building for debugging...
[0/1] Write swift-version-24593BA9C3E375BF.txt
[2/29] Compiling CoreGPX Converters.swift
/host/spi-builder-workspace/Classes/DateTimeParsers.swift:67:73: error: cannot convert value of type 'CVaListPointer' to expected argument type '__isoc_va_list' (aka 'UnsafeMutableRawPointer')
 65 |         _ = withVaList([year, month, day, hour, minute,
 66 |                         second], { pointer in
 67 |                             vsscanf(NonNilString, "%d-%d-%dT%d:%d:%dZ", pointer)
    |                                                                         `- error: cannot convert value of type 'CVaListPointer' to expected argument type '__isoc_va_list' (aka 'UnsafeMutableRawPointer')
 68 |
 69 |         })
/host/spi-builder-workspace/Classes/DateTimeParsers.swift:90:41: error: cannot convert value of type 'CVaListPointer' to expected argument type '__isoc_va_list' (aka 'UnsafeMutableRawPointer')
 88 |
 89 |         _ = withVaList([year], { pointer in
 90 |             vsscanf(NonNilString, "%d", pointer)
    |                                         `- error: cannot convert value of type 'CVaListPointer' to expected argument type '__isoc_va_list' (aka 'UnsafeMutableRawPointer')
 91 |
 92 |         })
[3/29] Compiling CoreGPX DateTimeParsers.swift
/host/spi-builder-workspace/Classes/DateTimeParsers.swift:67:73: error: cannot convert value of type 'CVaListPointer' to expected argument type '__isoc_va_list' (aka 'UnsafeMutableRawPointer')
 65 |         _ = withVaList([year, month, day, hour, minute,
 66 |                         second], { pointer in
 67 |                             vsscanf(NonNilString, "%d-%d-%dT%d:%d:%dZ", pointer)
    |                                                                         `- error: cannot convert value of type 'CVaListPointer' to expected argument type '__isoc_va_list' (aka 'UnsafeMutableRawPointer')
 68 |
 69 |         })
/host/spi-builder-workspace/Classes/DateTimeParsers.swift:90:41: error: cannot convert value of type 'CVaListPointer' to expected argument type '__isoc_va_list' (aka 'UnsafeMutableRawPointer')
 88 |
 89 |         _ = withVaList([year], { pointer in
 90 |             vsscanf(NonNilString, "%d", pointer)
    |                                         `- error: cannot convert value of type 'CVaListPointer' to expected argument type '__isoc_va_list' (aka 'UnsafeMutableRawPointer')
 91 |
 92 |         })
[4/29] Compiling CoreGPX GPXAuthor.swift
/host/spi-builder-workspace/Classes/DateTimeParsers.swift:67:73: error: cannot convert value of type 'CVaListPointer' to expected argument type '__isoc_va_list' (aka 'UnsafeMutableRawPointer')
 65 |         _ = withVaList([year, month, day, hour, minute,
 66 |                         second], { pointer in
 67 |                             vsscanf(NonNilString, "%d-%d-%dT%d:%d:%dZ", pointer)
    |                                                                         `- error: cannot convert value of type 'CVaListPointer' to expected argument type '__isoc_va_list' (aka 'UnsafeMutableRawPointer')
 68 |
 69 |         })
/host/spi-builder-workspace/Classes/DateTimeParsers.swift:90:41: error: cannot convert value of type 'CVaListPointer' to expected argument type '__isoc_va_list' (aka 'UnsafeMutableRawPointer')
 88 |
 89 |         _ = withVaList([year], { pointer in
 90 |             vsscanf(NonNilString, "%d", pointer)
    |                                         `- error: cannot convert value of type 'CVaListPointer' to expected argument type '__isoc_va_list' (aka 'UnsafeMutableRawPointer')
 91 |
 92 |         })
[5/29] Compiling CoreGPX GPXBounds.swift
/host/spi-builder-workspace/Classes/DateTimeParsers.swift:67:73: error: cannot convert value of type 'CVaListPointer' to expected argument type '__isoc_va_list' (aka 'UnsafeMutableRawPointer')
 65 |         _ = withVaList([year, month, day, hour, minute,
 66 |                         second], { pointer in
 67 |                             vsscanf(NonNilString, "%d-%d-%dT%d:%d:%dZ", pointer)
    |                                                                         `- error: cannot convert value of type 'CVaListPointer' to expected argument type '__isoc_va_list' (aka 'UnsafeMutableRawPointer')
 68 |
 69 |         })
/host/spi-builder-workspace/Classes/DateTimeParsers.swift:90:41: error: cannot convert value of type 'CVaListPointer' to expected argument type '__isoc_va_list' (aka 'UnsafeMutableRawPointer')
 88 |
 89 |         _ = withVaList([year], { pointer in
 90 |             vsscanf(NonNilString, "%d", pointer)
    |                                         `- error: cannot convert value of type 'CVaListPointer' to expected argument type '__isoc_va_list' (aka 'UnsafeMutableRawPointer')
 91 |
 92 |         })
[6/32] Emitting module CoreGPX
[7/32] Compiling CoreGPX GPXPerson.swift
[8/32] Compiling CoreGPX GPXPoint.swift
[9/32] Compiling CoreGPX GPXPointSegment.swift
[10/32] Compiling CoreGPX GPXRawElement.swift
[11/32] Compiling CoreGPX GPXError.swift
[12/32] Compiling CoreGPX GPXExtensions.swift
[13/32] Compiling CoreGPX GPXExtensionsElement.swift
[14/32] Compiling CoreGPX GPXFix.swift
[15/32] Compiling CoreGPX GPXRoot.swift
[16/32] Compiling CoreGPX GPXRoute.swift
[17/32] Compiling CoreGPX GPXRoutePoint.swift
[18/32] Compiling CoreGPX GPXRouteProtocol.swift
[19/32] Compiling CoreGPX GPXCompression.swift
[20/32] Compiling CoreGPX GPXCopyright.swift
[21/32] Compiling CoreGPX GPXElement.swift
[22/32] Compiling CoreGPX GPXEmail.swift
[23/32] Compiling CoreGPX GPXTrack.swift
[24/32] Compiling CoreGPX GPXTrackPoint.swift
[25/32] Compiling CoreGPX GPXTrackSegment.swift
[26/32] Compiling CoreGPX GPXWaypoint.swift
[27/32] Compiling CoreGPX GPXWaypointProtocol.swift
[28/32] Compiling CoreGPX NSMutableString+XML.swift
[29/32] Compiling CoreGPX GPXLegacy.swift
[30/32] Compiling CoreGPX GPXLink.swift
[31/32] Compiling CoreGPX GPXMetadata.swift
[32/32] Compiling CoreGPX GPXParser.swift
BUILD FAILURE 6.1 wasm