Build Information
Failed to build AEPCore, reference main (e89eea), with Swift 6.2 for watchOS using Xcode 26.3 on 3 Oct 2026 00:01:34 UTC.
Build Command
env DEVELOPER_DIR=/Applications/Xcode-26.3.0.app xcrun xcodebuild -IDEClonedSourcePackagesDirPathOverride=$PWD/.dependencies -skipMacroValidation -skipPackagePluginValidation -derivedDataPath $PWD/.derivedData build -scheme AEPCore-Package -destination generic/platform=watchOSBuild Log
WriteAuxiliaryFile /Users/admin/builder/spi-builder-workspace/.derivedData/Build/Intermediates.noindex/AEPCore.build/Debug-watchos/AEPIdentity.build/Objects-normal/arm64_32/AEPIdentity.SwiftConstValuesFileList (in target 'AEPIdentity' from project 'AEPCore')
cd /Users/admin/builder/spi-builder-workspace
write-file /Users/admin/builder/spi-builder-workspace/.derivedData/Build/Intermediates.noindex/AEPCore.build/Debug-watchos/AEPIdentity.build/Objects-normal/arm64_32/AEPIdentity.SwiftConstValuesFileList
WriteAuxiliaryFile /Users/admin/builder/spi-builder-workspace/.derivedData/Build/Intermediates.noindex/AEPCore.build/Debug-watchos/AEPIdentity.build/Objects-normal/arm64_32/AEPIdentity.LinkFileList (in target 'AEPIdentity' from project 'AEPCore')
cd /Users/admin/builder/spi-builder-workspace
write-file /Users/admin/builder/spi-builder-workspace/.derivedData/Build/Intermediates.noindex/AEPCore.build/Debug-watchos/AEPIdentity.build/Objects-normal/arm64_32/AEPIdentity.LinkFileList
WriteAuxiliaryFile /Users/admin/builder/spi-builder-workspace/.derivedData/Build/Intermediates.noindex/AEPCore.build/Debug-watchos/AEPIdentity.build/Objects-normal/arm64_32/AEPIdentity-OutputFileMap.json (in target 'AEPIdentity' from project 'AEPCore')
cd /Users/admin/builder/spi-builder-workspace
write-file /Users/admin/builder/spi-builder-workspace/.derivedData/Build/Intermediates.noindex/AEPCore.build/Debug-watchos/AEPIdentity.build/Objects-normal/arm64_32/AEPIdentity-OutputFileMap.json
WriteAuxiliaryFile /Users/admin/builder/spi-builder-workspace/.derivedData/Build/Intermediates.noindex/AEPCore.build/Debug-watchos/AEPIdentity.build/Objects-normal/arm64/AEPIdentity_const_extract_protocols.json (in target 'AEPIdentity' from project 'AEPCore')
cd /Users/admin/builder/spi-builder-workspace
write-file /Users/admin/builder/spi-builder-workspace/.derivedData/Build/Intermediates.noindex/AEPCore.build/Debug-watchos/AEPIdentity.build/Objects-normal/arm64/AEPIdentity_const_extract_protocols.json
WriteAuxiliaryFile /Users/admin/builder/spi-builder-workspace/.derivedData/Build/Intermediates.noindex/AEPCore.build/Debug-watchos/AEPIdentity.build/Objects-normal/arm64/AEPIdentity.SwiftFileList (in target 'AEPIdentity' from project 'AEPCore')
cd /Users/admin/builder/spi-builder-workspace
write-file /Users/admin/builder/spi-builder-workspace/.derivedData/Build/Intermediates.noindex/AEPCore.build/Debug-watchos/AEPIdentity.build/Objects-normal/arm64/AEPIdentity.SwiftFileList
WriteAuxiliaryFile /Users/admin/builder/spi-builder-workspace/.derivedData/Build/Intermediates.noindex/AEPCore.build/Debug-watchos/AEPIdentity.build/Objects-normal/arm64/AEPIdentity.SwiftConstValuesFileList (in target 'AEPIdentity' from project 'AEPCore')
cd /Users/admin/builder/spi-builder-workspace
write-file /Users/admin/builder/spi-builder-workspace/.derivedData/Build/Intermediates.noindex/AEPCore.build/Debug-watchos/AEPIdentity.build/Objects-normal/arm64/AEPIdentity.SwiftConstValuesFileList
WriteAuxiliaryFile /Users/admin/builder/spi-builder-workspace/.derivedData/Build/Intermediates.noindex/AEPCore.build/Debug-watchos/AEPIdentity.build/Objects-normal/arm64/AEPIdentity.LinkFileList (in target 'AEPIdentity' from project 'AEPCore')
cd /Users/admin/builder/spi-builder-workspace
write-file /Users/admin/builder/spi-builder-workspace/.derivedData/Build/Intermediates.noindex/AEPCore.build/Debug-watchos/AEPIdentity.build/Objects-normal/arm64/AEPIdentity.LinkFileList
WriteAuxiliaryFile /Users/admin/builder/spi-builder-workspace/.derivedData/Build/Intermediates.noindex/AEPCore.build/Debug-watchos/AEPIdentity.build/Objects-normal/arm64/AEPIdentity-OutputFileMap.json (in target 'AEPIdentity' from project 'AEPCore')
cd /Users/admin/builder/spi-builder-workspace
write-file /Users/admin/builder/spi-builder-workspace/.derivedData/Build/Intermediates.noindex/AEPCore.build/Debug-watchos/AEPIdentity.build/Objects-normal/arm64/AEPIdentity-OutputFileMap.json
WriteAuxiliaryFile /Users/admin/builder/spi-builder-workspace/.derivedData/Build/Intermediates.noindex/AEPCore.build/Debug-watchos/AEPIdentity.build/AEPIdentity.modulemap (in target 'AEPIdentity' from project 'AEPCore')
cd /Users/admin/builder/spi-builder-workspace
write-file /Users/admin/builder/spi-builder-workspace/.derivedData/Build/Intermediates.noindex/AEPCore.build/Debug-watchos/AEPIdentity.build/AEPIdentity.modulemap
WriteAuxiliaryFile /Users/admin/builder/spi-builder-workspace/.derivedData/Build/Intermediates.noindex/AEPCore.build/Debug-watchos/AEPIdentity.build/AEPIdentity.DependencyStaticMetadataFileList (in target 'AEPIdentity' from project 'AEPCore')
cd /Users/admin/builder/spi-builder-workspace
write-file /Users/admin/builder/spi-builder-workspace/.derivedData/Build/Intermediates.noindex/AEPCore.build/Debug-watchos/AEPIdentity.build/AEPIdentity.DependencyStaticMetadataFileList
WriteAuxiliaryFile /Users/admin/builder/spi-builder-workspace/.derivedData/Build/Intermediates.noindex/AEPCore.build/Debug-watchos/AEPIdentity.build/AEPIdentity.DependencyMetadataFileList (in target 'AEPIdentity' from project 'AEPCore')
cd /Users/admin/builder/spi-builder-workspace
write-file /Users/admin/builder/spi-builder-workspace/.derivedData/Build/Intermediates.noindex/AEPCore.build/Debug-watchos/AEPIdentity.build/AEPIdentity.DependencyMetadataFileList
WriteAuxiliaryFile /Users/admin/builder/spi-builder-workspace/.derivedData/Build/Intermediates.noindex/AEPCore.build/Debug-watchos/AEPCore_AEPServices.build/AEPCore_AEPServices.DependencyStaticMetadataFileList (in target 'AEPCore_AEPServices' from project 'AEPCore')
cd /Users/admin/builder/spi-builder-workspace
write-file /Users/admin/builder/spi-builder-workspace/.derivedData/Build/Intermediates.noindex/AEPCore.build/Debug-watchos/AEPCore_AEPServices.build/AEPCore_AEPServices.DependencyStaticMetadataFileList
WriteAuxiliaryFile /Users/admin/builder/spi-builder-workspace/.derivedData/Build/Intermediates.noindex/AEPCore.build/Debug-watchos/AEPCore_AEPServices.build/AEPCore_AEPServices.DependencyMetadataFileList (in target 'AEPCore_AEPServices' from project 'AEPCore')
cd /Users/admin/builder/spi-builder-workspace
write-file /Users/admin/builder/spi-builder-workspace/.derivedData/Build/Intermediates.noindex/AEPCore.build/Debug-watchos/AEPCore_AEPServices.build/AEPCore_AEPServices.DependencyMetadataFileList
MkDir /Users/admin/builder/spi-builder-workspace/.derivedData/Build/Products/Debug-watchos/AEPCore_AEPServices.bundle (in target 'AEPCore_AEPServices' from project 'AEPCore')
cd /Users/admin/builder/spi-builder-workspace
/bin/mkdir -p /Users/admin/builder/spi-builder-workspace/.derivedData/Build/Products/Debug-watchos/AEPCore_AEPServices.bundle
Copy /Users/admin/builder/spi-builder-workspace/.derivedData/Build/Intermediates.noindex/GeneratedModuleMaps-watchos/AEPIdentity.modulemap /Users/admin/builder/spi-builder-workspace/.derivedData/Build/Intermediates.noindex/AEPCore.build/Debug-watchos/AEPIdentity.build/AEPIdentity.modulemap (in target 'AEPIdentity' from project 'AEPCore')
cd /Users/admin/builder/spi-builder-workspace
builtin-copy -exclude .DS_Store -exclude CVS -exclude .svn -exclude .git -exclude .hg -resolve-src-symlinks /Users/admin/builder/spi-builder-workspace/.derivedData/Build/Intermediates.noindex/AEPCore.build/Debug-watchos/AEPIdentity.build/AEPIdentity.modulemap /Users/admin/builder/spi-builder-workspace/.derivedData/Build/Intermediates.noindex/GeneratedModuleMaps-watchos
WriteAuxiliaryFile /Users/admin/builder/spi-builder-workspace/.derivedData/Build/Intermediates.noindex/AEPCore.build/Debug-watchos/AEPCore_AEPCore.build/empty-AEPCore_AEPCore.plist (in target 'AEPCore_AEPCore' from project 'AEPCore')
cd /Users/admin/builder/spi-builder-workspace
write-file /Users/admin/builder/spi-builder-workspace/.derivedData/Build/Intermediates.noindex/AEPCore.build/Debug-watchos/AEPCore_AEPCore.build/empty-AEPCore_AEPCore.plist
WriteAuxiliaryFile /Users/admin/builder/spi-builder-workspace/.derivedData/Build/Intermediates.noindex/AEPCore.build/Debug-watchos/AEPCore_AEPCore.build/AEPCore_AEPCore.DependencyStaticMetadataFileList (in target 'AEPCore_AEPCore' from project 'AEPCore')
cd /Users/admin/builder/spi-builder-workspace
write-file /Users/admin/builder/spi-builder-workspace/.derivedData/Build/Intermediates.noindex/AEPCore.build/Debug-watchos/AEPCore_AEPCore.build/AEPCore_AEPCore.DependencyStaticMetadataFileList
WriteAuxiliaryFile /Users/admin/builder/spi-builder-workspace/.derivedData/Build/Intermediates.noindex/AEPCore.build/Debug-watchos/AEPCore_AEPCore.build/AEPCore_AEPCore.DependencyMetadataFileList (in target 'AEPCore_AEPCore' from project 'AEPCore')
cd /Users/admin/builder/spi-builder-workspace
write-file /Users/admin/builder/spi-builder-workspace/.derivedData/Build/Intermediates.noindex/AEPCore.build/Debug-watchos/AEPCore_AEPCore.build/AEPCore_AEPCore.DependencyMetadataFileList
WriteAuxiliaryFile /Users/admin/builder/spi-builder-workspace/.derivedData/Build/Intermediates.noindex/AEPCore.build/Debug-watchos/AEPCore.build/Objects-normal/armv7k/AEPCore_const_extract_protocols.json (in target 'AEPCore' from project 'AEPCore')
cd /Users/admin/builder/spi-builder-workspace
write-file /Users/admin/builder/spi-builder-workspace/.derivedData/Build/Intermediates.noindex/AEPCore.build/Debug-watchos/AEPCore.build/Objects-normal/armv7k/AEPCore_const_extract_protocols.json
WriteAuxiliaryFile /Users/admin/builder/spi-builder-workspace/.derivedData/Build/Intermediates.noindex/AEPCore.build/Debug-watchos/AEPCore.build/Objects-normal/armv7k/AEPCore.SwiftFileList (in target 'AEPCore' from project 'AEPCore')
cd /Users/admin/builder/spi-builder-workspace
write-file /Users/admin/builder/spi-builder-workspace/.derivedData/Build/Intermediates.noindex/AEPCore.build/Debug-watchos/AEPCore.build/Objects-normal/armv7k/AEPCore.SwiftFileList
WriteAuxiliaryFile /Users/admin/builder/spi-builder-workspace/.derivedData/Build/Intermediates.noindex/AEPCore.build/Debug-watchos/AEPCore.build/Objects-normal/armv7k/AEPCore.SwiftConstValuesFileList (in target 'AEPCore' from project 'AEPCore')
cd /Users/admin/builder/spi-builder-workspace
write-file /Users/admin/builder/spi-builder-workspace/.derivedData/Build/Intermediates.noindex/AEPCore.build/Debug-watchos/AEPCore.build/Objects-normal/armv7k/AEPCore.SwiftConstValuesFileList
WriteAuxiliaryFile /Users/admin/builder/spi-builder-workspace/.derivedData/Build/Intermediates.noindex/AEPCore.build/Debug-watchos/AEPCore.build/Objects-normal/armv7k/AEPCore.LinkFileList (in target 'AEPCore' from project 'AEPCore')
cd /Users/admin/builder/spi-builder-workspace
write-file /Users/admin/builder/spi-builder-workspace/.derivedData/Build/Intermediates.noindex/AEPCore.build/Debug-watchos/AEPCore.build/Objects-normal/armv7k/AEPCore.LinkFileList
WriteAuxiliaryFile /Users/admin/builder/spi-builder-workspace/.derivedData/Build/Intermediates.noindex/AEPCore.build/Debug-watchos/AEPCore.build/Objects-normal/armv7k/AEPCore-OutputFileMap.json (in target 'AEPCore' from project 'AEPCore')
cd /Users/admin/builder/spi-builder-workspace
write-file /Users/admin/builder/spi-builder-workspace/.derivedData/Build/Intermediates.noindex/AEPCore.build/Debug-watchos/AEPCore.build/Objects-normal/armv7k/AEPCore-OutputFileMap.json
WriteAuxiliaryFile /Users/admin/builder/spi-builder-workspace/.derivedData/Build/Intermediates.noindex/AEPCore.build/Debug-watchos/AEPCore.build/Objects-normal/arm64_32/AEPCore.LinkFileList (in target 'AEPCore' from project 'AEPCore')
cd /Users/admin/builder/spi-builder-workspace
write-file /Users/admin/builder/spi-builder-workspace/.derivedData/Build/Intermediates.noindex/AEPCore.build/Debug-watchos/AEPCore.build/Objects-normal/arm64_32/AEPCore.LinkFileList
WriteAuxiliaryFile /Users/admin/builder/spi-builder-workspace/.derivedData/Build/Intermediates.noindex/AEPCore.build/Debug-watchos/AEPCore.build/Objects-normal/arm64_32/AEPCore_const_extract_protocols.json (in target 'AEPCore' from project 'AEPCore')
cd /Users/admin/builder/spi-builder-workspace
write-file /Users/admin/builder/spi-builder-workspace/.derivedData/Build/Intermediates.noindex/AEPCore.build/Debug-watchos/AEPCore.build/Objects-normal/arm64_32/AEPCore_const_extract_protocols.json
WriteAuxiliaryFile /Users/admin/builder/spi-builder-workspace/.derivedData/Build/Intermediates.noindex/AEPCore.build/Debug-watchos/AEPCore.build/Objects-normal/arm64_32/AEPCore.SwiftFileList (in target 'AEPCore' from project 'AEPCore')
cd /Users/admin/builder/spi-builder-workspace
write-file /Users/admin/builder/spi-builder-workspace/.derivedData/Build/Intermediates.noindex/AEPCore.build/Debug-watchos/AEPCore.build/Objects-normal/arm64_32/AEPCore.SwiftFileList
WriteAuxiliaryFile /Users/admin/builder/spi-builder-workspace/.derivedData/Build/Intermediates.noindex/AEPCore.build/Debug-watchos/AEPCore.build/Objects-normal/arm64_32/AEPCore.SwiftConstValuesFileList (in target 'AEPCore' from project 'AEPCore')
cd /Users/admin/builder/spi-builder-workspace
write-file /Users/admin/builder/spi-builder-workspace/.derivedData/Build/Intermediates.noindex/AEPCore.build/Debug-watchos/AEPCore.build/Objects-normal/arm64_32/AEPCore.SwiftConstValuesFileList
WriteAuxiliaryFile /Users/admin/builder/spi-builder-workspace/.derivedData/Build/Intermediates.noindex/AEPCore.build/Debug-watchos/AEPCore.build/Objects-normal/arm64_32/AEPCore-OutputFileMap.json (in target 'AEPCore' from project 'AEPCore')
cd /Users/admin/builder/spi-builder-workspace
write-file /Users/admin/builder/spi-builder-workspace/.derivedData/Build/Intermediates.noindex/AEPCore.build/Debug-watchos/AEPCore.build/Objects-normal/arm64_32/AEPCore-OutputFileMap.json
WriteAuxiliaryFile /Users/admin/builder/spi-builder-workspace/.derivedData/Build/Intermediates.noindex/AEPCore.build/Debug-watchos/AEPCore.build/Objects-normal/arm64/AEPCore.SwiftConstValuesFileList (in target 'AEPCore' from project 'AEPCore')
cd /Users/admin/builder/spi-builder-workspace
write-file /Users/admin/builder/spi-builder-workspace/.derivedData/Build/Intermediates.noindex/AEPCore.build/Debug-watchos/AEPCore.build/Objects-normal/arm64/AEPCore.SwiftConstValuesFileList
WriteAuxiliaryFile /Users/admin/builder/spi-builder-workspace/.derivedData/Build/Intermediates.noindex/AEPCore.build/Debug-watchos/AEPCore.build/Objects-normal/arm64/AEPCore_const_extract_protocols.json (in target 'AEPCore' from project 'AEPCore')
cd /Users/admin/builder/spi-builder-workspace
write-file /Users/admin/builder/spi-builder-workspace/.derivedData/Build/Intermediates.noindex/AEPCore.build/Debug-watchos/AEPCore.build/Objects-normal/arm64/AEPCore_const_extract_protocols.json
WriteAuxiliaryFile /Users/admin/builder/spi-builder-workspace/.derivedData/Build/Intermediates.noindex/AEPCore.build/Debug-watchos/AEPCore.build/Objects-normal/arm64/AEPCore.LinkFileList (in target 'AEPCore' from project 'AEPCore')
cd /Users/admin/builder/spi-builder-workspace
write-file /Users/admin/builder/spi-builder-workspace/.derivedData/Build/Intermediates.noindex/AEPCore.build/Debug-watchos/AEPCore.build/Objects-normal/arm64/AEPCore.LinkFileList
WriteAuxiliaryFile /Users/admin/builder/spi-builder-workspace/.derivedData/Build/Intermediates.noindex/AEPCore.build/Debug-watchos/AEPCore.build/Objects-normal/arm64/AEPCore.SwiftFileList (in target 'AEPCore' from project 'AEPCore')
cd /Users/admin/builder/spi-builder-workspace
write-file /Users/admin/builder/spi-builder-workspace/.derivedData/Build/Intermediates.noindex/AEPCore.build/Debug-watchos/AEPCore.build/Objects-normal/arm64/AEPCore.SwiftFileList
WriteAuxiliaryFile /Users/admin/builder/spi-builder-workspace/.derivedData/Build/Intermediates.noindex/AEPCore.build/Debug-watchos/AEPCore.build/Objects-normal/arm64/AEPCore-OutputFileMap.json (in target 'AEPCore' from project 'AEPCore')
cd /Users/admin/builder/spi-builder-workspace
write-file /Users/admin/builder/spi-builder-workspace/.derivedData/Build/Intermediates.noindex/AEPCore.build/Debug-watchos/AEPCore.build/Objects-normal/arm64/AEPCore-OutputFileMap.json
WriteAuxiliaryFile /Users/admin/builder/spi-builder-workspace/.derivedData/Build/Intermediates.noindex/AEPCore.build/Debug-watchos/AEPCore.build/AEPCore.modulemap (in target 'AEPCore' from project 'AEPCore')
cd /Users/admin/builder/spi-builder-workspace
write-file /Users/admin/builder/spi-builder-workspace/.derivedData/Build/Intermediates.noindex/AEPCore.build/Debug-watchos/AEPCore.build/AEPCore.modulemap
WriteAuxiliaryFile /Users/admin/builder/spi-builder-workspace/.derivedData/Build/Intermediates.noindex/AEPCore.build/Debug-watchos/AEPCore.build/AEPCore.DependencyStaticMetadataFileList (in target 'AEPCore' from project 'AEPCore')
cd /Users/admin/builder/spi-builder-workspace
write-file /Users/admin/builder/spi-builder-workspace/.derivedData/Build/Intermediates.noindex/AEPCore.build/Debug-watchos/AEPCore.build/AEPCore.DependencyStaticMetadataFileList
WriteAuxiliaryFile /Users/admin/builder/spi-builder-workspace/.derivedData/Build/Intermediates.noindex/AEPCore.build/Debug-watchos/AEPCore.build/DerivedSources/resource_bundle_accessor.swift (in target 'AEPCore' from project 'AEPCore')
cd /Users/admin/builder/spi-builder-workspace
write-file /Users/admin/builder/spi-builder-workspace/.derivedData/Build/Intermediates.noindex/AEPCore.build/Debug-watchos/AEPCore.build/DerivedSources/resource_bundle_accessor.swift
WriteAuxiliaryFile /Users/admin/builder/spi-builder-workspace/.derivedData/Build/Intermediates.noindex/AEPCore.build/Debug-watchos/AEPCore.build/AEPCore.DependencyMetadataFileList (in target 'AEPCore' from project 'AEPCore')
cd /Users/admin/builder/spi-builder-workspace
write-file /Users/admin/builder/spi-builder-workspace/.derivedData/Build/Intermediates.noindex/AEPCore.build/Debug-watchos/AEPCore.build/AEPCore.DependencyMetadataFileList
MkDir /Users/admin/builder/spi-builder-workspace/.derivedData/Build/Products/Debug-watchos/AEPCore_AEPCore.bundle (in target 'AEPCore_AEPCore' from project 'AEPCore')
cd /Users/admin/builder/spi-builder-workspace
/bin/mkdir -p /Users/admin/builder/spi-builder-workspace/.derivedData/Build/Products/Debug-watchos/AEPCore_AEPCore.bundle
Copy /Users/admin/builder/spi-builder-workspace/.derivedData/Build/Intermediates.noindex/GeneratedModuleMaps-watchos/AEPCore.modulemap /Users/admin/builder/spi-builder-workspace/.derivedData/Build/Intermediates.noindex/AEPCore.build/Debug-watchos/AEPCore.build/AEPCore.modulemap (in target 'AEPCore' from project 'AEPCore')
cd /Users/admin/builder/spi-builder-workspace
builtin-copy -exclude .DS_Store -exclude CVS -exclude .svn -exclude .git -exclude .hg -resolve-src-symlinks /Users/admin/builder/spi-builder-workspace/.derivedData/Build/Intermediates.noindex/AEPCore.build/Debug-watchos/AEPCore.build/AEPCore.modulemap /Users/admin/builder/spi-builder-workspace/.derivedData/Build/Intermediates.noindex/GeneratedModuleMaps-watchos
CpResource /Users/admin/builder/spi-builder-workspace/.derivedData/Build/Products/Debug-watchos/AEPCore_AEPServices.bundle/PrivacyInfo.xcprivacy /Users/admin/builder/spi-builder-workspace/AEPServices/Sources/PrivacyInfo.xcprivacy (in target 'AEPCore_AEPServices' from project 'AEPCore')
cd /Users/admin/builder/spi-builder-workspace
builtin-copy -exclude .DS_Store -exclude CVS -exclude .svn -exclude .git -exclude .hg -resolve-src-symlinks /Users/admin/builder/spi-builder-workspace/AEPServices/Sources/PrivacyInfo.xcprivacy /Users/admin/builder/spi-builder-workspace/.derivedData/Build/Products/Debug-watchos/AEPCore_AEPServices.bundle
ProcessInfoPlistFile /Users/admin/builder/spi-builder-workspace/.derivedData/Build/Products/Debug-watchos/AEPCore_AEPServices.bundle/Info.plist /Users/admin/builder/spi-builder-workspace/.derivedData/Build/Intermediates.noindex/AEPCore.build/Debug-watchos/AEPCore_AEPServices.build/empty-AEPCore_AEPServices.plist (in target 'AEPCore_AEPServices' from project 'AEPCore')
cd /Users/admin/builder/spi-builder-workspace
builtin-infoPlistUtility /Users/admin/builder/spi-builder-workspace/.derivedData/Build/Intermediates.noindex/AEPCore.build/Debug-watchos/AEPCore_AEPServices.build/empty-AEPCore_AEPServices.plist -producttype com.apple.product-type.bundle -expandbuildsettings -format binary -platform watchos -o /Users/admin/builder/spi-builder-workspace/.derivedData/Build/Products/Debug-watchos/AEPCore_AEPServices.bundle/Info.plist
ProcessInfoPlistFile /Users/admin/builder/spi-builder-workspace/.derivedData/Build/Products/Debug-watchos/AEPCore_AEPCore.bundle/Info.plist /Users/admin/builder/spi-builder-workspace/.derivedData/Build/Intermediates.noindex/AEPCore.build/Debug-watchos/AEPCore_AEPCore.build/empty-AEPCore_AEPCore.plist (in target 'AEPCore_AEPCore' from project 'AEPCore')
cd /Users/admin/builder/spi-builder-workspace
builtin-infoPlistUtility /Users/admin/builder/spi-builder-workspace/.derivedData/Build/Intermediates.noindex/AEPCore.build/Debug-watchos/AEPCore_AEPCore.build/empty-AEPCore_AEPCore.plist -producttype com.apple.product-type.bundle -expandbuildsettings -format binary -platform watchos -o /Users/admin/builder/spi-builder-workspace/.derivedData/Build/Products/Debug-watchos/AEPCore_AEPCore.bundle/Info.plist
CpResource /Users/admin/builder/spi-builder-workspace/.derivedData/Build/Products/Debug-watchos/AEPCore_AEPCore.bundle/PrivacyInfo.xcprivacy /Users/admin/builder/spi-builder-workspace/AEPCore/Sources/PrivacyInfo.xcprivacy (in target 'AEPCore_AEPCore' from project 'AEPCore')
cd /Users/admin/builder/spi-builder-workspace
builtin-copy -exclude .DS_Store -exclude CVS -exclude .svn -exclude .git -exclude .hg -resolve-src-symlinks /Users/admin/builder/spi-builder-workspace/AEPCore/Sources/PrivacyInfo.xcprivacy /Users/admin/builder/spi-builder-workspace/.derivedData/Build/Products/Debug-watchos/AEPCore_AEPCore.bundle
RegisterExecutionPolicyException /Users/admin/builder/spi-builder-workspace/.derivedData/Build/Products/Debug-watchos/AEPCore_AEPServices.bundle (in target 'AEPCore_AEPServices' from project 'AEPCore')
cd /Users/admin/builder/spi-builder-workspace
builtin-RegisterExecutionPolicyException /Users/admin/builder/spi-builder-workspace/.derivedData/Build/Products/Debug-watchos/AEPCore_AEPServices.bundle
RegisterExecutionPolicyException /Users/admin/builder/spi-builder-workspace/.derivedData/Build/Products/Debug-watchos/AEPCore_AEPCore.bundle (in target 'AEPCore_AEPCore' from project 'AEPCore')
cd /Users/admin/builder/spi-builder-workspace
builtin-RegisterExecutionPolicyException /Users/admin/builder/spi-builder-workspace/.derivedData/Build/Products/Debug-watchos/AEPCore_AEPCore.bundle
Touch /Users/admin/builder/spi-builder-workspace/.derivedData/Build/Products/Debug-watchos/AEPCore_AEPServices.bundle (in target 'AEPCore_AEPServices' from project 'AEPCore')
cd /Users/admin/builder/spi-builder-workspace
/usr/bin/touch -c /Users/admin/builder/spi-builder-workspace/.derivedData/Build/Products/Debug-watchos/AEPCore_AEPServices.bundle
Touch /Users/admin/builder/spi-builder-workspace/.derivedData/Build/Products/Debug-watchos/AEPCore_AEPCore.bundle (in target 'AEPCore_AEPCore' from project 'AEPCore')
cd /Users/admin/builder/spi-builder-workspace
/usr/bin/touch -c /Users/admin/builder/spi-builder-workspace/.derivedData/Build/Products/Debug-watchos/AEPCore_AEPCore.bundle
SwiftDriver AEPServices normal arm64_32 com.apple.xcode.tools.swift.compiler (in target 'AEPServices' from project 'AEPCore')
cd /Users/admin/builder/spi-builder-workspace/.swiftpm/xcode
builtin-SwiftDriver -- /Applications/Xcode-26.3.0.app/Contents/Developer/Toolchains/XcodeDefault.xctoolchain/usr/bin/swiftc -module-name AEPServices -Onone -enforce-exclusivity\=checked @/Users/admin/builder/spi-builder-workspace/.derivedData/Build/Intermediates.noindex/AEPCore.build/Debug-watchos/AEPServices.build/Objects-normal/arm64_32/AEPServices.SwiftFileList -DSWIFT_PACKAGE -DDEBUG -DSWIFT_MODULE_RESOURCE_BUNDLE_AVAILABLE -DXcode -plugin-path /Applications/Xcode-26.3.0.app/Contents/Developer/Toolchains/XcodeDefault.xctoolchain/usr/lib/swift/host/plugins/testing -enable-experimental-feature DebugDescriptionMacro -sdk /Applications/Xcode-26.3.0.app/Contents/Developer/Platforms/WatchOS.platform/Developer/SDKs/WatchOS26.2.sdk -target arm64_32-apple-watchos5.0 -g -module-cache-path /Users/admin/builder/spi-builder-workspace/.derivedData/ModuleCache.noindex -Xfrontend -serialize-debugging-options -enable-testing -index-store-path /Users/admin/builder/spi-builder-workspace/.derivedData/Index.noindex/DataStore -Xcc -D_LIBCPP_HARDENING_MODE\=_LIBCPP_HARDENING_MODE_DEBUG -swift-version 5 -I /Users/admin/builder/spi-builder-workspace/.derivedData/Build/Products/Debug-watchos -Isystem /Applications/Xcode-26.3.0.app/Contents/Developer/Platforms/WatchOS.platform/Developer/usr/lib -F /Users/admin/builder/spi-builder-workspace/.derivedData/Build/Products/Debug-watchos -F /Applications/Xcode-26.3.0.app/Contents/Developer/Platforms/WatchOS.platform/Developer/Library/Frameworks -F /Applications/Xcode-26.3.0.app/Contents/Developer/Platforms/WatchOS.platform/Developer/SDKs/WatchOS26.2.sdk/Developer/Library/Frameworks -c -j10 -enable-batch-mode -incremental -Xcc -ivfsstatcache -Xcc /Users/admin/builder/spi-builder-workspace/.derivedData/SDKStatCaches.noindex/watchos26.2-23S303-dc75598d0054f22ec865fa860f139d721753b489057de6bda919edfa1c59a62b.sdkstatcache -output-file-map /Users/admin/builder/spi-builder-workspace/.derivedData/Build/Intermediates.noindex/AEPCore.build/Debug-watchos/AEPServices.build/Objects-normal/arm64_32/AEPServices-OutputFileMap.json -use-frontend-parseable-output -save-temps -no-color-diagnostics -explicit-module-build -module-cache-path /Users/admin/builder/spi-builder-workspace/.derivedData/Build/Intermediates.noindex/SwiftExplicitPrecompiledModules -clang-scanner-module-cache-path /Users/admin/builder/spi-builder-workspace/.derivedData/ModuleCache.noindex -sdk-module-cache-path /Users/admin/builder/spi-builder-workspace/.derivedData/ModuleCache.noindex -serialize-diagnostics -emit-dependencies -emit-module -emit-module-path /Users/admin/builder/spi-builder-workspace/.derivedData/Build/Intermediates.noindex/AEPCore.build/Debug-watchos/AEPServices.build/Objects-normal/arm64_32/AEPServices.swiftmodule -validate-clang-modules-once -clang-build-session-file /Users/admin/builder/spi-builder-workspace/.derivedData/ModuleCache.noindex/Session.modulevalidation -Xcc -I/Users/admin/builder/spi-builder-workspace/.derivedData/Build/Intermediates.noindex/AEPCore.build/Debug-watchos/AEPServices.build/swift-overrides.hmap -emit-const-values -Xfrontend -const-gather-protocols-file -Xfrontend /Users/admin/builder/spi-builder-workspace/.derivedData/Build/Intermediates.noindex/AEPCore.build/Debug-watchos/AEPServices.build/Objects-normal/arm64_32/AEPServices_const_extract_protocols.json -Xcc -I/Users/admin/builder/spi-builder-workspace/.derivedData/Build/Products/Debug-watchos/include -Xcc -I/Users/admin/builder/spi-builder-workspace/.derivedData/Build/Intermediates.noindex/AEPCore.build/Debug-watchos/AEPServices.build/DerivedSources-normal/arm64_32 -Xcc -I/Users/admin/builder/spi-builder-workspace/.derivedData/Build/Intermediates.noindex/AEPCore.build/Debug-watchos/AEPServices.build/DerivedSources/arm64_32 -Xcc -I/Users/admin/builder/spi-builder-workspace/.derivedData/Build/Intermediates.noindex/AEPCore.build/Debug-watchos/AEPServices.build/DerivedSources -Xcc -DSWIFT_PACKAGE -Xcc -DDEBUG\=1 -emit-objc-header -emit-objc-header-path /Users/admin/builder/spi-builder-workspace/.derivedData/Build/Intermediates.noindex/AEPCore.build/Debug-watchos/AEPServices.build/Objects-normal/arm64_32/AEPServices-Swift.h -working-directory /Users/admin/builder/spi-builder-workspace/.swiftpm/xcode -experimental-emit-module-separately -disable-cmo
SwiftDriver AEPServices normal arm64 com.apple.xcode.tools.swift.compiler (in target 'AEPServices' from project 'AEPCore')
cd /Users/admin/builder/spi-builder-workspace/.swiftpm/xcode
builtin-SwiftDriver -- /Applications/Xcode-26.3.0.app/Contents/Developer/Toolchains/XcodeDefault.xctoolchain/usr/bin/swiftc -module-name AEPServices -Onone -enforce-exclusivity\=checked @/Users/admin/builder/spi-builder-workspace/.derivedData/Build/Intermediates.noindex/AEPCore.build/Debug-watchos/AEPServices.build/Objects-normal/arm64/AEPServices.SwiftFileList -DSWIFT_PACKAGE -DDEBUG -DSWIFT_MODULE_RESOURCE_BUNDLE_AVAILABLE -DXcode -plugin-path /Applications/Xcode-26.3.0.app/Contents/Developer/Toolchains/XcodeDefault.xctoolchain/usr/lib/swift/host/plugins/testing -enable-experimental-feature DebugDescriptionMacro -sdk /Applications/Xcode-26.3.0.app/Contents/Developer/Platforms/WatchOS.platform/Developer/SDKs/WatchOS26.2.sdk -target arm64-apple-watchos5.0 -g -module-cache-path /Users/admin/builder/spi-builder-workspace/.derivedData/ModuleCache.noindex -Xfrontend -serialize-debugging-options -enable-testing -index-store-path /Users/admin/builder/spi-builder-workspace/.derivedData/Index.noindex/DataStore -Xcc -D_LIBCPP_HARDENING_MODE\=_LIBCPP_HARDENING_MODE_DEBUG -swift-version 5 -I /Users/admin/builder/spi-builder-workspace/.derivedData/Build/Products/Debug-watchos -Isystem /Applications/Xcode-26.3.0.app/Contents/Developer/Platforms/WatchOS.platform/Developer/usr/lib -F /Users/admin/builder/spi-builder-workspace/.derivedData/Build/Products/Debug-watchos -F /Applications/Xcode-26.3.0.app/Contents/Developer/Platforms/WatchOS.platform/Developer/Library/Frameworks -F /Applications/Xcode-26.3.0.app/Contents/Developer/Platforms/WatchOS.platform/Developer/SDKs/WatchOS26.2.sdk/Developer/Library/Frameworks -c -j10 -enable-batch-mode -incremental -Xcc -ivfsstatcache -Xcc /Users/admin/builder/spi-builder-workspace/.derivedData/SDKStatCaches.noindex/watchos26.2-23S303-dc75598d0054f22ec865fa860f139d721753b489057de6bda919edfa1c59a62b.sdkstatcache -output-file-map /Users/admin/builder/spi-builder-workspace/.derivedData/Build/Intermediates.noindex/AEPCore.build/Debug-watchos/AEPServices.build/Objects-normal/arm64/AEPServices-OutputFileMap.json -use-frontend-parseable-output -save-temps -no-color-diagnostics -explicit-module-build -module-cache-path /Users/admin/builder/spi-builder-workspace/.derivedData/Build/Intermediates.noindex/SwiftExplicitPrecompiledModules -clang-scanner-module-cache-path /Users/admin/builder/spi-builder-workspace/.derivedData/ModuleCache.noindex -sdk-module-cache-path /Users/admin/builder/spi-builder-workspace/.derivedData/ModuleCache.noindex -serialize-diagnostics -emit-dependencies -emit-module -emit-module-path /Users/admin/builder/spi-builder-workspace/.derivedData/Build/Intermediates.noindex/AEPCore.build/Debug-watchos/AEPServices.build/Objects-normal/arm64/AEPServices.swiftmodule -validate-clang-modules-once -clang-build-session-file /Users/admin/builder/spi-builder-workspace/.derivedData/ModuleCache.noindex/Session.modulevalidation -Xcc -I/Users/admin/builder/spi-builder-workspace/.derivedData/Build/Intermediates.noindex/AEPCore.build/Debug-watchos/AEPServices.build/swift-overrides.hmap -emit-const-values -Xfrontend -const-gather-protocols-file -Xfrontend /Users/admin/builder/spi-builder-workspace/.derivedData/Build/Intermediates.noindex/AEPCore.build/Debug-watchos/AEPServices.build/Objects-normal/arm64/AEPServices_const_extract_protocols.json -Xcc -I/Users/admin/builder/spi-builder-workspace/.derivedData/Build/Products/Debug-watchos/include -Xcc -I/Users/admin/builder/spi-builder-workspace/.derivedData/Build/Intermediates.noindex/AEPCore.build/Debug-watchos/AEPServices.build/DerivedSources-normal/arm64 -Xcc -I/Users/admin/builder/spi-builder-workspace/.derivedData/Build/Intermediates.noindex/AEPCore.build/Debug-watchos/AEPServices.build/DerivedSources/arm64 -Xcc -I/Users/admin/builder/spi-builder-workspace/.derivedData/Build/Intermediates.noindex/AEPCore.build/Debug-watchos/AEPServices.build/DerivedSources -Xcc -DSWIFT_PACKAGE -Xcc -DDEBUG\=1 -emit-objc-header -emit-objc-header-path /Users/admin/builder/spi-builder-workspace/.derivedData/Build/Intermediates.noindex/AEPCore.build/Debug-watchos/AEPServices.build/Objects-normal/arm64/AEPServices-Swift.h -working-directory /Users/admin/builder/spi-builder-workspace/.swiftpm/xcode -experimental-emit-module-separately -disable-cmo
SwiftDriver AEPRulesEngine normal armv7k com.apple.xcode.tools.swift.compiler (in target 'AEPRulesEngine' from project 'AEPRulesEngine')
cd /Users/admin/builder/spi-builder-workspace/.swiftpm/xcode
builtin-SwiftDriver -- /Applications/Xcode-26.3.0.app/Contents/Developer/Toolchains/XcodeDefault.xctoolchain/usr/bin/swiftc -module-name AEPRulesEngine -Onone -enforce-exclusivity\=checked @/Users/admin/builder/spi-builder-workspace/.derivedData/Build/Intermediates.noindex/AEPRulesEngine.build/Debug-watchos/AEPRulesEngine.build/Objects-normal/armv7k/AEPRulesEngine.SwiftFileList -DSWIFT_PACKAGE -DDEBUG -DSWIFT_MODULE_RESOURCE_BUNDLE_UNAVAILABLE -DXcode -plugin-path /Applications/Xcode-26.3.0.app/Contents/Developer/Toolchains/XcodeDefault.xctoolchain/usr/lib/swift/host/plugins/testing -enable-experimental-feature DebugDescriptionMacro -sdk /Applications/Xcode-26.3.0.app/Contents/Developer/Platforms/WatchOS.platform/Developer/SDKs/WatchOS26.2.sdk -target armv7k-apple-watchos5.0 -g -module-cache-path /Users/admin/builder/spi-builder-workspace/.derivedData/ModuleCache.noindex -Xfrontend -serialize-debugging-options -enable-testing -suppress-warnings -index-store-path /Users/admin/builder/spi-builder-workspace/.derivedData/Index.noindex/DataStore -Xcc -D_LIBCPP_HARDENING_MODE\=_LIBCPP_HARDENING_MODE_DEBUG -swift-version 5 -I /Users/admin/builder/spi-builder-workspace/.derivedData/Build/Products/Debug-watchos -Isystem /Applications/Xcode-26.3.0.app/Contents/Developer/Platforms/WatchOS.platform/Developer/usr/lib -F /Users/admin/builder/spi-builder-workspace/.derivedData/Build/Products/Debug-watchos -F /Applications/Xcode-26.3.0.app/Contents/Developer/Platforms/WatchOS.platform/Developer/Library/Frameworks -F /Applications/Xcode-26.3.0.app/Contents/Developer/Platforms/WatchOS.platform/Developer/SDKs/WatchOS26.2.sdk/Developer/Library/Frameworks -c -j10 -enable-batch-mode -incremental -Xcc -ivfsstatcache -Xcc /Users/admin/builder/spi-builder-workspace/.derivedData/SDKStatCaches.noindex/watchos26.2-23S303-dc75598d0054f22ec865fa860f139d721753b489057de6bda919edfa1c59a62b.sdkstatcache -output-file-map /Users/admin/builder/spi-builder-workspace/.derivedData/Build/Intermediates.noindex/AEPRulesEngine.build/Debug-watchos/AEPRulesEngine.build/Objects-normal/armv7k/AEPRulesEngine-OutputFileMap.json -use-frontend-parseable-output -save-temps -no-color-diagnostics -explicit-module-build -module-cache-path /Users/admin/builder/spi-builder-workspace/.derivedData/Build/Intermediates.noindex/SwiftExplicitPrecompiledModules -clang-scanner-module-cache-path /Users/admin/builder/spi-builder-workspace/.derivedData/ModuleCache.noindex -sdk-module-cache-path /Users/admin/builder/spi-builder-workspace/.derivedData/ModuleCache.noindex -serialize-diagnostics -emit-dependencies -emit-module -emit-module-path /Users/admin/builder/spi-builder-workspace/.derivedData/Build/Intermediates.noindex/AEPRulesEngine.build/Debug-watchos/AEPRulesEngine.build/Objects-normal/armv7k/AEPRulesEngine.swiftmodule -validate-clang-modules-once -clang-build-session-file /Users/admin/builder/spi-builder-workspace/.derivedData/ModuleCache.noindex/Session.modulevalidation -Xcc -I/Users/admin/builder/spi-builder-workspace/.derivedData/Build/Intermediates.noindex/AEPRulesEngine.build/Debug-watchos/AEPRulesEngine.build/swift-overrides.hmap -emit-const-values -Xfrontend -const-gather-protocols-file -Xfrontend /Users/admin/builder/spi-builder-workspace/.derivedData/Build/Intermediates.noindex/AEPRulesEngine.build/Debug-watchos/AEPRulesEngine.build/Objects-normal/armv7k/AEPRulesEngine_const_extract_protocols.json -Xcc -I/Users/admin/builder/spi-builder-workspace/.derivedData/Build/Products/Debug-watchos/include -Xcc -I/Users/admin/builder/spi-builder-workspace/.derivedData/Build/Intermediates.noindex/AEPRulesEngine.build/Debug-watchos/AEPRulesEngine.build/DerivedSources-normal/armv7k -Xcc -I/Users/admin/builder/spi-builder-workspace/.derivedData/Build/Intermediates.noindex/AEPRulesEngine.build/Debug-watchos/AEPRulesEngine.build/DerivedSources/armv7k -Xcc -I/Users/admin/builder/spi-builder-workspace/.derivedData/Build/Intermediates.noindex/AEPRulesEngine.build/Debug-watchos/AEPRulesEngine.build/DerivedSources -Xcc -DSWIFT_PACKAGE -Xcc -DDEBUG\=1 -emit-objc-header -emit-objc-header-path /Users/admin/builder/spi-builder-workspace/.derivedData/Build/Intermediates.noindex/AEPRulesEngine.build/Debug-watchos/AEPRulesEngine.build/Objects-normal/armv7k/AEPRulesEngine-Swift.h -working-directory /Users/admin/builder/spi-builder-workspace/.swiftpm/xcode -experimental-emit-module-separately -disable-cmo
SwiftDriver AEPRulesEngine normal arm64_32 com.apple.xcode.tools.swift.compiler (in target 'AEPRulesEngine' from project 'AEPRulesEngine')
cd /Users/admin/builder/spi-builder-workspace/.swiftpm/xcode
builtin-SwiftDriver -- /Applications/Xcode-26.3.0.app/Contents/Developer/Toolchains/XcodeDefault.xctoolchain/usr/bin/swiftc -module-name AEPRulesEngine -Onone -enforce-exclusivity\=checked @/Users/admin/builder/spi-builder-workspace/.derivedData/Build/Intermediates.noindex/AEPRulesEngine.build/Debug-watchos/AEPRulesEngine.build/Objects-normal/arm64_32/AEPRulesEngine.SwiftFileList -DSWIFT_PACKAGE -DDEBUG -DSWIFT_MODULE_RESOURCE_BUNDLE_UNAVAILABLE -DXcode -plugin-path /Applications/Xcode-26.3.0.app/Contents/Developer/Toolchains/XcodeDefault.xctoolchain/usr/lib/swift/host/plugins/testing -enable-experimental-feature DebugDescriptionMacro -sdk /Applications/Xcode-26.3.0.app/Contents/Developer/Platforms/WatchOS.platform/Developer/SDKs/WatchOS26.2.sdk -target arm64_32-apple-watchos5.0 -g -module-cache-path /Users/admin/builder/spi-builder-workspace/.derivedData/ModuleCache.noindex -Xfrontend -serialize-debugging-options -enable-testing -suppress-warnings -index-store-path /Users/admin/builder/spi-builder-workspace/.derivedData/Index.noindex/DataStore -Xcc -D_LIBCPP_HARDENING_MODE\=_LIBCPP_HARDENING_MODE_DEBUG -swift-version 5 -I /Users/admin/builder/spi-builder-workspace/.derivedData/Build/Products/Debug-watchos -Isystem /Applications/Xcode-26.3.0.app/Contents/Developer/Platforms/WatchOS.platform/Developer/usr/lib -F /Users/admin/builder/spi-builder-workspace/.derivedData/Build/Products/Debug-watchos -F /Applications/Xcode-26.3.0.app/Contents/Developer/Platforms/WatchOS.platform/Developer/Library/Frameworks -F /Applications/Xcode-26.3.0.app/Contents/Developer/Platforms/WatchOS.platform/Developer/SDKs/WatchOS26.2.sdk/Developer/Library/Frameworks -c -j10 -enable-batch-mode -incremental -Xcc -ivfsstatcache -Xcc /Users/admin/builder/spi-builder-workspace/.derivedData/SDKStatCaches.noindex/watchos26.2-23S303-dc75598d0054f22ec865fa860f139d721753b489057de6bda919edfa1c59a62b.sdkstatcache -output-file-map /Users/admin/builder/spi-builder-workspace/.derivedData/Build/Intermediates.noindex/AEPRulesEngine.build/Debug-watchos/AEPRulesEngine.build/Objects-normal/arm64_32/AEPRulesEngine-OutputFileMap.json -use-frontend-parseable-output -save-temps -no-color-diagnostics -explicit-module-build -module-cache-path /Users/admin/builder/spi-builder-workspace/.derivedData/Build/Intermediates.noindex/SwiftExplicitPrecompiledModules -clang-scanner-module-cache-path /Users/admin/builder/spi-builder-workspace/.derivedData/ModuleCache.noindex -sdk-module-cache-path /Users/admin/builder/spi-builder-workspace/.derivedData/ModuleCache.noindex -serialize-diagnostics -emit-dependencies -emit-module -emit-module-path /Users/admin/builder/spi-builder-workspace/.derivedData/Build/Intermediates.noindex/AEPRulesEngine.build/Debug-watchos/AEPRulesEngine.build/Objects-normal/arm64_32/AEPRulesEngine.swiftmodule -validate-clang-modules-once -clang-build-session-file /Users/admin/builder/spi-builder-workspace/.derivedData/ModuleCache.noindex/Session.modulevalidation -Xcc -I/Users/admin/builder/spi-builder-workspace/.derivedData/Build/Intermediates.noindex/AEPRulesEngine.build/Debug-watchos/AEPRulesEngine.build/swift-overrides.hmap -emit-const-values -Xfrontend -const-gather-protocols-file -Xfrontend /Users/admin/builder/spi-builder-workspace/.derivedData/Build/Intermediates.noindex/AEPRulesEngine.build/Debug-watchos/AEPRulesEngine.build/Objects-normal/arm64_32/AEPRulesEngine_const_extract_protocols.json -Xcc -I/Users/admin/builder/spi-builder-workspace/.derivedData/Build/Products/Debug-watchos/include -Xcc -I/Users/admin/builder/spi-builder-workspace/.derivedData/Build/Intermediates.noindex/AEPRulesEngine.build/Debug-watchos/AEPRulesEngine.build/DerivedSources-normal/arm64_32 -Xcc -I/Users/admin/builder/spi-builder-workspace/.derivedData/Build/Intermediates.noindex/AEPRulesEngine.build/Debug-watchos/AEPRulesEngine.build/DerivedSources/arm64_32 -Xcc -I/Users/admin/builder/spi-builder-workspace/.derivedData/Build/Intermediates.noindex/AEPRulesEngine.build/Debug-watchos/AEPRulesEngine.build/DerivedSources -Xcc -DSWIFT_PACKAGE -Xcc -DDEBUG\=1 -emit-objc-header -emit-objc-header-path /Users/admin/builder/spi-builder-workspace/.derivedData/Build/Intermediates.noindex/AEPRulesEngine.build/Debug-watchos/AEPRulesEngine.build/Objects-normal/arm64_32/AEPRulesEngine-Swift.h -working-directory /Users/admin/builder/spi-builder-workspace/.swiftpm/xcode -experimental-emit-module-separately -disable-cmo
SwiftDriver AEPServices normal armv7k com.apple.xcode.tools.swift.compiler (in target 'AEPServices' from project 'AEPCore')
cd /Users/admin/builder/spi-builder-workspace/.swiftpm/xcode
builtin-SwiftDriver -- /Applications/Xcode-26.3.0.app/Contents/Developer/Toolchains/XcodeDefault.xctoolchain/usr/bin/swiftc -module-name AEPServices -Onone -enforce-exclusivity\=checked @/Users/admin/builder/spi-builder-workspace/.derivedData/Build/Intermediates.noindex/AEPCore.build/Debug-watchos/AEPServices.build/Objects-normal/armv7k/AEPServices.SwiftFileList -DSWIFT_PACKAGE -DDEBUG -DSWIFT_MODULE_RESOURCE_BUNDLE_AVAILABLE -DXcode -plugin-path /Applications/Xcode-26.3.0.app/Contents/Developer/Toolchains/XcodeDefault.xctoolchain/usr/lib/swift/host/plugins/testing -enable-experimental-feature DebugDescriptionMacro -sdk /Applications/Xcode-26.3.0.app/Contents/Developer/Platforms/WatchOS.platform/Developer/SDKs/WatchOS26.2.sdk -target armv7k-apple-watchos5.0 -g -module-cache-path /Users/admin/builder/spi-builder-workspace/.derivedData/ModuleCache.noindex -Xfrontend -serialize-debugging-options -enable-testing -index-store-path /Users/admin/builder/spi-builder-workspace/.derivedData/Index.noindex/DataStore -Xcc -D_LIBCPP_HARDENING_MODE\=_LIBCPP_HARDENING_MODE_DEBUG -swift-version 5 -I /Users/admin/builder/spi-builder-workspace/.derivedData/Build/Products/Debug-watchos -Isystem /Applications/Xcode-26.3.0.app/Contents/Developer/Platforms/WatchOS.platform/Developer/usr/lib -F /Users/admin/builder/spi-builder-workspace/.derivedData/Build/Products/Debug-watchos -F /Applications/Xcode-26.3.0.app/Contents/Developer/Platforms/WatchOS.platform/Developer/Library/Frameworks -F /Applications/Xcode-26.3.0.app/Contents/Developer/Platforms/WatchOS.platform/Developer/SDKs/WatchOS26.2.sdk/Developer/Library/Frameworks -c -j10 -enable-batch-mode -incremental -Xcc -ivfsstatcache -Xcc /Users/admin/builder/spi-builder-workspace/.derivedData/SDKStatCaches.noindex/watchos26.2-23S303-dc75598d0054f22ec865fa860f139d721753b489057de6bda919edfa1c59a62b.sdkstatcache -output-file-map /Users/admin/builder/spi-builder-workspace/.derivedData/Build/Intermediates.noindex/AEPCore.build/Debug-watchos/AEPServices.build/Objects-normal/armv7k/AEPServices-OutputFileMap.json -use-frontend-parseable-output -save-temps -no-color-diagnostics -explicit-module-build -module-cache-path /Users/admin/builder/spi-builder-workspace/.derivedData/Build/Intermediates.noindex/SwiftExplicitPrecompiledModules -clang-scanner-module-cache-path /Users/admin/builder/spi-builder-workspace/.derivedData/ModuleCache.noindex -sdk-module-cache-path /Users/admin/builder/spi-builder-workspace/.derivedData/ModuleCache.noindex -serialize-diagnostics -emit-dependencies -emit-module -emit-module-path /Users/admin/builder/spi-builder-workspace/.derivedData/Build/Intermediates.noindex/AEPCore.build/Debug-watchos/AEPServices.build/Objects-normal/armv7k/AEPServices.swiftmodule -validate-clang-modules-once -clang-build-session-file /Users/admin/builder/spi-builder-workspace/.derivedData/ModuleCache.noindex/Session.modulevalidation -Xcc -I/Users/admin/builder/spi-builder-workspace/.derivedData/Build/Intermediates.noindex/AEPCore.build/Debug-watchos/AEPServices.build/swift-overrides.hmap -emit-const-values -Xfrontend -const-gather-protocols-file -Xfrontend /Users/admin/builder/spi-builder-workspace/.derivedData/Build/Intermediates.noindex/AEPCore.build/Debug-watchos/AEPServices.build/Objects-normal/armv7k/AEPServices_const_extract_protocols.json -Xcc -I/Users/admin/builder/spi-builder-workspace/.derivedData/Build/Products/Debug-watchos/include -Xcc -I/Users/admin/builder/spi-builder-workspace/.derivedData/Build/Intermediates.noindex/AEPCore.build/Debug-watchos/AEPServices.build/DerivedSources-normal/armv7k -Xcc -I/Users/admin/builder/spi-builder-workspace/.derivedData/Build/Intermediates.noindex/AEPCore.build/Debug-watchos/AEPServices.build/DerivedSources/armv7k -Xcc -I/Users/admin/builder/spi-builder-workspace/.derivedData/Build/Intermediates.noindex/AEPCore.build/Debug-watchos/AEPServices.build/DerivedSources -Xcc -DSWIFT_PACKAGE -Xcc -DDEBUG\=1 -emit-objc-header -emit-objc-header-path /Users/admin/builder/spi-builder-workspace/.derivedData/Build/Intermediates.noindex/AEPCore.build/Debug-watchos/AEPServices.build/Objects-normal/armv7k/AEPServices-Swift.h -working-directory /Users/admin/builder/spi-builder-workspace/.swiftpm/xcode -experimental-emit-module-separately -disable-cmo
SwiftDriver AEPRulesEngine normal arm64 com.apple.xcode.tools.swift.compiler (in target 'AEPRulesEngine' from project 'AEPRulesEngine')
cd /Users/admin/builder/spi-builder-workspace/.swiftpm/xcode
builtin-SwiftDriver -- /Applications/Xcode-26.3.0.app/Contents/Developer/Toolchains/XcodeDefault.xctoolchain/usr/bin/swiftc -module-name AEPRulesEngine -Onone -enforce-exclusivity\=checked @/Users/admin/builder/spi-builder-workspace/.derivedData/Build/Intermediates.noindex/AEPRulesEngine.build/Debug-watchos/AEPRulesEngine.build/Objects-normal/arm64/AEPRulesEngine.SwiftFileList -DSWIFT_PACKAGE -DDEBUG -DSWIFT_MODULE_RESOURCE_BUNDLE_UNAVAILABLE -DXcode -plugin-path /Applications/Xcode-26.3.0.app/Contents/Developer/Toolchains/XcodeDefault.xctoolchain/usr/lib/swift/host/plugins/testing -enable-experimental-feature DebugDescriptionMacro -sdk /Applications/Xcode-26.3.0.app/Contents/Developer/Platforms/WatchOS.platform/Developer/SDKs/WatchOS26.2.sdk -target arm64-apple-watchos5.0 -g -module-cache-path /Users/admin/builder/spi-builder-workspace/.derivedData/ModuleCache.noindex -Xfrontend -serialize-debugging-options -enable-testing -suppress-warnings -index-store-path /Users/admin/builder/spi-builder-workspace/.derivedData/Index.noindex/DataStore -Xcc -D_LIBCPP_HARDENING_MODE\=_LIBCPP_HARDENING_MODE_DEBUG -swift-version 5 -I /Users/admin/builder/spi-builder-workspace/.derivedData/Build/Products/Debug-watchos -Isystem /Applications/Xcode-26.3.0.app/Contents/Developer/Platforms/WatchOS.platform/Developer/usr/lib -F /Users/admin/builder/spi-builder-workspace/.derivedData/Build/Products/Debug-watchos -F /Applications/Xcode-26.3.0.app/Contents/Developer/Platforms/WatchOS.platform/Developer/Library/Frameworks -F /Applications/Xcode-26.3.0.app/Contents/Developer/Platforms/WatchOS.platform/Developer/SDKs/WatchOS26.2.sdk/Developer/Library/Frameworks -c -j10 -enable-batch-mode -incremental -Xcc -ivfsstatcache -Xcc /Users/admin/builder/spi-builder-workspace/.derivedData/SDKStatCaches.noindex/watchos26.2-23S303-dc75598d0054f22ec865fa860f139d721753b489057de6bda919edfa1c59a62b.sdkstatcache -output-file-map /Users/admin/builder/spi-builder-workspace/.derivedData/Build/Intermediates.noindex/AEPRulesEngine.build/Debug-watchos/AEPRulesEngine.build/Objects-normal/arm64/AEPRulesEngine-OutputFileMap.json -use-frontend-parseable-output -save-temps -no-color-diagnostics -explicit-module-build -module-cache-path /Users/admin/builder/spi-builder-workspace/.derivedData/Build/Intermediates.noindex/SwiftExplicitPrecompiledModules -clang-scanner-module-cache-path /Users/admin/builder/spi-builder-workspace/.derivedData/ModuleCache.noindex -sdk-module-cache-path /Users/admin/builder/spi-builder-workspace/.derivedData/ModuleCache.noindex -serialize-diagnostics -emit-dependencies -emit-module -emit-module-path /Users/admin/builder/spi-builder-workspace/.derivedData/Build/Intermediates.noindex/AEPRulesEngine.build/Debug-watchos/AEPRulesEngine.build/Objects-normal/arm64/AEPRulesEngine.swiftmodule -validate-clang-modules-once -clang-build-session-file /Users/admin/builder/spi-builder-workspace/.derivedData/ModuleCache.noindex/Session.modulevalidation -Xcc -I/Users/admin/builder/spi-builder-workspace/.derivedData/Build/Intermediates.noindex/AEPRulesEngine.build/Debug-watchos/AEPRulesEngine.build/swift-overrides.hmap -emit-const-values -Xfrontend -const-gather-protocols-file -Xfrontend /Users/admin/builder/spi-builder-workspace/.derivedData/Build/Intermediates.noindex/AEPRulesEngine.build/Debug-watchos/AEPRulesEngine.build/Objects-normal/arm64/AEPRulesEngine_const_extract_protocols.json -Xcc -I/Users/admin/builder/spi-builder-workspace/.derivedData/Build/Products/Debug-watchos/include -Xcc -I/Users/admin/builder/spi-builder-workspace/.derivedData/Build/Intermediates.noindex/AEPRulesEngine.build/Debug-watchos/AEPRulesEngine.build/DerivedSources-normal/arm64 -Xcc -I/Users/admin/builder/spi-builder-workspace/.derivedData/Build/Intermediates.noindex/AEPRulesEngine.build/Debug-watchos/AEPRulesEngine.build/DerivedSources/arm64 -Xcc -I/Users/admin/builder/spi-builder-workspace/.derivedData/Build/Intermediates.noindex/AEPRulesEngine.build/Debug-watchos/AEPRulesEngine.build/DerivedSources -Xcc -DSWIFT_PACKAGE -Xcc -DDEBUG\=1 -emit-objc-header -emit-objc-header-path /Users/admin/builder/spi-builder-workspace/.derivedData/Build/Intermediates.noindex/AEPRulesEngine.build/Debug-watchos/AEPRulesEngine.build/Objects-normal/arm64/AEPRulesEngine-Swift.h -working-directory /Users/admin/builder/spi-builder-workspace/.swiftpm/xcode -experimental-emit-module-separately -disable-cmo
SwiftExplicitDependencyGeneratePcm arm64 /Users/admin/builder/spi-builder-workspace/.derivedData/ModuleCache.noindex/ptrcheck-BZQSFWKT9QTVPI5QDZ5NVKV9.pcm
SwiftExplicitDependencyGeneratePcm arm64 /Users/admin/builder/spi-builder-workspace/.derivedData/ModuleCache.noindex/_Builtin_stdbool-3NJZE36R00VOGM327EIZI9T3M.pcm
SwiftExplicitDependencyGeneratePcm arm64 /Users/admin/builder/spi-builder-workspace/.derivedData/ModuleCache.noindex/SwiftShims-CM405XN1ZNHPKWICE5AN3FQBL.pcm
SwiftExplicitDependencyGeneratePcm arm64 /Users/admin/builder/spi-builder-workspace/.derivedData/ModuleCache.noindex/_Builtin_float-BH8TSRPG6J1WAF94R6BGWMCH7.pcm
SwiftExplicitDependencyGeneratePcm arm64 /Users/admin/builder/spi-builder-workspace/.derivedData/ModuleCache.noindex/_Builtin_stdarg-41VMB7R3H5MIU0RJWRTVECF73.pcm
SwiftExplicitDependencyGeneratePcm arm64 /Users/admin/builder/spi-builder-workspace/.derivedData/ModuleCache.noindex/_AvailabilityInternal-AHCR9CD21F4JF161R0D7SVS8U.pcm
SwiftExplicitDependencyGeneratePcm arm64 /Users/admin/builder/spi-builder-workspace/.derivedData/ModuleCache.noindex/_Builtin_stddef-BFZNESQOB31O3W68M3ZQ64Q5W.pcm
SwiftExplicitDependencyGeneratePcm armv7k /Users/admin/builder/spi-builder-workspace/.derivedData/ModuleCache.noindex/SwiftShims-DF1S41MRK5T9Q78COJM8USFTK.pcm
SwiftExplicitDependencyGeneratePcm arm64_32 /Users/admin/builder/spi-builder-workspace/.derivedData/ModuleCache.noindex/_SwiftConcurrencyShims-EKNAGQ6VDRD7YC1GBALZ7FXI3.pcm
SwiftExplicitDependencyGeneratePcm armv7k /Users/admin/builder/spi-builder-workspace/.derivedData/ModuleCache.noindex/_AvailabilityInternal-EY3BO3AT1IVA0A77O3J98LWL9.pcm
SwiftExplicitDependencyGeneratePcm armv7k /Users/admin/builder/spi-builder-workspace/.derivedData/ModuleCache.noindex/ptrcheck-7LSYX6ETTNTOSEGXFGUGJ6PK3.pcm
SwiftExplicitDependencyGeneratePcm arm64_32 /Users/admin/builder/spi-builder-workspace/.derivedData/ModuleCache.noindex/_Builtin_stddef-3Z25006GJEEIO9SU5HVXBBBAT.pcm
SwiftExplicitDependencyGeneratePcm armv7k /Users/admin/builder/spi-builder-workspace/.derivedData/ModuleCache.noindex/_Builtin_stddef-BOED5FAOPQQQ8EQJ4TOKIV54N.pcm
SwiftExplicitDependencyGeneratePcm armv7k /Users/admin/builder/spi-builder-workspace/.derivedData/ModuleCache.noindex/_Builtin_float-3ADR5SOKJ0KGO3UK7SNQTCDOV.pcm
SwiftExplicitDependencyGeneratePcm arm64_32 /Users/admin/builder/spi-builder-workspace/.derivedData/ModuleCache.noindex/_Builtin_stdarg-3DKNO61VH3IRYCOYDXNL008WT.pcm
SwiftExplicitDependencyGeneratePcm arm64_32 /Users/admin/builder/spi-builder-workspace/.derivedData/ModuleCache.noindex/ptrauth-F18G3AZ9IODJJKSCG3V4PZ9QF.pcm
SwiftExplicitDependencyGeneratePcm arm64_32 /Users/admin/builder/spi-builder-workspace/.derivedData/ModuleCache.noindex/_Builtin_float-84HIG4SRMTELEAL8REICO3HZ8.pcm
SwiftExplicitDependencyGeneratePcm armv7k /Users/admin/builder/spi-builder-workspace/.derivedData/ModuleCache.noindex/_Builtin_stdarg-1BUNRX2QJIKYWJ1962CPXCMS2.pcm
SwiftExplicitDependencyGeneratePcm arm64_32 /Users/admin/builder/spi-builder-workspace/.derivedData/ModuleCache.noindex/ptrcheck-AA5GJME3GXGO73H210XMPC07G.pcm
SwiftExplicitDependencyGeneratePcm arm64 /Users/admin/builder/spi-builder-workspace/.derivedData/ModuleCache.noindex/_SwiftConcurrencyShims-3E06EU7FYQAWFLTZRBVU2RIGD.pcm
SwiftExplicitDependencyGeneratePcm arm64_32 /Users/admin/builder/spi-builder-workspace/.derivedData/ModuleCache.noindex/SwiftShims-2AV76KREET4U6COZAGI565HPC.pcm
SwiftExplicitDependencyGeneratePcm armv7k /Users/admin/builder/spi-builder-workspace/.derivedData/ModuleCache.noindex/_DarwinFoundation1-40Y0GY8OI3OSKKP8R25QSVVE3.pcm
SwiftExplicitDependencyGeneratePcm armv7k /Users/admin/builder/spi-builder-workspace/.derivedData/ModuleCache.noindex/ptrauth-9IB0Q37XD4KBICFV9JN0WA751.pcm
SwiftExplicitDependencyGeneratePcm arm64 /Users/admin/builder/spi-builder-workspace/.derivedData/ModuleCache.noindex/ptrauth-2QN0W8EE9P0TVYCIGO0RALCET.pcm
SwiftExplicitDependencyGeneratePcm arm64_32 /Users/admin/builder/spi-builder-workspace/.derivedData/ModuleCache.noindex/_Builtin_stdbool-BKC6HA5TVF8P9O7Q30CRXJ02T.pcm
SwiftExplicitDependencyGeneratePcm armv7k /Users/admin/builder/spi-builder-workspace/.derivedData/ModuleCache.noindex/_Builtin_stdbool-3SSVOWQSYKMDF9LAAICA6FU9H.pcm
SwiftExplicitDependencyGeneratePcm arm64 /Users/admin/builder/spi-builder-workspace/.derivedData/ModuleCache.noindex/_DarwinFoundation1-62SI4S8RO7TETG2MCQSI4A3XV.pcm
SwiftExplicitDependencyGeneratePcm armv7k /Users/admin/builder/spi-builder-workspace/.derivedData/ModuleCache.noindex/_SwiftConcurrencyShims-9EJPFOS18RDMGC4RE1FY7YAHP.pcm
SwiftExplicitDependencyGeneratePcm arm64_32 /Users/admin/builder/spi-builder-workspace/.derivedData/ModuleCache.noindex/_AvailabilityInternal-AT45JBTV7ZIGO40P4HOV38OTX.pcm
SwiftExplicitDependencyGeneratePcm armv7k /Users/admin/builder/spi-builder-workspace/.derivedData/ModuleCache.noindex/_Builtin_limits-6NBGT2WJSUPAB4EVSOZY77RUO.pcm
SwiftExplicitDependencyGeneratePcm armv7k /Users/admin/builder/spi-builder-workspace/.derivedData/ModuleCache.noindex/_DarwinFoundation2-BT0IZXKWGRC26OHMXRQP4KCL7.pcm
SwiftExplicitDependencyGeneratePcm arm64 /Users/admin/builder/spi-builder-workspace/.derivedData/ModuleCache.noindex/_DarwinFoundation2-3OGFNC97XNG95QAEKS0YO8UBN.pcm
SwiftExplicitDependencyGeneratePcm arm64 /Users/admin/builder/spi-builder-workspace/.derivedData/ModuleCache.noindex/_Builtin_limits-9VZV7C5F1EZGAP8H0JA8WSO4Q.pcm
SwiftExplicitDependencyGeneratePcm arm64_32 /Users/admin/builder/spi-builder-workspace/.derivedData/ModuleCache.noindex/_DarwinFoundation1-CO2PQHYUB6SXX1609DCI88KWW.pcm
SwiftExplicitDependencyGeneratePcm armv7k /Users/admin/builder/spi-builder-workspace/.derivedData/ModuleCache.noindex/sys_types-4V3MXF0AZ6FFESLHZ4XDAQWO.pcm
SwiftExplicitDependencyGeneratePcm armv7k /Users/admin/builder/spi-builder-workspace/.derivedData/ModuleCache.noindex/_Builtin_stdint-2A9H3A0UDJUS1JZ3QYPEVPIQY.pcm
SwiftExplicitDependencyGeneratePcm arm64 /Users/admin/builder/spi-builder-workspace/.derivedData/ModuleCache.noindex/sys_types-PSIKW7TKZEXDG48ELPF5NJDG.pcm
SwiftExplicitDependencyGeneratePcm arm64 /Users/admin/builder/spi-builder-workspace/.derivedData/ModuleCache.noindex/_Builtin_stdint-8ZJTN8FQ97QD3ZI7LN5FDVJTO.pcm
SwiftExplicitDependencyGeneratePcm arm64_32 /Users/admin/builder/spi-builder-workspace/.derivedData/ModuleCache.noindex/_Builtin_limits-16SFP6KSMIWQ8B99YQSPO00CA.pcm
SwiftExplicitDependencyGeneratePcm arm64_32 /Users/admin/builder/spi-builder-workspace/.derivedData/ModuleCache.noindex/_DarwinFoundation2-6JM2KNJ9H81ZXHOMC1GP42DUU.pcm
SwiftExplicitDependencyGeneratePcm arm64_32 /Users/admin/builder/spi-builder-workspace/.derivedData/ModuleCache.noindex/DeveloperToolsSupport-ESPY7BV82ASJCSCPWLXHMRQNZ.pcm
SwiftExplicitDependencyGeneratePcm arm64_32 /Users/admin/builder/spi-builder-workspace/.derivedData/ModuleCache.noindex/SQLite3-L4XZ83B8RRRFKP0FUYA7W0R9.pcm
SwiftExplicitDependencyGeneratePcm armv7k /Users/admin/builder/spi-builder-workspace/.derivedData/ModuleCache.noindex/_DarwinFoundation3-5HWJ90APJV29HBJZ1GCG2496G.pcm
SwiftExplicitDependencyGeneratePcm arm64 /Users/admin/builder/spi-builder-workspace/.derivedData/ModuleCache.noindex/SQLite3-BHWY72DU970B1CBPQIN0BPVDZ.pcm
SwiftExplicitDependencyGeneratePcm armv7k /Users/admin/builder/spi-builder-workspace/.derivedData/ModuleCache.noindex/DeveloperToolsSupport-AOQSUP347KYNU7L15HOB6RLA.pcm
SwiftExplicitDependencyGeneratePcm arm64 /Users/admin/builder/spi-builder-workspace/.derivedData/ModuleCache.noindex/DeveloperToolsSupport-C26H56O3LBIR4DNF0LR2VJM93.pcm
SwiftExplicitDependencyGeneratePcm armv7k /Users/admin/builder/spi-builder-workspace/.derivedData/ModuleCache.noindex/_Builtin_stdatomic-8IT5EZZVTDTF49OB65U50F3NQ.pcm
SwiftExplicitDependencyGeneratePcm arm64 /Users/admin/builder/spi-builder-workspace/.derivedData/ModuleCache.noindex/_DarwinFoundation3-ILL00H0NKGBSR66IVDH0VQYU.pcm
SwiftExplicitDependencyGeneratePcm armv7k /Users/admin/builder/spi-builder-workspace/.derivedData/ModuleCache.noindex/SQLite3-78V427FGTG6VIHPBAU8SMSGBS.pcm
SwiftExplicitDependencyGeneratePcm arm64 /Users/admin/builder/spi-builder-workspace/.derivedData/ModuleCache.noindex/_Builtin_stdatomic-EA77U3GBBNTXVMUT5ZKSLJ5XS.pcm
SwiftExplicitDependencyGeneratePcm arm64_32 /Users/admin/builder/spi-builder-workspace/.derivedData/ModuleCache.noindex/sys_types-6IGHFPLJZ2RML3741F56ZZ5ZT.pcm
SwiftExplicitDependencyGeneratePcm arm64_32 /Users/admin/builder/spi-builder-workspace/.derivedData/ModuleCache.noindex/_Builtin_stdint-3BQE5BZTYE88T0M371GAOOGVD.pcm
SwiftExplicitDependencyGeneratePcm armv7k /Users/admin/builder/spi-builder-workspace/.derivedData/ModuleCache.noindex/_Builtin_inttypes-4MDQH1XLLJELBM7URYV2B5YSC.pcm
SwiftExplicitDependencyGeneratePcm arm64_32 /Users/admin/builder/spi-builder-workspace/.derivedData/ModuleCache.noindex/_Builtin_stdatomic-3W6JDMBOEBP6R3JYYMJ31SK1F.pcm
SwiftExplicitDependencyGeneratePcm arm64_32 /Users/admin/builder/spi-builder-workspace/.derivedData/ModuleCache.noindex/_DarwinFoundation3-63S8DE4XS2Z7PX40IJT7E3C7Z.pcm
SwiftExplicitDependencyGeneratePcm arm64 /Users/admin/builder/spi-builder-workspace/.derivedData/ModuleCache.noindex/_Builtin_inttypes-897GQ8ARCL7XJYWFZ8GL6MRYP.pcm
SwiftExplicitDependencyGeneratePcm armv7k /Users/admin/builder/spi-builder-workspace/.derivedData/ModuleCache.noindex/Darwin-807D2OYS88E3OZYDM6JOFU63R.pcm
SwiftExplicitDependencyGeneratePcm arm64 /Users/admin/builder/spi-builder-workspace/.derivedData/ModuleCache.noindex/Darwin-1Q936C34TTHGDXQO7XAUROOJA.pcm
SwiftExplicitDependencyGeneratePcm arm64_32 /Users/admin/builder/spi-builder-workspace/.derivedData/ModuleCache.noindex/_Builtin_inttypes-5P80S42MS2VPUGI7EDKPUDHF8.pcm
SwiftExplicitDependencyGeneratePcm arm64_32 /Users/admin/builder/spi-builder-workspace/.derivedData/ModuleCache.noindex/Darwin-BG4OSZX6KQ5RMFPXQBYF68CTW.pcm
SwiftExplicitDependencyGeneratePcm armv7k /Users/admin/builder/spi-builder-workspace/.derivedData/ModuleCache.noindex/Compression-DRVATV9RNC1GGQ4CPZQOL8JCB.pcm
SwiftExplicitDependencyGeneratePcm armv7k /Users/admin/builder/spi-builder-workspace/.derivedData/ModuleCache.noindex/ObjectiveC-4CQ5LI5YKFEYJ8H8HPCH9G099.pcm
SwiftExplicitDependencyGeneratePcm armv7k /Users/admin/builder/spi-builder-workspace/.derivedData/ModuleCache.noindex/MachO-DS2IK2IGPQD3MMJZ2NDWUEO67.pcm
SwiftExplicitDependencyGeneratePcm arm64 /Users/admin/builder/spi-builder-workspace/.derivedData/ModuleCache.noindex/ObjectiveC-37W1UNZNZ4YH6ABUCK6IEO2J9.pcm
SwiftExplicitDependencyGeneratePcm arm64 /Users/admin/builder/spi-builder-workspace/.derivedData/ModuleCache.noindex/MachO-4PZ1ATA3BLI5TYNHJEM11PRR4.pcm
SwiftExplicitDependencyGeneratePcm arm64 /Users/admin/builder/spi-builder-workspace/.derivedData/ModuleCache.noindex/Compression-52Q2UMLC4NQ4TORNQXYXEJKFZ.pcm
SwiftExplicitDependencyGeneratePcm armv7k /Users/admin/builder/spi-builder-workspace/.derivedData/ModuleCache.noindex/os_object-E84PXTBAMJI81QC5FZTYLFR98.pcm
SwiftExplicitDependencyGeneratePcm armv7k /Users/admin/builder/spi-builder-workspace/.derivedData/ModuleCache.noindex/os_workgroup-B9HJ4ISAXW2FK4B2SQIP0Z57R.pcm
SwiftExplicitDependencyGeneratePcm arm64 /Users/admin/builder/spi-builder-workspace/.derivedData/ModuleCache.noindex/os_object-DRZ7BVJZ2VFERICRWLPK5364U.pcm
SwiftExplicitDependencyGeneratePcm arm64_32 /Users/admin/builder/spi-builder-workspace/.derivedData/ModuleCache.noindex/Compression-2BCU90MW0INZR928YFKOE0JRI.pcm
SwiftExplicitDependencyGeneratePcm arm64_32 /Users/admin/builder/spi-builder-workspace/.derivedData/ModuleCache.noindex/ObjectiveC-9KTD33TZNGA5QTXFI4KAPE371.pcm
SwiftExplicitDependencyGeneratePcm arm64_32 /Users/admin/builder/spi-builder-workspace/.derivedData/ModuleCache.noindex/MachO-5J5IRFZSWTWZ7P6E2M1HE63MG.pcm
SwiftExplicitDependencyGeneratePcm arm64 /Users/admin/builder/spi-builder-workspace/.derivedData/ModuleCache.noindex/os_workgroup-6BREPCR4VCHTN4PMBYLH980XX.pcm
SwiftExplicitDependencyGeneratePcm armv7k /Users/admin/builder/spi-builder-workspace/.derivedData/ModuleCache.noindex/Dispatch-2J7BPNW30WH7PKCVV5A9BSWM1.pcm
SwiftExplicitDependencyGeneratePcm armv7k /Users/admin/builder/spi-builder-workspace/.derivedData/ModuleCache.noindex/os-7C47NW5SE97WUIBMZ9B2YT4U2.pcm
SwiftExplicitDependencyGeneratePcm arm64_32 /Users/admin/builder/spi-builder-workspace/.derivedData/ModuleCache.noindex/os_object-ALRYPD0OHC28AP9369CHARNVP.pcm
SwiftExplicitDependencyGeneratePcm arm64 /Users/admin/builder/spi-builder-workspace/.derivedData/ModuleCache.noindex/os-D1AKLO06GXAGTW0T0093HTPBV.pcm
SwiftExplicitDependencyGeneratePcm arm64 /Users/admin/builder/spi-builder-workspace/.derivedData/ModuleCache.noindex/Dispatch-66SS49U6CUEWDJTBRTD18XSDA.pcm
SwiftExplicitDependencyGeneratePcm armv7k /Users/admin/builder/spi-builder-workspace/.derivedData/ModuleCache.noindex/CoreFoundation-A8XUN758TDJ329VZ8QU37XPWR.pcm
SwiftExplicitDependencyGeneratePcm armv7k /Users/admin/builder/spi-builder-workspace/.derivedData/ModuleCache.noindex/dnssd-4TKCKFVEIFH85FTAWXXC535GN.pcm
SwiftExplicitDependencyGeneratePcm arm64_32 /Users/admin/builder/spi-builder-workspace/.derivedData/ModuleCache.noindex/os_workgroup-64SV4PY2RENI38K8AWXSNZGP4.pcm
SwiftExplicitDependencyGeneratePcm arm64 /Users/admin/builder/spi-builder-workspace/.derivedData/ModuleCache.noindex/dnssd-3R7GWXVYWOI7C81KV6UBRG2HD.pcm
SwiftExplicitDependencyGeneratePcm arm64 /Users/admin/builder/spi-builder-workspace/.derivedData/ModuleCache.noindex/CoreFoundation-2EP3F4MDNDOADDMLCKHDXDGO7.pcm
SwiftExplicitDependencyGeneratePcm arm64_32 /Users/admin/builder/spi-builder-workspace/.derivedData/ModuleCache.noindex/Dispatch-7NPQOE4OBRBM1BEMDFSP6YJGX.pcm
SwiftExplicitDependencyGeneratePcm arm64_32 /Users/admin/builder/spi-builder-workspace/.derivedData/ModuleCache.noindex/os-4XOZQFWLBC5TEW0PACDBRYFX4.pcm
SwiftExplicitDependencyGeneratePcm armv7k /Users/admin/builder/spi-builder-workspace/.derivedData/ModuleCache.noindex/CoreGraphics-41VE77Q5HH73MKF7HP1G9FDIW.pcm
SwiftExplicitDependencyGeneratePcm armv7k /Users/admin/builder/spi-builder-workspace/.derivedData/ModuleCache.noindex/Security-BYRCL0DGQRC9Y0HHKP7Z9NCKB.pcm
SwiftExplicitDependencyGeneratePcm arm64_32 /Users/admin/builder/spi-builder-workspace/.derivedData/ModuleCache.noindex/CoreFoundation-49QYZP0L3TRUW2BGG8XU46RE3.pcm
SwiftExplicitDependencyGeneratePcm arm64_32 /Users/admin/builder/spi-builder-workspace/.derivedData/ModuleCache.noindex/dnssd-6FM4WAR3DDWZ8WZCJGJ1RZZB9.pcm
SwiftExplicitDependencyGeneratePcm arm64 /Users/admin/builder/spi-builder-workspace/.derivedData/ModuleCache.noindex/Security-B42SJFBK2DJZOYUQWKB0QYS6H.pcm
SwiftExplicitDependencyGeneratePcm arm64 /Users/admin/builder/spi-builder-workspace/.derivedData/ModuleCache.noindex/CoreGraphics-45HYDSWGN8OZWXV9ABJ36G6QC.pcm
SwiftExplicitDependencyGeneratePcm armv7k /Users/admin/builder/spi-builder-workspace/.derivedData/ModuleCache.noindex/Foundation-E8B7YLXHTXYPGURYR02VP1WBB.pcm
SwiftExplicitDependencyGeneratePcm armv7k /Users/admin/builder/spi-builder-workspace/.derivedData/ModuleCache.noindex/CoreVideo-4FIRG2YZEBGY74II6CAMNFUX.pcm
SwiftExplicitDependencyGeneratePcm armv7k /Users/admin/builder/spi-builder-workspace/.derivedData/ModuleCache.noindex/CoreText-1GR7MBA2KOL21T9CB08W6KA75.pcm
SwiftExplicitDependencyGeneratePcm arm64_32 /Users/admin/builder/spi-builder-workspace/.derivedData/ModuleCache.noindex/CoreGraphics-9TJ4ZH2KODV9PT5GADEU15EJH.pcm
SwiftExplicitDependencyGeneratePcm arm64_32 /Users/admin/builder/spi-builder-workspace/.derivedData/ModuleCache.noindex/Security-ABA704VPND58UNN0MT65M6DVY.pcm
SwiftExplicitDependencyGeneratePcm arm64 /Users/admin/builder/spi-builder-workspace/.derivedData/ModuleCache.noindex/Foundation-BYKXZRWSAU4LR8PP2AQSPDYD3.pcm
SwiftExplicitDependencyGeneratePcm arm64 /Users/admin/builder/spi-builder-workspace/.derivedData/ModuleCache.noindex/CoreVideo-15YX2G1W4M6VDVN280UZD7OSE.pcm
SwiftExplicitDependencyGeneratePcm arm64 /Users/admin/builder/spi-builder-workspace/.derivedData/ModuleCache.noindex/CoreText-3PQKQ348SD1931NTC49510YGB.pcm
SwiftExplicitDependencyGeneratePcm arm64_32 /Users/admin/builder/spi-builder-workspace/.derivedData/ModuleCache.noindex/Foundation-B8L3FYSTPFSJBY5DQS91H0KA4.pcm
SwiftExplicitDependencyGeneratePcm arm64_32 /Users/admin/builder/spi-builder-workspace/.derivedData/ModuleCache.noindex/CoreVideo-F33UCFF6EGD2RL8QVBGHBTCU8.pcm
SwiftExplicitDependencyGeneratePcm arm64_32 /Users/admin/builder/spi-builder-workspace/.derivedData/ModuleCache.noindex/CoreText-3KPUAGONHTV2MJIVELEAJ96BI.pcm
SwiftExplicitDependencyGeneratePcm armv7k /Users/admin/builder/spi-builder-workspace/.derivedData/ModuleCache.noindex/UniformTypeIdentifiers-DTFZ9Z54K4C5DTMJOWIXK456Q.pcm
SwiftExplicitDependencyGeneratePcm armv7k /Users/admin/builder/spi-builder-workspace/.derivedData/ModuleCache.noindex/DataDetection-68NUI1Q12T8VSBQIT6UQ7CPX.pcm
SwiftEmitModule normal armv7k Emitting\ module\ for\ AEPRulesEngine (in target 'AEPRulesEngine' from project 'AEPRulesEngine')
EmitSwiftModule normal armv7k (in target 'AEPRulesEngine' from project 'AEPRulesEngine')
cd /Users/admin/builder/spi-builder-workspace/.swiftpm/xcode
SwiftExplicitDependencyGeneratePcm armv7k /Users/admin/builder/spi-builder-workspace/.derivedData/ModuleCache.noindex/Network-5NM5B744I27SZUF0L6E851RNW.pcm
SwiftExplicitDependencyGeneratePcm armv7k /Users/admin/builder/spi-builder-workspace/.derivedData/ModuleCache.noindex/Symbols-E73SJPIWBHC4MYRDZFCVSV7I4.pcm
SwiftExplicitDependencyGeneratePcm armv7k /Users/admin/builder/spi-builder-workspace/.derivedData/ModuleCache.noindex/QuartzCore-5AJNR4V5UT0R7NYQ952X5ALOI.pcm
SwiftExplicitDependencyGeneratePcm armv7k /Users/admin/builder/spi-builder-workspace/.derivedData/ModuleCache.noindex/OSLog-ASQVHLAS5WU6F5H5R7UGVSIAE.pcm
SwiftExplicitDependencyGeneratePcm armv7k /Users/admin/builder/spi-builder-workspace/.derivedData/ModuleCache.noindex/UserNotifications-CH76TD5QMDEWMGJIW6K7XAWMZ.pcm
SwiftExplicitDependencyGeneratePcm armv7k /Users/admin/builder/spi-builder-workspace/.derivedData/ModuleCache.noindex/UIUtilities-41LTGMMBFAVG50U7U1X016XLL.pcm
SwiftExplicitDependencyGeneratePcm armv7k /Users/admin/builder/spi-builder-workspace/.derivedData/ModuleCache.noindex/Accessibility-1A50MMO5BRACR5J3C74JH5JU.pcm
SwiftEmitModule normal arm64 Emitting\ module\ for\ AEPRulesEngine (in target 'AEPRulesEngine' from project 'AEPRulesEngine')
EmitSwiftModule normal arm64 (in target 'AEPRulesEngine' from project 'AEPRulesEngine')
cd /Users/admin/builder/spi-builder-workspace/.swiftpm/xcode
SwiftExplicitDependencyGeneratePcm arm64 /Users/admin/builder/spi-builder-workspace/.derivedData/ModuleCache.noindex/Accessibility-E65RMPWSFECA2BIVNQMOGV14F.pcm
SwiftExplicitDependencyGeneratePcm arm64 /Users/admin/builder/spi-builder-workspace/.derivedData/ModuleCache.noindex/UserNotifications-8GT8ZZHMY1R5V6T75FQ9AYQA4.pcm
SwiftExplicitDependencyGeneratePcm arm64 /Users/admin/builder/spi-builder-workspace/.derivedData/ModuleCache.noindex/CoreTransferable-ER0YP2HKMWW2J9HXX7NN361VV.pcm
SwiftExplicitDependencyGeneratePcm arm64 /Users/admin/builder/spi-builder-workspace/.derivedData/ModuleCache.noindex/Network-2XIAQRE6OT6HFI1Z6U5F9L621.pcm
SwiftExplicitDependencyGeneratePcm arm64 /Users/admin/builder/spi-builder-workspace/.derivedData/ModuleCache.noindex/UniformTypeIdentifiers-7X176WA1TRB7JF3H9LNXUS2GS.pcm
SwiftExplicitDependencyGeneratePcm armv7k /Users/admin/builder/spi-builder-workspace/.derivedData/ModuleCache.noindex/SwiftUICore-6J03O1SVRHS663BW0TV4QJST2.pcm
SwiftExplicitDependencyGeneratePcm armv7k /Users/admin/builder/spi-builder-workspace/.derivedData/ModuleCache.noindex/UIKit-BIBPZVM7KBWPOUAV240VWX98C.pcm
SwiftExplicitDependencyGeneratePcm arm64 /Users/admin/builder/spi-builder-workspace/.derivedData/ModuleCache.noindex/Symbols-6CVRWIBLX5MAREBWM5DPCLXGQ.pcm
SwiftEmitModule normal arm64_32 Emitting\ module\ for\ AEPRulesEngine (in target 'AEPRulesEngine' from project 'AEPRulesEngine')
EmitSwiftModule normal arm64_32 (in target 'AEPRulesEngine' from project 'AEPRulesEngine')
cd /Users/admin/builder/spi-builder-workspace/.swiftpm/xcode
SwiftExplicitDependencyGeneratePcm arm64_32 /Users/admin/builder/spi-builder-workspace/.derivedData/ModuleCache.noindex/Accessibility-6TCBSVF83ED1R84ZEXGV28SIC.pcm
SwiftExplicitDependencyGeneratePcm arm64_32 /Users/admin/builder/spi-builder-workspace/.derivedData/ModuleCache.noindex/UniformTypeIdentifiers-6CKSLNTWLO8Z0CLER6EJ8IE1L.pcm
SwiftExplicitDependencyGeneratePcm arm64_32 /Users/admin/builder/spi-builder-workspace/.derivedData/ModuleCache.noindex/UIUtilities-59GBUC6OQVK91MAU9JD2X3G04.pcm
SwiftExplicitDependencyGeneratePcm arm64_32 /Users/admin/builder/spi-builder-workspace/.derivedData/ModuleCache.noindex/UserNotifications-2XE83FS4BVMIYZ7EZQJOGCV81.pcm
SwiftExplicitDependencyGeneratePcm arm64_32 /Users/admin/builder/spi-builder-workspace/.derivedData/ModuleCache.noindex/QuartzCore-1CXSNK2UACVBDKZAARQDNUK67.pcm
SwiftExplicitDependencyGeneratePcm arm64_32 /Users/admin/builder/spi-builder-workspace/.derivedData/ModuleCache.noindex/Symbols-2J7TC9WRM59N5LN7EICJIGSLV.pcm
SwiftExplicitDependencyGeneratePcm arm64_32 /Users/admin/builder/spi-builder-workspace/.derivedData/ModuleCache.noindex/DataDetection-7YCQAJYZCC2FT556WDTR5TVRG.pcm
SwiftExplicitDependencyGeneratePcm arm64_32 /Users/admin/builder/spi-builder-workspace/.derivedData/ModuleCache.noindex/Network-JYSFG97MMVGOF31CAJ2K9ED9.pcm
SwiftExplicitDependencyGeneratePcm arm64_32 /Users/admin/builder/spi-builder-workspace/.derivedData/ModuleCache.noindex/CoreTransferable-AMY7KQZKKQ7EH4D9A63UMO44F.pcm
SwiftDriverJobDiscovery normal armv7k Emitting module for AEPRulesEngine (in target 'AEPRulesEngine' from project 'AEPRulesEngine')
SwiftDriver\ Compilation\ Requirements AEPRulesEngine normal armv7k com.apple.xcode.tools.swift.compiler (in target 'AEPRulesEngine' from project 'AEPRulesEngine')
cd /Users/admin/builder/spi-builder-workspace/.swiftpm/xcode
builtin-Swift-Compilation-Requirements -- /Applications/Xcode-26.3.0.app/Contents/Developer/Toolchains/XcodeDefault.xctoolchain/usr/bin/swiftc -module-name AEPRulesEngine -Onone -enforce-exclusivity\=checked @/Users/admin/builder/spi-builder-workspace/.derivedData/Build/Intermediates.noindex/AEPRulesEngine.build/Debug-watchos/AEPRulesEngine.build/Objects-normal/armv7k/AEPRulesEngine.SwiftFileList -DSWIFT_PACKAGE -DDEBUG -DSWIFT_MODULE_RESOURCE_BUNDLE_UNAVAILABLE -DXcode -plugin-path /Applications/Xcode-26.3.0.app/Contents/Developer/Toolchains/XcodeDefault.xctoolchain/usr/lib/swift/host/plugins/testing -enable-experimental-feature DebugDescriptionMacro -sdk /Applications/Xcode-26.3.0.app/Contents/Developer/Platforms/WatchOS.platform/Developer/SDKs/WatchOS26.2.sdk -target armv7k-apple-watchos5.0 -g -module-cache-path /Users/admin/builder/spi-builder-workspace/.derivedData/ModuleCache.noindex -Xfrontend -serialize-debugging-options -enable-testing -suppress-warnings -index-store-path /Users/admin/builder/spi-builder-workspace/.derivedData/Index.noindex/DataStore -Xcc -D_LIBCPP_HARDENING_MODE\=_LIBCPP_HARDENING_MODE_DEBUG -swift-version 5 -I /Users/admin/builder/spi-builder-workspace/.derivedData/Build/Products/Debug-watchos -Isystem /Applications/Xcode-26.3.0.app/Contents/Developer/Platforms/WatchOS.platform/Developer/usr/lib -F /Users/admin/builder/spi-builder-workspace/.derivedData/Build/Products/Debug-watchos -F /Applications/Xcode-26.3.0.app/Contents/Developer/Platforms/WatchOS.platform/Developer/Library/Frameworks -F /Applications/Xcode-26.3.0.app/Contents/Developer/Platforms/WatchOS.platform/Developer/SDKs/WatchOS26.2.sdk/Developer/Library/Frameworks -c -j10 -enable-batch-mode -incremental -Xcc -ivfsstatcache -Xcc /Users/admin/builder/spi-builder-workspace/.derivedData/SDKStatCaches.noindex/watchos26.2-23S303-dc75598d0054f22ec865fa860f139d721753b489057de6bda919edfa1c59a62b.sdkstatcache -output-file-map /Users/admin/builder/spi-builder-workspace/.derivedData/Build/Intermediates.noindex/AEPRulesEngine.build/Debug-watchos/AEPRulesEngine.build/Objects-normal/armv7k/AEPRulesEngine-OutputFileMap.json -use-frontend-parseable-output -save-temps -no-color-diagnostics -explicit-module-build -module-cache-path /Users/admin/builder/spi-builder-workspace/.derivedData/Build/Intermediates.noindex/SwiftExplicitPrecompiledModules -clang-scanner-module-cache-path /Users/admin/builder/spi-builder-workspace/.derivedData/ModuleCache.noindex -sdk-module-cache-path /Users/admin/builder/spi-builder-workspace/.derivedData/ModuleCache.noindex -serialize-diagnostics -emit-dependencies -emit-module -emit-module-path /Users/admin/builder/spi-builder-workspace/.derivedData/Build/Intermediates.noindex/AEPRulesEngine.build/Debug-watchos/AEPRulesEngine.build/Objects-normal/armv7k/AEPRulesEngine.swiftmodule -validate-clang-modules-once -clang-build-session-file /Users/admin/builder/spi-builder-workspace/.derivedData/ModuleCache.noindex/Session.modulevalidation -Xcc -I/Users/admin/builder/spi-builder-workspace/.derivedData/Build/Intermediates.noindex/AEPRulesEngine.build/Debug-watchos/AEPRulesEngine.build/swift-overrides.hmap -emit-const-values -Xfrontend -const-gather-protocols-file -Xfrontend /Users/admin/builder/spi-builder-workspace/.derivedData/Build/Intermediates.noindex/AEPRulesEngine.build/Debug-watchos/AEPRulesEngine.build/Objects-normal/armv7k/AEPRulesEngine_const_extract_protocols.json -Xcc -I/Users/admin/builder/spi-builder-workspace/.derivedData/Build/Products/Debug-watchos/include -Xcc -I/Users/admin/builder/spi-builder-workspace/.derivedData/Build/Intermediates.noindex/AEPRulesEngine.build/Debug-watchos/AEPRulesEngine.build/DerivedSources-normal/armv7k -Xcc -I/Users/admin/builder/spi-builder-workspace/.derivedData/Build/Intermediates.noindex/AEPRulesEngine.build/Debug-watchos/AEPRulesEngine.build/DerivedSources/armv7k -Xcc -I/Users/admin/builder/spi-builder-workspace/.derivedData/Build/Intermediates.noindex/AEPRulesEngine.build/Debug-watchos/AEPRulesEngine.build/DerivedSources -Xcc -DSWIFT_PACKAGE -Xcc -DDEBUG\=1 -emit-objc-header -emit-objc-header-path /Users/admin/builder/spi-builder-workspace/.derivedData/Build/Intermediates.noindex/AEPRulesEngine.build/Debug-watchos/AEPRulesEngine.build/Objects-normal/armv7k/AEPRulesEngine-Swift.h -working-directory /Users/admin/builder/spi-builder-workspace/.swiftpm/xcode -experimental-emit-module-separately -disable-cmo
SwiftExplicitDependencyGeneratePcm arm64 /Users/admin/builder/spi-builder-workspace/.derivedData/ModuleCache.noindex/UIUtilities-2WCKWQYZTGUDVPKLRZH5MSH8O.pcm
Copy /Users/admin/builder/spi-builder-workspace/.derivedData/Build/Products/Debug-watchos/AEPRulesEngine.swiftmodule/armv7k-apple-watchos.swiftmodule /Users/admin/builder/spi-builder-workspace/.derivedData/Build/Intermediates.noindex/AEPRulesEngine.build/Debug-watchos/AEPRulesEngine.build/Objects-normal/armv7k/AEPRulesEngine.swiftmodule (in target 'AEPRulesEngine' from project 'AEPRulesEngine')
cd /Users/admin/builder/spi-builder-workspace/.dependencies/checkouts/aepsdk-rulesengine-ios
builtin-copy -exclude .DS_Store -exclude CVS -exclude .svn -exclude .git -exclude .hg -resolve-src-symlinks -rename /Users/admin/builder/spi-builder-workspace/.derivedData/Build/Intermediates.noindex/AEPRulesEngine.build/Debug-watchos/AEPRulesEngine.build/Objects-normal/armv7k/AEPRulesEngine.swiftmodule /Users/admin/builder/spi-builder-workspace/.derivedData/Build/Products/Debug-watchos/AEPRulesEngine.swiftmodule/armv7k-apple-watchos.swiftmodule
Copy /Users/admin/builder/spi-builder-workspace/.derivedData/Build/Products/Debug-watchos/AEPRulesEngine.swiftmodule/armv7k-apple-watchos.swiftdoc /Users/admin/builder/spi-builder-workspace/.derivedData/Build/Intermediates.noindex/AEPRulesEngine.build/Debug-watchos/AEPRulesEngine.build/Objects-normal/armv7k/AEPRulesEngine.swiftdoc (in target 'AEPRulesEngine' from project 'AEPRulesEngine')
cd /Users/admin/builder/spi-builder-workspace/.dependencies/checkouts/aepsdk-rulesengine-ios
builtin-copy -exclude .DS_Store -exclude CVS -exclude .svn -exclude .git -exclude .hg -resolve-src-symlinks -rename /Users/admin/builder/spi-builder-workspace/.derivedData/Build/Intermediates.noindex/AEPRulesEngine.build/Debug-watchos/AEPRulesEngine.build/Objects-normal/armv7k/AEPRulesEngine.swiftdoc /Users/admin/builder/spi-builder-workspace/.derivedData/Build/Products/Debug-watchos/AEPRulesEngine.swiftmodule/armv7k-apple-watchos.swiftdoc
Copy /Users/admin/builder/spi-builder-workspace/.derivedData/Build/Products/Debug-watchos/AEPRulesEngine.swiftmodule/armv7k-apple-watchos.abi.json /Users/admin/builder/spi-builder-workspace/.derivedData/Build/Intermediates.noindex/AEPRulesEngine.build/Debug-watchos/AEPRulesEngine.build/Objects-normal/armv7k/AEPRulesEngine.abi.json (in target 'AEPRulesEngine' from project 'AEPRulesEngine')
cd /Users/admin/builder/spi-builder-workspace/.dependencies/checkouts/aepsdk-rulesengine-ios
builtin-copy -exclude .DS_Store -exclude CVS -exclude .svn -exclude .git -exclude .hg -resolve-src-symlinks -rename /Users/admin/builder/spi-builder-workspace/.derivedData/Build/Intermediates.noindex/AEPRulesEngine.build/Debug-watchos/AEPRulesEngine.build/Objects-normal/armv7k/AEPRulesEngine.abi.json /Users/admin/builder/spi-builder-workspace/.derivedData/Build/Products/Debug-watchos/AEPRulesEngine.swiftmodule/armv7k-apple-watchos.abi.json
Copy /Users/admin/builder/spi-builder-workspace/.derivedData/Build/Products/Debug-watchos/AEPRulesEngine.swiftmodule/Project/armv7k-apple-watchos.swiftsourceinfo /Users/admin/builder/spi-builder-workspace/.derivedData/Build/Intermediates.noindex/AEPRulesEngine.build/Debug-watchos/AEPRulesEngine.build/Objects-normal/armv7k/AEPRulesEngine.swiftsourceinfo (in target 'AEPRulesEngine' from project 'AEPRulesEngine')
cd /Users/admin/builder/spi-builder-workspace/.dependencies/checkouts/aepsdk-rulesengine-ios
builtin-copy -exclude .DS_Store -exclude CVS -exclude .svn -exclude .git -exclude .hg -resolve-src-symlinks -rename /Users/admin/builder/spi-builder-workspace/.derivedData/Build/Intermediates.noindex/AEPRulesEngine.build/Debug-watchos/AEPRulesEngine.build/Objects-normal/armv7k/AEPRulesEngine.swiftsourceinfo /Users/admin/builder/spi-builder-workspace/.derivedData/Build/Products/Debug-watchos/AEPRulesEngine.swiftmodule/Project/armv7k-apple-watchos.swiftsourceinfo
SwiftExplicitDependencyGeneratePcm arm64 /Users/admin/builder/spi-builder-workspace/.derivedData/ModuleCache.noindex/OSLog-1NCK4FRSTTB12EDNDHPQNR017.pcm
SwiftExplicitDependencyGeneratePcm arm64_32 /Users/admin/builder/spi-builder-workspace/.derivedData/ModuleCache.noindex/OSLog-1LB2KW23KD83RBYXM7Z2XNMQ3.pcm
SwiftExplicitDependencyGeneratePcm arm64 /Users/admin/builder/spi-builder-workspace/.derivedData/ModuleCache.noindex/QuartzCore-9JKSYIR3U81A6ICL5PJIM7N12.pcm
SwiftExplicitDependencyGeneratePcm arm64 /Users/admin/builder/spi-builder-workspace/.derivedData/ModuleCache.noindex/DataDetection-EO81GN528IW0S6D4VSIIZJ3SX.pcm
SwiftExplicitDependencyGeneratePcm armv7k /Users/admin/builder/spi-builder-workspace/.derivedData/ModuleCache.noindex/CoreTransferable-5W8LIA7BKJ6XCLBI49P1CGGPH.pcm
SwiftDriverJobDiscovery normal arm64 Emitting module for AEPRulesEngine (in target 'AEPRulesEngine' from project 'AEPRulesEngine')
SwiftDriver\ Compilation\ Requirements AEPRulesEngine normal arm64 com.apple.xcode.tools.swift.compiler (in target 'AEPRulesEngine' from project 'AEPRulesEngine')
cd /Users/admin/builder/spi-builder-workspace/.swiftpm/xcode
builtin-Swift-Compilation-Requirements -- /Applications/Xcode-26.3.0.app/Contents/Developer/Toolchains/XcodeDefault.xctoolchain/usr/bin/swiftc -module-name AEPRulesEngine -Onone -enforce-exclusivity\=checked @/Users/admin/builder/spi-builder-workspace/.derivedData/Build/Intermediates.noindex/AEPRulesEngine.build/Debug-watchos/AEPRulesEngine.build/Objects-normal/arm64/AEPRulesEngine.SwiftFileList -DSWIFT_PACKAGE -DDEBUG -DSWIFT_MODULE_RESOURCE_BUNDLE_UNAVAILABLE -DXcode -plugin-path /Applications/Xcode-26.3.0.app/Contents/Developer/Toolchains/XcodeDefault.xctoolchain/usr/lib/swift/host/plugins/testing -enable-experimental-feature DebugDescriptionMacro -sdk /Applications/Xcode-26.3.0.app/Contents/Developer/Platforms/WatchOS.platform/Developer/SDKs/WatchOS26.2.sdk -target arm64-apple-watchos5.0 -g -module-cache-path /Users/admin/builder/spi-builder-workspace/.derivedData/ModuleCache.noindex -Xfrontend -serialize-debugging-options -enable-testing -suppress-warnings -index-store-path /Users/admin/builder/spi-builder-workspace/.derivedData/Index.noindex/DataStore -Xcc -D_LIBCPP_HARDENING_MODE\=_LIBCPP_HARDENING_MODE_DEBUG -swift-version 5 -I /Users/admin/builder/spi-builder-workspace/.derivedData/Build/Products/Debug-watchos -Isystem /Applications/Xcode-26.3.0.app/Contents/Developer/Platforms/WatchOS.platform/Developer/usr/lib -F /Users/admin/builder/spi-builder-workspace/.derivedData/Build/Products/Debug-watchos -F /Applications/Xcode-26.3.0.app/Contents/Developer/Platforms/WatchOS.platform/Developer/Library/Frameworks -F /Applications/Xcode-26.3.0.app/Contents/Developer/Platforms/WatchOS.platform/Developer/SDKs/WatchOS26.2.sdk/Developer/Library/Frameworks -c -j10 -enable-batch-mode -incremental -Xcc -ivfsstatcache -Xcc /Users/admin/builder/spi-builder-workspace/.derivedData/SDKStatCaches.noindex/watchos26.2-23S303-dc75598d0054f22ec865fa860f139d721753b489057de6bda919edfa1c59a62b.sdkstatcache -output-file-map /Users/admin/builder/spi-builder-workspace/.derivedData/Build/Intermediates.noindex/AEPRulesEngine.build/Debug-watchos/AEPRulesEngine.build/Objects-normal/arm64/AEPRulesEngine-OutputFileMap.json -use-frontend-parseable-output -save-temps -no-color-diagnostics -explicit-module-build -module-cache-path /Users/admin/builder/spi-builder-workspace/.derivedData/Build/Intermediates.noindex/SwiftExplicitPrecompiledModules -clang-scanner-module-cache-path /Users/admin/builder/spi-builder-workspace/.derivedData/ModuleCache.noindex -sdk-module-cache-path /Users/admin/builder/spi-builder-workspace/.derivedData/ModuleCache.noindex -serialize-diagnostics -emit-dependencies -emit-module -emit-module-path /Users/admin/builder/spi-builder-workspace/.derivedData/Build/Intermediates.noindex/AEPRulesEngine.build/Debug-watchos/AEPRulesEngine.build/Objects-normal/arm64/AEPRulesEngine.swiftmodule -validate-clang-modules-once -clang-build-session-file /Users/admin/builder/spi-builder-workspace/.derivedData/ModuleCache.noindex/Session.modulevalidation -Xcc -I/Users/admin/builder/spi-builder-workspace/.derivedData/Build/Intermediates.noindex/AEPRulesEngine.build/Debug-watchos/AEPRulesEngine.build/swift-overrides.hmap -emit-const-values -Xfrontend -const-gather-protocols-file -Xfrontend /Users/admin/builder/spi-builder-workspace/.derivedData/Build/Intermediates.noindex/AEPRulesEngine.build/Debug-watchos/AEPRulesEngine.build/Objects-normal/arm64/AEPRulesEngine_const_extract_protocols.json -Xcc -I/Users/admin/builder/spi-builder-workspace/.derivedData/Build/Products/Debug-watchos/include -Xcc -I/Users/admin/builder/spi-builder-workspace/.derivedData/Build/Intermediates.noindex/AEPRulesEngine.build/Debug-watchos/AEPRulesEngine.build/DerivedSources-normal/arm64 -Xcc -I/Users/admin/builder/spi-builder-workspace/.derivedData/Build/Intermediates.noindex/AEPRulesEngine.build/Debug-watchos/AEPRulesEngine.build/DerivedSources/arm64 -Xcc -I/Users/admin/builder/spi-builder-workspace/.derivedData/Build/Intermediates.noindex/AEPRulesEngine.build/Debug-watchos/AEPRulesEngine.build/DerivedSources -Xcc -DSWIFT_PACKAGE -Xcc -DDEBUG\=1 -emit-objc-header -emit-objc-header-path /Users/admin/builder/spi-builder-workspace/.derivedData/Build/Intermediates.noindex/AEPRulesEngine.build/Debug-watchos/AEPRulesEngine.build/Objects-normal/arm64/AEPRulesEngine-Swift.h -working-directory /Users/admin/builder/spi-builder-workspace/.swiftpm/xcode -experimental-emit-module-separately -disable-cmo
SwiftCompile normal arm64_32 Compiling\ Segment.swift,\ Template.swift /Users/admin/builder/spi-builder-workspace/.dependencies/checkouts/aepsdk-rulesengine-ios/Sources/AEPRulesEngine/Template/Segment.swift /Users/admin/builder/spi-builder-workspace/.dependencies/checkouts/aepsdk-rulesengine-ios/Sources/AEPRulesEngine/Template/Template.swift (in target 'AEPRulesEngine' from project 'AEPRulesEngine')
SwiftCompile normal arm64_32 /Users/admin/builder/spi-builder-workspace/.dependencies/checkouts/aepsdk-rulesengine-ios/Sources/AEPRulesEngine/Template/Segment.swift (in target 'AEPRulesEngine' from project 'AEPRulesEngine')
cd /Users/admin/builder/spi-builder-workspace/.swiftpm/xcode
SwiftCompile normal arm64_32 /Users/admin/builder/spi-builder-workspace/.dependencies/checkouts/aepsdk-rulesengine-ios/Sources/AEPRulesEngine/Template/Template.swift (in target 'AEPRulesEngine' from project 'AEPRulesEngine')
cd /Users/admin/builder/spi-builder-workspace/.swiftpm/xcode
Copy /Users/admin/builder/spi-builder-workspace/.derivedData/Build/Products/Debug-watchos/AEPRulesEngine.swiftmodule/arm64-apple-watchos.swiftmodule /Users/admin/builder/spi-builder-workspace/.derivedData/Build/Intermediates.noindex/AEPRulesEngine.build/Debug-watchos/AEPRulesEngine.build/Objects-normal/arm64/AEPRulesEngine.swiftmodule (in target 'AEPRulesEngine' from project 'AEPRulesEngine')
cd /Users/admin/builder/spi-builder-workspace/.dependencies/checkouts/aepsdk-rulesengine-ios
builtin-copy -exclude .DS_Store -exclude CVS -exclude .svn -exclude .git -exclude .hg -resolve-src-symlinks -rename /Users/admin/builder/spi-builder-workspace/.derivedData/Build/Intermediates.noindex/AEPRulesEngine.build/Debug-watchos/AEPRulesEngine.build/Objects-normal/arm64/AEPRulesEngine.swiftmodule /Users/admin/builder/spi-builder-workspace/.derivedData/Build/Products/Debug-watchos/AEPRulesEngine.swiftmodule/arm64-apple-watchos.swiftmodule
Copy /Users/admin/builder/spi-builder-workspace/.derivedData/Build/Products/Debug-watchos/AEPRulesEngine.swiftmodule/arm64-apple-watchos.swiftdoc /Users/admin/builder/spi-builder-workspace/.derivedData/Build/Intermediates.noindex/AEPRulesEngine.build/Debug-watchos/AEPRulesEngine.build/Objects-normal/arm64/AEPRulesEngine.swiftdoc (in target 'AEPRulesEngine' from project 'AEPRulesEngine')
cd /Users/admin/builder/spi-builder-workspace/.dependencies/checkouts/aepsdk-rulesengine-ios
builtin-copy -exclude .DS_Store -exclude CVS -exclude .svn -exclude .git -exclude .hg -resolve-src-symlinks -rename /Users/admin/builder/spi-builder-workspace/.derivedData/Build/Intermediates.noindex/AEPRulesEngine.build/Debug-watchos/AEPRulesEngine.build/Objects-normal/arm64/AEPRulesEngine.swiftdoc /Users/admin/builder/spi-builder-workspace/.derivedData/Build/Products/Debug-watchos/AEPRulesEngine.swiftmodule/arm64-apple-watchos.swiftdoc
Copy /Users/admin/builder/spi-builder-workspace/.derivedData/Build/Products/Debug-watchos/AEPRulesEngine.swiftmodule/arm64-apple-watchos.abi.json /Users/admin/builder/spi-builder-workspace/.derivedData/Build/Intermediates.noindex/AEPRulesEngine.build/Debug-watchos/AEPRulesEngine.build/Objects-normal/arm64/AEPRulesEngine.abi.json (in target 'AEPRulesEngine' from project 'AEPRulesEngine')
cd /Users/admin/builder/spi-builder-workspace/.dependencies/checkouts/aepsdk-rulesengine-ios
builtin-copy -exclude .DS_Store -exclude CVS -exclude .svn -exclude .git -exclude .hg -resolve-src-symlinks -rename /Users/admin/builder/spi-builder-workspace/.derivedData/Build/Intermediates.noindex/AEPRulesEngine.build/Debug-watchos/AEPRulesEngine.build/Objects-normal/arm64/AEPRulesEngine.abi.json /Users/admin/builder/spi-builder-workspace/.derivedData/Build/Products/Debug-watchos/AEPRulesEngine.swiftmodule/arm64-apple-watchos.abi.json
Copy /Users/admin/builder/spi-builder-workspace/.derivedData/Build/Products/Debug-watchos/AEPRulesEngine.swiftmodule/Project/arm64-apple-watchos.swiftsourceinfo /Users/admin/builder/spi-builder-workspace/.derivedData/Build/Intermediates.noindex/AEPRulesEngine.build/Debug-watchos/AEPRulesEngine.build/Objects-normal/arm64/AEPRulesEngine.swiftsourceinfo (in target 'AEPRulesEngine' from project 'AEPRulesEngine')
cd /Users/admin/builder/spi-builder-workspace/.dependencies/checkouts/aepsdk-rulesengine-ios
builtin-copy -exclude .DS_Store -exclude CVS -exclude .svn -exclude .git -exclude .hg -resolve-src-symlinks -rename /Users/admin/builder/spi-builder-workspace/.derivedData/Build/Intermediates.noindex/AEPRulesEngine.build/Debug-watchos/AEPRulesEngine.build/Objects-normal/arm64/AEPRulesEngine.swiftsourceinfo /Users/admin/builder/spi-builder-workspace/.derivedData/Build/Products/Debug-watchos/AEPRulesEngine.swiftmodule/Project/arm64-apple-watchos.swiftsourceinfo
SwiftExplicitDependencyGeneratePcm arm64_32 /Users/admin/builder/spi-builder-workspace/.derivedData/ModuleCache.noindex/SwiftUICore-C030D3HUONXAOPKL2BQ5SM4KD.pcm
SwiftExplicitDependencyGeneratePcm arm64_32 /Users/admin/builder/spi-builder-workspace/.derivedData/ModuleCache.noindex/UIKit-18PD4O998O0G26VKE010YA5TL.pcm
SwiftCompile normal arm64 Compiling\ ComparisonExpression.swift,\ Evaluable.swift,\ LogicalExpression.swift /Users/admin/builder/spi-builder-workspace/.dependencies/checkouts/aepsdk-rulesengine-ios/Sources/AEPRulesEngine/Expression/ComparisonExpression.swift /Users/admin/builder/spi-builder-workspace/.dependencies/checkouts/aepsdk-rulesengine-ios/Sources/AEPRulesEngine/Expression/Evaluable.swift /Users/admin/builder/spi-builder-workspace/.dependencies/checkouts/aepsdk-rulesengine-ios/Sources/AEPRulesEngine/Expression/LogicalExpression.swift (in target 'AEPRulesEngine' from project 'AEPRulesEngine')
SwiftCompile normal arm64 /Users/admin/builder/spi-builder-workspace/.dependencies/checkouts/aepsdk-rulesengine-ios/Sources/AEPRulesEngine/Expression/ComparisonExpression.swift (in target 'AEPRulesEngine' from project 'AEPRulesEngine')
cd /Users/admin/builder/spi-builder-workspace/.swiftpm/xcode
SwiftCompile normal arm64 /Users/admin/builder/spi-builder-workspace/.dependencies/checkouts/aepsdk-rulesengine-ios/Sources/AEPRulesEngine/Expression/Evaluable.swift (in target 'AEPRulesEngine' from project 'AEPRulesEngine')
cd /Users/admin/builder/spi-builder-workspace/.swiftpm/xcode
SwiftCompile normal arm64 /Users/admin/builder/spi-builder-workspace/.dependencies/checkouts/aepsdk-rulesengine-ios/Sources/AEPRulesEngine/Expression/LogicalExpression.swift (in target 'AEPRulesEngine' from project 'AEPRulesEngine')
cd /Users/admin/builder/spi-builder-workspace/.swiftpm/xcode
SwiftCompile normal arm64 Compiling\ TemplateParser.swift,\ Transformer.swift /Users/admin/builder/spi-builder-workspace/.dependencies/checkouts/aepsdk-rulesengine-ios/Sources/AEPRulesEngine/Template/TemplateParser.swift /Users/admin/builder/spi-builder-workspace/.dependencies/checkouts/aepsdk-rulesengine-ios/Sources/AEPRulesEngine/Transformer.swift (in target 'AEPRulesEngine' from project 'AEPRulesEngine')
SwiftCompile normal arm64 /Users/admin/builder/spi-builder-workspace/.dependencies/checkouts/aepsdk-rulesengine-ios/Sources/AEPRulesEngine/Template/TemplateParser.swift (in target 'AEPRulesEngine' from project 'AEPRulesEngine')
cd /Users/admin/builder/spi-builder-workspace/.swiftpm/xcode
SwiftCompile normal arm64 /Users/admin/builder/spi-builder-workspace/.dependencies/checkouts/aepsdk-rulesengine-ios/Sources/AEPRulesEngine/Transformer.swift (in target 'AEPRulesEngine' from project 'AEPRulesEngine')
cd /Users/admin/builder/spi-builder-workspace/.swiftpm/xcode
SwiftCompile normal arm64 Compiling\ Segment.swift,\ Template.swift /Users/admin/builder/spi-builder-workspace/.dependencies/checkouts/aepsdk-rulesengine-ios/Sources/AEPRulesEngine/Template/Segment.swift /Users/admin/builder/spi-builder-workspace/.dependencies/checkouts/aepsdk-rulesengine-ios/Sources/AEPRulesEngine/Template/Template.swift (in target 'AEPRulesEngine' from project 'AEPRulesEngine')
SwiftCompile normal arm64 /Users/admin/builder/spi-builder-workspace/.dependencies/checkouts/aepsdk-rulesengine-ios/Sources/AEPRulesEngine/Template/Segment.swift (in target 'AEPRulesEngine' from project 'AEPRulesEngine')
cd /Users/admin/builder/spi-builder-workspace/.swiftpm/xcode
SwiftCompile normal arm64 /Users/admin/builder/spi-builder-workspace/.dependencies/checkouts/aepsdk-rulesengine-ios/Sources/AEPRulesEngine/Template/Template.swift (in target 'AEPRulesEngine' from project 'AEPRulesEngine')
cd /Users/admin/builder/spi-builder-workspace/.swiftpm/xcode
SwiftCompile normal arm64_32 Compiling\ TemplateParser.swift,\ Transformer.swift /Users/admin/builder/spi-builder-workspace/.dependencies/checkouts/aepsdk-rulesengine-ios/Sources/AEPRulesEngine/Template/TemplateParser.swift /Users/admin/builder/spi-builder-workspace/.dependencies/checkouts/aepsdk-rulesengine-ios/Sources/AEPRulesEngine/Transformer.swift (in target 'AEPRulesEngine' from project 'AEPRulesEngine')
SwiftCompile normal arm64_32 /Users/admin/builder/spi-builder-workspace/.dependencies/checkouts/aepsdk-rulesengine-ios/Sources/AEPRulesEngine/Template/TemplateParser.swift (in target 'AEPRulesEngine' from project 'AEPRulesEngine')
cd /Users/admin/builder/spi-builder-workspace/.swiftpm/xcode
SwiftCompile normal arm64_32 /Users/admin/builder/spi-builder-workspace/.dependencies/checkouts/aepsdk-rulesengine-ios/Sources/AEPRulesEngine/Transformer.swift (in target 'AEPRulesEngine' from project 'AEPRulesEngine')
cd /Users/admin/builder/spi-builder-workspace/.swiftpm/xcode
SwiftCompile normal armv7k Compiling\ MustacheToken.swift,\ ParserTagDelimiters.swift /Users/admin/builder/spi-builder-workspace/.dependencies/checkouts/aepsdk-rulesengine-ios/Sources/AEPRulesEngine/Template/MustacheToken.swift /Users/admin/builder/spi-builder-workspace/.dependencies/checkouts/aepsdk-rulesengine-ios/Sources/AEPRulesEngine/Template/ParserTagDelimiters.swift (in target 'AEPRulesEngine' from project 'AEPRulesEngine')
SwiftCompile normal armv7k /Users/admin/builder/spi-builder-workspace/.dependencies/checkouts/aepsdk-rulesengine-ios/Sources/AEPRulesEngine/Template/MustacheToken.swift (in target 'AEPRulesEngine' from project 'AEPRulesEngine')
cd /Users/admin/builder/spi-builder-workspace/.swiftpm/xcode
SwiftCompile normal armv7k /Users/admin/builder/spi-builder-workspace/.dependencies/checkouts/aepsdk-rulesengine-ios/Sources/AEPRulesEngine/Template/ParserTagDelimiters.swift (in target 'AEPRulesEngine' from project 'AEPRulesEngine')
cd /Users/admin/builder/spi-builder-workspace/.swiftpm/xcode
SwiftDriverJobDiscovery normal arm64_32 Emitting module for AEPRulesEngine (in target 'AEPRulesEngine' from project 'AEPRulesEngine')
SwiftDriver\ Compilation\ Requirements AEPRulesEngine normal arm64_32 com.apple.xcode.tools.swift.compiler (in target 'AEPRulesEngine' from project 'AEPRulesEngine')
cd /Users/admin/builder/spi-builder-workspace/.swiftpm/xcode
builtin-Swift-Compilation-Requirements -- /Applications/Xcode-26.3.0.app/Contents/Developer/Toolchains/XcodeDefault.xctoolchain/usr/bin/swiftc -module-name AEPRulesEngine -Onone -enforce-exclusivity\=checked @/Users/admin/builder/spi-builder-workspace/.derivedData/Build/Intermediates.noindex/AEPRulesEngine.build/Debug-watchos/AEPRulesEngine.build/Objects-normal/arm64_32/AEPRulesEngine.SwiftFileList -DSWIFT_PACKAGE -DDEBUG -DSWIFT_MODULE_RESOURCE_BUNDLE_UNAVAILABLE -DXcode -plugin-path /Applications/Xcode-26.3.0.app/Contents/Developer/Toolchains/XcodeDefault.xctoolchain/usr/lib/swift/host/plugins/testing -enable-experimental-feature DebugDescriptionMacro -sdk /Applications/Xcode-26.3.0.app/Contents/Developer/Platforms/WatchOS.platform/Developer/SDKs/WatchOS26.2.sdk -target arm64_32-apple-watchos5.0 -g -module-cache-path /Users/admin/builder/spi-builder-workspace/.derivedData/ModuleCache.noindex -Xfrontend -serialize-debugging-options -enable-testing -suppress-warnings -index-store-path /Users/admin/builder/spi-builder-workspace/.derivedData/Index.noindex/DataStore -Xcc -D_LIBCPP_HARDENING_MODE\=_LIBCPP_HARDENING_MODE_DEBUG -swift-version 5 -I /Users/admin/builder/spi-builder-workspace/.derivedData/Build/Products/Debug-watchos -Isystem /Applications/Xcode-26.3.0.app/Contents/Developer/Platforms/WatchOS.platform/Developer/usr/lib -F /Users/admin/builder/spi-builder-workspace/.derivedData/Build/Products/Debug-watchos -F /Applications/Xcode-26.3.0.app/Contents/Developer/Platforms/WatchOS.platform/Developer/Library/Frameworks -F /Applications/Xcode-26.3.0.app/Contents/Developer/Platforms/WatchOS.platform/Developer/SDKs/WatchOS26.2.sdk/Developer/Library/Frameworks -c -j10 -enable-batch-mode -incremental -Xcc -ivfsstatcache -Xcc /Users/admin/builder/spi-builder-workspace/.derivedData/SDKStatCaches.noindex/watchos26.2-23S303-dc75598d0054f22ec865fa860f139d721753b489057de6bda919edfa1c59a62b.sdkstatcache -output-file-map /Users/admin/builder/spi-builder-workspace/.derivedData/Build/Intermediates.noindex/AEPRulesEngine.build/Debug-watchos/AEPRulesEngine.build/Objects-normal/arm64_32/AEPRulesEngine-OutputFileMap.json -use-frontend-parseable-output -save-temps -no-color-diagnostics -explicit-module-build -module-cache-path /Users/admin/builder/spi-builder-workspace/.derivedData/Build/Intermediates.noindex/SwiftExplicitPrecompiledModules -clang-scanner-module-cache-path /Users/admin/builder/spi-builder-workspace/.derivedData/ModuleCache.noindex -sdk-module-cache-path /Users/admin/builder/spi-builder-workspace/.derivedData/ModuleCache.noindex -serialize-diagnostics -emit-dependencies -emit-module -emit-module-path /Users/admin/builder/spi-builder-workspace/.derivedData/Build/Intermediates.noindex/AEPRulesEngine.build/Debug-watchos/AEPRulesEngine.build/Objects-normal/arm64_32/AEPRulesEngine.swiftmodule -validate-clang-modules-once -clang-build-session-file /Users/admin/builder/spi-builder-workspace/.derivedData/ModuleCache.noindex/Session.modulevalidation -Xcc -I/Users/admin/builder/spi-builder-workspace/.derivedData/Build/Intermediates.noindex/AEPRulesEngine.build/Debug-watchos/AEPRulesEngine.build/swift-overrides.hmap -emit-const-values -Xfrontend -const-gather-protocols-file -Xfrontend /Users/admin/builder/spi-builder-workspace/.derivedData/Build/Intermediates.noindex/AEPRulesEngine.build/Debug-watchos/AEPRulesEngine.build/Objects-normal/arm64_32/AEPRulesEngine_const_extract_protocols.json -Xcc -I/Users/admin/builder/spi-builder-workspace/.derivedData/Build/Products/Debug-watchos/include -Xcc -I/Users/admin/builder/spi-builder-workspace/.derivedData/Build/Intermediates.noindex/AEPRulesEngine.build/Debug-watchos/AEPRulesEngine.build/DerivedSources-normal/arm64_32 -Xcc -I/Users/admin/builder/spi-builder-workspace/.derivedData/Build/Intermediates.noindex/AEPRulesEngine.build/Debug-watchos/AEPRulesEngine.build/DerivedSources/arm64_32 -Xcc -I/Users/admin/builder/spi-builder-workspace/.derivedData/Build/Intermediates.noindex/AEPRulesEngine.build/Debug-watchos/AEPRulesEngine.build/DerivedSources -Xcc -DSWIFT_PACKAGE -Xcc -DDEBUG\=1 -emit-objc-header -emit-objc-header-path /Users/admin/builder/spi-builder-workspace/.derivedData/Build/Intermediates.noindex/AEPRulesEngine.build/Debug-watchos/AEPRulesEngine.build/Objects-normal/arm64_32/AEPRulesEngine-Swift.h -working-directory /Users/admin/builder/spi-builder-workspace/.swiftpm/xcode -experimental-emit-module-separately -disable-cmo
SwiftCompile normal arm64_32 Compiling\ Result+RulesFailure.swift,\ Rule.swift,\ RulesEngine.swift /Users/admin/builder/spi-builder-workspace/.dependencies/checkouts/aepsdk-rulesengine-ios/Sources/AEPRulesEngine/Result+RulesFailure.swift /Users/admin/builder/spi-builder-workspace/.dependencies/checkouts/aepsdk-rulesengine-ios/Sources/AEPRulesEngine/Rule.swift /Users/admin/builder/spi-builder-workspace/.dependencies/checkouts/aepsdk-rulesengine-ios/Sources/AEPRulesEngine/RulesEngine.swift (in target 'AEPRulesEngine' from project 'AEPRulesEngine')
SwiftCompile normal arm64_32 /Users/admin/builder/spi-builder-workspace/.dependencies/checkouts/aepsdk-rulesengine-ios/Sources/AEPRulesEngine/Result+RulesFailure.swift (in target 'AEPRulesEngine' from project 'AEPRulesEngine')
cd /Users/admin/builder/spi-builder-workspace/.swiftpm/xcode
SwiftCompile normal arm64_32 /Users/admin/builder/spi-builder-workspace/.dependencies/checkouts/aepsdk-rulesengine-ios/Sources/AEPRulesEngine/Rule.swift (in target 'AEPRulesEngine' from project 'AEPRulesEngine')
cd /Users/admin/builder/spi-builder-workspace/.swiftpm/xcode
SwiftCompile normal arm64_32 /Users/admin/builder/spi-builder-workspace/.dependencies/checkouts/aepsdk-rulesengine-ios/Sources/AEPRulesEngine/RulesEngine.swift (in target 'AEPRulesEngine' from project 'AEPRulesEngine')
cd /Users/admin/builder/spi-builder-workspace/.swiftpm/xcode
SwiftMergeGeneratedHeaders /Users/admin/builder/spi-builder-workspace/.derivedData/Build/Intermediates.noindex/GeneratedModuleMaps-watchos/AEPRulesEngine-Swift.h /Users/admin/builder/spi-builder-workspace/.derivedData/Build/Intermediates.noindex/AEPRulesEngine.build/Debug-watchos/AEPRulesEngine.build/Objects-normal/arm64/AEPRulesEngine-Swift.h /Users/admin/builder/spi-builder-workspace/.derivedData/Build/Intermediates.noindex/AEPRulesEngine.build/Debug-watchos/AEPRulesEngine.build/Objects-normal/arm64_32/AEPRulesEngine-Swift.h /Users/admin/builder/spi-builder-workspace/.derivedData/Build/Intermediates.noindex/AEPRulesEngine.build/Debug-watchos/AEPRulesEngine.build/Objects-normal/armv7k/AEPRulesEngine-Swift.h (in target 'AEPRulesEngine' from project 'AEPRulesEngine')
cd /Users/admin/builder/spi-builder-workspace/.dependencies/checkouts/aepsdk-rulesengine-ios
builtin-swiftHeaderTool -arch arm64 /Users/admin/builder/spi-builder-workspace/.derivedData/Build/Intermediates.noindex/AEPRulesEngine.build/Debug-watchos/AEPRulesEngine.build/Objects-normal/arm64/AEPRulesEngine-Swift.h -arch arm64_32 /Users/admin/builder/spi-builder-workspace/.derivedData/Build/Intermediates.noindex/AEPRulesEngine.build/Debug-watchos/AEPRulesEngine.build/Objects-normal/arm64_32/AEPRulesEngine-Swift.h -arch armv7k /Users/admin/builder/spi-builder-workspace/.derivedData/Build/Intermediates.noindex/AEPRulesEngine.build/Debug-watchos/AEPRulesEngine.build/Objects-normal/armv7k/AEPRulesEngine-Swift.h -o /Users/admin/builder/spi-builder-workspace/.derivedData/Build/Intermediates.noindex/GeneratedModuleMaps-watchos/AEPRulesEngine-Swift.h
Copy /Users/admin/builder/spi-builder-workspace/.derivedData/Build/Products/Debug-watchos/AEPRulesEngine.swiftmodule/arm64_32-apple-watchos.swiftmodule /Users/admin/builder/spi-builder-workspace/.derivedData/Build/Intermediates.noindex/AEPRulesEngine.build/Debug-watchos/AEPRulesEngine.build/Objects-normal/arm64_32/AEPRulesEngine.swiftmodule (in target 'AEPRulesEngine' from project 'AEPRulesEngine')
cd /Users/admin/builder/spi-builder-workspace/.dependencies/checkouts/aepsdk-rulesengine-ios
builtin-copy -exclude .DS_Store -exclude CVS -exclude .svn -exclude .git -exclude .hg -resolve-src-symlinks -rename /Users/admin/builder/spi-builder-workspace/.derivedData/Build/Intermediates.noindex/AEPRulesEngine.build/Debug-watchos/AEPRulesEngine.build/Objects-normal/arm64_32/AEPRulesEngine.swiftmodule /Users/admin/builder/spi-builder-workspace/.derivedData/Build/Products/Debug-watchos/AEPRulesEngine.swiftmodule/arm64_32-apple-watchos.swiftmodule
Copy /Users/admin/builder/spi-builder-workspace/.derivedData/Build/Products/Debug-watchos/AEPRulesEngine.swiftmodule/arm64_32-apple-watchos.swiftdoc /Users/admin/builder/spi-builder-workspace/.derivedData/Build/Intermediates.noindex/AEPRulesEngine.build/Debug-watchos/AEPRulesEngine.build/Objects-normal/arm64_32/AEPRulesEngine.swiftdoc (in target 'AEPRulesEngine' from project 'AEPRulesEngine')
cd /Users/admin/builder/spi-builder-workspace/.dependencies/checkouts/aepsdk-rulesengine-ios
builtin-copy -exclude .DS_Store -exclude CVS -exclude .svn -exclude .git -exclude .hg -resolve-src-symlinks -rename /Users/admin/builder/spi-builder-workspace/.derivedData/Build/Intermediates.noindex/AEPRulesEngine.build/Debug-watchos/AEPRulesEngine.build/Objects-normal/arm64_32/AEPRulesEngine.swiftdoc /Users/admin/builder/spi-builder-workspace/.derivedData/Build/Products/Debug-watchos/AEPRulesEngine.swiftmodule/arm64_32-apple-watchos.swiftdoc
Copy /Users/admin/builder/spi-builder-workspace/.derivedData/Build/Products/Debug-watchos/AEPRulesEngine.swiftmodule/arm64_32-apple-watchos.abi.json /Users/admin/builder/spi-builder-workspace/.derivedData/Build/Intermediates.noindex/AEPRulesEngine.build/Debug-watchos/AEPRulesEngine.build/Objects-normal/arm64_32/AEPRulesEngine.abi.json (in target 'AEPRulesEngine' from project 'AEPRulesEngine')
cd /Users/admin/builder/spi-builder-workspace/.dependencies/checkouts/aepsdk-rulesengine-ios
builtin-copy -exclude .DS_Store -exclude CVS -exclude .svn -exclude .git -exclude .hg -resolve-src-symlinks -rename /Users/admin/builder/spi-builder-workspace/.derivedData/Build/Intermediates.noindex/AEPRulesEngine.build/Debug-watchos/AEPRulesEngine.build/Objects-normal/arm64_32/AEPRulesEngine.abi.json /Users/admin/builder/spi-builder-workspace/.derivedData/Build/Products/Debug-watchos/AEPRulesEngine.swiftmodule/arm64_32-apple-watchos.abi.json
Copy /Users/admin/builder/spi-builder-workspace/.derivedData/Build/Products/Debug-watchos/AEPRulesEngine.swiftmodule/Project/arm64_32-apple-watchos.swiftsourceinfo /Users/admin/builder/spi-builder-workspace/.derivedData/Build/Intermediates.noindex/AEPRulesEngine.build/Debug-watchos/AEPRulesEngine.build/Objects-normal/arm64_32/AEPRulesEngine.swiftsourceinfo (in target 'AEPRulesEngine' from project 'AEPRulesEngine')
cd /Users/admin/builder/spi-builder-workspace/.dependencies/checkouts/aepsdk-rulesengine-ios
builtin-copy -exclude .DS_Store -exclude CVS -exclude .svn -exclude .git -exclude .hg -resolve-src-symlinks -rename /Users/admin/builder/spi-builder-workspace/.derivedData/Build/Intermediates.noindex/AEPRulesEngine.build/Debug-watchos/AEPRulesEngine.build/Objects-normal/arm64_32/AEPRulesEngine.swiftsourceinfo /Users/admin/builder/spi-builder-workspace/.derivedData/Build/Products/Debug-watchos/AEPRulesEngine.swiftmodule/Project/arm64_32-apple-watchos.swiftsourceinfo
SwiftExplicitDependencyGeneratePcm arm64 /Users/admin/builder/spi-builder-workspace/.derivedData/ModuleCache.noindex/SwiftUICore-5700WH6PN2JGNW3YO50O4A8XA.pcm
SwiftExplicitDependencyGeneratePcm arm64 /Users/admin/builder/spi-builder-workspace/.derivedData/ModuleCache.noindex/UIKit-3Z94JRR4V583WSE5ZFIFQV5Z1.pcm
SwiftCompile normal arm64 Compiling\ Transforming.swift,\ Traversable.swift /Users/admin/builder/spi-builder-workspace/.dependencies/checkouts/aepsdk-rulesengine-ios/Sources/AEPRulesEngine/Transforming.swift /Users/admin/builder/spi-builder-workspace/.dependencies/checkouts/aepsdk-rulesengine-ios/Sources/AEPRulesEngine/Traversable.swift (in target 'AEPRulesEngine' from project 'AEPRulesEngine')
SwiftCompile normal arm64 /Users/admin/builder/spi-builder-workspace/.dependencies/checkouts/aepsdk-rulesengine-ios/Sources/AEPRulesEngine/Transforming.swift (in target 'AEPRulesEngine' from project 'AEPRulesEngine')
cd /Users/admin/builder/spi-builder-workspace/.swiftpm/xcode
SwiftCompile normal arm64 /Users/admin/builder/spi-builder-workspace/.dependencies/checkouts/aepsdk-rulesengine-ios/Sources/AEPRulesEngine/Traversable.swift (in target 'AEPRulesEngine' from project 'AEPRulesEngine')
cd /Users/admin/builder/spi-builder-workspace/.swiftpm/xcode
SwiftEmitModule normal armv7k Emitting\ module\ for\ AEPServices (in target 'AEPServices' from project 'AEPCore')
Failed frontend command:
/Applications/Xcode-26.3.0.app/Contents/Developer/Toolchains/XcodeDefault.xctoolchain/usr/bin/swift-frontend -frontend -emit-module -experimental-skip-non-inlinable-function-bodies-without-types /Users/admin/builder/spi-builder-workspace/.derivedData/Build/Intermediates.noindex/AEPCore.build/Debug-watchos/AEPServices.build/DerivedSources/resource_bundle_accessor.swift /Users/admin/builder/spi-builder-workspace/AEPServices/Sources/ApplicationSystemInfoService.swift /Users/admin/builder/spi-builder-workspace/AEPServices/Sources/NetworkPathMonitorProvider.swift /Users/admin/builder/spi-builder-workspace/AEPServices/Sources/ServiceProvider.swift /Users/admin/builder/spi-builder-workspace/AEPServices/Sources/SystemInfoService.swift /Users/admin/builder/spi-builder-workspace/AEPServices/Sources/UIUtils.swift /Users/admin/builder/spi-builder-workspace/AEPServices/Sources/URLOpening.swift /Users/admin/builder/spi-builder-workspace/AEPServices/Sources/URLService.swift /Users/admin/builder/spi-builder-workspace/AEPServices/Sources/cache/Cache.swift /Users/admin/builder/spi-builder-workspace/AEPServices/Sources/cache/CacheEntry.swift /Users/admin/builder/spi-builder-workspace/AEPServices/Sources/cache/CacheExpiry.swift /Users/admin/builder/spi-builder-workspace/AEPServices/Sources/cache/Caching.swift /Users/admin/builder/spi-builder-workspace/AEPServices/Sources/cache/DiskCacheService.swift /Users/admin/builder/spi-builder-workspace/AEPServices/Sources/dataqueue/DataEntity.swift /Users/admin/builder/spi-builder-workspace/AEPServices/Sources/dataqueue/DataQueue.swift /Users/admin/builder/spi-builder-workspace/AEPServices/Sources/dataqueue/DataQueueConfig.swift /Users/admin/builder/spi-builder-workspace/AEPServices/Sources/dataqueue/DataQueueService.swift /Users/admin/builder/spi-builder-workspace/AEPServices/Sources/dataqueue/DataQueuing.swift /Users/admin/builder/spi-builder-workspace/AEPServices/Sources/dataqueue/SQLiteDataQueue.swift /Users/admin/builder/spi-builder-workspace/AEPServices/Sources/dataqueue/SQLiteJournalMode.swift /Users/admin/builder/spi-builder-workspace/AEPServices/Sources/dataqueue/SQLiteWrapper.swift /Users/admin/builder/spi-builder-workspace/AEPServices/Sources/log/Log.swift /Users/admin/builder/spi-builder-workspace/AEPServices/Sources/log/LogLevel.swift /Users/admin/builder/spi-builder-workspace/AEPServices/Sources/log/Logging.swift /Users/admin/builder/spi-builder-workspace/AEPServices/Sources/log/LoggingService.swift /Users/admin/builder/spi-builder-workspace/AEPServices/Sources/network/DefaultHeadersFormatter.swift /Users/admin/builder/spi-builder-workspace/AEPServices/Sources/network/HttpConnection.swift /Users/admin/builder/spi-builder-workspace/AEPServices/Sources/network/HttpConnectionConstants.swift /Users/admin/builder/spi-builder-workspace/AEPServices/Sources/network/HttpMethod.swift /Users/admin/builder/spi-builder-workspace/AEPServices/Sources/network/NetworkRequest.swift /Users/admin/builder/spi-builder-workspace/AEPServices/Sources/network/NetworkService.swift /Users/admin/builder/spi-builder-workspace/AEPServices/Sources/network/NetworkServiceConstants.swift /Users/admin/builder/spi-builder-workspace/AEPServices/Sources/network/Networking.swift /Users/admin/builder/spi-builder-workspace/AEPServices/Sources/storage/FileSystemNamedCollection.swift /Users/admin/builder/spi-builder-workspace/AEPServices/Sources/storage/NamedCollectionDataStore.swift /Users/admin/builder/spi-builder-workspace/AEPServices/Sources/storage/NamedCollectionProcessing.swift /Users/admin/builder/spi-builder-workspace/AEPServices/Sources/storage/UserDefaultsNamedCollection.swift /Users/admin/builder/spi-builder-workspace/AEPServices/Sources/ui/AEPUIService.swift /Users/admin/builder/spi-builder-workspace/AEPServices/Sources/ui/Dismissible.swift /Users/admin/builder/spi-builder-workspace/AEPServices/Sources/ui/MessageAlignment.swift /Users/admin/builder/spi-builder-workspace/AEPServices/Sources/ui/MessageAnimation.swift /Users/admin/builder/spi-builder-workspace/AEPServices/Sources/ui/MessageGesture.swift /Users/admin/builder/spi-builder-workspace/AEPServices/Sources/ui/MessageGestureRecognizer.swift /Users/admin/builder/spi-builder-workspace/AEPServices/Sources/ui/MessageMonitor.swift /Users/admin/builder/spi-builder-workspace/AEPServices/Sources/ui/MessageMonitoring.swift /Users/admin/builder/spi-builder-workspace/AEPServices/Sources/ui/MessageSettings.swift /Users/admin/builder/spi-builder-workspace/AEPServices/Sources/ui/MessagingDelegate.swift /Users/admin/builder/spi-builder-workspace/AEPServices/Sources/ui/PresentationError.swift /Users/admin/builder/spi-builder-workspace/AEPServices/Sources/ui/Showable.swift /Users/admin/builder/spi-builder-workspace/AEPServices/Sources/ui/UIApplication+Window.swift /Users/admin/builder/spi-builder-workspace/AEPServices/Sources/ui/UIService.swift /Users/admin/builder/spi-builder-workspace/AEPServices/Sources/ui/floating/FloatingButton.swift /Users/admin/builder/spi-builder-workspace/AEPServices/Sources/ui/floating/FloatingButtonDelegate.swift /Users/admin/builder/spi-builder-workspace/AEPServices/Sources/ui/floating/FloatingButtonPosition.swift /Users/admin/builder/spi-builder-workspace/AEPServices/Sources/ui/floating/FloatingButtonPresentable.swift /Users/admin/builder/spi-builder-workspace/AEPServices/Sources/ui/fullscreen/FullscreenMessage+FrameCalculation.swift /Users/admin/builder/spi-builder-workspace/AEPServices/Sources/ui/fullscreen/FullscreenMessage+WKNavigationDelegate.swift /Users/admin/builder/spi-builder-workspace/AEPServices/Sources/ui/fullscreen/FullscreenMessage+WKScriptMessageHandler.swift /Users/admin/builder/spi-builder-workspace/AEPServices/Sources/ui/fullscreen/FullscreenMessage.swift /Users/admin/builder/spi-builder-workspace/AEPServices/Sources/ui/fullscreen/FullscreenMessageDelegate.swift /Users/admin/builder/spi-builder-workspace/AEPServices/Sources/ui/fullscreen/FullscreenPresentable.swift /Users/admin/builder/spi-builder-workspace/AEPServices/Sources/utility/AnyCodable.swift /Users/admin/builder/spi-builder-workspace/AEPServices/Sources/utility/AtomicCounter.swift /Users/admin/builder/spi-builder-workspace/AEPServices/Sources/utility/Date+Format.swift /Users/admin/builder/spi-builder-workspace/AEPServices/Sources/utility/FileManager+Directories.swift /Users/admin/builder/spi-builder-workspace/AEPServices/Sources/utility/OperationOrderer.swift /Users/admin/builder/spi-builder-workspace/AEPServices/Sources/utility/PrettyDictionary.swift /Users/admin/builder/spi-builder-workspace/AEPServices/Sources/utility/ThreadSafeArray.swift /Users/admin/builder/spi-builder-workspace/AEPServices/Sources/utility/ThreadSafeDictionary.swift /Users/admin/builder/spi-builder-workspace/AEPServices/Sources/utility/URLEncoder.swift /Users/admin/builder/spi-builder-workspace/AEPServices/Sources/utility/URLError+Recoverable.swift /Users/admin/builder/spi-builder-workspace/AEPServices/Sources/utility/hitprocessor/HitProcessing.swift /Users/admin/builder/spi-builder-workspace/AEPServices/Sources/utility/hitprocessor/HitQueuing.swift /Users/admin/builder/spi-builder-workspace/AEPServices/Sources/utility/hitprocessor/PersistentHitQueue.swift /Users/admin/builder/spi-builder-workspace/AEPServices/Sources/utility/unzip/FileManager+ZIP.swift /Users/admin/builder/spi-builder-workspace/AEPServices/Sources/utility/unzip/FileUnzipper.swift /Users/admin/builder/spi-builder-workspace/AEPServices/Sources/utility/unzip/FileUnzipperConstants.swift /Users/admin/builder/spi-builder-workspace/AEPServices/Sources/utility/unzip/URL+Validator.swift /Users/admin/builder/spi-builder-workspace/AEPServices/Sources/utility/unzip/Unzipping.swift /Users/admin/builder/spi-builder-workspace/AEPServices/Sources/utility/unzip/ZipArchive.swift /Users/admin/builder/spi-builder-workspace/AEPServices/Sources/utility/unzip/ZipEntry.swift -target armv7k-apple-watchos5.0 -load-resolved-plugin /Applications/Xcode-26.3.0.app/Contents/Developer/Platforms/WatchOS.platform/Developer/usr/lib/swift/host/plugins/libFoundationMacros.dylib\#/Applications/Xcode-26.3.0.app/Contents/Developer/Platforms/WatchOS.platform/Developer/usr/bin/swift-plugin-server\#FoundationMacros -load-resolved-plugin /Applications/Xcode-26.3.0.app/Contents/Developer/Platforms/WatchOS.platform/Developer/usr/lib/swift/host/plugins/libObservationMacros.dylib\#/Applications/Xcode-26.3.0.app/Contents/Developer/Platforms/WatchOS.platform/Developer/usr/bin/swift-plugin-server\#ObservationMacros -load-resolved-plugin /Applications/Xcode-26.3.0.app/Contents/Developer/Platforms/WatchOS.platform/Developer/usr/lib/swift/host/plugins/libSwiftMacros.dylib\#/Applications/Xcode-26.3.0.app/Contents/Developer/Platforms/WatchOS.platform/Developer/usr/bin/swift-plugin-server\#SwiftMacros -load-resolved-plugin /Applications/Xcode-26.3.0.app/Contents/Developer/Platforms/WatchOS.platform/Developer/usr/lib/swift/host/plugins/libSwiftUIMacros.dylib\#/Applications/Xcode-26.3.0.app/Contents/Developer/Platforms/WatchOS.platform/Developer/usr/bin/swift-plugin-server\#SwiftUIMacros -disable-implicit-swift-modules -Xcc -fno-implicit-modules -Xcc -fno-implicit-module-maps -explicit-swift-module-map-file /Users/admin/builder/spi-builder-workspace/.derivedData/Build/Intermediates.noindex/AEPCore.build/Debug-watchos/AEPServices.build/Objects-normal/armv7k/AEPServices-dependencies-3.json -enable-objc-interop -sdk /Applications/Xcode-26.3.0.app/Contents/Developer/Platforms/WatchOS.platform/Developer/SDKs/WatchOS26.2.sdk -I /Users/admin/builder/spi-builder-workspace/.derivedData/Build/Products/Debug-watchos -Isystem /Applications/Xcode-26.3.0.app/Contents/Developer/Platforms/WatchOS.platform/Developer/usr/lib -F /Users/admin/builder/spi-builder-workspace/.derivedData/Build/Products/Debug-watchos -F /Applications/Xcode-26.3.0.app/Contents/Developer/Platforms/WatchOS.platform/Developer/Library/Frameworks -F /Applications/Xcode-26.3.0.app/Contents/Developer/Platforms/WatchOS.platform/Developer/SDKs/WatchOS26.2.sdk/Developer/Library/Frameworks -no-color-diagnostics -Xcc -fno-color-diagnostics -enable-testing -g -debug-info-format\=dwarf -dwarf-version\=4 -module-cache-path /Users/admin/builder/spi-builder-workspace/.derivedData/Build/Intermediates.noindex/SwiftExplicitPrecompiledModules -swift-version 5 -enforce-exclusivity\=checked -Onone -D SWIFT_PACKAGE -D DEBUG -D SWIFT_MODULE_RESOURCE_BUNDLE_AVAILABLE -D Xcode -serialize-debugging-options -const-gather-protocols-file /Users/admin/builder/spi-builder-workspace/.derivedData/Build/Intermediates.noindex/AEPCore.build/Debug-watchos/AEPServices.build/Objects-normal/armv7k/AEPServices_const_extract_protocols.json -enable-experimental-feature DebugDescriptionMacro -empty-abi-descriptor -validate-clang-modules-once -clang-build-session-file /Users/admin/builder/spi-builder-workspace/.derivedData/ModuleCache.noindex/Session.modulevalidation -Xcc -working-directory -Xcc /Users/admin/builder/spi-builder-workspace/.swiftpm/xcode -enable-anonymous-context-mangled-names -file-compilation-dir /Users/admin/builder/spi-builder-workspace/.swiftpm/xcode -Xcc -D_LIBCPP_HARDENING_MODE\=_LIBCPP_HARDENING_MODE_DEBUG -Xcc -ivfsstatcache -Xcc /Users/admin/builder/spi-builder-workspace/.derivedData/SDKStatCaches.noindex/watchos26.2-23S303-dc75598d0054f22ec865fa860f139d721753b489057de6bda919edfa1c59a62b.sdkstatcache -Xcc -I/Users/admin/builder/spi-builder-workspace/.derivedData/Build/Intermediates.noindex/AEPCore.build/Debug-watchos/AEPServices.build/swift-overrides.hmap -Xcc -I/Users/admin/builder/spi-builder-workspace/.derivedData/Build/Products/Debug-watchos/include -Xcc -I/Users/admin/builder/spi-builder-workspace/.derivedData/Build/Intermediates.noindex/AEPCore.build/Debug-watchos/AEPServices.build/DerivedSources-normal/armv7k -Xcc -I/Users/admin/builder/spi-builder-workspace/.derivedData/Build/Intermediates.noindex/AEPCore.build/Debug-watchos/AEPServices.build/DerivedSources/armv7k -Xcc -I/Users/admin/builder/spi-builder-workspace/.derivedData/Build/Intermediates.noindex/AEPCore.build/Debug-watchos/AEPServices.build/DerivedSources -Xcc -DSWIFT_PACKAGE -Xcc -DDEBUG\=1 -no-auto-bridging-header-chaining -module-name AEPServices -frontend-parseable-output -disable-clang-spi -target-sdk-version 26.2 -target-sdk-name watchos26.2 -clang-target armv7k-apple-watchos26.2 -in-process-plugin-server-path /Applications/Xcode-26.3.0.app/Contents/Developer/Toolchains/XcodeDefault.xctoolchain/usr/lib/swift/host/libSwiftInProcPluginServer.dylib -emit-module-doc-path /Users/admin/builder/spi-builder-workspace/.derivedData/Build/Intermediates.noindex/AEPCore.build/Debug-watchos/AEPServices.build/Objects-normal/armv7k/AEPServices.swiftdoc -emit-module-source-info-path /Users/admin/builder/spi-builder-workspace/.derivedData/Build/Intermediates.noindex/AEPCore.build/Debug-watchos/AEPServices.build/Objects-normal/armv7k/AEPServices.swiftsourceinfo -emit-objc-header-path /Users/admin/builder/spi-builder-workspace/.derivedData/Build/Intermediates.noindex/AEPCore.build/Debug-watchos/AEPServices.build/Objects-normal/armv7k/AEPServices-Swift.h -serialize-diagnostics-path /Users/admin/builder/spi-builder-workspace/.derivedData/Build/Intermediates.noindex/AEPCore.build/Debug-watchos/AEPServices.build/Objects-normal/armv7k/AEPServices-primary-emit-module.dia -emit-dependencies-path /Users/admin/builder/spi-builder-workspace/.derivedData/Build/Intermediates.noindex/AEPCore.build/Debug-watchos/AEPServices.build/Objects-normal/armv7k/AEPServices-primary-emit-module.d -o /Users/admin/builder/spi-builder-workspace/.derivedData/Build/Intermediates.noindex/AEPCore.build/Debug-watchos/AEPServices.build/Objects-normal/armv7k/AEPServices.swiftmodule -emit-abi-descriptor-path /Users/admin/builder/spi-builder-workspace/.derivedData/Build/Intermediates.noindex/AEPCore.build/Debug-watchos/AEPServices.build/Objects-normal/armv7k/AEPServices.abi.json
EmitSwiftModule normal armv7k (in target 'AEPServices' from project 'AEPCore')
cd /Users/admin/builder/spi-builder-workspace/.swiftpm/xcode
/Users/admin/builder/spi-builder-workspace/AEPServices/Sources/ApplicationSystemInfoService.swift:33:21: error: 'UIDevice' is unavailable in watchOS
let model = UIDevice.current.model
^~~~~~~~
/Applications/Xcode-26.3.0.app/Contents/Developer/Platforms/WatchOS.platform/Developer/SDKs/WatchOS26.2.sdk/System/Library/Frameworks/UIKit.framework/Headers/UIDevice.h:35:12: note: 'UIDevice' has been explicitly marked unavailable here
@interface UIDevice : NSObject
^
/Users/admin/builder/spi-builder-workspace/AEPServices/Sources/ApplicationSystemInfoService.swift:34:25: error: 'UIDevice' is unavailable in watchOS
let osVersion = UIDevice.current.systemVersion.replacingOccurrences(of: ".", with: "_")
^~~~~~~~
/Applications/Xcode-26.3.0.app/Contents/Developer/Platforms/WatchOS.platform/Developer/SDKs/WatchOS26.2.sdk/System/Library/Frameworks/UIKit.framework/Headers/UIDevice.h:35:12: note: 'UIDevice' has been explicitly marked unavailable here
@interface UIDevice : NSObject
^
SwiftEmitModule normal arm64_32 Emitting\ module\ for\ AEPServices (in target 'AEPServices' from project 'AEPCore')
EmitSwiftModule normal arm64_32 (in target 'AEPServices' from project 'AEPCore')
cd /Users/admin/builder/spi-builder-workspace/.swiftpm/xcode
SwiftEmitModule normal arm64 Emitting\ module\ for\ AEPServices (in target 'AEPServices' from project 'AEPCore')
2026-10-02 20:01:21.596 xcodebuild[785:4894] [MT] IDERunDestination: Supported platforms for the buildables in the current scheme is empty.
** BUILD FAILED **
The following build commands failed:
SwiftEmitModule normal armv7k Emitting\ module\ for\ AEPServices (in target 'AEPServices' from project 'AEPCore')
EmitSwiftModule normal armv7k (in target 'AEPServices' from project 'AEPCore')
Building workspace spi-builder-workspace with scheme AEPCore-Package
(3 failures)
Command line invocation:
/Applications/Xcode-26.3.0.app/Contents/Developer/usr/bin/xcodebuild -IDEClonedSourcePackagesDirPathOverride=/Users/admin/builder/spi-builder-workspace/.dependencies -resolvePackageDependencies
Resolve Package Graph
Resolved source packages:
AEPRulesEngine: https://github.com/adobe/aepsdk-rulesengine-ios.git @ 5.0.0
AEPCore: /Users/admin/builder/spi-builder-workspace
resolved source packages: AEPRulesEngine, AEPCore
2026-10-02 20:01:30.228 xcodebuild[962:5685] [MT] IDERunDestination: Supported platforms for the buildables in the current scheme is empty.
{
"dependencies" : [
{
"identity" : "aepsdk-rulesengine-ios",
"requirement" : {
"range" : [
{
"lower_bound" : "5.0.0",
"upper_bound" : "6.0.0"
}
]
},
"type" : "sourceControl",
"url" : "https://github.com/adobe/aepsdk-rulesengine-ios.git"
}
],
"manifest_display_name" : "AEPCore",
"name" : "AEPCore",
"path" : "/Users/admin/builder/spi-builder-workspace",
"platforms" : [
{
"name" : "ios",
"version" : "12.0"
},
{
"name" : "tvos",
"version" : "12.0"
}
],
"products" : [
{
"name" : "AEPCore",
"targets" : [
"AEPCore"
],
"type" : {
"library" : [
"automatic"
]
}
},
{
"name" : "AEPIdentity",
"targets" : [
"AEPIdentity"
],
"type" : {
"library" : [
"automatic"
]
}
},
{
"name" : "AEPLifecycle",
"targets" : [
"AEPLifecycle"
],
"type" : {
"library" : [
"automatic"
]
}
},
{
"name" : "AEPServices",
"targets" : [
"AEPServices"
],
"type" : {
"library" : [
"automatic"
]
}
},
{
"name" : "AEPSignal",
"targets" : [
"AEPSignal"
],
"type" : {
"library" : [
"automatic"
]
}
}
],
"targets" : [
{
"c99name" : "AEPSignal",
"module_type" : "SwiftTarget",
"name" : "AEPSignal",
"path" : "AEPSignal/Sources",
"product_memberships" : [
"AEPSignal"
],
"sources" : [
"Event+Signal.swift",
"Signal.swift",
"SignalConstants.swift",
"SignalHit.swift",
"SignalHitProcessor.swift"
],
"target_dependencies" : [
"AEPCore"
],
"type" : "library"
},
{
"c99name" : "AEPServices",
"module_type" : "SwiftTarget",
"name" : "AEPServices",
"path" : "AEPServices/Sources",
"product_memberships" : [
"AEPCore",
"AEPIdentity",
"AEPLifecycle",
"AEPServices",
"AEPSignal"
],
"resources" : [
{
"path" : "/Users/admin/builder/spi-builder-workspace/AEPServices/Sources/PrivacyInfo.xcprivacy",
"rule" : {
"process" : {
}
}
}
],
"sources" : [
"ApplicationSystemInfoService.swift",
"NetworkPathMonitorProvider.swift",
"ServiceProvider.swift",
"SystemInfoService.swift",
"UIUtils.swift",
"URLOpening.swift",
"URLService.swift",
"cache/Cache.swift",
"cache/CacheEntry.swift",
"cache/CacheExpiry.swift",
"cache/Caching.swift",
"cache/DiskCacheService.swift",
"dataqueue/DataEntity.swift",
"dataqueue/DataQueue.swift",
"dataqueue/DataQueueConfig.swift",
"dataqueue/DataQueueService.swift",
"dataqueue/DataQueuing.swift",
"dataqueue/SQLiteDataQueue.swift",
"dataqueue/SQLiteJournalMode.swift",
"dataqueue/SQLiteWrapper.swift",
"log/Log.swift",
"log/LogLevel.swift",
"log/Logging.swift",
"log/LoggingService.swift",
"network/DefaultHeadersFormatter.swift",
"network/HttpConnection.swift",
"network/HttpConnectionConstants.swift",
"network/HttpMethod.swift",
"network/NetworkRequest.swift",
"network/NetworkService.swift",
"network/NetworkServiceConstants.swift",
"network/Networking.swift",
"storage/FileSystemNamedCollection.swift",
"storage/NamedCollectionDataStore.swift",
"storage/NamedCollectionProcessing.swift",
"storage/UserDefaultsNamedCollection.swift",
"ui/AEPUIService.swift",
"ui/Dismissible.swift",
"ui/MessageAlignment.swift",
"ui/MessageAnimation.swift",
"ui/MessageGesture.swift",
"ui/MessageGestureRecognizer.swift",
"ui/MessageMonitor.swift",
"ui/MessageMonitoring.swift",
"ui/MessageSettings.swift",
"ui/MessagingDelegate.swift",
"ui/PresentationError.swift",
"ui/Showable.swift",
"ui/UIApplication+Window.swift",
"ui/UIService.swift",
"ui/floating/FloatingButton.swift",
"ui/floating/FloatingButtonDelegate.swift",
"ui/floating/FloatingButtonPosition.swift",
"ui/floating/FloatingButtonPresentable.swift",
"ui/fullscreen/FullscreenMessage+FrameCalculation.swift",
"ui/fullscreen/FullscreenMessage+WKNavigationDelegate.swift",
"ui/fullscreen/FullscreenMessage+WKScriptMessageHandler.swift",
"ui/fullscreen/FullscreenMessage.swift",
"ui/fullscreen/FullscreenMessageDelegate.swift",
"ui/fullscreen/FullscreenPresentable.swift",
"utility/AnyCodable.swift",
"utility/AtomicCounter.swift",
"utility/Date+Format.swift",
"utility/FileManager+Directories.swift",
"utility/OperationOrderer.swift",
"utility/PrettyDictionary.swift",
"utility/ThreadSafeArray.swift",
"utility/ThreadSafeDictionary.swift",
"utility/URLEncoder.swift",
"utility/URLError+Recoverable.swift",
"utility/hitprocessor/HitProcessing.swift",
"utility/hitprocessor/HitQueuing.swift",
"utility/hitprocessor/PersistentHitQueue.swift",
"utility/unzip/FileManager+ZIP.swift",
"utility/unzip/FileUnzipper.swift",
"utility/unzip/FileUnzipperConstants.swift",
"utility/unzip/URL+Validator.swift",
"utility/unzip/Unzipping.swift",
"utility/unzip/ZipArchive.swift",
"utility/unzip/ZipEntry.swift"
],
"type" : "library"
},
{
"c99name" : "AEPLifecycle",
"module_type" : "SwiftTarget",
"name" : "AEPLifecycle",
"path" : "AEPLifecycle/Sources",
"product_memberships" : [
"AEPLifecycle"
],
"sources" : [
"Event+Lifecycle.swift",
"Lifecycle.swift",
"LifecycleConstants.swift",
"LifecycleContextData.swift",
"LifecycleMetrics.swift",
"LifecycleMetricsBuilder.swift",
"LifecycleSession.swift",
"LifecycleState.swift",
"LifecycleV2/LifecycleV2.swift",
"LifecycleV2/LifecycleV2Constants.swift",
"LifecycleV2/LifecycleV2DataStoreCache.swift",
"LifecycleV2/LifecycleV2MetricsBuilder.swift",
"LifecycleV2/LifecycleV2StateManager.swift",
"LifecycleV2/XDMApplication.swift",
"LifecycleV2/XDMCloseType.swift",
"LifecycleV2/XDMDevice.swift",
"LifecycleV2/XDMDeviceType.swift",
"LifecycleV2/XDMEnvironment.swift",
"LifecycleV2/XDMEnvironmentType.swift",
"LifecycleV2/XDMLanguage.swift",
"LifecycleV2/XDMMobileLifecycleDetails.swift"
],
"target_dependencies" : [
"AEPCore"
],
"type" : "library"
},
{
"c99name" : "AEPIdentity",
"module_type" : "SwiftTarget",
"name" : "AEPIdentity",
"path" : "AEPIdentity/Sources",
"product_memberships" : [
"AEPIdentity"
],
"sources" : [
"CustomIdentity.swift",
"ECID.swift",
"Event+Identity.swift",
"Identifiable.swift",
"Identity+PublicAPI.swift",
"Identity.swift",
"IdentityConstants.swift",
"IdentityHit.swift",
"IdentityHitProcessor.swift",
"IdentityHitResponse.swift",
"IdentityProperties.swift",
"IdentityState.swift",
"MobileIdentities.swift",
"MobileVisitorAuthenticationState.swift",
"Networking+Identity.swift",
"PushIDManageable.swift",
"PushIDManager.swift",
"URL+Identity.swift",
"URLAppender.swift",
"URLQueryItem+Identity.swift"
],
"target_dependencies" : [
"AEPCore"
],
"type" : "library"
},
{
"c99name" : "AEPCore",
"module_type" : "SwiftTarget",
"name" : "AEPCore",
"path" : "AEPCore/Sources",
"product_dependencies" : [
"AEPRulesEngine"
],
"product_memberships" : [
"AEPCore",
"AEPIdentity",
"AEPLifecycle",
"AEPSignal"
],
"resources" : [
{
"path" : "/Users/admin/builder/spi-builder-workspace/AEPCore/Sources/PrivacyInfo.xcprivacy",
"rule" : {
"process" : {
}
}
}
],
"sources" : [
"configuration/Cacheable.swift",
"configuration/CachedConfiguration.swift",
"configuration/Configuration.swift",
"configuration/ConfigurationConstants.swift",
"configuration/ConfigurationDownloadable.swift",
"configuration/ConfigurationDownloader.swift",
"configuration/ConfigurationState.swift",
"configuration/Event+Configuration.swift",
"configuration/HitQueuing+PrivacyStatus.swift",
"configuration/LaunchIDManager.swift",
"configuration/PrivacyStatus.swift",
"core/CoreConstants.swift",
"core/Data+HexString.swift",
"core/DataMarshaller.swift",
"core/Event+Debug.swift",
"core/ExtensionFinder.swift",
"core/InitOptions.swift",
"core/MobileCore+Configuration.swift",
"core/MobileCore+Lifecycle.swift",
"core/MobileCore+Tracking.swift",
"core/MobileCore.swift",
"core/MobileCoreInitializer.swift",
"core/ProfileAttributes.swift",
"core/WrapperType.swift",
"eventhub/AEPError.swift",
"eventhub/Event.swift",
"eventhub/EventHub.swift",
"eventhub/EventHubConstants.swift",
"eventhub/EventHubError.swift",
"eventhub/EventHubPlaceholderExtension.swift",
"eventhub/EventListenerContainer.swift",
"eventhub/EventSource.swift",
"eventhub/EventType.swift",
"eventhub/Extension.swift",
"eventhub/ExtensionContainer.swift",
"eventhub/ExtensionRuntime.swift",
"eventhub/SharedState.swift",
"eventhub/SharedStateResult.swift",
"eventhub/SharedStateType.swift",
"eventhub/history/Event+EventHistoryRequest.swift",
"eventhub/history/EventData+FNV1A32.swift",
"eventhub/history/EventHistory.swift",
"eventhub/history/EventHistoryConstants.swift",
"eventhub/history/EventHistoryDatabase.swift",
"eventhub/history/EventHistoryProvider.swift",
"eventhub/history/EventHistoryRequest.swift",
"eventhub/history/EventHistoryResult.swift",
"eventhub/history/EventHistoryStore.swift",
"eventhub/history/String+FNV1A32.swift",
"migration/EventHistoryDatabaseMigrator.swift",
"migration/IDParser.swift",
"migration/IDParsing.swift",
"migration/UserDefaultMigrationConstants.swift",
"migration/UserDefaultsMigrator.swift",
"migration/V4MigrationConstants.swift",
"migration/V4Migrator.swift",
"migration/V5MigrationConstants.swift",
"migration/V5Migrator.swift",
"rules/Array+Flatten.swift",
"rules/CachedRules.swift",
"rules/Dictionary+Flatten.swift",
"rules/EventDataMerger.swift",
"rules/JSONRulesParser.swift",
"rules/LaunchRule+Reevaluable.swift",
"rules/LaunchRule.swift",
"rules/LaunchRuleTransformer.swift",
"rules/LaunchRulesEngine+Downloader.swift",
"rules/LaunchRulesEngine.swift",
"rules/RuleConsequence.swift",
"rules/RuleReevaluationInterceptor.swift",
"rules/RulesConstants.swift",
"rules/RulesDownloader.swift",
"rules/RulesEngineNativeLogging.swift",
"rules/RulesLoader.swift",
"rules/TokenFinder.swift",
"rules/URLUtility.swift"
],
"target_dependencies" : [
"AEPServices"
],
"type" : "library"
}
],
"tools_version" : "5.3"
}
{
"workspace" : {
"name" : "spi-builder-workspace",
"schemes" : [
"AEPCore",
"AEPCore-Package",
"AEPIdentity",
"AEPLifecycle",
"AEPServices",
"AEPSignal"
]
}
}
2026-10-02 20:01:31.476 xcodebuild[970:5757] [MT] IDERunDestination: Supported platforms for the buildables in the current scheme is empty.
Running build ...
env DEVELOPER_DIR=/Applications/Xcode-26.3.0.app xcrun xcodebuild -IDEClonedSourcePackagesDirPathOverride=$PWD/.dependencies -skipMacroValidation -skipPackagePluginValidation -derivedDataPath $PWD/.derivedData build -scheme AEPCore-Package -destination generic/platform=watchOS
Command line invocation:
/Applications/Xcode-26.3.0.app/Contents/Developer/usr/bin/xcodebuild -IDEClonedSourcePackagesDirPathOverride=/Users/admin/builder/spi-builder-workspace/.dependencies -skipMacroValidation -skipPackagePluginValidation -derivedDataPath /Users/admin/builder/spi-builder-workspace/.derivedData build -scheme AEPCore-Package -destination generic/platform=watchOS
Resolve Package Graph
Resolved source packages:
AEPRulesEngine: https://github.com/adobe/aepsdk-rulesengine-ios.git @ 5.0.0
AEPCore: /Users/admin/builder/spi-builder-workspace
ComputePackagePrebuildTargetDependencyGraph
Prepare packages
CreateBuildRequest
SendProjectDescription
CreateBuildOperation
ComputeTargetDependencyGraph
note: Building targets in dependency order
note: Target dependency graph (14 targets)
Target 'AEPSignal' in project 'AEPCore'
➜ Explicit dependency on target 'AEPSignal' in project 'AEPCore'
➜ Explicit dependency on target 'AEPServices' in project 'AEPCore'
➜ Explicit dependency on target 'AEPCore' in project 'AEPCore'
➜ Explicit dependency on target 'AEPRulesEngine' in project 'AEPRulesEngine'
Target 'AEPSignal' in project 'AEPCore'
➜ Explicit dependency on target 'AEPServices' in project 'AEPCore'
➜ Explicit dependency on target 'AEPCore' in project 'AEPCore'
➜ Explicit dependency on target 'AEPRulesEngine' in project 'AEPRulesEngine'
Target 'AEPServices' in project 'AEPCore'
➜ Explicit dependency on target 'AEPServices' in project 'AEPCore'
➜ Explicit dependency on target 'AEPCore_AEPServices' in project 'AEPCore'
Target 'AEPLifecycle' in project 'AEPCore'
➜ Explicit dependency on target 'AEPLifecycle' in project 'AEPCore'
➜ Explicit dependency on target 'AEPServices' in project 'AEPCore'
➜ Explicit dependency on target 'AEPCore' in project 'AEPCore'
➜ Explicit dependency on target 'AEPRulesEngine' in project 'AEPRulesEngine'
Target 'AEPLifecycle' in project 'AEPCore'
➜ Explicit dependency on target 'AEPServices' in project 'AEPCore'
➜ Explicit dependency on target 'AEPCore' in project 'AEPCore'
➜ Explicit dependency on target 'AEPRulesEngine' in project 'AEPRulesEngine'
Target 'AEPIdentity' in project 'AEPCore'
➜ Explicit dependency on target 'AEPIdentity' in project 'AEPCore'
➜ Explicit dependency on target 'AEPServices' in project 'AEPCore'
➜ Explicit dependency on target 'AEPCore' in project 'AEPCore'
➜ Explicit dependency on target 'AEPRulesEngine' in project 'AEPRulesEngine'
Target 'AEPIdentity' in project 'AEPCore'
➜ Explicit dependency on target 'AEPServices' in project 'AEPCore'
➜ Explicit dependency on target 'AEPCore' in project 'AEPCore'
➜ Explicit dependency on target 'AEPRulesEngine' in project 'AEPRulesEngine'
Target 'AEPCore' in project 'AEPCore'
➜ Explicit dependency on target 'AEPCore' in project 'AEPCore'
➜ Explicit dependency on target 'AEPCore_AEPCore' in project 'AEPCore'
➜ Explicit dependency on target 'AEPServices' in project 'AEPCore'
➜ Explicit dependency on target 'AEPRulesEngine' in project 'AEPRulesEngine'
Target 'AEPCore' in project 'AEPCore'
➜ Explicit dependency on target 'AEPCore_AEPCore' in project 'AEPCore'
➜ Explicit dependency on target 'AEPServices' in project 'AEPCore'
➜ Explicit dependency on target 'AEPRulesEngine' in project 'AEPRulesEngine'
Target 'AEPRulesEngine' in project 'AEPRulesEngine'
➜ Explicit dependency on target 'AEPRulesEngine' in project 'AEPRulesEngine'
Target 'AEPRulesEngine' in project 'AEPRulesEngine' (no dependencies)
Target 'AEPServices' in project 'AEPCore'
➜ Explicit dependency on target 'AEPCore_AEPServices' in project 'AEPCore'
Target 'AEPCore_AEPServices' in project 'AEPCore' (no dependencies)
Target 'AEPCore_AEPCore' in project 'AEPCore' (no dependencies)
GatherProvisioningInputs
CreateBuildDescription
ClangStatCache /Applications/Xcode-26.3.0.app/Contents/Developer/Toolchains/XcodeDefault.xctoolchain/usr/bin/clang-stat-cache /Applications/Xcode-26.3.0.app/Contents/Developer/Platforms/WatchOS.platform/Developer/SDKs/WatchOS26.2.sdk /Users/admin/builder/spi-builder-workspace/.derivedData/SDKStatCaches.noindex/watchos26.2-23S303-dc75598d0054f22ec865fa860f139d721753b489057de6bda919edfa1c59a62b.sdkstatcache
cd /Users/admin/builder/spi-builder-workspace/.swiftpm/xcode
/Applications/Xcode-26.3.0.app/Contents/Developer/Toolchains/XcodeDefault.xctoolchain/usr/bin/clang-stat-cache /Applications/Xcode-26.3.0.app/Contents/Developer/Platforms/WatchOS.platform/Developer/SDKs/WatchOS26.2.sdk -o /Users/admin/builder/spi-builder-workspace/.derivedData/SDKStatCaches.noindex/watchos26.2-23S303-dc75598d0054f22ec865fa860f139d721753b489057de6bda919edfa1c59a62b.sdkstatcache
SwiftDriver AEPServices normal armv7k com.apple.xcode.tools.swift.compiler (in target 'AEPServices' from project 'AEPCore')
cd /Users/admin/builder/spi-builder-workspace/.swiftpm/xcode
builtin-SwiftDriver -- /Applications/Xcode-26.3.0.app/Contents/Developer/Toolchains/XcodeDefault.xctoolchain/usr/bin/swiftc -module-name AEPServices -Onone -enforce-exclusivity\=checked @/Users/admin/builder/spi-builder-workspace/.derivedData/Build/Intermediates.noindex/AEPCore.build/Debug-watchos/AEPServices.build/Objects-normal/armv7k/AEPServices.SwiftFileList -DSWIFT_PACKAGE -DDEBUG -DSWIFT_MODULE_RESOURCE_BUNDLE_AVAILABLE -DXcode -plugin-path /Applications/Xcode-26.3.0.app/Contents/Developer/Toolchains/XcodeDefault.xctoolchain/usr/lib/swift/host/plugins/testing -enable-experimental-feature DebugDescriptionMacro -sdk /Applications/Xcode-26.3.0.app/Contents/Developer/Platforms/WatchOS.platform/Developer/SDKs/WatchOS26.2.sdk -target armv7k-apple-watchos5.0 -g -module-cache-path /Users/admin/builder/spi-builder-workspace/.derivedData/ModuleCache.noindex -Xfrontend -serialize-debugging-options -enable-testing -index-store-path /Users/admin/builder/spi-builder-workspace/.derivedData/Index.noindex/DataStore -Xcc -D_LIBCPP_HARDENING_MODE\=_LIBCPP_HARDENING_MODE_DEBUG -swift-version 5 -I /Users/admin/builder/spi-builder-workspace/.derivedData/Build/Products/Debug-watchos -Isystem /Applications/Xcode-26.3.0.app/Contents/Developer/Platforms/WatchOS.platform/Developer/usr/lib -F /Users/admin/builder/spi-builder-workspace/.derivedData/Build/Products/Debug-watchos -F /Applications/Xcode-26.3.0.app/Contents/Developer/Platforms/WatchOS.platform/Developer/Library/Frameworks -F /Applications/Xcode-26.3.0.app/Contents/Developer/Platforms/WatchOS.platform/Developer/SDKs/WatchOS26.2.sdk/Developer/Library/Frameworks -c -j10 -enable-batch-mode -incremental -Xcc -ivfsstatcache -Xcc /Users/admin/builder/spi-builder-workspace/.derivedData/SDKStatCaches.noindex/watchos26.2-23S303-dc75598d0054f22ec865fa860f139d721753b489057de6bda919edfa1c59a62b.sdkstatcache -output-file-map /Users/admin/builder/spi-builder-workspace/.derivedData/Build/Intermediates.noindex/AEPCore.build/Debug-watchos/AEPServices.build/Objects-normal/armv7k/AEPServices-OutputFileMap.json -use-frontend-parseable-output -save-temps -no-color-diagnostics -explicit-module-build -module-cache-path /Users/admin/builder/spi-builder-workspace/.derivedData/Build/Intermediates.noindex/SwiftExplicitPrecompiledModules -clang-scanner-module-cache-path /Users/admin/builder/spi-builder-workspace/.derivedData/ModuleCache.noindex -sdk-module-cache-path /Users/admin/builder/spi-builder-workspace/.derivedData/ModuleCache.noindex -serialize-diagnostics -emit-dependencies -emit-module -emit-module-path /Users/admin/builder/spi-builder-workspace/.derivedData/Build/Intermediates.noindex/AEPCore.build/Debug-watchos/AEPServices.build/Objects-normal/armv7k/AEPServices.swiftmodule -validate-clang-modules-once -clang-build-session-file /Users/admin/builder/spi-builder-workspace/.derivedData/ModuleCache.noindex/Session.modulevalidation -Xcc -I/Users/admin/builder/spi-builder-workspace/.derivedData/Build/Intermediates.noindex/AEPCore.build/Debug-watchos/AEPServices.build/swift-overrides.hmap -emit-const-values -Xfrontend -const-gather-protocols-file -Xfrontend /Users/admin/builder/spi-builder-workspace/.derivedData/Build/Intermediates.noindex/AEPCore.build/Debug-watchos/AEPServices.build/Objects-normal/armv7k/AEPServices_const_extract_protocols.json -Xcc -I/Users/admin/builder/spi-builder-workspace/.derivedData/Build/Products/Debug-watchos/include -Xcc -I/Users/admin/builder/spi-builder-workspace/.derivedData/Build/Intermediates.noindex/AEPCore.build/Debug-watchos/AEPServices.build/DerivedSources-normal/armv7k -Xcc -I/Users/admin/builder/spi-builder-workspace/.derivedData/Build/Intermediates.noindex/AEPCore.build/Debug-watchos/AEPServices.build/DerivedSources/armv7k -Xcc -I/Users/admin/builder/spi-builder-workspace/.derivedData/Build/Intermediates.noindex/AEPCore.build/Debug-watchos/AEPServices.build/DerivedSources -Xcc -DSWIFT_PACKAGE -Xcc -DDEBUG\=1 -emit-objc-header -emit-objc-header-path /Users/admin/builder/spi-builder-workspace/.derivedData/Build/Intermediates.noindex/AEPCore.build/Debug-watchos/AEPServices.build/Objects-normal/armv7k/AEPServices-Swift.h -working-directory /Users/admin/builder/spi-builder-workspace/.swiftpm/xcode -experimental-emit-module-separately -disable-cmo
SwiftDriver AEPServices normal arm64_32 com.apple.xcode.tools.swift.compiler (in target 'AEPServices' from project 'AEPCore')
cd /Users/admin/builder/spi-builder-workspace/.swiftpm/xcode
builtin-SwiftDriver -- /Applications/Xcode-26.3.0.app/Contents/Developer/Toolchains/XcodeDefault.xctoolchain/usr/bin/swiftc -module-name AEPServices -Onone -enforce-exclusivity\=checked @/Users/admin/builder/spi-builder-workspace/.derivedData/Build/Intermediates.noindex/AEPCore.build/Debug-watchos/AEPServices.build/Objects-normal/arm64_32/AEPServices.SwiftFileList -DSWIFT_PACKAGE -DDEBUG -DSWIFT_MODULE_RESOURCE_BUNDLE_AVAILABLE -DXcode -plugin-path /Applications/Xcode-26.3.0.app/Contents/Developer/Toolchains/XcodeDefault.xctoolchain/usr/lib/swift/host/plugins/testing -enable-experimental-feature DebugDescriptionMacro -sdk /Applications/Xcode-26.3.0.app/Contents/Developer/Platforms/WatchOS.platform/Developer/SDKs/WatchOS26.2.sdk -target arm64_32-apple-watchos5.0 -g -module-cache-path /Users/admin/builder/spi-builder-workspace/.derivedData/ModuleCache.noindex -Xfrontend -serialize-debugging-options -enable-testing -index-store-path /Users/admin/builder/spi-builder-workspace/.derivedData/Index.noindex/DataStore -Xcc -D_LIBCPP_HARDENING_MODE\=_LIBCPP_HARDENING_MODE_DEBUG -swift-version 5 -I /Users/admin/builder/spi-builder-workspace/.derivedData/Build/Products/Debug-watchos -Isystem /Applications/Xcode-26.3.0.app/Contents/Developer/Platforms/WatchOS.platform/Developer/usr/lib -F /Users/admin/builder/spi-builder-workspace/.derivedData/Build/Products/Debug-watchos -F /Applications/Xcode-26.3.0.app/Contents/Developer/Platforms/WatchOS.platform/Developer/Library/Frameworks -F /Applications/Xcode-26.3.0.app/Contents/Developer/Platforms/WatchOS.platform/Developer/SDKs/WatchOS26.2.sdk/Developer/Library/Frameworks -c -j10 -enable-batch-mode -incremental -Xcc -ivfsstatcache -Xcc /Users/admin/builder/spi-builder-workspace/.derivedData/SDKStatCaches.noindex/watchos26.2-23S303-dc75598d0054f22ec865fa860f139d721753b489057de6bda919edfa1c59a62b.sdkstatcache -output-file-map /Users/admin/builder/spi-builder-workspace/.derivedData/Build/Intermediates.noindex/AEPCore.build/Debug-watchos/AEPServices.build/Objects-normal/arm64_32/AEPServices-OutputFileMap.json -use-frontend-parseable-output -save-temps -no-color-diagnostics -explicit-module-build -module-cache-path /Users/admin/builder/spi-builder-workspace/.derivedData/Build/Intermediates.noindex/SwiftExplicitPrecompiledModules -clang-scanner-module-cache-path /Users/admin/builder/spi-builder-workspace/.derivedData/ModuleCache.noindex -sdk-module-cache-path /Users/admin/builder/spi-builder-workspace/.derivedData/ModuleCache.noindex -serialize-diagnostics -emit-dependencies -emit-module -emit-module-path /Users/admin/builder/spi-builder-workspace/.derivedData/Build/Intermediates.noindex/AEPCore.build/Debug-watchos/AEPServices.build/Objects-normal/arm64_32/AEPServices.swiftmodule -validate-clang-modules-once -clang-build-session-file /Users/admin/builder/spi-builder-workspace/.derivedData/ModuleCache.noindex/Session.modulevalidation -Xcc -I/Users/admin/builder/spi-builder-workspace/.derivedData/Build/Intermediates.noindex/AEPCore.build/Debug-watchos/AEPServices.build/swift-overrides.hmap -emit-const-values -Xfrontend -const-gather-protocols-file -Xfrontend /Users/admin/builder/spi-builder-workspace/.derivedData/Build/Intermediates.noindex/AEPCore.build/Debug-watchos/AEPServices.build/Objects-normal/arm64_32/AEPServices_const_extract_protocols.json -Xcc -I/Users/admin/builder/spi-builder-workspace/.derivedData/Build/Products/Debug-watchos/include -Xcc -I/Users/admin/builder/spi-builder-workspace/.derivedData/Build/Intermediates.noindex/AEPCore.build/Debug-watchos/AEPServices.build/DerivedSources-normal/arm64_32 -Xcc -I/Users/admin/builder/spi-builder-workspace/.derivedData/Build/Intermediates.noindex/AEPCore.build/Debug-watchos/AEPServices.build/DerivedSources/arm64_32 -Xcc -I/Users/admin/builder/spi-builder-workspace/.derivedData/Build/Intermediates.noindex/AEPCore.build/Debug-watchos/AEPServices.build/DerivedSources -Xcc -DSWIFT_PACKAGE -Xcc -DDEBUG\=1 -emit-objc-header -emit-objc-header-path /Users/admin/builder/spi-builder-workspace/.derivedData/Build/Intermediates.noindex/AEPCore.build/Debug-watchos/AEPServices.build/Objects-normal/arm64_32/AEPServices-Swift.h -working-directory /Users/admin/builder/spi-builder-workspace/.swiftpm/xcode -experimental-emit-module-separately -disable-cmo
SwiftDriver AEPServices normal arm64 com.apple.xcode.tools.swift.compiler (in target 'AEPServices' from project 'AEPCore')
cd /Users/admin/builder/spi-builder-workspace/.swiftpm/xcode
builtin-SwiftDriver -- /Applications/Xcode-26.3.0.app/Contents/Developer/Toolchains/XcodeDefault.xctoolchain/usr/bin/swiftc -module-name AEPServices -Onone -enforce-exclusivity\=checked @/Users/admin/builder/spi-builder-workspace/.derivedData/Build/Intermediates.noindex/AEPCore.build/Debug-watchos/AEPServices.build/Objects-normal/arm64/AEPServices.SwiftFileList -DSWIFT_PACKAGE -DDEBUG -DSWIFT_MODULE_RESOURCE_BUNDLE_AVAILABLE -DXcode -plugin-path /Applications/Xcode-26.3.0.app/Contents/Developer/Toolchains/XcodeDefault.xctoolchain/usr/lib/swift/host/plugins/testing -enable-experimental-feature DebugDescriptionMacro -sdk /Applications/Xcode-26.3.0.app/Contents/Developer/Platforms/WatchOS.platform/Developer/SDKs/WatchOS26.2.sdk -target arm64-apple-watchos5.0 -g -module-cache-path /Users/admin/builder/spi-builder-workspace/.derivedData/ModuleCache.noindex -Xfrontend -serialize-debugging-options -enable-testing -index-store-path /Users/admin/builder/spi-builder-workspace/.derivedData/Index.noindex/DataStore -Xcc -D_LIBCPP_HARDENING_MODE\=_LIBCPP_HARDENING_MODE_DEBUG -swift-version 5 -I /Users/admin/builder/spi-builder-workspace/.derivedData/Build/Products/Debug-watchos -Isystem /Applications/Xcode-26.3.0.app/Contents/Developer/Platforms/WatchOS.platform/Developer/usr/lib -F /Users/admin/builder/spi-builder-workspace/.derivedData/Build/Products/Debug-watchos -F /Applications/Xcode-26.3.0.app/Contents/Developer/Platforms/WatchOS.platform/Developer/Library/Frameworks -F /Applications/Xcode-26.3.0.app/Contents/Developer/Platforms/WatchOS.platform/Developer/SDKs/WatchOS26.2.sdk/Developer/Library/Frameworks -c -j10 -enable-batch-mode -incremental -Xcc -ivfsstatcache -Xcc /Users/admin/builder/spi-builder-workspace/.derivedData/SDKStatCaches.noindex/watchos26.2-23S303-dc75598d0054f22ec865fa860f139d721753b489057de6bda919edfa1c59a62b.sdkstatcache -output-file-map /Users/admin/builder/spi-builder-workspace/.derivedData/Build/Intermediates.noindex/AEPCore.build/Debug-watchos/AEPServices.build/Objects-normal/arm64/AEPServices-OutputFileMap.json -use-frontend-parseable-output -save-temps -no-color-diagnostics -explicit-module-build -module-cache-path /Users/admin/builder/spi-builder-workspace/.derivedData/Build/Intermediates.noindex/SwiftExplicitPrecompiledModules -clang-scanner-module-cache-path /Users/admin/builder/spi-builder-workspace/.derivedData/ModuleCache.noindex -sdk-module-cache-path /Users/admin/builder/spi-builder-workspace/.derivedData/ModuleCache.noindex -serialize-diagnostics -emit-dependencies -emit-module -emit-module-path /Users/admin/builder/spi-builder-workspace/.derivedData/Build/Intermediates.noindex/AEPCore.build/Debug-watchos/AEPServices.build/Objects-normal/arm64/AEPServices.swiftmodule -validate-clang-modules-once -clang-build-session-file /Users/admin/builder/spi-builder-workspace/.derivedData/ModuleCache.noindex/Session.modulevalidation -Xcc -I/Users/admin/builder/spi-builder-workspace/.derivedData/Build/Intermediates.noindex/AEPCore.build/Debug-watchos/AEPServices.build/swift-overrides.hmap -emit-const-values -Xfrontend -const-gather-protocols-file -Xfrontend /Users/admin/builder/spi-builder-workspace/.derivedData/Build/Intermediates.noindex/AEPCore.build/Debug-watchos/AEPServices.build/Objects-normal/arm64/AEPServices_const_extract_protocols.json -Xcc -I/Users/admin/builder/spi-builder-workspace/.derivedData/Build/Products/Debug-watchos/include -Xcc -I/Users/admin/builder/spi-builder-workspace/.derivedData/Build/Intermediates.noindex/AEPCore.build/Debug-watchos/AEPServices.build/DerivedSources-normal/arm64 -Xcc -I/Users/admin/builder/spi-builder-workspace/.derivedData/Build/Intermediates.noindex/AEPCore.build/Debug-watchos/AEPServices.build/DerivedSources/arm64 -Xcc -I/Users/admin/builder/spi-builder-workspace/.derivedData/Build/Intermediates.noindex/AEPCore.build/Debug-watchos/AEPServices.build/DerivedSources -Xcc -DSWIFT_PACKAGE -Xcc -DDEBUG\=1 -emit-objc-header -emit-objc-header-path /Users/admin/builder/spi-builder-workspace/.derivedData/Build/Intermediates.noindex/AEPCore.build/Debug-watchos/AEPServices.build/Objects-normal/arm64/AEPServices-Swift.h -working-directory /Users/admin/builder/spi-builder-workspace/.swiftpm/xcode -experimental-emit-module-separately -disable-cmo
SwiftDriver AEPRulesEngine normal armv7k com.apple.xcode.tools.swift.compiler (in target 'AEPRulesEngine' from project 'AEPRulesEngine')
cd /Users/admin/builder/spi-builder-workspace/.swiftpm/xcode
builtin-SwiftDriver -- /Applications/Xcode-26.3.0.app/Contents/Developer/Toolchains/XcodeDefault.xctoolchain/usr/bin/swiftc -module-name AEPRulesEngine -Onone -enforce-exclusivity\=checked @/Users/admin/builder/spi-builder-workspace/.derivedData/Build/Intermediates.noindex/AEPRulesEngine.build/Debug-watchos/AEPRulesEngine.build/Objects-normal/armv7k/AEPRulesEngine.SwiftFileList -DSWIFT_PACKAGE -DDEBUG -DSWIFT_MODULE_RESOURCE_BUNDLE_UNAVAILABLE -DXcode -plugin-path /Applications/Xcode-26.3.0.app/Contents/Developer/Toolchains/XcodeDefault.xctoolchain/usr/lib/swift/host/plugins/testing -enable-experimental-feature DebugDescriptionMacro -sdk /Applications/Xcode-26.3.0.app/Contents/Developer/Platforms/WatchOS.platform/Developer/SDKs/WatchOS26.2.sdk -target armv7k-apple-watchos5.0 -g -module-cache-path /Users/admin/builder/spi-builder-workspace/.derivedData/ModuleCache.noindex -Xfrontend -serialize-debugging-options -enable-testing -suppress-warnings -index-store-path /Users/admin/builder/spi-builder-workspace/.derivedData/Index.noindex/DataStore -Xcc -D_LIBCPP_HARDENING_MODE\=_LIBCPP_HARDENING_MODE_DEBUG -swift-version 5 -I /Users/admin/builder/spi-builder-workspace/.derivedData/Build/Products/Debug-watchos -Isystem /Applications/Xcode-26.3.0.app/Contents/Developer/Platforms/WatchOS.platform/Developer/usr/lib -F /Users/admin/builder/spi-builder-workspace/.derivedData/Build/Products/Debug-watchos -F /Applications/Xcode-26.3.0.app/Contents/Developer/Platforms/WatchOS.platform/Developer/Library/Frameworks -F /Applications/Xcode-26.3.0.app/Contents/Developer/Platforms/WatchOS.platform/Developer/SDKs/WatchOS26.2.sdk/Developer/Library/Frameworks -c -j10 -enable-batch-mode -incremental -Xcc -ivfsstatcache -Xcc /Users/admin/builder/spi-builder-workspace/.derivedData/SDKStatCaches.noindex/watchos26.2-23S303-dc75598d0054f22ec865fa860f139d721753b489057de6bda919edfa1c59a62b.sdkstatcache -output-file-map /Users/admin/builder/spi-builder-workspace/.derivedData/Build/Intermediates.noindex/AEPRulesEngine.build/Debug-watchos/AEPRulesEngine.build/Objects-normal/armv7k/AEPRulesEngine-OutputFileMap.json -use-frontend-parseable-output -save-temps -no-color-diagnostics -explicit-module-build -module-cache-path /Users/admin/builder/spi-builder-workspace/.derivedData/Build/Intermediates.noindex/SwiftExplicitPrecompiledModules -clang-scanner-module-cache-path /Users/admin/builder/spi-builder-workspace/.derivedData/ModuleCache.noindex -sdk-module-cache-path /Users/admin/builder/spi-builder-workspace/.derivedData/ModuleCache.noindex -serialize-diagnostics -emit-dependencies -emit-module -emit-module-path /Users/admin/builder/spi-builder-workspace/.derivedData/Build/Intermediates.noindex/AEPRulesEngine.build/Debug-watchos/AEPRulesEngine.build/Objects-normal/armv7k/AEPRulesEngine.swiftmodule -validate-clang-modules-once -clang-build-session-file /Users/admin/builder/spi-builder-workspace/.derivedData/ModuleCache.noindex/Session.modulevalidation -Xcc -I/Users/admin/builder/spi-builder-workspace/.derivedData/Build/Intermediates.noindex/AEPRulesEngine.build/Debug-watchos/AEPRulesEngine.build/swift-overrides.hmap -emit-const-values -Xfrontend -const-gather-protocols-file -Xfrontend /Users/admin/builder/spi-builder-workspace/.derivedData/Build/Intermediates.noindex/AEPRulesEngine.build/Debug-watchos/AEPRulesEngine.build/Objects-normal/armv7k/AEPRulesEngine_const_extract_protocols.json -Xcc -I/Users/admin/builder/spi-builder-workspace/.derivedData/Build/Products/Debug-watchos/include -Xcc -I/Users/admin/builder/spi-builder-workspace/.derivedData/Build/Intermediates.noindex/AEPRulesEngine.build/Debug-watchos/AEPRulesEngine.build/DerivedSources-normal/armv7k -Xcc -I/Users/admin/builder/spi-builder-workspace/.derivedData/Build/Intermediates.noindex/AEPRulesEngine.build/Debug-watchos/AEPRulesEngine.build/DerivedSources/armv7k -Xcc -I/Users/admin/builder/spi-builder-workspace/.derivedData/Build/Intermediates.noindex/AEPRulesEngine.build/Debug-watchos/AEPRulesEngine.build/DerivedSources -Xcc -DSWIFT_PACKAGE -Xcc -DDEBUG\=1 -emit-objc-header -emit-objc-header-path /Users/admin/builder/spi-builder-workspace/.derivedData/Build/Intermediates.noindex/AEPRulesEngine.build/Debug-watchos/AEPRulesEngine.build/Objects-normal/armv7k/AEPRulesEngine-Swift.h -working-directory /Users/admin/builder/spi-builder-workspace/.swiftpm/xcode -experimental-emit-module-separately -disable-cmo
SwiftDriver AEPRulesEngine normal arm64_32 com.apple.xcode.tools.swift.compiler (in target 'AEPRulesEngine' from project 'AEPRulesEngine')
cd /Users/admin/builder/spi-builder-workspace/.swiftpm/xcode
builtin-SwiftDriver -- /Applications/Xcode-26.3.0.app/Contents/Developer/Toolchains/XcodeDefault.xctoolchain/usr/bin/swiftc -module-name AEPRulesEngine -Onone -enforce-exclusivity\=checked @/Users/admin/builder/spi-builder-workspace/.derivedData/Build/Intermediates.noindex/AEPRulesEngine.build/Debug-watchos/AEPRulesEngine.build/Objects-normal/arm64_32/AEPRulesEngine.SwiftFileList -DSWIFT_PACKAGE -DDEBUG -DSWIFT_MODULE_RESOURCE_BUNDLE_UNAVAILABLE -DXcode -plugin-path /Applications/Xcode-26.3.0.app/Contents/Developer/Toolchains/XcodeDefault.xctoolchain/usr/lib/swift/host/plugins/testing -enable-experimental-feature DebugDescriptionMacro -sdk /Applications/Xcode-26.3.0.app/Contents/Developer/Platforms/WatchOS.platform/Developer/SDKs/WatchOS26.2.sdk -target arm64_32-apple-watchos5.0 -g -module-cache-path /Users/admin/builder/spi-builder-workspace/.derivedData/ModuleCache.noindex -Xfrontend -serialize-debugging-options -enable-testing -suppress-warnings -index-store-path /Users/admin/builder/spi-builder-workspace/.derivedData/Index.noindex/DataStore -Xcc -D_LIBCPP_HARDENING_MODE\=_LIBCPP_HARDENING_MODE_DEBUG -swift-version 5 -I /Users/admin/builder/spi-builder-workspace/.derivedData/Build/Products/Debug-watchos -Isystem /Applications/Xcode-26.3.0.app/Contents/Developer/Platforms/WatchOS.platform/Developer/usr/lib -F /Users/admin/builder/spi-builder-workspace/.derivedData/Build/Products/Debug-watchos -F /Applications/Xcode-26.3.0.app/Contents/Developer/Platforms/WatchOS.platform/Developer/Library/Frameworks -F /Applications/Xcode-26.3.0.app/Contents/Developer/Platforms/WatchOS.platform/Developer/SDKs/WatchOS26.2.sdk/Developer/Library/Frameworks -c -j10 -enable-batch-mode -incremental -Xcc -ivfsstatcache -Xcc /Users/admin/builder/spi-builder-workspace/.derivedData/SDKStatCaches.noindex/watchos26.2-23S303-dc75598d0054f22ec865fa860f139d721753b489057de6bda919edfa1c59a62b.sdkstatcache -output-file-map /Users/admin/builder/spi-builder-workspace/.derivedData/Build/Intermediates.noindex/AEPRulesEngine.build/Debug-watchos/AEPRulesEngine.build/Objects-normal/arm64_32/AEPRulesEngine-OutputFileMap.json -use-frontend-parseable-output -save-temps -no-color-diagnostics -explicit-module-build -module-cache-path /Users/admin/builder/spi-builder-workspace/.derivedData/Build/Intermediates.noindex/SwiftExplicitPrecompiledModules -clang-scanner-module-cache-path /Users/admin/builder/spi-builder-workspace/.derivedData/ModuleCache.noindex -sdk-module-cache-path /Users/admin/builder/spi-builder-workspace/.derivedData/ModuleCache.noindex -serialize-diagnostics -emit-dependencies -emit-module -emit-module-path /Users/admin/builder/spi-builder-workspace/.derivedData/Build/Intermediates.noindex/AEPRulesEngine.build/Debug-watchos/AEPRulesEngine.build/Objects-normal/arm64_32/AEPRulesEngine.swiftmodule -validate-clang-modules-once -clang-build-session-file /Users/admin/builder/spi-builder-workspace/.derivedData/ModuleCache.noindex/Session.modulevalidation -Xcc -I/Users/admin/builder/spi-builder-workspace/.derivedData/Build/Intermediates.noindex/AEPRulesEngine.build/Debug-watchos/AEPRulesEngine.build/swift-overrides.hmap -emit-const-values -Xfrontend -const-gather-protocols-file -Xfrontend /Users/admin/builder/spi-builder-workspace/.derivedData/Build/Intermediates.noindex/AEPRulesEngine.build/Debug-watchos/AEPRulesEngine.build/Objects-normal/arm64_32/AEPRulesEngine_const_extract_protocols.json -Xcc -I/Users/admin/builder/spi-builder-workspace/.derivedData/Build/Products/Debug-watchos/include -Xcc -I/Users/admin/builder/spi-builder-workspace/.derivedData/Build/Intermediates.noindex/AEPRulesEngine.build/Debug-watchos/AEPRulesEngine.build/DerivedSources-normal/arm64_32 -Xcc -I/Users/admin/builder/spi-builder-workspace/.derivedData/Build/Intermediates.noindex/AEPRulesEngine.build/Debug-watchos/AEPRulesEngine.build/DerivedSources/arm64_32 -Xcc -I/Users/admin/builder/spi-builder-workspace/.derivedData/Build/Intermediates.noindex/AEPRulesEngine.build/Debug-watchos/AEPRulesEngine.build/DerivedSources -Xcc -DSWIFT_PACKAGE -Xcc -DDEBUG\=1 -emit-objc-header -emit-objc-header-path /Users/admin/builder/spi-builder-workspace/.derivedData/Build/Intermediates.noindex/AEPRulesEngine.build/Debug-watchos/AEPRulesEngine.build/Objects-normal/arm64_32/AEPRulesEngine-Swift.h -working-directory /Users/admin/builder/spi-builder-workspace/.swiftpm/xcode -experimental-emit-module-separately -disable-cmo
SwiftDriver AEPRulesEngine normal arm64 com.apple.xcode.tools.swift.compiler (in target 'AEPRulesEngine' from project 'AEPRulesEngine')
cd /Users/admin/builder/spi-builder-workspace/.swiftpm/xcode
builtin-SwiftDriver -- /Applications/Xcode-26.3.0.app/Contents/Developer/Toolchains/XcodeDefault.xctoolchain/usr/bin/swiftc -module-name AEPRulesEngine -Onone -enforce-exclusivity\=checked @/Users/admin/builder/spi-builder-workspace/.derivedData/Build/Intermediates.noindex/AEPRulesEngine.build/Debug-watchos/AEPRulesEngine.build/Objects-normal/arm64/AEPRulesEngine.SwiftFileList -DSWIFT_PACKAGE -DDEBUG -DSWIFT_MODULE_RESOURCE_BUNDLE_UNAVAILABLE -DXcode -plugin-path /Applications/Xcode-26.3.0.app/Contents/Developer/Toolchains/XcodeDefault.xctoolchain/usr/lib/swift/host/plugins/testing -enable-experimental-feature DebugDescriptionMacro -sdk /Applications/Xcode-26.3.0.app/Contents/Developer/Platforms/WatchOS.platform/Developer/SDKs/WatchOS26.2.sdk -target arm64-apple-watchos5.0 -g -module-cache-path /Users/admin/builder/spi-builder-workspace/.derivedData/ModuleCache.noindex -Xfrontend -serialize-debugging-options -enable-testing -suppress-warnings -index-store-path /Users/admin/builder/spi-builder-workspace/.derivedData/Index.noindex/DataStore -Xcc -D_LIBCPP_HARDENING_MODE\=_LIBCPP_HARDENING_MODE_DEBUG -swift-version 5 -I /Users/admin/builder/spi-builder-workspace/.derivedData/Build/Products/Debug-watchos -Isystem /Applications/Xcode-26.3.0.app/Contents/Developer/Platforms/WatchOS.platform/Developer/usr/lib -F /Users/admin/builder/spi-builder-workspace/.derivedData/Build/Products/Debug-watchos -F /Applications/Xcode-26.3.0.app/Contents/Developer/Platforms/WatchOS.platform/Developer/Library/Frameworks -F /Applications/Xcode-26.3.0.app/Contents/Developer/Platforms/WatchOS.platform/Developer/SDKs/WatchOS26.2.sdk/Developer/Library/Frameworks -c -j10 -enable-batch-mode -incremental -Xcc -ivfsstatcache -Xcc /Users/admin/builder/spi-builder-workspace/.derivedData/SDKStatCaches.noindex/watchos26.2-23S303-dc75598d0054f22ec865fa860f139d721753b489057de6bda919edfa1c59a62b.sdkstatcache -output-file-map /Users/admin/builder/spi-builder-workspace/.derivedData/Build/Intermediates.noindex/AEPRulesEngine.build/Debug-watchos/AEPRulesEngine.build/Objects-normal/arm64/AEPRulesEngine-OutputFileMap.json -use-frontend-parseable-output -save-temps -no-color-diagnostics -explicit-module-build -module-cache-path /Users/admin/builder/spi-builder-workspace/.derivedData/Build/Intermediates.noindex/SwiftExplicitPrecompiledModules -clang-scanner-module-cache-path /Users/admin/builder/spi-builder-workspace/.derivedData/ModuleCache.noindex -sdk-module-cache-path /Users/admin/builder/spi-builder-workspace/.derivedData/ModuleCache.noindex -serialize-diagnostics -emit-dependencies -emit-module -emit-module-path /Users/admin/builder/spi-builder-workspace/.derivedData/Build/Intermediates.noindex/AEPRulesEngine.build/Debug-watchos/AEPRulesEngine.build/Objects-normal/arm64/AEPRulesEngine.swiftmodule -validate-clang-modules-once -clang-build-session-file /Users/admin/builder/spi-builder-workspace/.derivedData/ModuleCache.noindex/Session.modulevalidation -Xcc -I/Users/admin/builder/spi-builder-workspace/.derivedData/Build/Intermediates.noindex/AEPRulesEngine.build/Debug-watchos/AEPRulesEngine.build/swift-overrides.hmap -emit-const-values -Xfrontend -const-gather-protocols-file -Xfrontend /Users/admin/builder/spi-builder-workspace/.derivedData/Build/Intermediates.noindex/AEPRulesEngine.build/Debug-watchos/AEPRulesEngine.build/Objects-normal/arm64/AEPRulesEngine_const_extract_protocols.json -Xcc -I/Users/admin/builder/spi-builder-workspace/.derivedData/Build/Products/Debug-watchos/include -Xcc -I/Users/admin/builder/spi-builder-workspace/.derivedData/Build/Intermediates.noindex/AEPRulesEngine.build/Debug-watchos/AEPRulesEngine.build/DerivedSources-normal/arm64 -Xcc -I/Users/admin/builder/spi-builder-workspace/.derivedData/Build/Intermediates.noindex/AEPRulesEngine.build/Debug-watchos/AEPRulesEngine.build/DerivedSources/arm64 -Xcc -I/Users/admin/builder/spi-builder-workspace/.derivedData/Build/Intermediates.noindex/AEPRulesEngine.build/Debug-watchos/AEPRulesEngine.build/DerivedSources -Xcc -DSWIFT_PACKAGE -Xcc -DDEBUG\=1 -emit-objc-header -emit-objc-header-path /Users/admin/builder/spi-builder-workspace/.derivedData/Build/Intermediates.noindex/AEPRulesEngine.build/Debug-watchos/AEPRulesEngine.build/Objects-normal/arm64/AEPRulesEngine-Swift.h -working-directory /Users/admin/builder/spi-builder-workspace/.swiftpm/xcode -experimental-emit-module-separately -disable-cmo
SwiftCompile normal arm64_32 Compiling\ ConditionEvaluator.swift,\ Context.swift,\ Evaluating.swift /Users/admin/builder/spi-builder-workspace/.dependencies/checkouts/aepsdk-rulesengine-ios/Sources/AEPRulesEngine/ConditionEvaluator.swift /Users/admin/builder/spi-builder-workspace/.dependencies/checkouts/aepsdk-rulesengine-ios/Sources/AEPRulesEngine/Context.swift /Users/admin/builder/spi-builder-workspace/.dependencies/checkouts/aepsdk-rulesengine-ios/Sources/AEPRulesEngine/Evaluating.swift (in target 'AEPRulesEngine' from project 'AEPRulesEngine')
SwiftCompile normal arm64_32 /Users/admin/builder/spi-builder-workspace/.dependencies/checkouts/aepsdk-rulesengine-ios/Sources/AEPRulesEngine/ConditionEvaluator.swift (in target 'AEPRulesEngine' from project 'AEPRulesEngine')
cd /Users/admin/builder/spi-builder-workspace/.swiftpm/xcode
SwiftCompile normal arm64_32 /Users/admin/builder/spi-builder-workspace/.dependencies/checkouts/aepsdk-rulesengine-ios/Sources/AEPRulesEngine/Context.swift (in target 'AEPRulesEngine' from project 'AEPRulesEngine')
cd /Users/admin/builder/spi-builder-workspace/.swiftpm/xcode
SwiftCompile normal arm64_32 /Users/admin/builder/spi-builder-workspace/.dependencies/checkouts/aepsdk-rulesengine-ios/Sources/AEPRulesEngine/Evaluating.swift (in target 'AEPRulesEngine' from project 'AEPRulesEngine')
cd /Users/admin/builder/spi-builder-workspace/.swiftpm/xcode
SwiftEmitModule normal arm64_32 Emitting\ module\ for\ AEPRulesEngine (in target 'AEPRulesEngine' from project 'AEPRulesEngine')
EmitSwiftModule normal arm64_32 (in target 'AEPRulesEngine' from project 'AEPRulesEngine')
cd /Users/admin/builder/spi-builder-workspace/.swiftpm/xcode
SwiftCompile normal arm64_32 Compiling\ MustacheToken.swift,\ ParserTagDelimiters.swift /Users/admin/builder/spi-builder-workspace/.dependencies/checkouts/aepsdk-rulesengine-ios/Sources/AEPRulesEngine/Template/MustacheToken.swift /Users/admin/builder/spi-builder-workspace/.dependencies/checkouts/aepsdk-rulesengine-ios/Sources/AEPRulesEngine/Template/ParserTagDelimiters.swift (in target 'AEPRulesEngine' from project 'AEPRulesEngine')
SwiftCompile normal arm64_32 /Users/admin/builder/spi-builder-workspace/.dependencies/checkouts/aepsdk-rulesengine-ios/Sources/AEPRulesEngine/Template/MustacheToken.swift (in target 'AEPRulesEngine' from project 'AEPRulesEngine')
cd /Users/admin/builder/spi-builder-workspace/.swiftpm/xcode
SwiftCompile normal arm64_32 /Users/admin/builder/spi-builder-workspace/.dependencies/checkouts/aepsdk-rulesengine-ios/Sources/AEPRulesEngine/Template/ParserTagDelimiters.swift (in target 'AEPRulesEngine' from project 'AEPRulesEngine')
cd /Users/admin/builder/spi-builder-workspace/.swiftpm/xcode
SwiftCompile normal arm64_32 Compiling\ ComparisonExpression.swift,\ Evaluable.swift,\ LogicalExpression.swift /Users/admin/builder/spi-builder-workspace/.dependencies/checkouts/aepsdk-rulesengine-ios/Sources/AEPRulesEngine/Expression/ComparisonExpression.swift /Users/admin/builder/spi-builder-workspace/.dependencies/checkouts/aepsdk-rulesengine-ios/Sources/AEPRulesEngine/Expression/Evaluable.swift /Users/admin/builder/spi-builder-workspace/.dependencies/checkouts/aepsdk-rulesengine-ios/Sources/AEPRulesEngine/Expression/LogicalExpression.swift (in target 'AEPRulesEngine' from project 'AEPRulesEngine')
SwiftCompile normal arm64_32 /Users/admin/builder/spi-builder-workspace/.dependencies/checkouts/aepsdk-rulesengine-ios/Sources/AEPRulesEngine/Expression/ComparisonExpression.swift (in target 'AEPRulesEngine' from project 'AEPRulesEngine')
cd /Users/admin/builder/spi-builder-workspace/.swiftpm/xcode
SwiftCompile normal arm64_32 /Users/admin/builder/spi-builder-workspace/.dependencies/checkouts/aepsdk-rulesengine-ios/Sources/AEPRulesEngine/Expression/Evaluable.swift (in target 'AEPRulesEngine' from project 'AEPRulesEngine')
cd /Users/admin/builder/spi-builder-workspace/.swiftpm/xcode
SwiftCompile normal arm64_32 /Users/admin/builder/spi-builder-workspace/.dependencies/checkouts/aepsdk-rulesengine-ios/Sources/AEPRulesEngine/Expression/LogicalExpression.swift (in target 'AEPRulesEngine' from project 'AEPRulesEngine')
cd /Users/admin/builder/spi-builder-workspace/.swiftpm/xcode
SwiftCompile normal arm64_32 Compiling\ Segment.swift,\ Template.swift /Users/admin/builder/spi-builder-workspace/.dependencies/checkouts/aepsdk-rulesengine-ios/Sources/AEPRulesEngine/Template/Segment.swift /Users/admin/builder/spi-builder-workspace/.dependencies/checkouts/aepsdk-rulesengine-ios/Sources/AEPRulesEngine/Template/Template.swift (in target 'AEPRulesEngine' from project 'AEPRulesEngine')
SwiftCompile normal arm64_32 /Users/admin/builder/spi-builder-workspace/.dependencies/checkouts/aepsdk-rulesengine-ios/Sources/AEPRulesEngine/Template/Segment.swift (in target 'AEPRulesEngine' from project 'AEPRulesEngine')
cd /Users/admin/builder/spi-builder-workspace/.swiftpm/xcode
SwiftCompile normal arm64_32 /Users/admin/builder/spi-builder-workspace/.dependencies/checkouts/aepsdk-rulesengine-ios/Sources/AEPRulesEngine/Template/Template.swift (in target 'AEPRulesEngine' from project 'AEPRulesEngine')
cd /Users/admin/builder/spi-builder-workspace/.swiftpm/xcode
SwiftCompile normal arm64_32 Compiling\ LogLevel.swift,\ Logging.swift,\ Operand+Literal.swift /Users/admin/builder/spi-builder-workspace/.dependencies/checkouts/aepsdk-rulesengine-ios/Sources/AEPRulesEngine/Log/LogLevel.swift /Users/admin/builder/spi-builder-workspace/.dependencies/checkouts/aepsdk-rulesengine-ios/Sources/AEPRulesEngine/Log/Logging.swift /Users/admin/builder/spi-builder-workspace/.dependencies/checkouts/aepsdk-rulesengine-ios/Sources/AEPRulesEngine/Operand+Literal.swift (in target 'AEPRulesEngine' from project 'AEPRulesEngine')
SwiftCompile normal arm64_32 /Users/admin/builder/spi-builder-workspace/.dependencies/checkouts/aepsdk-rulesengine-ios/Sources/AEPRulesEngine/Log/LogLevel.swift (in target 'AEPRulesEngine' from project 'AEPRulesEngine')
cd /Users/admin/builder/spi-builder-workspace/.swiftpm/xcode
SwiftCompile normal arm64_32 /Users/admin/builder/spi-builder-workspace/.dependencies/checkouts/aepsdk-rulesengine-ios/Sources/AEPRulesEngine/Log/Logging.swift (in target 'AEPRulesEngine' from project 'AEPRulesEngine')
cd /Users/admin/builder/spi-builder-workspace/.swiftpm/xcode
SwiftCompile normal arm64_32 /Users/admin/builder/spi-builder-workspace/.dependencies/checkouts/aepsdk-rulesengine-ios/Sources/AEPRulesEngine/Operand+Literal.swift (in target 'AEPRulesEngine' from project 'AEPRulesEngine')
cd /Users/admin/builder/spi-builder-workspace/.swiftpm/xcode
SwiftEmitModule normal armv7k Emitting\ module\ for\ AEPRulesEngine (in target 'AEPRulesEngine' from project 'AEPRulesEngine')
EmitSwiftModule normal armv7k (in target 'AEPRulesEngine' from project 'AEPRulesEngine')
cd /Users/admin/builder/spi-builder-workspace/.swiftpm/xcode
SwiftEmitModule normal arm64 Emitting\ module\ for\ AEPRulesEngine (in target 'AEPRulesEngine' from project 'AEPRulesEngine')
EmitSwiftModule normal arm64 (in target 'AEPRulesEngine' from project 'AEPRulesEngine')
cd /Users/admin/builder/spi-builder-workspace/.swiftpm/xcode
SwiftCompile normal arm64 Compiling\ ComparisonExpression.swift,\ Evaluable.swift,\ LogicalExpression.swift /Users/admin/builder/spi-builder-workspace/.dependencies/checkouts/aepsdk-rulesengine-ios/Sources/AEPRulesEngine/Expression/ComparisonExpression.swift /Users/admin/builder/spi-builder-workspace/.dependencies/checkouts/aepsdk-rulesengine-ios/Sources/AEPRulesEngine/Expression/Evaluable.swift /Users/admin/builder/spi-builder-workspace/.dependencies/checkouts/aepsdk-rulesengine-ios/Sources/AEPRulesEngine/Expression/LogicalExpression.swift (in target 'AEPRulesEngine' from project 'AEPRulesEngine')
SwiftCompile normal arm64 /Users/admin/builder/spi-builder-workspace/.dependencies/checkouts/aepsdk-rulesengine-ios/Sources/AEPRulesEngine/Expression/ComparisonExpression.swift (in target 'AEPRulesEngine' from project 'AEPRulesEngine')
cd /Users/admin/builder/spi-builder-workspace/.swiftpm/xcode
SwiftCompile normal arm64 /Users/admin/builder/spi-builder-workspace/.dependencies/checkouts/aepsdk-rulesengine-ios/Sources/AEPRulesEngine/Expression/Evaluable.swift (in target 'AEPRulesEngine' from project 'AEPRulesEngine')
cd /Users/admin/builder/spi-builder-workspace/.swiftpm/xcode
SwiftCompile normal arm64 /Users/admin/builder/spi-builder-workspace/.dependencies/checkouts/aepsdk-rulesengine-ios/Sources/AEPRulesEngine/Expression/LogicalExpression.swift (in target 'AEPRulesEngine' from project 'AEPRulesEngine')
cd /Users/admin/builder/spi-builder-workspace/.swiftpm/xcode
SwiftCompile normal armv7k Compiling\ MustacheToken.swift,\ ParserTagDelimiters.swift /Users/admin/builder/spi-builder-workspace/.dependencies/checkouts/aepsdk-rulesengine-ios/Sources/AEPRulesEngine/Template/MustacheToken.swift /Users/admin/builder/spi-builder-workspace/.dependencies/checkouts/aepsdk-rulesengine-ios/Sources/AEPRulesEngine/Template/ParserTagDelimiters.swift (in target 'AEPRulesEngine' from project 'AEPRulesEngine')
SwiftCompile normal armv7k /Users/admin/builder/spi-builder-workspace/.dependencies/checkouts/aepsdk-rulesengine-ios/Sources/AEPRulesEngine/Template/MustacheToken.swift (in target 'AEPRulesEngine' from project 'AEPRulesEngine')
cd /Users/admin/builder/spi-builder-workspace/.swiftpm/xcode
SwiftCompile normal armv7k /Users/admin/builder/spi-builder-workspace/.dependencies/checkouts/aepsdk-rulesengine-ios/Sources/AEPRulesEngine/Template/ParserTagDelimiters.swift (in target 'AEPRulesEngine' from project 'AEPRulesEngine')
cd /Users/admin/builder/spi-builder-workspace/.swiftpm/xcode
SwiftCompile normal arm64 Compiling\ LogLevel.swift,\ Logging.swift,\ Operand+Literal.swift /Users/admin/builder/spi-builder-workspace/.dependencies/checkouts/aepsdk-rulesengine-ios/Sources/AEPRulesEngine/Log/LogLevel.swift /Users/admin/builder/spi-builder-workspace/.dependencies/checkouts/aepsdk-rulesengine-ios/Sources/AEPRulesEngine/Log/Logging.swift /Users/admin/builder/spi-builder-workspace/.dependencies/checkouts/aepsdk-rulesengine-ios/Sources/AEPRulesEngine/Operand+Literal.swift (in target 'AEPRulesEngine' from project 'AEPRulesEngine')
SwiftCompile normal arm64 /Users/admin/builder/spi-builder-workspace/.dependencies/checkouts/aepsdk-rulesengine-ios/Sources/AEPRulesEngine/Log/LogLevel.swift (in target 'AEPRulesEngine' from project 'AEPRulesEngine')
cd /Users/admin/builder/spi-builder-workspace/.swiftpm/xcode
SwiftCompile normal arm64 /Users/admin/builder/spi-builder-workspace/.dependencies/checkouts/aepsdk-rulesengine-ios/Sources/AEPRulesEngine/Log/Logging.swift (in target 'AEPRulesEngine' from project 'AEPRulesEngine')
cd /Users/admin/builder/spi-builder-workspace/.swiftpm/xcode
SwiftCompile normal arm64 /Users/admin/builder/spi-builder-workspace/.dependencies/checkouts/aepsdk-rulesengine-ios/Sources/AEPRulesEngine/Operand+Literal.swift (in target 'AEPRulesEngine' from project 'AEPRulesEngine')
cd /Users/admin/builder/spi-builder-workspace/.swiftpm/xcode
SwiftCompile normal arm64 Compiling\ Segment.swift,\ Template.swift /Users/admin/builder/spi-builder-workspace/.dependencies/checkouts/aepsdk-rulesengine-ios/Sources/AEPRulesEngine/Template/Segment.swift /Users/admin/builder/spi-builder-workspace/.dependencies/checkouts/aepsdk-rulesengine-ios/Sources/AEPRulesEngine/Template/Template.swift (in target 'AEPRulesEngine' from project 'AEPRulesEngine')
SwiftCompile normal arm64 /Users/admin/builder/spi-builder-workspace/.dependencies/checkouts/aepsdk-rulesengine-ios/Sources/AEPRulesEngine/Template/Segment.swift (in target 'AEPRulesEngine' from project 'AEPRulesEngine')
cd /Users/admin/builder/spi-builder-workspace/.swiftpm/xcode
SwiftCompile normal arm64 /Users/admin/builder/spi-builder-workspace/.dependencies/checkouts/aepsdk-rulesengine-ios/Sources/AEPRulesEngine/Template/Template.swift (in target 'AEPRulesEngine' from project 'AEPRulesEngine')
cd /Users/admin/builder/spi-builder-workspace/.swiftpm/xcode
SwiftEmitModule normal armv7k Emitting\ module\ for\ AEPServices (in target 'AEPServices' from project 'AEPCore')
Failed frontend command:
/Applications/Xcode-26.3.0.app/Contents/Developer/Toolchains/XcodeDefault.xctoolchain/usr/bin/swift-frontend -frontend -emit-module -experimental-skip-non-inlinable-function-bodies-without-types /Users/admin/builder/spi-builder-workspace/.derivedData/Build/Intermediates.noindex/AEPCore.build/Debug-watchos/AEPServices.build/DerivedSources/resource_bundle_accessor.swift /Users/admin/builder/spi-builder-workspace/AEPServices/Sources/ApplicationSystemInfoService.swift /Users/admin/builder/spi-builder-workspace/AEPServices/Sources/NetworkPathMonitorProvider.swift /Users/admin/builder/spi-builder-workspace/AEPServices/Sources/ServiceProvider.swift /Users/admin/builder/spi-builder-workspace/AEPServices/Sources/SystemInfoService.swift /Users/admin/builder/spi-builder-workspace/AEPServices/Sources/UIUtils.swift /Users/admin/builder/spi-builder-workspace/AEPServices/Sources/URLOpening.swift /Users/admin/builder/spi-builder-workspace/AEPServices/Sources/URLService.swift /Users/admin/builder/spi-builder-workspace/AEPServices/Sources/cache/Cache.swift /Users/admin/builder/spi-builder-workspace/AEPServices/Sources/cache/CacheEntry.swift /Users/admin/builder/spi-builder-workspace/AEPServices/Sources/cache/CacheExpiry.swift /Users/admin/builder/spi-builder-workspace/AEPServices/Sources/cache/Caching.swift /Users/admin/builder/spi-builder-workspace/AEPServices/Sources/cache/DiskCacheService.swift /Users/admin/builder/spi-builder-workspace/AEPServices/Sources/dataqueue/DataEntity.swift /Users/admin/builder/spi-builder-workspace/AEPServices/Sources/dataqueue/DataQueue.swift /Users/admin/builder/spi-builder-workspace/AEPServices/Sources/dataqueue/DataQueueConfig.swift /Users/admin/builder/spi-builder-workspace/AEPServices/Sources/dataqueue/DataQueueService.swift /Users/admin/builder/spi-builder-workspace/AEPServices/Sources/dataqueue/DataQueuing.swift /Users/admin/builder/spi-builder-workspace/AEPServices/Sources/dataqueue/SQLiteDataQueue.swift /Users/admin/builder/spi-builder-workspace/AEPServices/Sources/dataqueue/SQLiteJournalMode.swift /Users/admin/builder/spi-builder-workspace/AEPServices/Sources/dataqueue/SQLiteWrapper.swift /Users/admin/builder/spi-builder-workspace/AEPServices/Sources/log/Log.swift /Users/admin/builder/spi-builder-workspace/AEPServices/Sources/log/LogLevel.swift /Users/admin/builder/spi-builder-workspace/AEPServices/Sources/log/Logging.swift /Users/admin/builder/spi-builder-workspace/AEPServices/Sources/log/LoggingService.swift /Users/admin/builder/spi-builder-workspace/AEPServices/Sources/network/DefaultHeadersFormatter.swift /Users/admin/builder/spi-builder-workspace/AEPServices/Sources/network/HttpConnection.swift /Users/admin/builder/spi-builder-workspace/AEPServices/Sources/network/HttpConnectionConstants.swift /Users/admin/builder/spi-builder-workspace/AEPServices/Sources/network/HttpMethod.swift /Users/admin/builder/spi-builder-workspace/AEPServices/Sources/network/NetworkRequest.swift /Users/admin/builder/spi-builder-workspace/AEPServices/Sources/network/NetworkService.swift /Users/admin/builder/spi-builder-workspace/AEPServices/Sources/network/NetworkServiceConstants.swift /Users/admin/builder/spi-builder-workspace/AEPServices/Sources/network/Networking.swift /Users/admin/builder/spi-builder-workspace/AEPServices/Sources/storage/FileSystemNamedCollection.swift /Users/admin/builder/spi-builder-workspace/AEPServices/Sources/storage/NamedCollectionDataStore.swift /Users/admin/builder/spi-builder-workspace/AEPServices/Sources/storage/NamedCollectionProcessing.swift /Users/admin/builder/spi-builder-workspace/AEPServices/Sources/storage/UserDefaultsNamedCollection.swift /Users/admin/builder/spi-builder-workspace/AEPServices/Sources/ui/AEPUIService.swift /Users/admin/builder/spi-builder-workspace/AEPServices/Sources/ui/Dismissible.swift /Users/admin/builder/spi-builder-workspace/AEPServices/Sources/ui/MessageAlignment.swift /Users/admin/builder/spi-builder-workspace/AEPServices/Sources/ui/MessageAnimation.swift /Users/admin/builder/spi-builder-workspace/AEPServices/Sources/ui/MessageGesture.swift /Users/admin/builder/spi-builder-workspace/AEPServices/Sources/ui/MessageGestureRecognizer.swift /Users/admin/builder/spi-builder-workspace/AEPServices/Sources/ui/MessageMonitor.swift /Users/admin/builder/spi-builder-workspace/AEPServices/Sources/ui/MessageMonitoring.swift /Users/admin/builder/spi-builder-workspace/AEPServices/Sources/ui/MessageSettings.swift /Users/admin/builder/spi-builder-workspace/AEPServices/Sources/ui/MessagingDelegate.swift /Users/admin/builder/spi-builder-workspace/AEPServices/Sources/ui/PresentationError.swift /Users/admin/builder/spi-builder-workspace/AEPServices/Sources/ui/Showable.swift /Users/admin/builder/spi-builder-workspace/AEPServices/Sources/ui/UIApplication+Window.swift /Users/admin/builder/spi-builder-workspace/AEPServices/Sources/ui/UIService.swift /Users/admin/builder/spi-builder-workspace/AEPServices/Sources/ui/floating/FloatingButton.swift /Users/admin/builder/spi-builder-workspace/AEPServices/Sources/ui/floating/FloatingButtonDelegate.swift /Users/admin/builder/spi-builder-workspace/AEPServices/Sources/ui/floating/FloatingButtonPosition.swift /Users/admin/builder/spi-builder-workspace/AEPServices/Sources/ui/floating/FloatingButtonPresentable.swift /Users/admin/builder/spi-builder-workspace/AEPServices/Sources/ui/fullscreen/FullscreenMessage+FrameCalculation.swift /Users/admin/builder/spi-builder-workspace/AEPServices/Sources/ui/fullscreen/FullscreenMessage+WKNavigationDelegate.swift /Users/admin/builder/spi-builder-workspace/AEPServices/Sources/ui/fullscreen/FullscreenMessage+WKScriptMessageHandler.swift /Users/admin/builder/spi-builder-workspace/AEPServices/Sources/ui/fullscreen/FullscreenMessage.swift /Users/admin/builder/spi-builder-workspace/AEPServices/Sources/ui/fullscreen/FullscreenMessageDelegate.swift /Users/admin/builder/spi-builder-workspace/AEPServices/Sources/ui/fullscreen/FullscreenPresentable.swift /Users/admin/builder/spi-builder-workspace/AEPServices/Sources/utility/AnyCodable.swift /Users/admin/builder/spi-builder-workspace/AEPServices/Sources/utility/AtomicCounter.swift /Users/admin/builder/spi-builder-workspace/AEPServices/Sources/utility/Date+Format.swift /Users/admin/builder/spi-builder-workspace/AEPServices/Sources/utility/FileManager+Directories.swift /Users/admin/builder/spi-builder-workspace/AEPServices/Sources/utility/OperationOrderer.swift /Users/admin/builder/spi-builder-workspace/AEPServices/Sources/utility/PrettyDictionary.swift /Users/admin/builder/spi-builder-workspace/AEPServices/Sources/utility/ThreadSafeArray.swift /Users/admin/builder/spi-builder-workspace/AEPServices/Sources/utility/ThreadSafeDictionary.swift /Users/admin/builder/spi-builder-workspace/AEPServices/Sources/utility/URLEncoder.swift /Users/admin/builder/spi-builder-workspace/AEPServices/Sources/utility/URLError+Recoverable.swift /Users/admin/builder/spi-builder-workspace/AEPServices/Sources/utility/hitprocessor/HitProcessing.swift /Users/admin/builder/spi-builder-workspace/AEPServices/Sources/utility/hitprocessor/HitQueuing.swift /Users/admin/builder/spi-builder-workspace/AEPServices/Sources/utility/hitprocessor/PersistentHitQueue.swift /Users/admin/builder/spi-builder-workspace/AEPServices/Sources/utility/unzip/FileManager+ZIP.swift /Users/admin/builder/spi-builder-workspace/AEPServices/Sources/utility/unzip/FileUnzipper.swift /Users/admin/builder/spi-builder-workspace/AEPServices/Sources/utility/unzip/FileUnzipperConstants.swift /Users/admin/builder/spi-builder-workspace/AEPServices/Sources/utility/unzip/URL+Validator.swift /Users/admin/builder/spi-builder-workspace/AEPServices/Sources/utility/unzip/Unzipping.swift /Users/admin/builder/spi-builder-workspace/AEPServices/Sources/utility/unzip/ZipArchive.swift /Users/admin/builder/spi-builder-workspace/AEPServices/Sources/utility/unzip/ZipEntry.swift -target armv7k-apple-watchos5.0 -load-resolved-plugin /Applications/Xcode-26.3.0.app/Contents/Developer/Platforms/WatchOS.platform/Developer/usr/lib/swift/host/plugins/libFoundationMacros.dylib\#/Applications/Xcode-26.3.0.app/Contents/Developer/Platforms/WatchOS.platform/Developer/usr/bin/swift-plugin-server\#FoundationMacros -load-resolved-plugin /Applications/Xcode-26.3.0.app/Contents/Developer/Platforms/WatchOS.platform/Developer/usr/lib/swift/host/plugins/libObservationMacros.dylib\#/Applications/Xcode-26.3.0.app/Contents/Developer/Platforms/WatchOS.platform/Developer/usr/bin/swift-plugin-server\#ObservationMacros -load-resolved-plugin /Applications/Xcode-26.3.0.app/Contents/Developer/Platforms/WatchOS.platform/Developer/usr/lib/swift/host/plugins/libSwiftMacros.dylib\#/Applications/Xcode-26.3.0.app/Contents/Developer/Platforms/WatchOS.platform/Developer/usr/bin/swift-plugin-server\#SwiftMacros -load-resolved-plugin /Applications/Xcode-26.3.0.app/Contents/Developer/Platforms/WatchOS.platform/Developer/usr/lib/swift/host/plugins/libSwiftUIMacros.dylib\#/Applications/Xcode-26.3.0.app/Contents/Developer/Platforms/WatchOS.platform/Developer/usr/bin/swift-plugin-server\#SwiftUIMacros -disable-implicit-swift-modules -Xcc -fno-implicit-modules -Xcc -fno-implicit-module-maps -explicit-swift-module-map-file /Users/admin/builder/spi-builder-workspace/.derivedData/Build/Intermediates.noindex/AEPCore.build/Debug-watchos/AEPServices.build/Objects-normal/armv7k/AEPServices-dependencies-3.json -enable-objc-interop -sdk /Applications/Xcode-26.3.0.app/Contents/Developer/Platforms/WatchOS.platform/Developer/SDKs/WatchOS26.2.sdk -I /Users/admin/builder/spi-builder-workspace/.derivedData/Build/Products/Debug-watchos -Isystem /Applications/Xcode-26.3.0.app/Contents/Developer/Platforms/WatchOS.platform/Developer/usr/lib -F /Users/admin/builder/spi-builder-workspace/.derivedData/Build/Products/Debug-watchos -F /Applications/Xcode-26.3.0.app/Contents/Developer/Platforms/WatchOS.platform/Developer/Library/Frameworks -F /Applications/Xcode-26.3.0.app/Contents/Developer/Platforms/WatchOS.platform/Developer/SDKs/WatchOS26.2.sdk/Developer/Library/Frameworks -no-color-diagnostics -Xcc -fno-color-diagnostics -enable-testing -g -debug-info-format\=dwarf -dwarf-version\=4 -module-cache-path /Users/admin/builder/spi-builder-workspace/.derivedData/Build/Intermediates.noindex/SwiftExplicitPrecompiledModules -swift-version 5 -enforce-exclusivity\=checked -Onone -D SWIFT_PACKAGE -D DEBUG -D SWIFT_MODULE_RESOURCE_BUNDLE_AVAILABLE -D Xcode -serialize-debugging-options -const-gather-protocols-file /Users/admin/builder/spi-builder-workspace/.derivedData/Build/Intermediates.noindex/AEPCore.build/Debug-watchos/AEPServices.build/Objects-normal/armv7k/AEPServices_const_extract_protocols.json -enable-experimental-feature DebugDescriptionMacro -empty-abi-descriptor -validate-clang-modules-once -clang-build-session-file /Users/admin/builder/spi-builder-workspace/.derivedData/ModuleCache.noindex/Session.modulevalidation -Xcc -working-directory -Xcc /Users/admin/builder/spi-builder-workspace/.swiftpm/xcode -enable-anonymous-context-mangled-names -file-compilation-dir /Users/admin/builder/spi-builder-workspace/.swiftpm/xcode -Xcc -D_LIBCPP_HARDENING_MODE\=_LIBCPP_HARDENING_MODE_DEBUG -Xcc -ivfsstatcache -Xcc /Users/admin/builder/spi-builder-workspace/.derivedData/SDKStatCaches.noindex/watchos26.2-23S303-dc75598d0054f22ec865fa860f139d721753b489057de6bda919edfa1c59a62b.sdkstatcache -Xcc -I/Users/admin/builder/spi-builder-workspace/.derivedData/Build/Intermediates.noindex/AEPCore.build/Debug-watchos/AEPServices.build/swift-overrides.hmap -Xcc -I/Users/admin/builder/spi-builder-workspace/.derivedData/Build/Products/Debug-watchos/include -Xcc -I/Users/admin/builder/spi-builder-workspace/.derivedData/Build/Intermediates.noindex/AEPCore.build/Debug-watchos/AEPServices.build/DerivedSources-normal/armv7k -Xcc -I/Users/admin/builder/spi-builder-workspace/.derivedData/Build/Intermediates.noindex/AEPCore.build/Debug-watchos/AEPServices.build/DerivedSources/armv7k -Xcc -I/Users/admin/builder/spi-builder-workspace/.derivedData/Build/Intermediates.noindex/AEPCore.build/Debug-watchos/AEPServices.build/DerivedSources -Xcc -DSWIFT_PACKAGE -Xcc -DDEBUG\=1 -no-auto-bridging-header-chaining -module-name AEPServices -frontend-parseable-output -disable-clang-spi -target-sdk-version 26.2 -target-sdk-name watchos26.2 -clang-target armv7k-apple-watchos26.2 -in-process-plugin-server-path /Applications/Xcode-26.3.0.app/Contents/Developer/Toolchains/XcodeDefault.xctoolchain/usr/lib/swift/host/libSwiftInProcPluginServer.dylib -emit-module-doc-path /Users/admin/builder/spi-builder-workspace/.derivedData/Build/Intermediates.noindex/AEPCore.build/Debug-watchos/AEPServices.build/Objects-normal/armv7k/AEPServices.swiftdoc -emit-module-source-info-path /Users/admin/builder/spi-builder-workspace/.derivedData/Build/Intermediates.noindex/AEPCore.build/Debug-watchos/AEPServices.build/Objects-normal/armv7k/AEPServices.swiftsourceinfo -emit-objc-header-path /Users/admin/builder/spi-builder-workspace/.derivedData/Build/Intermediates.noindex/AEPCore.build/Debug-watchos/AEPServices.build/Objects-normal/armv7k/AEPServices-Swift.h -serialize-diagnostics-path /Users/admin/builder/spi-builder-workspace/.derivedData/Build/Intermediates.noindex/AEPCore.build/Debug-watchos/AEPServices.build/Objects-normal/armv7k/AEPServices-primary-emit-module.dia -emit-dependencies-path /Users/admin/builder/spi-builder-workspace/.derivedData/Build/Intermediates.noindex/AEPCore.build/Debug-watchos/AEPServices.build/Objects-normal/armv7k/AEPServices-primary-emit-module.d -o /Users/admin/builder/spi-builder-workspace/.derivedData/Build/Intermediates.noindex/AEPCore.build/Debug-watchos/AEPServices.build/Objects-normal/armv7k/AEPServices.swiftmodule -emit-abi-descriptor-path /Users/admin/builder/spi-builder-workspace/.derivedData/Build/Intermediates.noindex/AEPCore.build/Debug-watchos/AEPServices.build/Objects-normal/armv7k/AEPServices.abi.json
EmitSwiftModule normal armv7k (in target 'AEPServices' from project 'AEPCore')
cd /Users/admin/builder/spi-builder-workspace/.swiftpm/xcode
/Users/admin/builder/spi-builder-workspace/AEPServices/Sources/ApplicationSystemInfoService.swift:33:21: error: 'UIDevice' is unavailable in watchOS
let model = UIDevice.current.model
^~~~~~~~
/Applications/Xcode-26.3.0.app/Contents/Developer/Platforms/WatchOS.platform/Developer/SDKs/WatchOS26.2.sdk/System/Library/Frameworks/UIKit.framework/Headers/UIDevice.h:35:12: note: 'UIDevice' has been explicitly marked unavailable here
@interface UIDevice : NSObject
^
/Users/admin/builder/spi-builder-workspace/AEPServices/Sources/ApplicationSystemInfoService.swift:34:25: error: 'UIDevice' is unavailable in watchOS
let osVersion = UIDevice.current.systemVersion.replacingOccurrences(of: ".", with: "_")
^~~~~~~~
/Applications/Xcode-26.3.0.app/Contents/Developer/Platforms/WatchOS.platform/Developer/SDKs/WatchOS26.2.sdk/System/Library/Frameworks/UIKit.framework/Headers/UIDevice.h:35:12: note: 'UIDevice' has been explicitly marked unavailable here
@interface UIDevice : NSObject
^
SwiftEmitModule normal arm64_32 Emitting\ module\ for\ AEPServices (in target 'AEPServices' from project 'AEPCore')
2026-10-02 20:01:32.486 xcodebuild[972:5793] [MT] IDERunDestination: Supported platforms for the buildables in the current scheme is empty.
** BUILD FAILED **
The following build commands failed:
SwiftEmitModule normal armv7k Emitting\ module\ for\ AEPServices (in target 'AEPServices' from project 'AEPCore')
EmitSwiftModule normal armv7k (in target 'AEPServices' from project 'AEPCore')
Building workspace spi-builder-workspace with scheme AEPCore-Package
(3 failures)
BUILD FAILURE 6.2 watchOS