The Swift Package Index logo.Swift Package Index

Build Information

Failed to build Deviice, reference 3.2.0 (fcc399), with Swift 6.3 for Android on 24 Jul 2026 09:41:19 UTC.

Build Command

bash -c docker run --pull=always --rm -v "checkouts-54344849-2":/host -w "$PWD" -e JAVA_HOME="/root/.sdkman/candidates/java/current" -e SPI_BUILD="1" -e SPI_PROCESSING="1" registry.gitlab.com/saguaro1/spi-images:android-6.3-latest swift build --swift-sdk aarch64-unknown-linux-android28 2>&1

Build Log

========================================
RunAll
========================================
Builder version: 333316120c8b89ed7d21f1b34865290794301d91
Interrupt handler set up.
========================================
Checkout
========================================
Clone URL: https://github.com/andrealufino/Deviice.git
Reference: 3.2.0
Initialized empty Git repository in /host/spi-builder-workspace/.git/
hint: Using 'master' as the name for the initial branch. This default branch name
hint: is subject to change. To configure the initial branch name to use in all
hint: of your new repositories, which will suppress this warning, call:
hint:
hint: 	git config --global init.defaultBranch <name>
hint:
hint: Names commonly chosen instead of 'master' are 'main', 'trunk' and
hint: 'development'. The just-created branch can be renamed via this command:
hint:
hint: 	git branch -m <name>
From https://github.com/andrealufino/Deviice
 * tag               3.2.0      -> FETCH_HEAD
HEAD is now at fcc3991 Set current version to 3.2.0 in project guide
Cloned https://github.com/andrealufino/Deviice.git
Revision (git rev-parse @):
fcc39913c7cd9014e076644f1c5d4670f1a7ee54
SUCCESS checkout https://github.com/andrealufino/Deviice.git at 3.2.0
========================================
Build
========================================
Selected platform:         android
Swift version:             6.3
Building package at path:  $PWD
https://github.com/andrealufino/Deviice.git
Running build ...
bash -c docker run --pull=always --rm -v "checkouts-54344849-2":/host -w "$PWD" -e JAVA_HOME="/root/.sdkman/candidates/java/current" -e SPI_BUILD="1" -e SPI_PROCESSING="1" registry.gitlab.com/saguaro1/spi-images:android-6.3-latest swift build --swift-sdk aarch64-unknown-linux-android28 2>&1
android-6.3-latest: Pulling from saguaro1/spi-images
Digest: sha256:451958f7df55f9af673f8b0851dc526f2aee3222db374ae53b89fa21ad564bc8
Status: Image is up to date for registry.gitlab.com/saguaro1/spi-images:android-6.3-latest
Building for debugging...
[0/3] Copying devices.json
[1/3] Write sources
[2/3] Write swift-version-272D24FF697CF451.txt
[4/7] Compiling Deviice resource_bundle_accessor.swift
[5/7] Compiling Deviice Model.swift
[6/7] Emitting module Deviice
[7/7] Compiling Deviice Device.swift
/host/spi-builder-workspace/Sources/Deviice/Device.swift:60:54: error: 'ProcessInfo' initializer is inaccessible due to 'internal' protection level
 58 |     public var simulatedDevice: Device? {
 59 |         if isSimulator {
 60 |             if let actualSimulatedDeviceIdentifier = ProcessInfo().environment["SIMULATOR_MODEL_IDENTIFIER"] {
    |                                                      `- error: 'ProcessInfo' initializer is inaccessible due to 'internal' protection level
 61 |                 // actual simulated device here
 62 |                 return Self.device(fromIdentifier: actualSimulatedDeviceIdentifier)
FoundationEssentials.ProcessInfo.init:2:10: note: 'init()' declared here
1 | class ProcessInfo {
2 | internal init()}
  |          `- note: 'init()' declared here
3 |
/host/spi-builder-workspace/Sources/Deviice/Device.swift:106:26: error: cannot find 'utsname' in scope
104 |         // https://github.com/dennisweissmann
105 |         // Here his snippet : https://github.com/dennisweissmann/DeviceKit/blob/master/Source/Device.swift#L177-L185
106 |         var systemInfo = utsname()
    |                          `- error: cannot find 'utsname' in scope
107 |         uname(&systemInfo)
108 |         let machineMirror = Mirror(reflecting: systemInfo.machine)
/host/spi-builder-workspace/Sources/Deviice/Device.swift:107:9: error: cannot find 'uname' in scope
105 |         // Here his snippet : https://github.com/dennisweissmann/DeviceKit/blob/master/Source/Device.swift#L177-L185
106 |         var systemInfo = utsname()
107 |         uname(&systemInfo)
    |         `- error: cannot find 'uname' in scope
108 |         let machineMirror = Mirror(reflecting: systemInfo.machine)
109 |         let identifier = machineMirror.children.reduce("") { identifier, element in
BUILD FAILURE 6.3 android