Build Information
Failed to build ZendeskSDK, reference 3.19.0 (1815f6), with Swift 6.4 for macOS (Xcode) using Xcode 27.0 on 3 Oct 2026 16:48:25 UTC.
Build Command
env DEVELOPER_DIR=/Applications/Xcode-27.0.0-Release.Candidate.app xcrun xcodebuild -IDEClonedSourcePackagesDirPathOverride=$PWD/.dependencies -skipMacroValidation -skipPackagePluginValidation -derivedDataPath $PWD/.derivedData build -scheme ZendeskSDK -destination platform=macOS,arch=arm64Build Log
========================================
RunAll
========================================
Builder version: 5.1.1
Interrupt handler set up.
========================================
Checkout
========================================
Clone URL: https://github.com/zendesk/sdk_zendesk_ios.git
Reference: 3.19.0
Initialized empty Git repository in /Users/admin/builder/spi-builder-workspace/.git/
From https://github.com/zendesk/sdk_zendesk_ios
* tag 3.19.0 -> FETCH_HEAD
HEAD is now at 1815f67 [RELEASE] New version 3.19.0
Updating files: 45% (7030/15459)
Updating files: 46% (7112/15459)
Updating files: 47% (7266/15459)
Updating files: 48% (7421/15459)
Updating files: 49% (7575/15459)
Updating files: 50% (7730/15459)
Updating files: 51% (7885/15459)
Updating files: 52% (8039/15459)
Updating files: 53% (8194/15459)
Updating files: 54% (8348/15459)
Updating files: 55% (8503/15459)
Updating files: 56% (8658/15459)
Updating files: 57% (8812/15459)
Updating files: 58% (8967/15459)
Updating files: 59% (9121/15459)
Updating files: 60% (9276/15459)
Updating files: 61% (9430/15459)
Updating files: 62% (9585/15459)
Updating files: 63% (9740/15459)
Updating files: 64% (9894/15459)
Updating files: 65% (10049/15459)
Updating files: 66% (10203/15459)
Updating files: 67% (10358/15459)
Updating files: 68% (10513/15459)
Updating files: 69% (10667/15459)
Updating files: 70% (10822/15459)
Updating files: 71% (10976/15459)
Updating files: 72% (11131/15459)
Updating files: 73% (11286/15459)
Updating files: 74% (11440/15459)
Updating files: 75% (11595/15459)
Updating files: 76% (11749/15459)
Updating files: 77% (11904/15459)
Updating files: 78% (12059/15459)
Updating files: 79% (12213/15459)
Updating files: 80% (12368/15459)
Updating files: 81% (12522/15459)
Updating files: 82% (12677/15459)
Updating files: 83% (12831/15459)
Updating files: 84% (12986/15459)
Updating files: 85% (13141/15459)
Updating files: 86% (13295/15459)
Updating files: 87% (13450/15459)
Updating files: 88% (13604/15459)
Updating files: 89% (13759/15459)
Updating files: 90% (13914/15459)
Updating files: 91% (14068/15459)
Updating files: 92% (14223/15459)
Updating files: 93% (14377/15459)
Updating files: 94% (14532/15459)
Updating files: 95% (14687/15459)
Updating files: 96% (14841/15459)
Updating files: 96% (14898/15459)
Updating files: 97% (14996/15459)
Updating files: 98% (15150/15459)
Updating files: 99% (15305/15459)
Updating files: 100% (15459/15459)
Updating files: 100% (15459/15459), done.
Cloned https://github.com/zendesk/sdk_zendesk_ios.git
Revision (git rev-parse @):
1815f67c9ba8bbe4b85f8ec4cf1c16a93b6557de
SUCCESS checkout https://github.com/zendesk/sdk_zendesk_ios.git at 3.19.0
========================================
Build
========================================
Selected platform: macosXcodebuild
Swift version: 6.4
Building package at path: $PWD
https://github.com/zendesk/sdk_zendesk_ios.git
Command line invocation:
/Applications/Xcode-27.0.0-Release.Candidate.app/Contents/Developer/usr/bin/xcodebuild -IDEClonedSourcePackagesDirPathOverride=/Users/admin/builder/spi-builder-workspace/.dependencies -resolvePackageDependencies
Resolve Package Graph
Fetching from https://github.com/zendesk/sdk_conversation_kit_ios
Fetching from https://github.com/zendesk/sdk_core_utilities_ios
Fetching from https://github.com/zendesk/sdk_http_client_ios
Fetching from https://github.com/zendesk/sdk_storage_ios
Fetching from https://github.com/zendesk/sdk_faye_client_ios
Fetching from https://github.com/zendesk/sdk_logger_ios
Fetching from https://github.com/zendesk/sdk_socket_client_ios
Creating working copy of package ‘sdk_faye_client_ios’
Checking out 1.17.0 of package ‘sdk_faye_client_ios’
Creating working copy of package ‘sdk_socket_client_ios’
Checking out 1.15.0 of package ‘sdk_socket_client_ios’
Creating working copy of package ‘sdk_core_utilities_ios’
Checking out 8.2.0 of package ‘sdk_core_utilities_ios’
Creating working copy of package ‘sdk_logger_ios’
Checking out 0.12.0 of package ‘sdk_logger_ios’
Creating working copy of package ‘sdk_storage_ios’
Checking out 1.7.0 of package ‘sdk_storage_ios’
Creating working copy of package ‘sdk_http_client_ios’
Checking out 0.22.0 of package ‘sdk_http_client_ios’
Creating working copy of package ‘sdk_conversation_kit_ios’
Checking out 15.1.0 of package ‘sdk_conversation_kit_ios’
Resolve Package Graph
Resolved source packages:
ZendeskSDKFayeClient: https://github.com/zendesk/sdk_faye_client_ios @ 1.17.0
ZendeskSDKHTTPClient: https://github.com/zendesk/sdk_http_client_ios @ 0.22.0
ZendeskSDKLogger: https://github.com/zendesk/sdk_logger_ios @ 0.12.0
ZendeskSDKSocketClient: https://github.com/zendesk/sdk_socket_client_ios @ 1.15.0
ZendeskSDKConversationKit: https://github.com/zendesk/sdk_conversation_kit_ios @ 15.1.0
ZendeskSDKStorage: https://github.com/zendesk/sdk_storage_ios @ 1.7.0
ZendeskSDKCoreUtilities: https://github.com/zendesk/sdk_core_utilities_ios @ 8.2.0
ZendeskSDK: /Users/admin/builder/spi-builder-workspace
resolved source packages: ZendeskSDKFayeClient, ZendeskSDKHTTPClient, ZendeskSDKLogger, ZendeskSDKSocketClient, ZendeskSDKConversationKit, ZendeskSDKStorage, ZendeskSDKCoreUtilities, ZendeskSDK
2026-10-03 12:46:15.655 xcodebuild[524:3007] [MT] IDERunDestination: Supported platforms for the buildables in the current scheme is empty.
{
"dependencies" : [
{
"identity" : "sdk_conversation_kit_ios",
"requirement" : {
"range" : [
{
"lower_bound" : "15.1.0",
"upper_bound" : "16.0.0"
}
]
},
"type" : "sourceControl",
"url" : "https://github.com/zendesk/sdk_conversation_kit_ios"
},
{
"identity" : "sdk_core_utilities_ios",
"requirement" : {
"range" : [
{
"lower_bound" : "8.2.0",
"upper_bound" : "9.0.0"
}
]
},
"type" : "sourceControl",
"url" : "https://github.com/zendesk/sdk_core_utilities_ios"
}
],
"manifest_display_name" : "ZendeskSDK",
"name" : "ZendeskSDK",
"path" : "/Users/admin/builder/spi-builder-workspace",
"platforms" : [
{
"name" : "ios",
"version" : "16.0"
}
],
"products" : [
{
"name" : "ZendeskSDK",
"targets" : [
"ZendeskSDKTargets"
],
"type" : {
"library" : [
"automatic"
]
}
}
],
"targets" : [
{
"c99name" : "ZendeskSDKTargets",
"module_type" : "SwiftTarget",
"name" : "ZendeskSDKTargets",
"path" : "Sources",
"product_dependencies" : [
"ZendeskSDKConversationKit",
"ZendeskSDKCoreUtilities"
],
"product_memberships" : [
"ZendeskSDK"
],
"sources" : [
"Placeholder.swift"
],
"target_dependencies" : [
"ZendeskSDK"
],
"type" : "library"
},
{
"c99name" : "ZendeskSDK",
"module_type" : "BinaryTarget",
"name" : "ZendeskSDK",
"path" : "ZendeskSDK.xcframework",
"product_memberships" : [
"ZendeskSDK"
],
"sources" : [
],
"type" : "binary"
}
],
"tools_version" : "5.7"
}
warning: 'spi-builder-workspace': /Users/admin/builder/spi-builder-workspace/Package.swift:17:10: warning: 'package(name:url:from:)' is deprecated: use package(url:from:) instead [#DeprecatedDeclaration]
15 | ],
16 | dependencies: [
17 | .package(
| `- warning: 'package(name:url:from:)' is deprecated: use package(url:from:) instead [#DeprecatedDeclaration]
18 | name: "ZendeskSDKConversationKit",
19 | url: "https://github.com/zendesk/sdk_conversation_kit_ios",
/Users/admin/builder/spi-builder-workspace/Package.swift:22:10: warning: 'package(name:url:from:)' is deprecated: use package(url:from:) instead [#DeprecatedDeclaration]
20 | from: "15.1.0"
21 | ),
22 | .package(
| `- warning: 'package(name:url:from:)' is deprecated: use package(url:from:) instead [#DeprecatedDeclaration]
23 | name: "ZendeskSDKCoreUtilities",
24 | url: "https://github.com/zendesk/sdk_core_utilities_ios",
[#DeprecatedDeclaration]: <https://docs.swift.org/compiler/documentation/diagnostics/deprecated-declaration>
{
"workspace" : {
"name" : "ZendeskSDK",
"schemes" : [
"ZendeskSDK"
]
}
}
2026-10-03 12:47:12.719 xcodebuild[1401:8520] [MT] IDERunDestination: Supported platforms for the buildables in the current scheme is empty.
Running build ...
env DEVELOPER_DIR=/Applications/Xcode-27.0.0-Release.Candidate.app xcrun xcodebuild -IDEClonedSourcePackagesDirPathOverride=$PWD/.dependencies -skipMacroValidation -skipPackagePluginValidation -derivedDataPath $PWD/.derivedData build -scheme ZendeskSDK -destination platform=macOS,arch=arm64
Command line invocation:
/Applications/Xcode-27.0.0-Release.Candidate.app/Contents/Developer/usr/bin/xcodebuild -IDEClonedSourcePackagesDirPathOverride=/Users/admin/builder/spi-builder-workspace/.dependencies -skipMacroValidation -skipPackagePluginValidation -derivedDataPath /Users/admin/builder/spi-builder-workspace/.derivedData build -scheme ZendeskSDK -destination platform=macOS,arch=arm64
Resolve Package Graph
Resolve Package Graph
Resolved source packages:
ZendeskSDKFayeClient: https://github.com/zendesk/sdk_faye_client_ios @ 1.17.0
ZendeskSDKLogger: https://github.com/zendesk/sdk_logger_ios @ 0.12.0
ZendeskSDKConversationKit: https://github.com/zendesk/sdk_conversation_kit_ios @ 15.1.0
ZendeskSDKSocketClient: https://github.com/zendesk/sdk_socket_client_ios @ 1.15.0
ZendeskSDK: /Users/admin/builder/spi-builder-workspace
ZendeskSDKStorage: https://github.com/zendesk/sdk_storage_ios @ 1.7.0
ZendeskSDKCoreUtilities: https://github.com/zendesk/sdk_core_utilities_ios @ 8.2.0
ZendeskSDKHTTPClient: https://github.com/zendesk/sdk_http_client_ios @ 0.22.0
ComputePackagePrebuildTargetDependencyGraph
Prepare packages
CreateBuildRequest
SendProjectDescription
CreateBuildOperation
ComputeTargetDependencyGraph
note: Building targets in dependency order
note: Target dependency graph (14 targets)
Target 'ZendeskSDK-product' in project 'ZendeskSDK'
➜ Explicit dependency on target 'ZendeskSDKTargets' in project 'ZendeskSDK'
➜ Explicit dependency on target 'ZendeskSDKConversationKit-product' in project 'ZendeskSDKConversationKit'
➜ Explicit dependency on target 'ZendeskSDKCoreUtilities-product' in project 'ZendeskSDKCoreUtilities'
Target 'ZendeskSDKTargets' in project 'ZendeskSDK'
➜ Explicit dependency on target 'ZendeskSDKConversationKit-product' in project 'ZendeskSDKConversationKit'
➜ Explicit dependency on target 'ZendeskSDKCoreUtilities-product' in project 'ZendeskSDKCoreUtilities'
Target 'ZendeskSDKConversationKit-product' in project 'ZendeskSDKConversationKit'
➜ Explicit dependency on target 'ZendeskSDKConversationKitTargets' in project 'ZendeskSDKConversationKit'
➜ Explicit dependency on target 'ZendeskSDKFayeClient-product' in project 'ZendeskSDKFayeClient'
➜ Explicit dependency on target 'ZendeskSDKHTTPClient-product' in project 'ZendeskSDKHTTPClient'
➜ Explicit dependency on target 'ZendeskSDKStorage-product' in project 'ZendeskSDKStorage'
➜ Explicit dependency on target 'ZendeskSDKCoreUtilities-product' in project 'ZendeskSDKCoreUtilities'
Target 'ZendeskSDKConversationKitTargets' in project 'ZendeskSDKConversationKit'
➜ Explicit dependency on target 'ZendeskSDKFayeClient-product' in project 'ZendeskSDKFayeClient'
➜ Explicit dependency on target 'ZendeskSDKHTTPClient-product' in project 'ZendeskSDKHTTPClient'
➜ Explicit dependency on target 'ZendeskSDKStorage-product' in project 'ZendeskSDKStorage'
➜ Explicit dependency on target 'ZendeskSDKCoreUtilities-product' in project 'ZendeskSDKCoreUtilities'
Target 'ZendeskSDKCoreUtilities-product' in project 'ZendeskSDKCoreUtilities' (no dependencies)
Target 'ZendeskSDKStorage-product' in project 'ZendeskSDKStorage'
➜ Explicit dependency on target 'ZendeskSDKStorageTargets' in project 'ZendeskSDKStorage'
➜ Explicit dependency on target 'ZendeskSDKLogger-product' in project 'ZendeskSDKLogger'
Target 'ZendeskSDKStorageTargets' in project 'ZendeskSDKStorage'
➜ Explicit dependency on target 'ZendeskSDKLogger-product' in project 'ZendeskSDKLogger'
Target 'ZendeskSDKHTTPClient-product' in project 'ZendeskSDKHTTPClient'
➜ Explicit dependency on target 'ZendeskSDKHTTPClientTargets' in project 'ZendeskSDKHTTPClient'
➜ Explicit dependency on target 'ZendeskSDKLogger-product' in project 'ZendeskSDKLogger'
Target 'ZendeskSDKHTTPClientTargets' in project 'ZendeskSDKHTTPClient'
➜ Explicit dependency on target 'ZendeskSDKLogger-product' in project 'ZendeskSDKLogger'
Target 'ZendeskSDKFayeClient-product' in project 'ZendeskSDKFayeClient'
➜ Explicit dependency on target 'ZendeskSDKFayeClientTargets' in project 'ZendeskSDKFayeClient'
➜ Explicit dependency on target 'ZendeskSDKSocketClient-product' in project 'ZendeskSDKSocketClient'
➜ Explicit dependency on target 'ZendeskSDKLogger-product' in project 'ZendeskSDKLogger'
Target 'ZendeskSDKFayeClientTargets' in project 'ZendeskSDKFayeClient'
➜ Explicit dependency on target 'ZendeskSDKSocketClient-product' in project 'ZendeskSDKSocketClient'
➜ Explicit dependency on target 'ZendeskSDKLogger-product' in project 'ZendeskSDKLogger'
Target 'ZendeskSDKSocketClient-product' in project 'ZendeskSDKSocketClient'
➜ Explicit dependency on target 'ZendeskSDKSocketClientTargets' in project 'ZendeskSDKSocketClient'
➜ Explicit dependency on target 'ZendeskSDKLogger-product' in project 'ZendeskSDKLogger'
Target 'ZendeskSDKSocketClientTargets' in project 'ZendeskSDKSocketClient'
➜ Explicit dependency on target 'ZendeskSDKLogger-product' in project 'ZendeskSDKLogger'
Target 'ZendeskSDKLogger-product' in project 'ZendeskSDKLogger' (no dependencies)
GatherProvisioningInputs
CreateBuildDescription
ExecuteExternalTool /Applications/Xcode-27.0.0-Release.Candidate.app/Contents/Developer/Toolchains/XcodeDefault.xctoolchain/usr/bin/swiftc --version
ExecuteExternalTool /Applications/Xcode-27.0.0-Release.Candidate.app/Contents/Developer/Toolchains/XcodeDefault.xctoolchain/usr/bin/clang -v -E -dM -isysroot /Applications/Xcode-27.0.0-Release.Candidate.app/Contents/Developer/Platforms/MacOSX.platform/Developer/SDKs/MacOSX27.0.sdk -x c -c /dev/null
ExecuteExternalTool /Applications/Xcode-27.0.0-Release.Candidate.app/Contents/Developer/Toolchains/XcodeDefault.xctoolchain/usr/bin/ld -version_details
Build description signature: 43052943f81b9ce0f5608b4a2e266b50
Build description path: /Users/admin/builder/spi-builder-workspace/.derivedData/Build/Intermediates.noindex/XCBuildData/43052943f81b9ce0f5608b4a2e266b50.xcbuilddata
/Users/admin/builder/spi-builder-workspace/.dependencies/checkouts/sdk_core_utilities_ios/ZendeskSDKCoreUtilities.xcframework:1:1: error: While building for macOS, no library for this platform was found in '/Users/admin/builder/spi-builder-workspace/.dependencies/checkouts/sdk_core_utilities_ios/ZendeskSDKCoreUtilities.xcframework'. (in target 'ZendeskSDKCoreUtilities-product' from project 'ZendeskSDKCoreUtilities')
/Users/admin/builder/spi-builder-workspace/.dependencies/checkouts/sdk_storage_ios/ZendeskSDKStorage.xcframework:1:1: error: While building for macOS, no library for this platform was found in '/Users/admin/builder/spi-builder-workspace/.dependencies/checkouts/sdk_storage_ios/ZendeskSDKStorage.xcframework'. (in target 'ZendeskSDKStorage-product' from project 'ZendeskSDKStorage')
/Users/admin/builder/spi-builder-workspace/.dependencies/checkouts/sdk_logger_ios/ZendeskSDKLogger.xcframework:1:1: error: While building for macOS, no library for this platform was found in '/Users/admin/builder/spi-builder-workspace/.dependencies/checkouts/sdk_logger_ios/ZendeskSDKLogger.xcframework'. (in target 'ZendeskSDKStorage-product' from project 'ZendeskSDKStorage')
/Users/admin/builder/spi-builder-workspace/.dependencies/checkouts/sdk_logger_ios/ZendeskSDKLogger.xcframework:1:1: error: While building for macOS, no library for this platform was found in '/Users/admin/builder/spi-builder-workspace/.dependencies/checkouts/sdk_logger_ios/ZendeskSDKLogger.xcframework'. (in target 'ZendeskSDKStorage-product' from project 'ZendeskSDKStorage')
/Users/admin/builder/spi-builder-workspace/.dependencies/checkouts/sdk_logger_ios/ZendeskSDKLogger.xcframework:1:1: error: While building for macOS, no library for this platform was found in '/Users/admin/builder/spi-builder-workspace/.dependencies/checkouts/sdk_logger_ios/ZendeskSDKLogger.xcframework'. (in target 'ZendeskSDKLogger-product' from project 'ZendeskSDKLogger')
/Users/admin/builder/spi-builder-workspace/.dependencies/checkouts/sdk_storage_ios/ZendeskSDKStorage.xcframework:1:1: error: While building for macOS, no library for this platform was found in '/Users/admin/builder/spi-builder-workspace/.dependencies/checkouts/sdk_storage_ios/ZendeskSDKStorage.xcframework'. (in target 'ZendeskSDKStorageTargets' from project 'ZendeskSDKStorage')
/Users/admin/builder/spi-builder-workspace/.dependencies/checkouts/sdk_logger_ios/ZendeskSDKLogger.xcframework:1:1: error: While building for macOS, no library for this platform was found in '/Users/admin/builder/spi-builder-workspace/.dependencies/checkouts/sdk_logger_ios/ZendeskSDKLogger.xcframework'. (in target 'ZendeskSDKStorageTargets' from project 'ZendeskSDKStorage')
/Users/admin/builder/spi-builder-workspace/.dependencies/checkouts/sdk_http_client_ios/ZendeskSDKHTTPClient.xcframework:1:1: error: While building for macOS, no library for this platform was found in '/Users/admin/builder/spi-builder-workspace/.dependencies/checkouts/sdk_http_client_ios/ZendeskSDKHTTPClient.xcframework'. (in target 'ZendeskSDKHTTPClient-product' from project 'ZendeskSDKHTTPClient')
/Users/admin/builder/spi-builder-workspace/.dependencies/checkouts/sdk_logger_ios/ZendeskSDKLogger.xcframework:1:1: error: While building for macOS, no library for this platform was found in '/Users/admin/builder/spi-builder-workspace/.dependencies/checkouts/sdk_logger_ios/ZendeskSDKLogger.xcframework'. (in target 'ZendeskSDKHTTPClient-product' from project 'ZendeskSDKHTTPClient')
/Users/admin/builder/spi-builder-workspace/.dependencies/checkouts/sdk_logger_ios/ZendeskSDKLogger.xcframework:1:1: error: While building for macOS, no library for this platform was found in '/Users/admin/builder/spi-builder-workspace/.dependencies/checkouts/sdk_logger_ios/ZendeskSDKLogger.xcframework'. (in target 'ZendeskSDKHTTPClient-product' from project 'ZendeskSDKHTTPClient')
/Users/admin/builder/spi-builder-workspace/ZendeskSDK.xcframework:1:1: error: While building for macOS, no library for this platform was found in '/Users/admin/builder/spi-builder-workspace/ZendeskSDK.xcframework'. (in target 'ZendeskSDKTargets' from project 'ZendeskSDK')
/Users/admin/builder/spi-builder-workspace/.dependencies/checkouts/sdk_core_utilities_ios/ZendeskSDKCoreUtilities.xcframework:1:1: error: While building for macOS, no library for this platform was found in '/Users/admin/builder/spi-builder-workspace/.dependencies/checkouts/sdk_core_utilities_ios/ZendeskSDKCoreUtilities.xcframework'. (in target 'ZendeskSDKTargets' from project 'ZendeskSDK')
/Users/admin/builder/spi-builder-workspace/.dependencies/checkouts/sdk_faye_client_ios/ZendeskSDKFayeClient.xcframework:1:1: error: While building for macOS, no library for this platform was found in '/Users/admin/builder/spi-builder-workspace/.dependencies/checkouts/sdk_faye_client_ios/ZendeskSDKFayeClient.xcframework'. (in target 'ZendeskSDKFayeClientTargets' from project 'ZendeskSDKFayeClient')
/Users/admin/builder/spi-builder-workspace/.dependencies/checkouts/sdk_logger_ios/ZendeskSDKLogger.xcframework:1:1: error: While building for macOS, no library for this platform was found in '/Users/admin/builder/spi-builder-workspace/.dependencies/checkouts/sdk_logger_ios/ZendeskSDKLogger.xcframework'. (in target 'ZendeskSDKFayeClientTargets' from project 'ZendeskSDKFayeClient')
/Users/admin/builder/spi-builder-workspace/.dependencies/checkouts/sdk_http_client_ios/ZendeskSDKHTTPClient.xcframework:1:1: error: While building for macOS, no library for this platform was found in '/Users/admin/builder/spi-builder-workspace/.dependencies/checkouts/sdk_http_client_ios/ZendeskSDKHTTPClient.xcframework'. (in target 'ZendeskSDKHTTPClientTargets' from project 'ZendeskSDKHTTPClient')
/Users/admin/builder/spi-builder-workspace/.dependencies/checkouts/sdk_logger_ios/ZendeskSDKLogger.xcframework:1:1: error: While building for macOS, no library for this platform was found in '/Users/admin/builder/spi-builder-workspace/.dependencies/checkouts/sdk_logger_ios/ZendeskSDKLogger.xcframework'. (in target 'ZendeskSDKHTTPClientTargets' from project 'ZendeskSDKHTTPClient')
/Users/admin/builder/spi-builder-workspace/.dependencies/checkouts/sdk_faye_client_ios/ZendeskSDKFayeClient.xcframework:1:1: error: While building for macOS, no library for this platform was found in '/Users/admin/builder/spi-builder-workspace/.dependencies/checkouts/sdk_faye_client_ios/ZendeskSDKFayeClient.xcframework'. (in target 'ZendeskSDKFayeClient-product' from project 'ZendeskSDKFayeClient')
/Users/admin/builder/spi-builder-workspace/.dependencies/checkouts/sdk_logger_ios/ZendeskSDKLogger.xcframework:1:1: error: While building for macOS, no library for this platform was found in '/Users/admin/builder/spi-builder-workspace/.dependencies/checkouts/sdk_logger_ios/ZendeskSDKLogger.xcframework'. (in target 'ZendeskSDKFayeClient-product' from project 'ZendeskSDKFayeClient')
/Users/admin/builder/spi-builder-workspace/.dependencies/checkouts/sdk_socket_client_ios/ZendeskSDKSocketClient.xcframework:1:1: error: While building for macOS, no library for this platform was found in '/Users/admin/builder/spi-builder-workspace/.dependencies/checkouts/sdk_socket_client_ios/ZendeskSDKSocketClient.xcframework'. (in target 'ZendeskSDKFayeClient-product' from project 'ZendeskSDKFayeClient')
/Users/admin/builder/spi-builder-workspace/.dependencies/checkouts/sdk_logger_ios/ZendeskSDKLogger.xcframework:1:1: error: While building for macOS, no library for this platform was found in '/Users/admin/builder/spi-builder-workspace/.dependencies/checkouts/sdk_logger_ios/ZendeskSDKLogger.xcframework'. (in target 'ZendeskSDKFayeClient-product' from project 'ZendeskSDKFayeClient')
/Users/admin/builder/spi-builder-workspace/.dependencies/checkouts/sdk_logger_ios/ZendeskSDKLogger.xcframework:1:1: error: While building for macOS, no library for this platform was found in '/Users/admin/builder/spi-builder-workspace/.dependencies/checkouts/sdk_logger_ios/ZendeskSDKLogger.xcframework'. (in target 'ZendeskSDKFayeClient-product' from project 'ZendeskSDKFayeClient')
/Users/admin/builder/spi-builder-workspace/.dependencies/checkouts/sdk_socket_client_ios/ZendeskSDKSocketClient.xcframework:1:1: error: While building for macOS, no library for this platform was found in '/Users/admin/builder/spi-builder-workspace/.dependencies/checkouts/sdk_socket_client_ios/ZendeskSDKSocketClient.xcframework'. (in target 'ZendeskSDKSocketClientTargets' from project 'ZendeskSDKSocketClient')
/Users/admin/builder/spi-builder-workspace/.dependencies/checkouts/sdk_logger_ios/ZendeskSDKLogger.xcframework:1:1: error: While building for macOS, no library for this platform was found in '/Users/admin/builder/spi-builder-workspace/.dependencies/checkouts/sdk_logger_ios/ZendeskSDKLogger.xcframework'. (in target 'ZendeskSDKSocketClientTargets' from project 'ZendeskSDKSocketClient')
/Users/admin/builder/spi-builder-workspace/.dependencies/checkouts/sdk_socket_client_ios/ZendeskSDKSocketClient.xcframework:1:1: error: While building for macOS, no library for this platform was found in '/Users/admin/builder/spi-builder-workspace/.dependencies/checkouts/sdk_socket_client_ios/ZendeskSDKSocketClient.xcframework'. (in target 'ZendeskSDKSocketClient-product' from project 'ZendeskSDKSocketClient')
/Users/admin/builder/spi-builder-workspace/.dependencies/checkouts/sdk_logger_ios/ZendeskSDKLogger.xcframework:1:1: error: While building for macOS, no library for this platform was found in '/Users/admin/builder/spi-builder-workspace/.dependencies/checkouts/sdk_logger_ios/ZendeskSDKLogger.xcframework'. (in target 'ZendeskSDKSocketClient-product' from project 'ZendeskSDKSocketClient')
/Users/admin/builder/spi-builder-workspace/.dependencies/checkouts/sdk_logger_ios/ZendeskSDKLogger.xcframework:1:1: error: While building for macOS, no library for this platform was found in '/Users/admin/builder/spi-builder-workspace/.dependencies/checkouts/sdk_logger_ios/ZendeskSDKLogger.xcframework'. (in target 'ZendeskSDKSocketClient-product' from project 'ZendeskSDKSocketClient')
/Users/admin/builder/spi-builder-workspace/ZendeskSDK.xcframework:1:1: error: While building for macOS, no library for this platform was found in '/Users/admin/builder/spi-builder-workspace/ZendeskSDK.xcframework'. (in target 'ZendeskSDK-product' from project 'ZendeskSDK')
/Users/admin/builder/spi-builder-workspace/.dependencies/checkouts/sdk_core_utilities_ios/ZendeskSDKCoreUtilities.xcframework:1:1: error: While building for macOS, no library for this platform was found in '/Users/admin/builder/spi-builder-workspace/.dependencies/checkouts/sdk_core_utilities_ios/ZendeskSDKCoreUtilities.xcframework'. (in target 'ZendeskSDK-product' from project 'ZendeskSDK')
/Users/admin/builder/spi-builder-workspace/.dependencies/checkouts/sdk_conversation_kit_ios/ZendeskSDKConversationKit.xcframework:1:1: error: While building for macOS, no library for this platform was found in '/Users/admin/builder/spi-builder-workspace/.dependencies/checkouts/sdk_conversation_kit_ios/ZendeskSDKConversationKit.xcframework'. (in target 'ZendeskSDK-product' from project 'ZendeskSDK')
/Users/admin/builder/spi-builder-workspace/.dependencies/checkouts/sdk_core_utilities_ios/ZendeskSDKCoreUtilities.xcframework:1:1: error: While building for macOS, no library for this platform was found in '/Users/admin/builder/spi-builder-workspace/.dependencies/checkouts/sdk_core_utilities_ios/ZendeskSDKCoreUtilities.xcframework'. (in target 'ZendeskSDK-product' from project 'ZendeskSDK')
/Users/admin/builder/spi-builder-workspace/.dependencies/checkouts/sdk_core_utilities_ios/ZendeskSDKCoreUtilities.xcframework:1:1: error: While building for macOS, no library for this platform was found in '/Users/admin/builder/spi-builder-workspace/.dependencies/checkouts/sdk_core_utilities_ios/ZendeskSDKCoreUtilities.xcframework'. (in target 'ZendeskSDK-product' from project 'ZendeskSDK')
/Users/admin/builder/spi-builder-workspace/.dependencies/checkouts/sdk_faye_client_ios/ZendeskSDKFayeClient.xcframework:1:1: error: While building for macOS, no library for this platform was found in '/Users/admin/builder/spi-builder-workspace/.dependencies/checkouts/sdk_faye_client_ios/ZendeskSDKFayeClient.xcframework'. (in target 'ZendeskSDK-product' from project 'ZendeskSDK')
/Users/admin/builder/spi-builder-workspace/.dependencies/checkouts/sdk_logger_ios/ZendeskSDKLogger.xcframework:1:1: error: While building for macOS, no library for this platform was found in '/Users/admin/builder/spi-builder-workspace/.dependencies/checkouts/sdk_logger_ios/ZendeskSDKLogger.xcframework'. (in target 'ZendeskSDK-product' from project 'ZendeskSDK')
/Users/admin/builder/spi-builder-workspace/.dependencies/checkouts/sdk_http_client_ios/ZendeskSDKHTTPClient.xcframework:1:1: error: While building for macOS, no library for this platform was found in '/Users/admin/builder/spi-builder-workspace/.dependencies/checkouts/sdk_http_client_ios/ZendeskSDKHTTPClient.xcframework'. (in target 'ZendeskSDK-product' from project 'ZendeskSDK')
/Users/admin/builder/spi-builder-workspace/.dependencies/checkouts/sdk_logger_ios/ZendeskSDKLogger.xcframework:1:1: error: While building for macOS, no library for this platform was found in '/Users/admin/builder/spi-builder-workspace/.dependencies/checkouts/sdk_logger_ios/ZendeskSDKLogger.xcframework'. (in target 'ZendeskSDK-product' from project 'ZendeskSDK')
/Users/admin/builder/spi-builder-workspace/.dependencies/checkouts/sdk_storage_ios/ZendeskSDKStorage.xcframework:1:1: error: While building for macOS, no library for this platform was found in '/Users/admin/builder/spi-builder-workspace/.dependencies/checkouts/sdk_storage_ios/ZendeskSDKStorage.xcframework'. (in target 'ZendeskSDK-product' from project 'ZendeskSDK')
/Users/admin/builder/spi-builder-workspace/.dependencies/checkouts/sdk_logger_ios/ZendeskSDKLogger.xcframework:1:1: error: While building for macOS, no library for this platform was found in '/Users/admin/builder/spi-builder-workspace/.dependencies/checkouts/sdk_logger_ios/ZendeskSDKLogger.xcframework'. (in target 'ZendeskSDK-product' from project 'ZendeskSDK')
/Users/admin/builder/spi-builder-workspace/.dependencies/checkouts/sdk_socket_client_ios/ZendeskSDKSocketClient.xcframework:1:1: error: While building for macOS, no library for this platform was found in '/Users/admin/builder/spi-builder-workspace/.dependencies/checkouts/sdk_socket_client_ios/ZendeskSDKSocketClient.xcframework'. (in target 'ZendeskSDK-product' from project 'ZendeskSDK')
/Users/admin/builder/spi-builder-workspace/.dependencies/checkouts/sdk_logger_ios/ZendeskSDKLogger.xcframework:1:1: error: While building for macOS, no library for this platform was found in '/Users/admin/builder/spi-builder-workspace/.dependencies/checkouts/sdk_logger_ios/ZendeskSDKLogger.xcframework'. (in target 'ZendeskSDK-product' from project 'ZendeskSDK')
/Users/admin/builder/spi-builder-workspace/.dependencies/checkouts/sdk_logger_ios/ZendeskSDKLogger.xcframework:1:1: error: While building for macOS, no library for this platform was found in '/Users/admin/builder/spi-builder-workspace/.dependencies/checkouts/sdk_logger_ios/ZendeskSDKLogger.xcframework'. (in target 'ZendeskSDK-product' from project 'ZendeskSDK')
/Users/admin/builder/spi-builder-workspace/.dependencies/checkouts/sdk_conversation_kit_ios/ZendeskSDKConversationKit.xcframework:1:1: error: While building for macOS, no library for this platform was found in '/Users/admin/builder/spi-builder-workspace/.dependencies/checkouts/sdk_conversation_kit_ios/ZendeskSDKConversationKit.xcframework'. (in target 'ZendeskSDKConversationKitTargets' from project 'ZendeskSDKConversationKit')
/Users/admin/builder/spi-builder-workspace/.dependencies/checkouts/sdk_core_utilities_ios/ZendeskSDKCoreUtilities.xcframework:1:1: error: While building for macOS, no library for this platform was found in '/Users/admin/builder/spi-builder-workspace/.dependencies/checkouts/sdk_core_utilities_ios/ZendeskSDKCoreUtilities.xcframework'. (in target 'ZendeskSDKConversationKitTargets' from project 'ZendeskSDKConversationKit')
/Users/admin/builder/spi-builder-workspace/.dependencies/checkouts/sdk_conversation_kit_ios/ZendeskSDKConversationKit.xcframework:1:1: error: While building for macOS, no library for this platform was found in '/Users/admin/builder/spi-builder-workspace/.dependencies/checkouts/sdk_conversation_kit_ios/ZendeskSDKConversationKit.xcframework'. (in target 'ZendeskSDKConversationKit-product' from project 'ZendeskSDKConversationKit')
/Users/admin/builder/spi-builder-workspace/.dependencies/checkouts/sdk_core_utilities_ios/ZendeskSDKCoreUtilities.xcframework:1:1: error: While building for macOS, no library for this platform was found in '/Users/admin/builder/spi-builder-workspace/.dependencies/checkouts/sdk_core_utilities_ios/ZendeskSDKCoreUtilities.xcframework'. (in target 'ZendeskSDKConversationKit-product' from project 'ZendeskSDKConversationKit')
/Users/admin/builder/spi-builder-workspace/.dependencies/checkouts/sdk_faye_client_ios/ZendeskSDKFayeClient.xcframework:1:1: error: While building for macOS, no library for this platform was found in '/Users/admin/builder/spi-builder-workspace/.dependencies/checkouts/sdk_faye_client_ios/ZendeskSDKFayeClient.xcframework'. (in target 'ZendeskSDKConversationKit-product' from project 'ZendeskSDKConversationKit')
/Users/admin/builder/spi-builder-workspace/.dependencies/checkouts/sdk_logger_ios/ZendeskSDKLogger.xcframework:1:1: error: While building for macOS, no library for this platform was found in '/Users/admin/builder/spi-builder-workspace/.dependencies/checkouts/sdk_logger_ios/ZendeskSDKLogger.xcframework'. (in target 'ZendeskSDKConversationKit-product' from project 'ZendeskSDKConversationKit')
/Users/admin/builder/spi-builder-workspace/.dependencies/checkouts/sdk_http_client_ios/ZendeskSDKHTTPClient.xcframework:1:1: error: While building for macOS, no library for this platform was found in '/Users/admin/builder/spi-builder-workspace/.dependencies/checkouts/sdk_http_client_ios/ZendeskSDKHTTPClient.xcframework'. (in target 'ZendeskSDKConversationKit-product' from project 'ZendeskSDKConversationKit')
/Users/admin/builder/spi-builder-workspace/.dependencies/checkouts/sdk_logger_ios/ZendeskSDKLogger.xcframework:1:1: error: While building for macOS, no library for this platform was found in '/Users/admin/builder/spi-builder-workspace/.dependencies/checkouts/sdk_logger_ios/ZendeskSDKLogger.xcframework'. (in target 'ZendeskSDKConversationKit-product' from project 'ZendeskSDKConversationKit')
/Users/admin/builder/spi-builder-workspace/.dependencies/checkouts/sdk_storage_ios/ZendeskSDKStorage.xcframework:1:1: error: While building for macOS, no library for this platform was found in '/Users/admin/builder/spi-builder-workspace/.dependencies/checkouts/sdk_storage_ios/ZendeskSDKStorage.xcframework'. (in target 'ZendeskSDKConversationKit-product' from project 'ZendeskSDKConversationKit')
/Users/admin/builder/spi-builder-workspace/.dependencies/checkouts/sdk_logger_ios/ZendeskSDKLogger.xcframework:1:1: error: While building for macOS, no library for this platform was found in '/Users/admin/builder/spi-builder-workspace/.dependencies/checkouts/sdk_logger_ios/ZendeskSDKLogger.xcframework'. (in target 'ZendeskSDKConversationKit-product' from project 'ZendeskSDKConversationKit')
/Users/admin/builder/spi-builder-workspace/.dependencies/checkouts/sdk_core_utilities_ios/ZendeskSDKCoreUtilities.xcframework:1:1: error: While building for macOS, no library for this platform was found in '/Users/admin/builder/spi-builder-workspace/.dependencies/checkouts/sdk_core_utilities_ios/ZendeskSDKCoreUtilities.xcframework'. (in target 'ZendeskSDKConversationKit-product' from project 'ZendeskSDKConversationKit')
/Users/admin/builder/spi-builder-workspace/.dependencies/checkouts/sdk_socket_client_ios/ZendeskSDKSocketClient.xcframework:1:1: error: While building for macOS, no library for this platform was found in '/Users/admin/builder/spi-builder-workspace/.dependencies/checkouts/sdk_socket_client_ios/ZendeskSDKSocketClient.xcframework'. (in target 'ZendeskSDKConversationKit-product' from project 'ZendeskSDKConversationKit')
/Users/admin/builder/spi-builder-workspace/.dependencies/checkouts/sdk_logger_ios/ZendeskSDKLogger.xcframework:1:1: error: While building for macOS, no library for this platform was found in '/Users/admin/builder/spi-builder-workspace/.dependencies/checkouts/sdk_logger_ios/ZendeskSDKLogger.xcframework'. (in target 'ZendeskSDKConversationKit-product' from project 'ZendeskSDKConversationKit')
/Users/admin/builder/spi-builder-workspace/.dependencies/checkouts/sdk_logger_ios/ZendeskSDKLogger.xcframework:1:1: error: While building for macOS, no library for this platform was found in '/Users/admin/builder/spi-builder-workspace/.dependencies/checkouts/sdk_logger_ios/ZendeskSDKLogger.xcframework'. (in target 'ZendeskSDKConversationKit-product' from project 'ZendeskSDKConversationKit')
2026-10-03 12:47:33.277 xcodebuild[1402:8604] [MT] IDERunDestination: Supported platforms for the buildables in the current scheme is empty.
--- xcodebuild: WARNING: Using the first of multiple matching destinations:
{ platform:macOS, arch:arm64, id:2764e9ebf8142ed55058ef6d83c28c6c643afe7e, name:My Mac }
{ platform:macOS, arch:arm64, variant:Mac Catalyst, id:2764e9ebf8142ed55058ef6d83c28c6c643afe7e, name:My Mac }
{ platform:macOS, arch:arm64, variant:DriverKit, id:2764e9ebf8142ed55058ef6d83c28c6c643afe7e, name:My Mac }
{ platform:macOS, arch:arm64, variant:Designed for [iPad,iPhone], id:2764e9ebf8142ed55058ef6d83c28c6c643afe7e, name:My Mac }
** BUILD FAILED **
The following build commands failed:
Building workspace ZendeskSDK with scheme ZendeskSDK
(1 failure)
Command line invocation:
/Applications/Xcode-27.0.0-Release.Candidate.app/Contents/Developer/usr/bin/xcodebuild -IDEClonedSourcePackagesDirPathOverride=/Users/admin/builder/spi-builder-workspace/.dependencies -resolvePackageDependencies
Resolve Package Graph
Resolved source packages:
ZendeskSDKFayeClient: https://github.com/zendesk/sdk_faye_client_ios @ 1.17.0
ZendeskSDKStorage: https://github.com/zendesk/sdk_storage_ios @ 1.7.0
ZendeskSDK: /Users/admin/builder/spi-builder-workspace
ZendeskSDKConversationKit: https://github.com/zendesk/sdk_conversation_kit_ios @ 15.1.0
ZendeskSDKCoreUtilities: https://github.com/zendesk/sdk_core_utilities_ios @ 8.2.0
ZendeskSDKHTTPClient: https://github.com/zendesk/sdk_http_client_ios @ 0.22.0
ZendeskSDKSocketClient: https://github.com/zendesk/sdk_socket_client_ios @ 1.15.0
ZendeskSDKLogger: https://github.com/zendesk/sdk_logger_ios @ 0.12.0
resolved source packages: ZendeskSDKFayeClient, ZendeskSDKStorage, ZendeskSDK, ZendeskSDKConversationKit, ZendeskSDKCoreUtilities, ZendeskSDKHTTPClient, ZendeskSDKSocketClient, ZendeskSDKLogger
2026-10-03 12:47:50.652 xcodebuild[1472:9116] [MT] IDERunDestination: Supported platforms for the buildables in the current scheme is empty.
{
"dependencies" : [
{
"identity" : "sdk_conversation_kit_ios",
"requirement" : {
"range" : [
{
"lower_bound" : "15.1.0",
"upper_bound" : "16.0.0"
}
]
},
"type" : "sourceControl",
"url" : "https://github.com/zendesk/sdk_conversation_kit_ios"
},
{
"identity" : "sdk_core_utilities_ios",
"requirement" : {
"range" : [
{
"lower_bound" : "8.2.0",
"upper_bound" : "9.0.0"
}
]
},
"type" : "sourceControl",
"url" : "https://github.com/zendesk/sdk_core_utilities_ios"
}
],
"manifest_display_name" : "ZendeskSDK",
"name" : "ZendeskSDK",
"path" : "/Users/admin/builder/spi-builder-workspace",
"platforms" : [
{
"name" : "ios",
"version" : "16.0"
}
],
"products" : [
{
"name" : "ZendeskSDK",
"targets" : [
"ZendeskSDKTargets"
],
"type" : {
"library" : [
"automatic"
]
}
}
],
"targets" : [
{
"c99name" : "ZendeskSDKTargets",
"module_type" : "SwiftTarget",
"name" : "ZendeskSDKTargets",
"path" : "Sources",
"product_dependencies" : [
"ZendeskSDKConversationKit",
"ZendeskSDKCoreUtilities"
],
"product_memberships" : [
"ZendeskSDK"
],
"sources" : [
"Placeholder.swift"
],
"target_dependencies" : [
"ZendeskSDK"
],
"type" : "library"
},
{
"c99name" : "ZendeskSDK",
"module_type" : "BinaryTarget",
"name" : "ZendeskSDK",
"path" : "ZendeskSDK.xcframework",
"product_memberships" : [
"ZendeskSDK"
],
"sources" : [
],
"type" : "binary"
}
],
"tools_version" : "5.7"
}
{
"workspace" : {
"name" : "ZendeskSDK",
"schemes" : [
"ZendeskSDK"
]
}
}
2026-10-03 12:48:06.707 xcodebuild[1480:9215] [MT] IDERunDestination: Supported platforms for the buildables in the current scheme is empty.
Running build ...
env DEVELOPER_DIR=/Applications/Xcode-27.0.0-Release.Candidate.app xcrun xcodebuild -IDEClonedSourcePackagesDirPathOverride=$PWD/.dependencies -skipMacroValidation -skipPackagePluginValidation -derivedDataPath $PWD/.derivedData build -scheme ZendeskSDK -destination platform=macOS,arch=arm64
Command line invocation:
/Applications/Xcode-27.0.0-Release.Candidate.app/Contents/Developer/usr/bin/xcodebuild -IDEClonedSourcePackagesDirPathOverride=/Users/admin/builder/spi-builder-workspace/.dependencies -skipMacroValidation -skipPackagePluginValidation -derivedDataPath /Users/admin/builder/spi-builder-workspace/.derivedData build -scheme ZendeskSDK -destination platform=macOS,arch=arm64
Resolve Package Graph
Resolved source packages:
ZendeskSDKStorage: https://github.com/zendesk/sdk_storage_ios @ 1.7.0
ZendeskSDKHTTPClient: https://github.com/zendesk/sdk_http_client_ios @ 0.22.0
ZendeskSDKFayeClient: https://github.com/zendesk/sdk_faye_client_ios @ 1.17.0
ZendeskSDKSocketClient: https://github.com/zendesk/sdk_socket_client_ios @ 1.15.0
ZendeskSDKCoreUtilities: https://github.com/zendesk/sdk_core_utilities_ios @ 8.2.0
ZendeskSDKConversationKit: https://github.com/zendesk/sdk_conversation_kit_ios @ 15.1.0
ZendeskSDKLogger: https://github.com/zendesk/sdk_logger_ios @ 0.12.0
ZendeskSDK: /Users/admin/builder/spi-builder-workspace
ComputePackagePrebuildTargetDependencyGraph
Prepare packages
CreateBuildRequest
SendProjectDescription
CreateBuildOperation
ComputeTargetDependencyGraph
note: Building targets in dependency order
note: Target dependency graph (14 targets)
Target 'ZendeskSDK-product' in project 'ZendeskSDK'
➜ Explicit dependency on target 'ZendeskSDKTargets' in project 'ZendeskSDK'
➜ Explicit dependency on target 'ZendeskSDKConversationKit-product' in project 'ZendeskSDKConversationKit'
➜ Explicit dependency on target 'ZendeskSDKCoreUtilities-product' in project 'ZendeskSDKCoreUtilities'
Target 'ZendeskSDKTargets' in project 'ZendeskSDK'
➜ Explicit dependency on target 'ZendeskSDKConversationKit-product' in project 'ZendeskSDKConversationKit'
➜ Explicit dependency on target 'ZendeskSDKCoreUtilities-product' in project 'ZendeskSDKCoreUtilities'
Target 'ZendeskSDKConversationKit-product' in project 'ZendeskSDKConversationKit'
➜ Explicit dependency on target 'ZendeskSDKConversationKitTargets' in project 'ZendeskSDKConversationKit'
➜ Explicit dependency on target 'ZendeskSDKFayeClient-product' in project 'ZendeskSDKFayeClient'
➜ Explicit dependency on target 'ZendeskSDKHTTPClient-product' in project 'ZendeskSDKHTTPClient'
➜ Explicit dependency on target 'ZendeskSDKStorage-product' in project 'ZendeskSDKStorage'
➜ Explicit dependency on target 'ZendeskSDKCoreUtilities-product' in project 'ZendeskSDKCoreUtilities'
Target 'ZendeskSDKConversationKitTargets' in project 'ZendeskSDKConversationKit'
➜ Explicit dependency on target 'ZendeskSDKFayeClient-product' in project 'ZendeskSDKFayeClient'
➜ Explicit dependency on target 'ZendeskSDKHTTPClient-product' in project 'ZendeskSDKHTTPClient'
➜ Explicit dependency on target 'ZendeskSDKStorage-product' in project 'ZendeskSDKStorage'
➜ Explicit dependency on target 'ZendeskSDKCoreUtilities-product' in project 'ZendeskSDKCoreUtilities'
Target 'ZendeskSDKCoreUtilities-product' in project 'ZendeskSDKCoreUtilities' (no dependencies)
Target 'ZendeskSDKStorage-product' in project 'ZendeskSDKStorage'
➜ Explicit dependency on target 'ZendeskSDKStorageTargets' in project 'ZendeskSDKStorage'
➜ Explicit dependency on target 'ZendeskSDKLogger-product' in project 'ZendeskSDKLogger'
Target 'ZendeskSDKStorageTargets' in project 'ZendeskSDKStorage'
➜ Explicit dependency on target 'ZendeskSDKLogger-product' in project 'ZendeskSDKLogger'
Target 'ZendeskSDKHTTPClient-product' in project 'ZendeskSDKHTTPClient'
➜ Explicit dependency on target 'ZendeskSDKHTTPClientTargets' in project 'ZendeskSDKHTTPClient'
➜ Explicit dependency on target 'ZendeskSDKLogger-product' in project 'ZendeskSDKLogger'
Target 'ZendeskSDKHTTPClientTargets' in project 'ZendeskSDKHTTPClient'
➜ Explicit dependency on target 'ZendeskSDKLogger-product' in project 'ZendeskSDKLogger'
Target 'ZendeskSDKFayeClient-product' in project 'ZendeskSDKFayeClient'
➜ Explicit dependency on target 'ZendeskSDKFayeClientTargets' in project 'ZendeskSDKFayeClient'
➜ Explicit dependency on target 'ZendeskSDKSocketClient-product' in project 'ZendeskSDKSocketClient'
➜ Explicit dependency on target 'ZendeskSDKLogger-product' in project 'ZendeskSDKLogger'
Target 'ZendeskSDKFayeClientTargets' in project 'ZendeskSDKFayeClient'
➜ Explicit dependency on target 'ZendeskSDKSocketClient-product' in project 'ZendeskSDKSocketClient'
➜ Explicit dependency on target 'ZendeskSDKLogger-product' in project 'ZendeskSDKLogger'
Target 'ZendeskSDKSocketClient-product' in project 'ZendeskSDKSocketClient'
➜ Explicit dependency on target 'ZendeskSDKSocketClientTargets' in project 'ZendeskSDKSocketClient'
➜ Explicit dependency on target 'ZendeskSDKLogger-product' in project 'ZendeskSDKLogger'
Target 'ZendeskSDKSocketClientTargets' in project 'ZendeskSDKSocketClient'
➜ Explicit dependency on target 'ZendeskSDKLogger-product' in project 'ZendeskSDKLogger'
Target 'ZendeskSDKLogger-product' in project 'ZendeskSDKLogger' (no dependencies)
GatherProvisioningInputs
CreateBuildDescription
/Users/admin/builder/spi-builder-workspace/.dependencies/checkouts/sdk_logger_ios/ZendeskSDKLogger.xcframework:1:1: error: While building for macOS, no library for this platform was found in '/Users/admin/builder/spi-builder-workspace/.dependencies/checkouts/sdk_logger_ios/ZendeskSDKLogger.xcframework'. (in target 'ZendeskSDKSocketClient-product' from project 'ZendeskSDKSocketClient')
/Users/admin/builder/spi-builder-workspace/.dependencies/checkouts/sdk_logger_ios/ZendeskSDKLogger.xcframework:1:1: error: While building for macOS, no library for this platform was found in '/Users/admin/builder/spi-builder-workspace/.dependencies/checkouts/sdk_logger_ios/ZendeskSDKLogger.xcframework'. (in target 'ZendeskSDKSocketClient-product' from project 'ZendeskSDKSocketClient')
/Users/admin/builder/spi-builder-workspace/.dependencies/checkouts/sdk_socket_client_ios/ZendeskSDKSocketClient.xcframework:1:1: error: While building for macOS, no library for this platform was found in '/Users/admin/builder/spi-builder-workspace/.dependencies/checkouts/sdk_socket_client_ios/ZendeskSDKSocketClient.xcframework'. (in target 'ZendeskSDKSocketClient-product' from project 'ZendeskSDKSocketClient')
/Users/admin/builder/spi-builder-workspace/.dependencies/checkouts/sdk_core_utilities_ios/ZendeskSDKCoreUtilities.xcframework:1:1: error: While building for macOS, no library for this platform was found in '/Users/admin/builder/spi-builder-workspace/.dependencies/checkouts/sdk_core_utilities_ios/ZendeskSDKCoreUtilities.xcframework'. (in target 'ZendeskSDKTargets' from project 'ZendeskSDK')
/Users/admin/builder/spi-builder-workspace/ZendeskSDK.xcframework:1:1: error: While building for macOS, no library for this platform was found in '/Users/admin/builder/spi-builder-workspace/ZendeskSDK.xcframework'. (in target 'ZendeskSDKTargets' from project 'ZendeskSDK')
/Users/admin/builder/spi-builder-workspace/.dependencies/checkouts/sdk_faye_client_ios/ZendeskSDKFayeClient.xcframework:1:1: error: While building for macOS, no library for this platform was found in '/Users/admin/builder/spi-builder-workspace/.dependencies/checkouts/sdk_faye_client_ios/ZendeskSDKFayeClient.xcframework'. (in target 'ZendeskSDKFayeClient-product' from project 'ZendeskSDKFayeClient')
/Users/admin/builder/spi-builder-workspace/.dependencies/checkouts/sdk_logger_ios/ZendeskSDKLogger.xcframework:1:1: error: While building for macOS, no library for this platform was found in '/Users/admin/builder/spi-builder-workspace/.dependencies/checkouts/sdk_logger_ios/ZendeskSDKLogger.xcframework'. (in target 'ZendeskSDKFayeClient-product' from project 'ZendeskSDKFayeClient')
/Users/admin/builder/spi-builder-workspace/.dependencies/checkouts/sdk_logger_ios/ZendeskSDKLogger.xcframework:1:1: error: While building for macOS, no library for this platform was found in '/Users/admin/builder/spi-builder-workspace/.dependencies/checkouts/sdk_logger_ios/ZendeskSDKLogger.xcframework'. (in target 'ZendeskSDKFayeClient-product' from project 'ZendeskSDKFayeClient')
/Users/admin/builder/spi-builder-workspace/.dependencies/checkouts/sdk_logger_ios/ZendeskSDKLogger.xcframework:1:1: error: While building for macOS, no library for this platform was found in '/Users/admin/builder/spi-builder-workspace/.dependencies/checkouts/sdk_logger_ios/ZendeskSDKLogger.xcframework'. (in target 'ZendeskSDKFayeClient-product' from project 'ZendeskSDKFayeClient')
/Users/admin/builder/spi-builder-workspace/.dependencies/checkouts/sdk_socket_client_ios/ZendeskSDKSocketClient.xcframework:1:1: error: While building for macOS, no library for this platform was found in '/Users/admin/builder/spi-builder-workspace/.dependencies/checkouts/sdk_socket_client_ios/ZendeskSDKSocketClient.xcframework'. (in target 'ZendeskSDKFayeClient-product' from project 'ZendeskSDKFayeClient')
/Users/admin/builder/spi-builder-workspace/.dependencies/checkouts/sdk_http_client_ios/ZendeskSDKHTTPClient.xcframework:1:1: error: While building for macOS, no library for this platform was found in '/Users/admin/builder/spi-builder-workspace/.dependencies/checkouts/sdk_http_client_ios/ZendeskSDKHTTPClient.xcframework'. (in target 'ZendeskSDKHTTPClientTargets' from project 'ZendeskSDKHTTPClient')
/Users/admin/builder/spi-builder-workspace/.dependencies/checkouts/sdk_logger_ios/ZendeskSDKLogger.xcframework:1:1: error: While building for macOS, no library for this platform was found in '/Users/admin/builder/spi-builder-workspace/.dependencies/checkouts/sdk_logger_ios/ZendeskSDKLogger.xcframework'. (in target 'ZendeskSDKHTTPClientTargets' from project 'ZendeskSDKHTTPClient')
/Users/admin/builder/spi-builder-workspace/.dependencies/checkouts/sdk_logger_ios/ZendeskSDKLogger.xcframework:1:1: error: While building for macOS, no library for this platform was found in '/Users/admin/builder/spi-builder-workspace/.dependencies/checkouts/sdk_logger_ios/ZendeskSDKLogger.xcframework'. (in target 'ZendeskSDKStorageTargets' from project 'ZendeskSDKStorage')
/Users/admin/builder/spi-builder-workspace/.dependencies/checkouts/sdk_storage_ios/ZendeskSDKStorage.xcframework:1:1: error: While building for macOS, no library for this platform was found in '/Users/admin/builder/spi-builder-workspace/.dependencies/checkouts/sdk_storage_ios/ZendeskSDKStorage.xcframework'. (in target 'ZendeskSDKStorageTargets' from project 'ZendeskSDKStorage')
/Users/admin/builder/spi-builder-workspace/.dependencies/checkouts/sdk_core_utilities_ios/ZendeskSDKCoreUtilities.xcframework:1:1: error: While building for macOS, no library for this platform was found in '/Users/admin/builder/spi-builder-workspace/.dependencies/checkouts/sdk_core_utilities_ios/ZendeskSDKCoreUtilities.xcframework'. (in target 'ZendeskSDKCoreUtilities-product' from project 'ZendeskSDKCoreUtilities')
/Users/admin/builder/spi-builder-workspace/.dependencies/checkouts/sdk_faye_client_ios/ZendeskSDKFayeClient.xcframework:1:1: error: While building for macOS, no library for this platform was found in '/Users/admin/builder/spi-builder-workspace/.dependencies/checkouts/sdk_faye_client_ios/ZendeskSDKFayeClient.xcframework'. (in target 'ZendeskSDKFayeClientTargets' from project 'ZendeskSDKFayeClient')
/Users/admin/builder/spi-builder-workspace/.dependencies/checkouts/sdk_logger_ios/ZendeskSDKLogger.xcframework:1:1: error: While building for macOS, no library for this platform was found in '/Users/admin/builder/spi-builder-workspace/.dependencies/checkouts/sdk_logger_ios/ZendeskSDKLogger.xcframework'. (in target 'ZendeskSDKFayeClientTargets' from project 'ZendeskSDKFayeClient')
/Users/admin/builder/spi-builder-workspace/.dependencies/checkouts/sdk_logger_ios/ZendeskSDKLogger.xcframework:1:1: error: While building for macOS, no library for this platform was found in '/Users/admin/builder/spi-builder-workspace/.dependencies/checkouts/sdk_logger_ios/ZendeskSDKLogger.xcframework'. (in target 'ZendeskSDKStorage-product' from project 'ZendeskSDKStorage')
/Users/admin/builder/spi-builder-workspace/.dependencies/checkouts/sdk_logger_ios/ZendeskSDKLogger.xcframework:1:1: error: While building for macOS, no library for this platform was found in '/Users/admin/builder/spi-builder-workspace/.dependencies/checkouts/sdk_logger_ios/ZendeskSDKLogger.xcframework'. (in target 'ZendeskSDKStorage-product' from project 'ZendeskSDKStorage')
/Users/admin/builder/spi-builder-workspace/.dependencies/checkouts/sdk_storage_ios/ZendeskSDKStorage.xcframework:1:1: error: While building for macOS, no library for this platform was found in '/Users/admin/builder/spi-builder-workspace/.dependencies/checkouts/sdk_storage_ios/ZendeskSDKStorage.xcframework'. (in target 'ZendeskSDKStorage-product' from project 'ZendeskSDKStorage')
/Users/admin/builder/spi-builder-workspace/.dependencies/checkouts/sdk_logger_ios/ZendeskSDKLogger.xcframework:1:1: error: While building for macOS, no library for this platform was found in '/Users/admin/builder/spi-builder-workspace/.dependencies/checkouts/sdk_logger_ios/ZendeskSDKLogger.xcframework'. (in target 'ZendeskSDKLogger-product' from project 'ZendeskSDKLogger')
/Users/admin/builder/spi-builder-workspace/.dependencies/checkouts/sdk_conversation_kit_ios/ZendeskSDKConversationKit.xcframework:1:1: error: While building for macOS, no library for this platform was found in '/Users/admin/builder/spi-builder-workspace/.dependencies/checkouts/sdk_conversation_kit_ios/ZendeskSDKConversationKit.xcframework'. (in target 'ZendeskSDKConversationKit-product' from project 'ZendeskSDKConversationKit')
/Users/admin/builder/spi-builder-workspace/.dependencies/checkouts/sdk_core_utilities_ios/ZendeskSDKCoreUtilities.xcframework:1:1: error: While building for macOS, no library for this platform was found in '/Users/admin/builder/spi-builder-workspace/.dependencies/checkouts/sdk_core_utilities_ios/ZendeskSDKCoreUtilities.xcframework'. (in target 'ZendeskSDKConversationKit-product' from project 'ZendeskSDKConversationKit')
/Users/admin/builder/spi-builder-workspace/.dependencies/checkouts/sdk_core_utilities_ios/ZendeskSDKCoreUtilities.xcframework:1:1: error: While building for macOS, no library for this platform was found in '/Users/admin/builder/spi-builder-workspace/.dependencies/checkouts/sdk_core_utilities_ios/ZendeskSDKCoreUtilities.xcframework'. (in target 'ZendeskSDKConversationKit-product' from project 'ZendeskSDKConversationKit')
/Users/admin/builder/spi-builder-workspace/.dependencies/checkouts/sdk_faye_client_ios/ZendeskSDKFayeClient.xcframework:1:1: error: While building for macOS, no library for this platform was found in '/Users/admin/builder/spi-builder-workspace/.dependencies/checkouts/sdk_faye_client_ios/ZendeskSDKFayeClient.xcframework'. (in target 'ZendeskSDKConversationKit-product' from project 'ZendeskSDKConversationKit')
/Users/admin/builder/spi-builder-workspace/.dependencies/checkouts/sdk_http_client_ios/ZendeskSDKHTTPClient.xcframework:1:1: error: While building for macOS, no library for this platform was found in '/Users/admin/builder/spi-builder-workspace/.dependencies/checkouts/sdk_http_client_ios/ZendeskSDKHTTPClient.xcframework'. (in target 'ZendeskSDKConversationKit-product' from project 'ZendeskSDKConversationKit')
/Users/admin/builder/spi-builder-workspace/.dependencies/checkouts/sdk_logger_ios/ZendeskSDKLogger.xcframework:1:1: error: While building for macOS, no library for this platform was found in '/Users/admin/builder/spi-builder-workspace/.dependencies/checkouts/sdk_logger_ios/ZendeskSDKLogger.xcframework'. (in target 'ZendeskSDKConversationKit-product' from project 'ZendeskSDKConversationKit')
/Users/admin/builder/spi-builder-workspace/.dependencies/checkouts/sdk_logger_ios/ZendeskSDKLogger.xcframework:1:1: error: While building for macOS, no library for this platform was found in '/Users/admin/builder/spi-builder-workspace/.dependencies/checkouts/sdk_logger_ios/ZendeskSDKLogger.xcframework'. (in target 'ZendeskSDKConversationKit-product' from project 'ZendeskSDKConversationKit')
/Users/admin/builder/spi-builder-workspace/.dependencies/checkouts/sdk_logger_ios/ZendeskSDKLogger.xcframework:1:1: error: While building for macOS, no library for this platform was found in '/Users/admin/builder/spi-builder-workspace/.dependencies/checkouts/sdk_logger_ios/ZendeskSDKLogger.xcframework'. (in target 'ZendeskSDKConversationKit-product' from project 'ZendeskSDKConversationKit')
/Users/admin/builder/spi-builder-workspace/.dependencies/checkouts/sdk_logger_ios/ZendeskSDKLogger.xcframework:1:1: error: While building for macOS, no library for this platform was found in '/Users/admin/builder/spi-builder-workspace/.dependencies/checkouts/sdk_logger_ios/ZendeskSDKLogger.xcframework'. (in target 'ZendeskSDKConversationKit-product' from project 'ZendeskSDKConversationKit')
/Users/admin/builder/spi-builder-workspace/.dependencies/checkouts/sdk_logger_ios/ZendeskSDKLogger.xcframework:1:1: error: While building for macOS, no library for this platform was found in '/Users/admin/builder/spi-builder-workspace/.dependencies/checkouts/sdk_logger_ios/ZendeskSDKLogger.xcframework'. (in target 'ZendeskSDKConversationKit-product' from project 'ZendeskSDKConversationKit')
/Users/admin/builder/spi-builder-workspace/.dependencies/checkouts/sdk_socket_client_ios/ZendeskSDKSocketClient.xcframework:1:1: error: While building for macOS, no library for this platform was found in '/Users/admin/builder/spi-builder-workspace/.dependencies/checkouts/sdk_socket_client_ios/ZendeskSDKSocketClient.xcframework'. (in target 'ZendeskSDKConversationKit-product' from project 'ZendeskSDKConversationKit')
/Users/admin/builder/spi-builder-workspace/.dependencies/checkouts/sdk_storage_ios/ZendeskSDKStorage.xcframework:1:1: error: While building for macOS, no library for this platform was found in '/Users/admin/builder/spi-builder-workspace/.dependencies/checkouts/sdk_storage_ios/ZendeskSDKStorage.xcframework'. (in target 'ZendeskSDKConversationKit-product' from project 'ZendeskSDKConversationKit')
/Users/admin/builder/spi-builder-workspace/.dependencies/checkouts/sdk_http_client_ios/ZendeskSDKHTTPClient.xcframework:1:1: error: While building for macOS, no library for this platform was found in '/Users/admin/builder/spi-builder-workspace/.dependencies/checkouts/sdk_http_client_ios/ZendeskSDKHTTPClient.xcframework'. (in target 'ZendeskSDKHTTPClient-product' from project 'ZendeskSDKHTTPClient')
/Users/admin/builder/spi-builder-workspace/.dependencies/checkouts/sdk_logger_ios/ZendeskSDKLogger.xcframework:1:1: error: While building for macOS, no library for this platform was found in '/Users/admin/builder/spi-builder-workspace/.dependencies/checkouts/sdk_logger_ios/ZendeskSDKLogger.xcframework'. (in target 'ZendeskSDKHTTPClient-product' from project 'ZendeskSDKHTTPClient')
/Users/admin/builder/spi-builder-workspace/.dependencies/checkouts/sdk_logger_ios/ZendeskSDKLogger.xcframework:1:1: error: While building for macOS, no library for this platform was found in '/Users/admin/builder/spi-builder-workspace/.dependencies/checkouts/sdk_logger_ios/ZendeskSDKLogger.xcframework'. (in target 'ZendeskSDKHTTPClient-product' from project 'ZendeskSDKHTTPClient')
/Users/admin/builder/spi-builder-workspace/.dependencies/checkouts/sdk_logger_ios/ZendeskSDKLogger.xcframework:1:1: error: While building for macOS, no library for this platform was found in '/Users/admin/builder/spi-builder-workspace/.dependencies/checkouts/sdk_logger_ios/ZendeskSDKLogger.xcframework'. (in target 'ZendeskSDKSocketClientTargets' from project 'ZendeskSDKSocketClient')
/Users/admin/builder/spi-builder-workspace/.dependencies/checkouts/sdk_socket_client_ios/ZendeskSDKSocketClient.xcframework:1:1: error: While building for macOS, no library for this platform was found in '/Users/admin/builder/spi-builder-workspace/.dependencies/checkouts/sdk_socket_client_ios/ZendeskSDKSocketClient.xcframework'. (in target 'ZendeskSDKSocketClientTargets' from project 'ZendeskSDKSocketClient')
/Users/admin/builder/spi-builder-workspace/.dependencies/checkouts/sdk_conversation_kit_ios/ZendeskSDKConversationKit.xcframework:1:1: error: While building for macOS, no library for this platform was found in '/Users/admin/builder/spi-builder-workspace/.dependencies/checkouts/sdk_conversation_kit_ios/ZendeskSDKConversationKit.xcframework'. (in target 'ZendeskSDKConversationKitTargets' from project 'ZendeskSDKConversationKit')
/Users/admin/builder/spi-builder-workspace/.dependencies/checkouts/sdk_core_utilities_ios/ZendeskSDKCoreUtilities.xcframework:1:1: error: While building for macOS, no library for this platform was found in '/Users/admin/builder/spi-builder-workspace/.dependencies/checkouts/sdk_core_utilities_ios/ZendeskSDKCoreUtilities.xcframework'. (in target 'ZendeskSDKConversationKitTargets' from project 'ZendeskSDKConversationKit')
/Users/admin/builder/spi-builder-workspace/.dependencies/checkouts/sdk_conversation_kit_ios/ZendeskSDKConversationKit.xcframework:1:1: error: While building for macOS, no library for this platform was found in '/Users/admin/builder/spi-builder-workspace/.dependencies/checkouts/sdk_conversation_kit_ios/ZendeskSDKConversationKit.xcframework'. (in target 'ZendeskSDK-product' from project 'ZendeskSDK')
/Users/admin/builder/spi-builder-workspace/.dependencies/checkouts/sdk_core_utilities_ios/ZendeskSDKCoreUtilities.xcframework:1:1: error: While building for macOS, no library for this platform was found in '/Users/admin/builder/spi-builder-workspace/.dependencies/checkouts/sdk_core_utilities_ios/ZendeskSDKCoreUtilities.xcframework'. (in target 'ZendeskSDK-product' from project 'ZendeskSDK')
/Users/admin/builder/spi-builder-workspace/.dependencies/checkouts/sdk_core_utilities_ios/ZendeskSDKCoreUtilities.xcframework:1:1: error: While building for macOS, no library for this platform was found in '/Users/admin/builder/spi-builder-workspace/.dependencies/checkouts/sdk_core_utilities_ios/ZendeskSDKCoreUtilities.xcframework'. (in target 'ZendeskSDK-product' from project 'ZendeskSDK')
/Users/admin/builder/spi-builder-workspace/.dependencies/checkouts/sdk_core_utilities_ios/ZendeskSDKCoreUtilities.xcframework:1:1: error: While building for macOS, no library for this platform was found in '/Users/admin/builder/spi-builder-workspace/.dependencies/checkouts/sdk_core_utilities_ios/ZendeskSDKCoreUtilities.xcframework'. (in target 'ZendeskSDK-product' from project 'ZendeskSDK')
/Users/admin/builder/spi-builder-workspace/.dependencies/checkouts/sdk_faye_client_ios/ZendeskSDKFayeClient.xcframework:1:1: error: While building for macOS, no library for this platform was found in '/Users/admin/builder/spi-builder-workspace/.dependencies/checkouts/sdk_faye_client_ios/ZendeskSDKFayeClient.xcframework'. (in target 'ZendeskSDK-product' from project 'ZendeskSDK')
/Users/admin/builder/spi-builder-workspace/.dependencies/checkouts/sdk_http_client_ios/ZendeskSDKHTTPClient.xcframework:1:1: error: While building for macOS, no library for this platform was found in '/Users/admin/builder/spi-builder-workspace/.dependencies/checkouts/sdk_http_client_ios/ZendeskSDKHTTPClient.xcframework'. (in target 'ZendeskSDK-product' from project 'ZendeskSDK')
/Users/admin/builder/spi-builder-workspace/.dependencies/checkouts/sdk_logger_ios/ZendeskSDKLogger.xcframework:1:1: error: While building for macOS, no library for this platform was found in '/Users/admin/builder/spi-builder-workspace/.dependencies/checkouts/sdk_logger_ios/ZendeskSDKLogger.xcframework'. (in target 'ZendeskSDK-product' from project 'ZendeskSDK')
/Users/admin/builder/spi-builder-workspace/.dependencies/checkouts/sdk_logger_ios/ZendeskSDKLogger.xcframework:1:1: error: While building for macOS, no library for this platform was found in '/Users/admin/builder/spi-builder-workspace/.dependencies/checkouts/sdk_logger_ios/ZendeskSDKLogger.xcframework'. (in target 'ZendeskSDK-product' from project 'ZendeskSDK')
/Users/admin/builder/spi-builder-workspace/.dependencies/checkouts/sdk_logger_ios/ZendeskSDKLogger.xcframework:1:1: error: While building for macOS, no library for this platform was found in '/Users/admin/builder/spi-builder-workspace/.dependencies/checkouts/sdk_logger_ios/ZendeskSDKLogger.xcframework'. (in target 'ZendeskSDK-product' from project 'ZendeskSDK')
/Users/admin/builder/spi-builder-workspace/.dependencies/checkouts/sdk_logger_ios/ZendeskSDKLogger.xcframework:1:1: error: While building for macOS, no library for this platform was found in '/Users/admin/builder/spi-builder-workspace/.dependencies/checkouts/sdk_logger_ios/ZendeskSDKLogger.xcframework'. (in target 'ZendeskSDK-product' from project 'ZendeskSDK')
/Users/admin/builder/spi-builder-workspace/.dependencies/checkouts/sdk_logger_ios/ZendeskSDKLogger.xcframework:1:1: error: While building for macOS, no library for this platform was found in '/Users/admin/builder/spi-builder-workspace/.dependencies/checkouts/sdk_logger_ios/ZendeskSDKLogger.xcframework'. (in target 'ZendeskSDK-product' from project 'ZendeskSDK')
/Users/admin/builder/spi-builder-workspace/.dependencies/checkouts/sdk_socket_client_ios/ZendeskSDKSocketClient.xcframework:1:1: error: While building for macOS, no library for this platform was found in '/Users/admin/builder/spi-builder-workspace/.dependencies/checkouts/sdk_socket_client_ios/ZendeskSDKSocketClient.xcframework'. (in target 'ZendeskSDK-product' from project 'ZendeskSDK')
/Users/admin/builder/spi-builder-workspace/.dependencies/checkouts/sdk_storage_ios/ZendeskSDKStorage.xcframework:1:1: error: While building for macOS, no library for this platform was found in '/Users/admin/builder/spi-builder-workspace/.dependencies/checkouts/sdk_storage_ios/ZendeskSDKStorage.xcframework'. (in target 'ZendeskSDK-product' from project 'ZendeskSDK')
/Users/admin/builder/spi-builder-workspace/ZendeskSDK.xcframework:1:1: error: While building for macOS, no library for this platform was found in '/Users/admin/builder/spi-builder-workspace/ZendeskSDK.xcframework'. (in target 'ZendeskSDK-product' from project 'ZendeskSDK')
2026-10-03 12:48:22.995 xcodebuild[1486:9375] [MT] IDERunDestination: Supported platforms for the buildables in the current scheme is empty.
--- xcodebuild: WARNING: Using the first of multiple matching destinations:
{ platform:macOS, arch:arm64, id:2764e9ebf8142ed55058ef6d83c28c6c643afe7e, name:My Mac }
{ platform:macOS, arch:arm64, variant:Mac Catalyst, id:2764e9ebf8142ed55058ef6d83c28c6c643afe7e, name:My Mac }
{ platform:macOS, arch:arm64, variant:DriverKit, id:2764e9ebf8142ed55058ef6d83c28c6c643afe7e, name:My Mac }
{ platform:macOS, arch:arm64, variant:Designed for [iPad,iPhone], id:2764e9ebf8142ed55058ef6d83c28c6c643afe7e, name:My Mac }
** BUILD FAILED **
The following build commands failed:
Building workspace ZendeskSDK with scheme ZendeskSDK
(1 failure)
BUILD FAILURE 6.4 macosXcodebuild