The Swift Package Index logo.Swift Package Index

Build Information

Failed to build DBus, reference main (9b17cc), with Swift 6.4 for Wasm on 21 Sep 2026 07:32:43 UTC.

Build Command

bash -c docker run --pull=always --rm -v "checkouts-53886769-1":/host -w "$PWD" -e JAVA_HOME="/root/.sdkman/candidates/java/current" -e SPI_BUILD="1" -e SPI_PROCESSING="1" registry.gitlab.com/saguaro1/spi-images:wasm-6.4-latest swift build --swift-sdk swift-6.4.x-DEVELOPMENT-SNAPSHOT-2026-09-04-a_wasm 2>&1

Build Log

========================================
RunAll
========================================
Builder version: 5.1.0
Interrupt handler set up.
========================================
Checkout
========================================
Clone URL: https://github.com/suransea/dbus-swift.git
Reference: main
Initialized empty Git repository in /host/spi-builder-workspace/.git/
hint: Using 'master' as the name for the initial branch. This default branch name
hint: is subject to change. To configure the initial branch name to use in all
hint: of your new repositories, which will suppress this warning, call:
hint:
hint: 	git config --global init.defaultBranch <name>
hint:
hint: Names commonly chosen instead of 'master' are 'main', 'trunk' and
hint: 'development'. The just-created branch can be renamed via this command:
hint:
hint: 	git branch -m <name>
From https://github.com/suransea/dbus-swift
 * branch            main       -> FETCH_HEAD
 * [new branch]      main       -> origin/main
HEAD is now at 9b17cce Add match rule automatically for signals
Submodule path 'Sources/CDBusVendored/dbus': checked out 'fa05c11a0047f2927e76d08f9fcf6638ded7ff50'
Submodule 'Sources/CDBusVendored/dbus' (https://gitlab.freedesktop.org/dbus/dbus.git) registered for path 'Sources/CDBusVendored/dbus'
Cloning into '/host/spi-builder-workspace/Sources/CDBusVendored/dbus'...
Cloned https://github.com/suransea/dbus-swift.git
Revision (git rev-parse @):
9b17cce66bd67a75a88e5f609bd227dc5069cbb1
SPI manifest file found: $PWD/.spi.yml
SUCCESS checkout https://github.com/suransea/dbus-swift.git at main
========================================
Build
========================================
Selected platform:         wasm
Swift version:             6.4
Building package at path:  $PWD
https://github.com/suransea/dbus-swift.git
Running build ...
bash -c docker run --pull=always --rm -v "checkouts-53886769-1":/host -w "$PWD" -e JAVA_HOME="/root/.sdkman/candidates/java/current" -e SPI_BUILD="1" -e SPI_PROCESSING="1" registry.gitlab.com/saguaro1/spi-images:wasm-6.4-latest swift build --swift-sdk swift-6.4.x-DEVELOPMENT-SNAPSHOT-2026-09-04-a_wasm 2>&1
wasm-6.4-latest: Pulling from saguaro1/spi-images
Digest: sha256:4328fdb43c680d205c1d6761b1e3267aa38277eefdda9ddfb17b6a0f1a77857a
Status: Image is up to date for registry.gitlab.com/saguaro1/spi-images:wasm-6.4-latest
Fetching https://github.com/apple/swift-docc-plugin
[1/2345] Fetching swift-docc-plugin
Fetched https://github.com/apple/swift-docc-plugin (0.58s)
Computing version for https://github.com/apple/swift-docc-plugin
Computed https://github.com/apple/swift-docc-plugin at 1.5.0 (1.65s)
Fetching https://github.com/swiftlang/swift-docc-symbolkit
[1/3824] Fetching swift-docc-symbolkit
Fetched https://github.com/swiftlang/swift-docc-symbolkit (0.59s)
Computing version for https://github.com/swiftlang/swift-docc-symbolkit
Computed https://github.com/swiftlang/swift-docc-symbolkit at 1.0.0 (0.80s)
Creating working copy for https://github.com/swiftlang/swift-docc-symbolkit
Working copy of https://github.com/swiftlang/swift-docc-symbolkit resolved at 1.0.0
Creating working copy for https://github.com/apple/swift-docc-plugin
Working copy of https://github.com/apple/swift-docc-plugin resolved at 1.5.0
warning: 'spi-builder-workspace': you may be able to install dbus-1 using your system-packager:
    apt-get install libdbus-1-dev
Building for debugging...
[Constructing description]
[Planning deferred tasks]
/host/spi-builder-workspace/Sources/CDBusVendored/dbus/dbus/dbus-userdb-util.c:36:2: error: "This file only makes sense on Unix OSs"
   36 | #error "This file only makes sense on Unix OSs"
      |  ^
1 error generated.
error: CompileC /host/spi-builder-workspace/.build/out/Intermediates.noindex/DBus.build/Debug-webassembly-wasm32/CDBusVendored-t.build/Objects-normal/wasm32/dbus-userdb-util.o /host/spi-builder-workspace/Sources/CDBusVendored/dbus/dbus/dbus-userdb-util.c normal wasm32 c com.apple.compilers.llvm.clang.1_0.compiler failed with a nonzero exit code. Command line:     cd /host

    Using response file: /host/spi-builder-workspace/.build/out/Intermediates.noindex/DBus.build/Debug-webassembly-wasm32/CDBusVendored-t.build/Objects-normal/wasm32/9f65232cb83f8421e3a495a5062eba382369c975104ee97bafc405ab795bfc5e-common-args.resp

    /usr/bin/clang -x c -target wasm32-unknown-wasip1 -fmessage-length\=0 -fdiagnostics-show-note-include-stack -fmacro-backtrace-limit\=0 -fcolor-diagnostics -Wno-trigraphs -Wno-missing-field-initializers -Wno-missing-prototypes -Wno-return-type -Wno-missing-braces -Wparentheses -Wswitch -Wno-unused-function -Wno-unused-label -Wno-unused-parameter -Wno-unused-variable -Wunused-value -Wno-empty-body -Wno-uninitialized -Wno-unknown-pragmas -Wno-shadow -Wno-four-char-constants -Wno-conversion -Wno-constant-conversion -Wno-int-conversion -Wno-bool-conversion -Wno-enum-conversion -Wno-float-conversion -Wno-non-literal-null-conversion -Wno-objc-literal-conversion -Wno-shorten-64-to-32 -Wpointer-sign -Wno-newline-eof -Wno-implicit-fallthrough -fstrict-aliasing -Wdeprecated-declarations -Wno-sign-conversion -Wno-infinite-recursion -Wno-comma -Wno-block-capture-autoreleasing -Wno-strict-prototypes -Wno-semicolon-before-method-body --sysroot /root/.swiftpm/swift-sdks/swift-6.4.x-DEVELOPMENT-SNAPSHOT-2026-09-04-a_wasm.artifactbundle/swift-6.4.x-DEVELOPMENT-SNAPSHOT-2026-09-04-a_wasm/wasm32-unknown-wasip1/WASI.sdk @/host/spi-builder-workspace/.build/out/Intermediates.noindex/DBus.build/Debug-webassembly-wasm32/CDBusVendored-t.build/Objects-normal/wasm32/9f65232cb83f8421e3a495a5062eba382369c975104ee97bafc405ab795bfc5e-common-args.resp -MMD -MT dependencies -MF /host/spi-builder-workspace/.build/out/Intermediates.noindex/DBus.build/Debug-webassembly-wasm32/CDBusVendored-t.build/Objects-normal/wasm32/dbus-userdb-util.d --serialize-diagnostics /host/spi-builder-workspace/.build/out/Intermediates.noindex/DBus.build/Debug-webassembly-wasm32/CDBusVendored-t.build/Objects-normal/wasm32/dbus-userdb-util.dia -c /host/spi-builder-workspace/Sources/CDBusVendored/dbus/dbus/dbus-userdb-util.c -o /host/spi-builder-workspace/.build/out/Intermediates.noindex/DBus.build/Debug-webassembly-wasm32/CDBusVendored-t.build/Objects-normal/wasm32/dbus-userdb-util.o
/host/spi-builder-workspace/Sources/CDBusVendored/dbus/dbus/dbus-watch.c:600:32: error: passing 'DBusPollable' (aka 'int') to parameter of incompatible type 'DBusSocket'
  600 |   return _dbus_socket_get_int (watch->fd);
      |                                ^~~~~~~~~
In file included from /host/spi-builder-workspace/Sources/CDBusVendored/dbus/dbus/dbus-watch.c:25:
In file included from /host/spi-builder-workspace/Sources/CDBusVendored/dbus/dbus/dbus-internals.h:33:
/host/spi-builder-workspace/Sources/CDBusVendored/dbus/dbus/dbus-sysdeps.h:198:34: note: passing argument to parameter 's' here
  198 | _dbus_socket_get_int (DBusSocket s) { return s.fd; }
      |                                  ^
/host/spi-builder-workspace/Sources/CDBusVendored/dbus/dbus/dbus-watch.c:614:5: error: assigning to 'DBusSocket' from incompatible type 'DBusPollable' (aka 'int')
  614 |   s = watch->fd;
      |     ^ ~~~~~~~~~
2 errors generated.
error: CompileC /host/spi-builder-workspace/.build/out/Intermediates.noindex/DBus.build/Debug-webassembly-wasm32/CDBusVendored-t.build/Objects-normal/wasm32/dbus-watch.o /host/spi-builder-workspace/Sources/CDBusVendored/dbus/dbus/dbus-watch.c normal wasm32 c com.apple.compilers.llvm.clang.1_0.compiler failed with a nonzero exit code. Command line:     cd /host

    Using response file: /host/spi-builder-workspace/.build/out/Intermediates.noindex/DBus.build/Debug-webassembly-wasm32/CDBusVendored-t.build/Objects-normal/wasm32/9f65232cb83f8421e3a495a5062eba382369c975104ee97bafc405ab795bfc5e-common-args.resp

    /usr/bin/clang -x c -target wasm32-unknown-wasip1 -fmessage-length\=0 -fdiagnostics-show-note-include-stack -fmacro-backtrace-limit\=0 -fcolor-diagnostics -Wno-trigraphs -Wno-missing-field-initializers -Wno-missing-prototypes -Wno-return-type -Wno-missing-braces -Wparentheses -Wswitch -Wno-unused-function -Wno-unused-label -Wno-unused-parameter -Wno-unused-variable -Wunused-value -Wno-empty-body -Wno-uninitialized -Wno-unknown-pragmas -Wno-shadow -Wno-four-char-constants -Wno-conversion -Wno-constant-conversion -Wno-int-conversion -Wno-bool-conversion -Wno-enum-conversion -Wno-float-conversion -Wno-non-literal-null-conversion -Wno-objc-literal-conversion -Wno-shorten-64-to-32 -Wpointer-sign -Wno-newline-eof -Wno-implicit-fallthrough -fstrict-aliasing -Wdeprecated-declarations -Wno-sign-conversion -Wno-infinite-recursion -Wno-comma -Wno-block-capture-autoreleasing -Wno-strict-prototypes -Wno-semicolon-before-method-body --sysroot /root/.swiftpm/swift-sdks/swift-6.4.x-DEVELOPMENT-SNAPSHOT-2026-09-04-a_wasm.artifactbundle/swift-6.4.x-DEVELOPMENT-SNAPSHOT-2026-09-04-a_wasm/wasm32-unknown-wasip1/WASI.sdk @/host/spi-builder-workspace/.build/out/Intermediates.noindex/DBus.build/Debug-webassembly-wasm32/CDBusVendored-t.build/Objects-normal/wasm32/9f65232cb83f8421e3a495a5062eba382369c975104ee97bafc405ab795bfc5e-common-args.resp -MMD -MT dependencies -MF /host/spi-builder-workspace/.build/out/Intermediates.noindex/DBus.build/Debug-webassembly-wasm32/CDBusVendored-t.build/Objects-normal/wasm32/dbus-watch.d --serialize-diagnostics /host/spi-builder-workspace/.build/out/Intermediates.noindex/DBus.build/Debug-webassembly-wasm32/CDBusVendored-t.build/Objects-normal/wasm32/dbus-watch.dia -c /host/spi-builder-workspace/Sources/CDBusVendored/dbus/dbus/dbus-watch.c -o /host/spi-builder-workspace/.build/out/Intermediates.noindex/DBus.build/Debug-webassembly-wasm32/CDBusVendored-t.build/Objects-normal/wasm32/dbus-watch.o
/host/spi-builder-workspace/Sources/CDBusVendored/dbus/dbus/dbus-userdb.c:37:2: error: "This file only makes sense on Unix OSs"
   37 | #error "This file only makes sense on Unix OSs"
      |  ^
1 error generated.
error: CompileC /host/spi-builder-workspace/.build/out/Intermediates.noindex/DBus.build/Debug-webassembly-wasm32/CDBusVendored-t.build/Objects-normal/wasm32/dbus-userdb.o /host/spi-builder-workspace/Sources/CDBusVendored/dbus/dbus/dbus-userdb.c normal wasm32 c com.apple.compilers.llvm.clang.1_0.compiler failed with a nonzero exit code. Command line:     cd /host

    Using response file: /host/spi-builder-workspace/.build/out/Intermediates.noindex/DBus.build/Debug-webassembly-wasm32/CDBusVendored-t.build/Objects-normal/wasm32/9f65232cb83f8421e3a495a5062eba382369c975104ee97bafc405ab795bfc5e-common-args.resp

    /usr/bin/clang -x c -target wasm32-unknown-wasip1 -fmessage-length\=0 -fdiagnostics-show-note-include-stack -fmacro-backtrace-limit\=0 -fcolor-diagnostics -Wno-trigraphs -Wno-missing-field-initializers -Wno-missing-prototypes -Wno-return-type -Wno-missing-braces -Wparentheses -Wswitch -Wno-unused-function -Wno-unused-label -Wno-unused-parameter -Wno-unused-variable -Wunused-value -Wno-empty-body -Wno-uninitialized -Wno-unknown-pragmas -Wno-shadow -Wno-four-char-constants -Wno-conversion -Wno-constant-conversion -Wno-int-conversion -Wno-bool-conversion -Wno-enum-conversion -Wno-float-conversion -Wno-non-literal-null-conversion -Wno-objc-literal-conversion -Wno-shorten-64-to-32 -Wpointer-sign -Wno-newline-eof -Wno-implicit-fallthrough -fstrict-aliasing -Wdeprecated-declarations -Wno-sign-conversion -Wno-infinite-recursion -Wno-comma -Wno-block-capture-autoreleasing -Wno-strict-prototypes -Wno-semicolon-before-method-body --sysroot /root/.swiftpm/swift-sdks/swift-6.4.x-DEVELOPMENT-SNAPSHOT-2026-09-04-a_wasm.artifactbundle/swift-6.4.x-DEVELOPMENT-SNAPSHOT-2026-09-04-a_wasm/wasm32-unknown-wasip1/WASI.sdk @/host/spi-builder-workspace/.build/out/Intermediates.noindex/DBus.build/Debug-webassembly-wasm32/CDBusVendored-t.build/Objects-normal/wasm32/9f65232cb83f8421e3a495a5062eba382369c975104ee97bafc405ab795bfc5e-common-args.resp -MMD -MT dependencies -MF /host/spi-builder-workspace/.build/out/Intermediates.noindex/DBus.build/Debug-webassembly-wasm32/CDBusVendored-t.build/Objects-normal/wasm32/dbus-userdb.d --serialize-diagnostics /host/spi-builder-workspace/.build/out/Intermediates.noindex/DBus.build/Debug-webassembly-wasm32/CDBusVendored-t.build/Objects-normal/wasm32/dbus-userdb.dia -c /host/spi-builder-workspace/Sources/CDBusVendored/dbus/dbus/dbus-userdb.c -o /host/spi-builder-workspace/.build/out/Intermediates.noindex/DBus.build/Debug-webassembly-wasm32/CDBusVendored-t.build/Objects-normal/wasm32/dbus-userdb.o
error: Build failed
BUILD FAILURE 6.4 wasm