Build Information
Failed to build swift-json-schema-codegen, reference main (b7e947), with Swift 6.3 for Wasm on 26 Sep 2026 07:40:55 UTC.
Build Command
bash -c docker run --pull=always --rm -v "checkouts-54344844-3":/host -w "$PWD" -e JAVA_HOME="/root/.sdkman/candidates/java/current" -e SPI_BUILD="1" -e SPI_PROCESSING="1" registry.gitlab.com/saguaro1/spi-images:wasm-6.3-latest swift build --swift-sdk swift-6.3.2-RELEASE_wasm 2>&1Build Log
========================================
RunAll
========================================
Builder version: 5.1.0
Interrupt handler set up.
========================================
Checkout
========================================
Clone URL: https://github.com/ajevans99/swift-json-schema-codegen.git
Reference: main
Initialized empty Git repository in /host/spi-builder-workspace/.git/
hint: Using 'master' as the name for the initial branch. This default branch name
hint: is subject to change. To configure the initial branch name to use in all
hint: of your new repositories, which will suppress this warning, call:
hint:
hint: git config --global init.defaultBranch <name>
hint:
hint: Names commonly chosen instead of 'master' are 'main', 'trunk' and
hint: 'development'. The just-created branch can be renamed via this command:
hint:
hint: git branch -m <name>
From https://github.com/ajevans99/swift-json-schema-codegen
* branch main -> FETCH_HEAD
* [new branch] main -> origin/main
HEAD is now at b7e947f Delete CHANGELOG.md (#15)
Cloned https://github.com/ajevans99/swift-json-schema-codegen.git
Revision (git rev-parse @):
b7e947fd66005492d4b467a3030fbbc4a54fe6f3
SPI manifest file found: $PWD/.spi.yml
SUCCESS checkout https://github.com/ajevans99/swift-json-schema-codegen.git at main
========================================
Build
========================================
Selected platform: wasm
Swift version: 6.3
Building package at path: $PWD
https://github.com/ajevans99/swift-json-schema-codegen.git
Running build ...
bash -c docker run --pull=always --rm -v "checkouts-54344844-3":/host -w "$PWD" -e JAVA_HOME="/root/.sdkman/candidates/java/current" -e SPI_BUILD="1" -e SPI_PROCESSING="1" registry.gitlab.com/saguaro1/spi-images:wasm-6.3-latest swift build --swift-sdk swift-6.3.2-RELEASE_wasm 2>&1
wasm-6.3-latest: Pulling from saguaro1/spi-images
Digest: sha256:253aad7f5b11d25cf9eaef34120b94cd8a325782929c57fb304a7711494a3f9a
Status: Image is up to date for registry.gitlab.com/saguaro1/spi-images:wasm-6.3-latest
Fetching https://github.com/apple/swift-argument-parser.git
Fetching https://github.com/pointfreeco/swift-custom-dump
Fetching https://github.com/ajevans99/swift-json-schema.git
Fetching https://github.com/swiftlang/swift-syntax.git
[1/5666] Fetching swift-custom-dump
[5667/16468] Fetching swift-custom-dump, swift-json-schema
Fetched https://github.com/pointfreeco/swift-custom-dump from cache (0.61s)
[110/29747] Fetching swift-json-schema, swift-argument-parser
[19055/109815] Fetching swift-json-schema, swift-argument-parser, swift-syntax
Fetched https://github.com/apple/swift-argument-parser.git from cache (8.36s)
Fetched https://github.com/swiftlang/swift-syntax.git from cache (8.39s)
Fetched https://github.com/ajevans99/swift-json-schema.git from cache (8.44s)
Computing version for https://github.com/apple/swift-argument-parser.git
Computed https://github.com/apple/swift-argument-parser.git at 1.8.2 (8.62s)
Computing version for https://github.com/ajevans99/swift-json-schema.git
Computed https://github.com/ajevans99/swift-json-schema.git at 0.14.1 (0.18s)
Fetching https://github.com/apple/swift-collections.git
[1/27779] Fetching swift-collections
Fetched https://github.com/apple/swift-collections.git from cache (1.40s)
Computing version for https://github.com/swiftlang/swift-syntax.git
Computed https://github.com/swiftlang/swift-syntax.git at 604.0.0 (2.41s)
Computing version for https://github.com/pointfreeco/swift-custom-dump
Computed https://github.com/pointfreeco/swift-custom-dump at 1.7.3 (0.18s)
Fetching https://github.com/pointfreeco/xctest-dynamic-overlay
[1/2727] Fetching xctest-dynamic-overlay
Fetched https://github.com/pointfreeco/xctest-dynamic-overlay from cache (0.67s)
Computing version for https://github.com/pointfreeco/xctest-dynamic-overlay
Computed https://github.com/pointfreeco/xctest-dynamic-overlay at 1.13.1 (1.64s)
Computing version for https://github.com/apple/swift-collections.git
Computed https://github.com/apple/swift-collections.git at 1.7.1 (0.25s)
Creating working copy for https://github.com/apple/swift-collections.git
Working copy of https://github.com/apple/swift-collections.git resolved at 1.7.1
Creating working copy for https://github.com/pointfreeco/swift-custom-dump
Working copy of https://github.com/pointfreeco/swift-custom-dump resolved at 1.7.3
Creating working copy for https://github.com/pointfreeco/xctest-dynamic-overlay
Working copy of https://github.com/pointfreeco/xctest-dynamic-overlay resolved at 1.13.1
Creating working copy for https://github.com/apple/swift-argument-parser.git
Working copy of https://github.com/apple/swift-argument-parser.git resolved at 1.8.2
Creating working copy for https://github.com/ajevans99/swift-json-schema.git
Working copy of https://github.com/ajevans99/swift-json-schema.git resolved at 0.14.1
Creating working copy for https://github.com/swiftlang/swift-syntax.git
Working copy of https://github.com/swiftlang/swift-syntax.git resolved at 604.0.0
[1/1] Compiling plugin JSONSchemaCodegenPlugin
[2/2] Compiling plugin GenerateManual
[3/3] Compiling plugin GenerateDoccReference
Building for debugging...
[3/136] Copying validation.json
[4/136] Copying schema.json
[5/136] Copying unevaluated.json
[6/136] Copying meta-data.json
[7/136] Copying core.json
[8/136] Copying content.json
[9/136] Copying format-annotation.json
[9/136] Copying applicator.json
[11/136] Write sources
[18/136] Compiling _SwiftSyntaxCShims PlatformMutex.c
[19/136] Write sources
[42/136] Copying validation.json
[42/136] Copying core.json
[42/136] Copying content.json
[42/136] Copying applicator.json
[42/136] Copying unevaluated.json
[47/136] Copying schema.json
[47/136] Copying meta-data.json
[49/136] Copying format-annotation.json
[50/136] Compiling _SwiftSyntaxCShims PlatformMutex.c
[51/136] Write sources
[58/136] Write swift-version-24593BA9C3E375BF.txt
[59/136] Write sources
[68/146] Emitting module SwiftSyntax602
[69/148] Emitting module SwiftSyntax601
[70/152] Emitting module SwiftSyntax604
[71/152] Compiling SwiftSyntax602 Empty.swift
[72/152] Emitting module SwiftSyntax603
[73/152] Compiling SwiftSyntax603 Empty.swift
[74/154] Compiling SwiftSyntax601 Empty.swift
[76/155] Compiling SwiftSyntax602 Empty.swift
[77/155] Emitting module SwiftSyntax603
[78/155] Compiling SwiftSyntax603 Empty.swift
[80/155] Emitting module SwiftSyntax602
[84/157] Emitting module SwiftSyntax601
[85/157] Compiling SwiftSyntax601 Empty.swift
[86/157] Compiling SwiftSyntax604 Empty.swift
[88/161] Emitting module SwiftSyntax604
[91/167] Compiling SwiftSyntax600 Empty.swift
[92/167] Emitting module SwiftSyntax600
[94/170] Emitting module SwiftSyntax510
[95/170] Compiling SwiftSyntax510 Empty.swift
[96/172] Compiling SwiftSyntax600 Empty.swift
[98/172] Emitting module SwiftSyntax600
[100/175] Compiling SwiftSyntax509 Empty.swift
[101/175] Emitting module SwiftSyntax509
[102/175] Compiling SwiftSyntax509 Empty.swift
[104/179] Emitting module SwiftSyntax510
[105/179] Compiling SwiftSyntax510 Empty.swift
[106/182] Emitting module SwiftSyntax509
[106/187] Wrapping AST for SwiftSyntax603 for debugging
[109/187] Wrapping AST for SwiftSyntax604 for debugging
[111/187] Wrapping AST for SwiftSyntax602 for debugging
[112/187] Wrapping AST for SwiftSyntax601 for debugging
[113/187] Wrapping AST for SwiftSyntax509 for debugging
[114/187] Wrapping AST for SwiftSyntax604 for debugging
[115/187] Wrapping AST for SwiftSyntax600 for debugging
[116/187] Wrapping AST for SwiftSyntax510 for debugging
[118/187] Emitting module JSONSchemaCodegenConfiguration
[118/187] Wrapping AST for SwiftSyntax602 for debugging
[119/187] Wrapping AST for SwiftSyntax601 for debugging
[120/187] Wrapping AST for SwiftSyntax603 for debugging
[122/200] Compiling InternalCollectionsUtilities BorrowingIteratorProtocol+Equality.swift
[123/200] Compiling InternalCollectionsUtilities BorrowingIteratorProtocol+Extras.swift
[124/200] Compiling InternalCollectionsUtilities Debugging.swift
[125/200] Compiling InternalCollectionsUtilities Descriptions.swift
[125/215] Wrapping AST for SwiftSyntax600 for debugging
[126/215] Wrapping AST for SwiftSyntax510 for debugging
[127/215] Wrapping AST for SwiftSyntax509 for debugging
[128/215] Write sources
[135/223] Compiling InternalCollectionsUtilities Iterable+CopyContents.swift
[136/223] Compiling InternalCollectionsUtilities Iterable+Equality.swift
[137/223] Compiling InternalCollectionsUtilities LifetimeOverride.swift
[138/223] Compiling InternalCollectionsUtilities MutableRef.swift
[139/224] Compiling InternalCollectionsUtilities UnsafeRawBufferPointer+Extras.swift
[140/224] Compiling InternalCollectionsUtilities _SortedCollection.swift
[141/224] Compiling InternalCollectionsUtilities _UniqueCollection.swift
[142/224] Compiling JSONSchemaCodegenConfiguration JSONSchemaCodegenConfiguration.swift
[142/224] Write sources
[147/279] Compiling SwiftSyntax SyntaxHashable.swift
[148/279] Compiling SwiftSyntax SyntaxIdentifier.swift
[149/279] Compiling SwiftSyntax Utils.swift
[149/285] Write sources
[152/347] Compiling SwiftSyntax BumpPtrAllocator.swift
[153/347] Compiling SwiftSyntax CommonAncestor.swift
[154/347] Compiling SwiftSyntax Convenience.swift
[155/347] Compiling SwiftSyntax CustomTraits.swift
[155/347] Wrapping AST for JSONSchemaCodegenConfiguration for debugging
[157/374] Compiling InternalCollectionsUtilities Iterable+CopyContents.swift
[158/374] Compiling InternalCollectionsUtilities Iterable+Equality.swift
[159/374] Compiling InternalCollectionsUtilities LifetimeOverride.swift
[160/374] Compiling InternalCollectionsUtilities MutableRef.swift
[161/374] Compiling InternalCollectionsUtilities BorrowingIteratorProtocol+Equality.swift
[162/374] Compiling InternalCollectionsUtilities BorrowingIteratorProtocol+Extras.swift
[163/374] Compiling InternalCollectionsUtilities Debugging.swift
[164/374] Compiling InternalCollectionsUtilities Descriptions.swift
[165/377] Compiling InternalCollectionsUtilities MutableSpan+Extras.swift
[166/377] Compiling InternalCollectionsUtilities OutputSpan+Extras.swift
[167/377] Compiling InternalCollectionsUtilities RandomAccessCollection+Offsets.swift
[168/377] Compiling InternalCollectionsUtilities Span+Extras.swift
[169/377] Compiling InternalCollectionsUtilities UnsafeRawBufferPointer+Extras.swift
[170/377] Compiling InternalCollectionsUtilities _SortedCollection.swift
[171/377] Compiling InternalCollectionsUtilities _UniqueCollection.swift
[172/377] Emitting module JSONSchemaCodegenConfiguration
[173/377] Compiling JSONSchemaCodegenConfiguration JSONSchemaCodegenConfiguration.swift
[175/378] Emitting module InternalCollectionsUtilities
[175/378] Wrapping AST for JSONSchemaCodegenConfiguration for debugging
[177/378] Compiling InternalCollectionsUtilities UnsafeMutablePointer+Extras.swift
[178/378] Compiling InternalCollectionsUtilities UnsafeMutableRawBufferPointer+Extras.swift
[179/378] Compiling InternalCollectionsUtilities UnsafePointer+Extras.swift
[180/378] Compiling InternalCollectionsUtilities Strideable+LimitHelpers.swift
[181/378] Compiling InternalCollectionsUtilities String+Padding.swift
[182/378] Compiling InternalCollectionsUtilities TemporaryAllocation.swift
[183/378] Compiling InternalCollectionsUtilities _UnsafeBitSet+Index.swift
[188/378] Compiling InternalCollectionsUtilities FixedWidthInteger+roundUpToPowerOfTwo.swift
[189/378] Compiling InternalCollectionsUtilities Integer rank.swift
[190/378] Compiling InternalCollectionsUtilities UInt+first and last set bit.swift
[191/378] Compiling InternalCollectionsUtilities UInt+reversed.swift
[192/378] Compiling ArgumentParserToolInfo ToolInfo.swift
[193/378] Emitting module ArgumentParserToolInfo
[203/380] Wrapping AST for ArgumentParserToolInfo for debugging
[204/411] Wrapping AST for InternalCollectionsUtilities for debugging
[206/484] Emitting module InternalCollectionsUtilities
[207/484] Emitting module ArgumentParserToolInfo
[208/484] Compiling ArgumentParserToolInfo ToolInfo.swift
[209/485] Wrapping AST for ArgumentParserToolInfo for debugging
[211/485] Compiling OrderedCollections OrderedDictionary+Elements.SubSequence.swift
[212/485] Compiling OrderedCollections OrderedDictionary+Elements.swift
[213/485] Compiling OrderedCollections OrderedDictionary+Equatable.swift
[214/485] Compiling OrderedCollections OrderedDictionary+ExpressibleByDictionaryLiteral.swift
[215/485] Compiling OrderedCollections _HashTable+Bucket.swift
[216/485] Compiling OrderedCollections _HashTable+BucketIterator.swift
[217/485] Compiling OrderedCollections _HashTable+Constants.swift
[218/485] Compiling OrderedCollections _HashTable+CustomStringConvertible.swift
[219/485] Compiling OrderedCollections _HashTable+Testing.swift
[220/485] Compiling OrderedCollections _HashTable+UnsafeHandle.swift
[221/485] Compiling OrderedCollections _HashTable.swift
[222/485] Compiling OrderedCollections _Hashtable+Header.swift
[223/485] Compiling OrderedCollections OrderedDictionary+Codable.swift
[224/541] Wrapping AST for InternalCollectionsUtilities for debugging
[226/575] Compiling OrderedCollections OrderedSet+Hashable.swift
[227/575] Compiling ArgumentParser Mutex.swift
[228/575] Compiling ArgumentParser Platform.swift
[229/575] Compiling ArgumentParser SequenceExtensions.swift
[230/575] Compiling ArgumentParser StringExtensions.swift
[231/575] Compiling ArgumentParser SwiftExtensions.swift
[232/575] Compiling ArgumentParser Tree.swift
[233/575] Compiling ArgumentParser ArgumentVisibility.swift
[234/575] Compiling ArgumentParser CompletionKind.swift
[235/575] Compiling ArgumentParser Errors.swift
[236/575] Compiling ArgumentParser Flag.swift
[237/575] Compiling ArgumentParser NameSpecification.swift
[238/575] Compiling ArgumentParser Option.swift
[239/575] Compiling ArgumentParser OptionGroup.swift
[240/575] Compiling OrderedCollections OrderedSet+RandomAccessCollection.swift
[241/575] Compiling OrderedCollections OrderedSet+ReserveCapacity.swift
[242/605] Compiling OrderedCollections OrderedSet+Partial SetAlgebra isSuperset.swift
[243/605] Compiling OrderedCollections OrderedSet+Partial SetAlgebra subtract.swift
[244/605] Compiling OrderedCollections OrderedSet+Partial SetAlgebra subtracting.swift
[245/605] Compiling OrderedCollections OrderedSet+Partial SetAlgebra symmetricDifference.swift
[246/605] Compiling OrderedCollections OrderedSet+Partial SetAlgebra union.swift
[247/605] Compiling OrderedCollections OrderedSet+Partial SetAlgebra+Basics.swift
[248/605] Compiling OrderedCollections OrderedSet+RandomAccessCollection.swift
[249/605] Compiling OrderedCollections OrderedSet+ReserveCapacity.swift
[250/605] Compiling OrderedCollections OrderedSet+Move.swift
[251/605] Compiling OrderedCollections OrderedSet+Partial MutableCollection.swift
[252/605] Compiling OrderedCollections OrderedSet+Partial RangeReplaceableCollection.swift
[253/605] Compiling OrderedCollections OrderedSet+Partial SetAlgebra formIntersection.swift
[254/605] Compiling OrderedCollections OrderedSet+Partial SetAlgebra formSymmetricDifference.swift
[255/605] Compiling OrderedCollections OrderedSet+Partial SetAlgebra formUnion.swift
[256/605] Compiling OrderedCollections OrderedSet+Partial SetAlgebra intersection.swift
[257/605] Compiling OrderedCollections OrderedSet+Partial SetAlgebra isDisjoint.swift
[258/605] Compiling OrderedCollections OrderedSet+Partial SetAlgebra isEqualSet.swift
[267/620] Compiling OrderedCollections OrderedDictionary+Values.swift
[268/620] Compiling OrderedCollections OrderedDictionary.swift
[269/620] Compiling OrderedCollections OrderedSet+Codable.swift
[270/620] Compiling OrderedCollections OrderedSet+CustomReflectable.swift
[271/620] Compiling OrderedCollections OrderedSet+Descriptions.swift
[272/620] Compiling OrderedCollections OrderedSet+Diffing.swift
[273/620] Compiling OrderedCollections OrderedSet+Equatable.swift
[274/620] Compiling OrderedCollections OrderedSet+ExpressibleByArrayLiteral.swift
[275/620] Compiling OrderedCollections OrderedDictionary+Hashable.swift
[276/620] Compiling OrderedCollections OrderedDictionary+Initializers.swift
[277/620] Compiling OrderedCollections OrderedDictionary+Invariants.swift
[278/620] Compiling OrderedCollections OrderedDictionary+Move.swift
[279/620] Compiling OrderedCollections OrderedDictionary+Partial MutableCollection.swift
[280/620] Compiling OrderedCollections OrderedDictionary+Partial RangeReplaceableCollection.swift
[281/620] Compiling OrderedCollections OrderedDictionary+Sendable.swift
[282/620] Compiling OrderedCollections OrderedDictionary+Sequence.swift
[283/620] Compiling OrderedCollections OrderedDictionary+Codable.swift
[284/620] Compiling OrderedCollections OrderedDictionary+CustomReflectable.swift
[285/620] Compiling OrderedCollections OrderedDictionary+Deprecations.swift
[286/620] Compiling OrderedCollections OrderedDictionary+Descriptions.swift
[287/620] Compiling OrderedCollections OrderedDictionary+Elements.SubSequence.swift
[288/620] Compiling OrderedCollections OrderedDictionary+Elements.swift
[289/620] Compiling OrderedCollections OrderedDictionary+Equatable.swift
[290/620] Compiling OrderedCollections OrderedDictionary+ExpressibleByDictionaryLiteral.swift
[299/620] Compiling OrderedCollections OrderedSet+Partial SetAlgebra isStrictSubset.swift
[300/620] Compiling OrderedCollections OrderedSet+Partial SetAlgebra isStrictSuperset.swift
[301/620] Compiling OrderedCollections OrderedSet+Partial SetAlgebra isSubset.swift
[308/620] Compiling OrderedCollections _HashTable+Bucket.swift
[309/620] Compiling OrderedCollections _HashTable+BucketIterator.swift
[310/620] Compiling OrderedCollections _HashTable+Constants.swift
[311/620] Compiling OrderedCollections _HashTable+CustomStringConvertible.swift
[312/620] Compiling OrderedCollections _HashTable+Testing.swift
[313/620] Compiling OrderedCollections _HashTable+UnsafeHandle.swift
[314/620] Compiling OrderedCollections _HashTable.swift
[315/620] Compiling OrderedCollections _Hashtable+Header.swift
[341/620] Emitting module ArgumentParser
[342/626] Compiling OrderedCollections OrderedSet+Sendable.swift
[343/626] Compiling OrderedCollections OrderedSet+SubSequence.swift
[344/626] Compiling OrderedCollections OrderedSet+Testing.swift
[345/626] Compiling OrderedCollections OrderedSet+UnorderedView.swift
[346/626] Compiling OrderedCollections OrderedSet+UnstableInternals.swift
[347/626] Compiling OrderedCollections OrderedSet.swift
[348/626] Compiling OrderedCollections _UnsafeBitset.swift
[371/626] Compiling ArgumentParser AsyncCompletionsValidator.swift
[372/626] Compiling ArgumentParser CodingKeyValidator.swift
[374/626] Compiling OrderedCollections OrderedSet+Initializers.swift
[375/626] Compiling OrderedCollections OrderedSet+Insertions.swift
[376/626] Compiling OrderedCollections OrderedSet+Invariants.swift
[427/632] Emitting module OrderedCollections
[434/641] Wrapping AST for OrderedCollections for debugging
[436/642] Compiling ArgumentParser AsyncCompletionsValidator.swift
[437/642] Compiling ArgumentParser CodingKeyValidator.swift
[438/642] Compiling ArgumentParser NonsenseFlagsValidator.swift
[439/642] Compiling ArgumentParser ParsableArgumentsValidation.swift
[440/642] Compiling ArgumentParser PositionalArgumentsValidator.swift
[441/642] Compiling ArgumentParser UniqueNamesValidator.swift
[442/642] Compiling OrderedJSON Array+JSONValue.swift
[443/642] Compiling OrderedJSON JSONNumberLiteral.swift
[449/642] Emitting module OrderedCollections
[457/643] Compiling OrderedJSON JSONValue+merge.swift
[457/644] Wrapping AST for OrderedCollections for debugging
[485/653] Compiling OrderedJSON JSONValue.swift
[492/653] Compiling OrderedJSON JSONValue+merge.swift
[493/654] Emitting module ArgumentParser
[494/654] Compiling OrderedJSON JSONValue+Codable.swift
[495/654] Compiling OrderedJSON JSONValue+Serialize.swift
[496/654] Compiling OrderedJSON JSONValue.swift
[511/655] Compiling OrderedJSON JSONValue+ExpressibleByLiteral.swift
[512/655] Compiling OrderedJSON JSONValue+Parse.swift
[513/655] Compiling OrderedJSON JSONType.swift
[514/655] Compiling OrderedJSON Array+JSONValue.swift
[515/655] Compiling OrderedJSON JSONNumberLiteral.swift
[516/655] Emitting module OrderedJSON
[517/656] Wrapping AST for ArgumentParser for debugging
[519/656] Compiling OrderedJSON JSONValue+Codable.swift
[520/656] Compiling OrderedJSON JSONType.swift
[520/656] Wrapping AST for OrderedJSON for debugging
[522/656] Compiling OrderedJSON JSONValue+Serialize.swift
[523/688] Compiling JSONSchema Annotation.swift
[524/688] Compiling JSONSchema AnnotationContainer.swift
[525/688] Compiling JSONSchema JSONType+Matches.swift
[526/688] Compiling JSONSchema JSONValue+Integer.swift
[527/688] Compiling JSONSchema Dialect.swift
[528/688] Compiling JSONSchema BuiltinValidators.swift
[529/688] Compiling JSONSchema FormatValidator.swift
[530/688] Compiling JSONSchema Keyword.swift
[531/688] Compiling JSONSchema Keywords+Annotation.swift
[532/688] Compiling JSONSchema Keywords+Applicator.swift
[533/688] Compiling JSONSchema Keywords.swift
[534/688] Compiling JSONSchema OrderedJSON+Reexport.swift
[535/688] Compiling JSONSchema JSONPointer.swift
[536/688] Compiling JSONSchema Schema+Codable.swift
[537/689] Wrapping AST for ArgumentParser for debugging
[539/689] Compiling OrderedJSON JSONValue+Parse.swift
[540/689] Compiling OrderedJSON JSONValue+ExpressibleByLiteral.swift
[543/689] Emitting module OrderedJSON
[549/694] Compiling JSONSchema SchemaDocument.swift
[550/694] Compiling JSONSchema SchemaEvaluation.swift
[551/694] Compiling JSONSchema ValidatableSchema.swift
[552/694] Compiling JSONSchema ValidationLocation.swift
[552/694] Wrapping AST for OrderedJSON for debugging
[554/726] Compiling JSONSchema Keywords+Reserved.swift
[555/726] Compiling JSONSchema Keywords.swift
[556/726] Compiling JSONSchema OrderedJSON+Reexport.swift
[557/726] Compiling JSONSchema JSONPointer.swift
[558/726] Emitting module JSONSchema
[559/726] Compiling JSONSchema SchemaDocument.swift
[560/726] Compiling JSONSchema SchemaEvaluation.swift
[561/726] Compiling JSONSchema ValidatableSchema.swift
[562/726] Compiling JSONSchema ValidationLocation.swift
[563/730] Compiling JSONSchema ValidationOutput.swift
[564/730] Compiling JSONSchema ValidationResult+JSONValue.swift
[565/730] Compiling JSONSchema ValidationResult.swift
[566/730] Compiling JSONSchema resource_bundle_accessor.swift
[567/730] Compiling JSONSchema Annotation.swift
[568/730] Compiling JSONSchema AnnotationContainer.swift
[569/730] Compiling JSONSchema JSONType+Matches.swift
[570/730] Compiling JSONSchema JSONValue+Integer.swift
[571/730] Compiling JSONSchema Dialect.swift
[572/730] Compiling JSONSchema Schema+Equatable.swift
[573/730] Compiling JSONSchema Schema+JSONValue.swift
[574/730] Compiling JSONSchema Schema.swift
[575/730] Compiling JSONSchema Bundle+JSONSchemaResources.swift
[576/730] Emitting module JSONSchema
[582/730] Compiling JSONSchema BuiltinValidators.swift
[583/730] Compiling JSONSchema FormatValidator.swift
[584/730] Compiling JSONSchema Keyword.swift
[585/730] Compiling JSONSchema Keywords+Annotation.swift
[586/730] Compiling JSONSchema Keywords+Applicator.swift
[600/730] Compiling JSONSchema Schema+Codable.swift
[601/730] Compiling JSONSchema LockIsolated.swift
[602/730] Compiling JSONSchema Context.swift
[603/730] Compiling JSONSchema SchemaIssue.swift
[604/730] Compiling JSONSchema ValidationIssue.swift
[610/731] Compiling JSONSchema Keywords+Assertion.swift
[611/731] Compiling JSONSchema Keywords+Identifier.swift
[612/731] Compiling JSONSchema Keywords+Metadata.swift
[613/731] Compiling JSONSchema Keywords+Reference.swift
[629/732] Emitting module SwiftSyntax
[685/732] Compiling SwiftSyntax SyntaxNodesC.swift
[686/732] Compiling SwiftSyntax SyntaxNodesD.swift
[687/732] Compiling SwiftSyntax SyntaxNodesEF.swift
[688/732] Compiling SwiftSyntax SyntaxNodesGHI.swift
[689/732] Compiling SwiftSyntax SyntaxNodesJKLMN.swift
[690/732] Compiling SwiftSyntax SyntaxNodesOP.swift
[691/732] Compiling SwiftSyntax SyntaxNodesQRS.swift
[692/732] Compiling SwiftSyntax SyntaxNodesTUVWXYZ.swift
[702/737] Wrapping AST for SwiftSyntax for debugging
[705/852] Compiling SwiftBasicFormat Trivia+FormatExtensions.swift
[706/852] Compiling SwiftDiagnostics DiagnosticDecorator.swift
[707/853] Compiling SwiftBasicFormat SyntaxProtocol+Formatted.swift
[708/853] Compiling SwiftBasicFormat Syntax+Extensions.swift
[710/853] Compiling SwiftDiagnostics Message.swift
[711/854] Emitting module SwiftDiagnostics
[712/854] Compiling SwiftDiagnostics Note.swift
[713/854] Compiling SwiftBasicFormat SyntaxProtocol+Formatted.swift
[714/854] Compiling SwiftBasicFormat Trivia+FormatExtensions.swift
[715/854] Emitting module SwiftDiagnostics
[716/854] Compiling SwiftDiagnostics FixIt.swift
[717/854] Compiling SwiftParser Attributes.swift
[718/854] Compiling SwiftParser Availability.swift
[719/854] Compiling SwiftDiagnostics Note.swift
[720/854] Compiling SwiftDiagnostics GroupedDiagnostics.swift
[721/854] Compiling SwiftDiagnostics Message.swift
[722/854] Compiling SwiftParser CharacterInfo.swift
[723/854] Compiling SwiftParser CollectionNodes+Parsable.swift
[726/854] Compiling SwiftDiagnostics FixIt.swift
[727/854] Compiling SwiftDiagnostics GroupedDiagnostics.swift
[728/854] Compiling SwiftBasicFormat Indenter.swift
[729/854] Compiling SwiftBasicFormat InferIndentation.swift
[730/854] Compiling SwiftBasicFormat Indenter.swift
[731/854] Compiling SwiftBasicFormat InferIndentation.swift
[734/854] Compiling SwiftDiagnostics DiagnosticsFormatter.swift
[736/855] Emitting module SwiftBasicFormat
[737/855] Compiling SwiftBasicFormat BasicFormat.swift
[738/856] Wrapping AST for SwiftBasicFormat for debugging
[739/856] Wrapping AST for SwiftDiagnostics for debugging
[741/856] Compiling SwiftDiagnostics DiagnosticsFormatter.swift
[742/856] Compiling SwiftDiagnostics DiagnosticDecorator.swift
[743/857] Wrapping AST for SwiftDiagnostics for debugging
[745/857] Emitting module SwiftBasicFormat
[746/857] Compiling SwiftBasicFormat BasicFormat.swift
[747/858] Wrapping AST for SwiftBasicFormat for debugging
[749/858] Compiling SwiftParser StringLiterals.swift
[750/858] Compiling SwiftParser SwiftParserCompatibility.swift
[751/858] Compiling SwiftParser SwiftVersion.swift
[752/858] Compiling SwiftParser SyntaxUtils.swift
[753/858] Compiling SwiftParser TokenConsumer.swift
[754/858] Compiling SwiftParser TokenPrecedence.swift
[755/858] Compiling SwiftParser LoopProgressCondition.swift
[756/858] Compiling SwiftParser Modifiers.swift
[757/858] Compiling SwiftParser Names.swift
[758/858] Compiling SwiftParser Nominals.swift
[759/858] Compiling SwiftParser Parameters.swift
[760/858] Compiling SwiftParser ParseSourceFile.swift
[767/863] Compiling SwiftParser Parser.swift
[768/863] Compiling SwiftParser Patterns.swift
[769/863] Compiling SwiftParser Recovery.swift
[770/863] Compiling SwiftParser Specifiers.swift
[771/863] Compiling SwiftParser TokenConsumer.swift
[772/863] Compiling SwiftParser StringLiteralRepresentedLiteralValue.swift
[779/868] Emitting module SwiftParser
[784/868] Compiling SwiftParser CompilerFiles.swift
[785/868] Compiling SwiftParser Declarations.swift
[786/868] Compiling SwiftParser TokenSpec.swift
[787/868] Compiling SwiftParser TokenSpecSet.swift
[788/868] Compiling SwiftParser TopLevel.swift
[789/868] Compiling SwiftParser TriviaParser.swift
[790/868] Compiling SwiftParser Types.swift
[791/868] Emitting module SwiftParser
[798/868] Compiling SwiftParser Lexeme.swift
[799/868] Compiling SwiftParser LexemeSequence.swift
[800/868] Compiling SwiftParser Lexer.swift
[801/868] Compiling SwiftParser TriviaParser.swift
[802/868] Compiling SwiftParser Types.swift
[803/868] Compiling SwiftParser Lookahead.swift
[815/868] Compiling SwiftParser Directives.swift
[816/868] Compiling SwiftParser ExpressionInterpretedAsVersionTuple.swift
[817/868] Compiling SwiftParser Expressions.swift
[818/868] Compiling SwiftParser IncrementalParseTransition.swift
[819/868] Compiling SwiftParser IsValidIdentifier.swift
[820/868] Compiling SwiftParser Cursor.swift
[833/868] Compiling SwiftParser ExperimentalFeatures.swift
[834/868] Compiling SwiftParser IsLexerClassified.swift
[835/868] Compiling SwiftParser LayoutNodes+Parsable.swift
[836/868] Compiling SwiftParser Parser+TokenSpecSet.swift
[837/868] Compiling SwiftParser TokenSpecStaticMembers.swift
[844/883] Wrapping AST for SwiftParser for debugging
[847/906] Compiling SwiftOperators PrecedenceGroup.swift
[848/906] Compiling SwiftParserDiagnostics SyntaxKindNameForDiagnostics.swift
[849/908] Compiling SwiftParserDiagnostics DiagnosticExtensions.swift
[850/908] Compiling SwiftParserDiagnostics LexerDiagnosticMessages.swift
[851/908] Compiling SwiftOperators PrecedenceGraph.swift
[852/908] Compiling SwiftOperators OperatorTable.swift
[853/908] Compiling SwiftParserDiagnostics TokenNameForDiagnostics.swift
[854/908] Compiling SwiftOperators SyntaxSynthesis.swift
[855/908] Compiling SwiftParserDiagnostics MultiLineStringLiteralDiagnosticsGenerator.swift
[856/908] Compiling SwiftParserDiagnostics ParseDiagnosticsGenerator.swift
[857/908] Compiling SwiftOperators OperatorTable+Folding.swift
[858/908] Emitting module SwiftOperators
[859/908] Compiling SwiftOperators OperatorTable+Semantics.swift
[860/909] Emitting module SwiftParserDiagnostics
[861/910] Wrapping AST for SwiftOperators for debugging
[863/910] Compiling SwiftParserDiagnostics TokenNameForDiagnostics.swift
[864/910] Compiling SwiftParserDiagnostics SyntaxExtensions.swift
[865/910] Compiling SwiftParserDiagnostics Utils.swift
[866/910] Compiling SwiftParserDiagnostics SyntaxKindNameForDiagnostics.swift
[867/910] Compiling SwiftParserDiagnostics ChildNameForDiagnostics.swift
[873/910] Compiling SwiftParserDiagnostics ParserDiagnosticMessages.swift
[874/910] Compiling SwiftParserDiagnostics PresenceUtils.swift
[877/910] Emitting module SwiftParserDiagnostics
[880/910] Compiling SwiftParserDiagnostics MissingNodesError.swift
[881/910] Compiling SwiftParserDiagnostics MissingTokenError.swift
[889/912] Wrapping AST for SwiftParserDiagnostics for debugging
[892/942] Compiling SwiftSyntaxBuilder SyntaxParsable+ExpressibleByStringInterpolation.swift
[893/942] Compiling SwiftSyntaxBuilder ValidatingSyntaxNodes.swift
[894/943] Compiling SwiftSyntaxBuilder ResultBuilderExtensions.swift
[895/943] Compiling SwiftSyntaxBuilder SwiftSyntaxBuilderCompatibility.swift
[898/944] Compiling SwiftSyntaxBuilder SyntaxExpressibleByStringInterpolationConformances.swift
[899/944] Emitting module SwiftSyntaxBuilder
[902/944] Compiling SwiftSyntaxBuilder SyntaxExpressibleByStringInterpolationConformances.swift
[903/944] Emitting module SwiftSyntaxBuilder
[904/944] Compiling SwiftSyntaxBuilder Syntax+StringInterpolation.swift
[905/944] Compiling SwiftSyntaxBuilder SyntaxNodeWithBody.swift
[906/944] Compiling SwiftSyntaxBuilder Indenter.swift
[907/944] Compiling SwiftSyntaxBuilder ListBuilder.swift
[908/944] Compiling SwiftSyntaxBuilder WithTrailingCommaSyntax+EnsuringTrailingComma.swift
[909/944] Compiling SwiftSyntaxBuilder BuildableNodes.swift
[914/944] Compiling SwiftSyntaxBuilder ConvenienceInitializers.swift
[915/944] Compiling SwiftSyntaxBuilder DeclSyntaxParseable.swift
[916/944] Compiling SwiftSyntaxBuilder RenamedChildrenBuilderCompatibility.swift
[917/944] Compiling SwiftSyntaxBuilder ResultBuilders.swift
[925/946] Wrapping AST for SwiftSyntaxBuilder for debugging
[928/1001] Compiling JSONSchemaCodegenCore SchemaReferenceGraph.swift
[929/1001] Compiling JSONSchemaCodegenCore SchemaDocument.swift
[930/1002] Compiling JSONSchemaCodegenCore SchemaKeywords.swift
[931/1002] Compiling JSONSchemaCodegenCore SchemaParsingPlan.swift
[932/1002] Emitting module JSONSchemaCodegenCore
[933/1004] Compiling SwiftIfConfig VersionTuple.swift
[936/1006] Emitting module SwiftIfConfig
[937/1006] Compiling JSONSchemaCodegenCore SchemaParserFactorySyntax.swift
[938/1006] Compiling JSONSchemaCodegenCore SchemaStringEnumSyntax.swift
[939/1006] Compiling JSONSchemaCodegenCore SchemaEncodingSyntax.swift
[943/1006] Compiling JSONSchemaCodegenCore SchemaGenerator.swift
[944/1006] Compiling JSONSchemaCodegenCore RecursiveSchemaSyntax.swift
[945/1006] Compiling JSONSchemaCodegenCore SchemaModelLayout.swift
[946/1006] Compiling JSONSchemaCodegenCore SchemaOutput.swift
[947/1006] Compiling JSONSchemaCodegenCore SchemaModelNameRequest.swift
[950/1006] Compiling JSONSchemaCodegenCore SchemaModelSyntax.swift
[951/1006] Compiling JSONSchemaCodegenCore JSONSchemaCodegenCore.swift
[954/1006] Compiling JSONSchemaCodegenCore SchemaModelAllocation.swift
[955/1006] Compiling JSONSchemaCodegenCore SchemaModelGraph.swift
[958/1006] Emitting module JSONSchemaCodegenCore
[962/1007] Wrapping AST for SwiftIfConfig for debugging
[964/1024] Compiling SwiftSyntaxMacros ExpressionMacro.swift
[965/1024] Compiling SwiftSyntaxMacros ExtensionMacro.swift
[966/1024] Compiling SwiftSyntaxMacros AccessorMacro.swift
[967/1024] Compiling SwiftSyntaxMacros FreestandingMacro.swift
[968/1024] Compiling SwiftSyntaxMacros Macro+Format.swift
[969/1026] Compiling SwiftSyntaxMacros CodeItemMacro.swift
[970/1026] Compiling SwiftSyntaxMacros DeclarationMacro.swift
[973/1026] Emitting module SwiftSyntaxMacros
[974/1026] Compiling SwiftSyntaxMacros MemberMacro.swift
[975/1026] Compiling SwiftSyntaxMacros PeerMacro.swift
[977/1026] Compiling SwiftSyntaxMacros AttachedMacro.swift
[978/1026] Compiling SwiftSyntaxMacros BodyMacro.swift
[979/1026] Compiling SwiftSyntaxMacros Macro.swift
[980/1026] Compiling SwiftSyntaxMacros MemberAttributeMacro.swift
[981/1026] Compiling SwiftSyntaxMacros AbstractSourceLocation.swift
[982/1026] Compiling SwiftSyntaxMacros MacroExpansionContext.swift
[983/1026] Compiling SwiftSyntaxMacros MacroExpansionDiagnosticMessages.swift
[986/1026] Compiling SwiftSyntaxMacros PreambleMacro.swift
[987/1026] Compiling SwiftSyntaxMacros Syntax+LexicalContext.swift
[992/1027] Compiling JSONSchemaCodegenCore SchemaSyntax.swift
[993/1027] Compiling JSONSchemaCodegenCore SchemaUnknownPropertiesSyntax.swift
[997/1027] Compiling JSONSchemaCodegenCore SchemaEmitter.swift
[1000/1027] Wrapping AST for SwiftSyntaxMacros for debugging
[1005/1036] Compiling SwiftSyntaxMacroExpansion BasicMacroExpansionContext.swift
[1006/1036] Compiling SwiftSyntaxMacroExpansion FunctionParameterUtils.swift
[1007/1036] Compiling SwiftSyntaxMacroExpansion IndentationUtils.swift
[1008/1036] Compiling SwiftSyntaxMacroExpansion MacroExpansion.swift
[1009/1037] Compiling SwiftSyntaxMacroExpansion MacroArgument.swift
[1010/1037] Compiling SwiftSyntaxMacroExpansion MacroExpansionDiagnosticMessages.swift
[1011/1037] Compiling SwiftSyntaxMacroExpansion MacroReplacement.swift
[1012/1037] Emitting module SwiftSyntaxMacroExpansion
[1013/1037] Compiling SwiftSyntaxMacroExpansion MacroSpec.swift
[1017/1038] Wrapping AST for JSONSchemaCodegenCore for debugging
[1024/1047] Compiling json_schema_codegen SchemaFileNaming.swift
[1025/1047] Compiling SwiftSyntaxMacroExpansion MacroSystem.swift
[1026/1048] Wrapping AST for SwiftSyntaxMacroExpansion for debugging
[1028/1060] Compiling json_schema_codegen SchemaFileNaming.swift
[1029/1060] Compiling json_schema_codegen CLIConfiguration.swift
[1030/1060] Emitting module json_schema_codegen
[1031/1060] Compiling json_schema_codegen JSONSchemaCodegenCLI.swift
/host/spi-builder-workspace/Sources/JSONSchemaCodegenCLI/JSONSchemaCodegenCLI.swift:150:57: error: 'atomic' is unavailable: atomic writing is unavailable in WASI because temporary files are not supported
148 | }
149 | do {
150 | try output.data.write(to: output.url, options: .atomic)
| `- error: 'atomic' is unavailable: atomic writing is unavailable in WASI because temporary files are not supported
151 | } catch {
152 | throw CLIError(message: "\(output.url.path): \(error)")
FoundationEssentials.Data.WritingOptions.atomic:4:23: note: 'atomic' has been explicitly marked unavailable here
2 | struct WritingOptions {
3 | @available(*, unavailable, message: "atomic writing is unavailable in WASI because temporary files are not supported")
4 | public static let atomic: Data.WritingOptions }
| `- note: 'atomic' has been explicitly marked unavailable here
5 | }
6 |
/host/spi-builder-workspace/Sources/JSONSchemaCodegenCLI/JSONSchemaCodegenCLI.swift:206:61: error: 'atomic' is unavailable: atomic writing is unavailable in WASI because temporary files are not supported
204 | at: stamp.deletingLastPathComponent(), withIntermediateDirectories: true
205 | )
206 | try Data("validated\n".utf8).write(to: stamp, options: .atomic)
| `- error: 'atomic' is unavailable: atomic writing is unavailable in WASI because temporary files are not supported
207 | }
208 | }
FoundationEssentials.Data.WritingOptions.atomic:4:23: note: 'atomic' has been explicitly marked unavailable here
2 | struct WritingOptions {
3 | @available(*, unavailable, message: "atomic writing is unavailable in WASI because temporary files are not supported")
4 | public static let atomic: Data.WritingOptions }
| `- note: 'atomic' has been explicitly marked unavailable here
5 | }
6 |
[1032/1060] Compiling SwiftCompilerPluginMessageHandling PluginMessageCompatibility.swift
error: cancelled
[1033/1060] Compiling json_schema_codegen CLIConfiguration.swift
[1034/1060] Emitting module json_schema_codegen
BUILD FAILURE 6.3 wasm