The Swift Package Index logo.Swift Package Index

Build Information

Failed to build EcondaTracking_Swift, reference main (cf729f), with Swift 6.4 for macOS (Xcode) using Xcode 27.0 on 26 Sep 2026 15:11:16 UTC.

Build Command

env DEVELOPER_DIR=/Applications/Xcode-27.0.0-Release.Candidate.app xcrun xcodebuild -IDEClonedSourcePackagesDirPathOverride=$PWD/.dependencies -skipMacroValidation -skipPackagePluginValidation -derivedDataPath $PWD/.derivedData build -scheme EcondaTracking_Swift -destination platform=macOS,arch=arm64

Build Log

========================================
RunAll
========================================
Builder version: 5.1.0
Interrupt handler set up.
========================================
Checkout
========================================
Clone URL: https://github.com/dymatrixgmbh/tracking-ios.git
Reference: main
Initialized empty Git repository in /Users/admin/builder/spi-builder-workspace/.git/
From https://github.com/dymatrixgmbh/tracking-ios
 * branch            main       -> FETCH_HEAD
 * [new branch]      main       -> origin/main
HEAD is now at cf729fd Update Package.swift
Cloned https://github.com/dymatrixgmbh/tracking-ios.git
Revision (git rev-parse @):
cf729fde922d7a8e748dec5ebe2700dbb1fe7478
SUCCESS checkout https://github.com/dymatrixgmbh/tracking-ios.git at main
========================================
Build
========================================
Selected platform:         macosXcodebuild
Swift version:             6.4
Building package at path:  $PWD
https://github.com/dymatrixgmbh/tracking-ios.git
Command line invocation:
    /Applications/Xcode-27.0.0-Release.Candidate.app/Contents/Developer/usr/bin/xcodebuild -IDEClonedSourcePackagesDirPathOverride=/Users/admin/builder/spi-builder-workspace/.dependencies -resolvePackageDependencies
Resolve Package Graph
Resolve Package Graph
Resolved source packages:
  EcondaTracking_Swift: /Users/admin/builder/spi-builder-workspace
resolved source packages: EcondaTracking_Swift
2026-09-26 11:10:29.215 xcodebuild[528:3032] [MT] IDERunDestination: Supported platforms for the buildables in the current scheme is empty.
{
  "dependencies" : [
  ],
  "manifest_display_name" : "EcondaTracking_Swift",
  "name" : "EcondaTracking_Swift",
  "path" : "/Users/admin/builder/spi-builder-workspace",
  "platforms" : [
    {
      "name" : "ios",
      "version" : "14.0"
    }
  ],
  "products" : [
    {
      "name" : "EcondaTracking_Swift",
      "targets" : [
        "EcondaTracking_Swift"
      ],
      "type" : {
        "library" : [
          "automatic"
        ]
      }
    }
  ],
  "targets" : [
    {
      "c99name" : "EcondaTracking_Swift",
      "module_type" : "BinaryTarget",
      "name" : "EcondaTracking_Swift",
      "path" : "remote/archive/EcondaTracking_Swift.xcframework.zip",
      "product_memberships" : [
        "EcondaTracking_Swift"
      ],
      "sources" : [
      ],
      "type" : "binary"
    }
  ],
  "tools_version" : "5.3"
}
{
  "workspace" : {
    "name" : "EcondaTracking_Swift",
    "schemes" : [
      "EcondaTracking_Swift"
    ]
  }
}
2026-09-26 11:11:11.190 xcodebuild[659:4176] [MT] IDERunDestination: Supported platforms for the buildables in the current scheme is empty.
Running build ...
env DEVELOPER_DIR=/Applications/Xcode-27.0.0-Release.Candidate.app xcrun xcodebuild -IDEClonedSourcePackagesDirPathOverride=$PWD/.dependencies -skipMacroValidation -skipPackagePluginValidation -derivedDataPath $PWD/.derivedData build -scheme EcondaTracking_Swift -destination platform=macOS,arch=arm64
Command line invocation:
    /Applications/Xcode-27.0.0-Release.Candidate.app/Contents/Developer/usr/bin/xcodebuild -IDEClonedSourcePackagesDirPathOverride=/Users/admin/builder/spi-builder-workspace/.dependencies -skipMacroValidation -skipPackagePluginValidation -derivedDataPath /Users/admin/builder/spi-builder-workspace/.derivedData build -scheme EcondaTracking_Swift -destination platform=macOS,arch=arm64
Resolve Package Graph
Resolved source packages:
  EcondaTracking_Swift: /Users/admin/builder/spi-builder-workspace
ComputePackagePrebuildTargetDependencyGraph
Prepare packages
CreateBuildRequest
SendProjectDescription
CreateBuildOperation
ComputeTargetDependencyGraph
note: Building targets in dependency order
note: Target dependency graph (1 target)
    Target 'EcondaTracking_Swift-product' in project 'EcondaTracking_Swift' (no dependencies)
GatherProvisioningInputs
CreateBuildDescription
ExecuteExternalTool /Applications/Xcode-27.0.0-Release.Candidate.app/Contents/Developer/Toolchains/XcodeDefault.xctoolchain/usr/bin/clang -v -E -dM -isysroot /Applications/Xcode-27.0.0-Release.Candidate.app/Contents/Developer/Platforms/MacOSX.platform/Developer/SDKs/MacOSX27.0.sdk -x c -c /dev/null
Build description signature: 45b1bdf6ab612a0c1badf1530bfb0e2b
Build description path: /Users/admin/builder/spi-builder-workspace/.derivedData/Build/Intermediates.noindex/XCBuildData/45b1bdf6ab612a0c1badf1530bfb0e2b.xcbuilddata
/Users/admin/builder/spi-builder-workspace/.dependencies/artifacts/spi-builder-workspace/EcondaTracking_Swift/EcondaTracking_Swift.xcframework:1:1: error: While building for macOS, no library for this platform was found in '/Users/admin/builder/spi-builder-workspace/.dependencies/artifacts/spi-builder-workspace/EcondaTracking_Swift/EcondaTracking_Swift.xcframework'. (in target 'EcondaTracking_Swift-product' from project 'EcondaTracking_Swift')
2026-09-26 11:11:12.742 xcodebuild[660:4223] [MT] IDERunDestination: Supported platforms for the buildables in the current scheme is empty.
--- xcodebuild: WARNING: Using the first of multiple matching destinations:
{ platform:macOS, arch:arm64, id:43148efc7f6f9f993bf534d563fbe085bcac6519, name:My Mac }
{ platform:macOS, arch:arm64, variant:Mac Catalyst, id:43148efc7f6f9f993bf534d563fbe085bcac6519, name:My Mac }
{ platform:macOS, arch:arm64, variant:DriverKit, id:43148efc7f6f9f993bf534d563fbe085bcac6519, name:My Mac }
{ platform:macOS, arch:arm64, variant:Designed for [iPad,iPhone], id:43148efc7f6f9f993bf534d563fbe085bcac6519, name:My Mac }
** BUILD FAILED **
The following build commands failed:
	Building workspace EcondaTracking_Swift with scheme EcondaTracking_Swift
(1 failure)
Command line invocation:
    /Applications/Xcode-27.0.0-Release.Candidate.app/Contents/Developer/usr/bin/xcodebuild -IDEClonedSourcePackagesDirPathOverride=/Users/admin/builder/spi-builder-workspace/.dependencies -resolvePackageDependencies
Resolve Package Graph
Resolved source packages:
  EcondaTracking_Swift: /Users/admin/builder/spi-builder-workspace
resolved source packages: EcondaTracking_Swift
2026-09-26 11:11:14.292 xcodebuild[672:4327] [MT] IDERunDestination: Supported platforms for the buildables in the current scheme is empty.
{
  "dependencies" : [
  ],
  "manifest_display_name" : "EcondaTracking_Swift",
  "name" : "EcondaTracking_Swift",
  "path" : "/Users/admin/builder/spi-builder-workspace",
  "platforms" : [
    {
      "name" : "ios",
      "version" : "14.0"
    }
  ],
  "products" : [
    {
      "name" : "EcondaTracking_Swift",
      "targets" : [
        "EcondaTracking_Swift"
      ],
      "type" : {
        "library" : [
          "automatic"
        ]
      }
    }
  ],
  "targets" : [
    {
      "c99name" : "EcondaTracking_Swift",
      "module_type" : "BinaryTarget",
      "name" : "EcondaTracking_Swift",
      "path" : "remote/archive/EcondaTracking_Swift.xcframework.zip",
      "product_memberships" : [
        "EcondaTracking_Swift"
      ],
      "sources" : [
      ],
      "type" : "binary"
    }
  ],
  "tools_version" : "5.3"
}
{
  "workspace" : {
    "name" : "EcondaTracking_Swift",
    "schemes" : [
      "EcondaTracking_Swift"
    ]
  }
}
2026-09-26 11:11:15.478 xcodebuild[680:4386] [MT] IDERunDestination: Supported platforms for the buildables in the current scheme is empty.
Running build ...
env DEVELOPER_DIR=/Applications/Xcode-27.0.0-Release.Candidate.app xcrun xcodebuild -IDEClonedSourcePackagesDirPathOverride=$PWD/.dependencies -skipMacroValidation -skipPackagePluginValidation -derivedDataPath $PWD/.derivedData build -scheme EcondaTracking_Swift -destination platform=macOS,arch=arm64
Command line invocation:
    /Applications/Xcode-27.0.0-Release.Candidate.app/Contents/Developer/usr/bin/xcodebuild -IDEClonedSourcePackagesDirPathOverride=/Users/admin/builder/spi-builder-workspace/.dependencies -skipMacroValidation -skipPackagePluginValidation -derivedDataPath /Users/admin/builder/spi-builder-workspace/.derivedData build -scheme EcondaTracking_Swift -destination platform=macOS,arch=arm64
Resolve Package Graph
Resolved source packages:
  EcondaTracking_Swift: /Users/admin/builder/spi-builder-workspace
ComputePackagePrebuildTargetDependencyGraph
Prepare packages
CreateBuildRequest
SendProjectDescription
CreateBuildOperation
ComputeTargetDependencyGraph
note: Building targets in dependency order
note: Target dependency graph (1 target)
    Target 'EcondaTracking_Swift-product' in project 'EcondaTracking_Swift' (no dependencies)
GatherProvisioningInputs
CreateBuildDescription
/Users/admin/builder/spi-builder-workspace/.dependencies/artifacts/spi-builder-workspace/EcondaTracking_Swift/EcondaTracking_Swift.xcframework:1:1: error: While building for macOS, no library for this platform was found in '/Users/admin/builder/spi-builder-workspace/.dependencies/artifacts/spi-builder-workspace/EcondaTracking_Swift/EcondaTracking_Swift.xcframework'. (in target 'EcondaTracking_Swift-product' from project 'EcondaTracking_Swift')
2026-09-26 11:11:16.397 xcodebuild[681:4408] [MT] IDERunDestination: Supported platforms for the buildables in the current scheme is empty.
--- xcodebuild: WARNING: Using the first of multiple matching destinations:
{ platform:macOS, arch:arm64, id:43148efc7f6f9f993bf534d563fbe085bcac6519, name:My Mac }
{ platform:macOS, arch:arm64, variant:Mac Catalyst, id:43148efc7f6f9f993bf534d563fbe085bcac6519, name:My Mac }
{ platform:macOS, arch:arm64, variant:DriverKit, id:43148efc7f6f9f993bf534d563fbe085bcac6519, name:My Mac }
{ platform:macOS, arch:arm64, variant:Designed for [iPad,iPhone], id:43148efc7f6f9f993bf534d563fbe085bcac6519, name:My Mac }
** BUILD FAILED **
The following build commands failed:
	Building workspace EcondaTracking_Swift with scheme EcondaTracking_Swift
(1 failure)
BUILD FAILURE 6.4 macosXcodebuild