Build Information
Failed to build JSONLLogging, reference main (7d817d), with Swift 6.1 for Wasm on 4 Sep 2026 08:49:27 UTC.
Build Command
bash -c docker run --pull=always --rm -v "checkouts-53886769-0":/host -w "$PWD" -e JAVA_HOME="/root/.sdkman/candidates/java/current" -e SPI_BUILD="1" -e SPI_PROCESSING="1" registry.gitlab.com/saguaro1/spi-images:wasm-6.1-latest swift build --swift-sdk wasm32-unknown-wasi 2>&1Build Log
========================================
RunAll
========================================
Builder version: 5.0.2
Interrupt handler set up.
========================================
Checkout
========================================
Clone URL: https://github.com/atacan/jsonl-swift-log.git
Reference: main
Initialized empty Git repository in /host/spi-builder-workspace/.git/
hint: Using 'master' as the name for the initial branch. This default branch name
hint: is subject to change. To configure the initial branch name to use in all
hint: of your new repositories, which will suppress this warning, call:
hint:
hint: git config --global init.defaultBranch <name>
hint:
hint: Names commonly chosen instead of 'master' are 'main', 'trunk' and
hint: 'development'. The just-created branch can be renamed via this command:
hint:
hint: git branch -m <name>
From https://github.com/atacan/jsonl-swift-log
* branch main -> FETCH_HEAD
* [new branch] main -> origin/main
HEAD is now at 7d817d4 chore: update repository context size
Cloned https://github.com/atacan/jsonl-swift-log.git
Revision (git rev-parse @):
7d817d4a7facc4934616c5210a52a035dd61e0aa
SUCCESS checkout https://github.com/atacan/jsonl-swift-log.git at main
========================================
Build
========================================
Selected platform: wasm
Swift version: 6.1
Building package at path: $PWD
https://github.com/atacan/jsonl-swift-log.git
https://github.com/atacan/jsonl-swift-log.git
WARNING: environment variable SUPPRESS_SWIFT_6_FLAGS is not set
Running build ...
bash -c docker run --pull=always --rm -v "checkouts-53886769-0":/host -w "$PWD" -e JAVA_HOME="/root/.sdkman/candidates/java/current" -e SPI_BUILD="1" -e SPI_PROCESSING="1" registry.gitlab.com/saguaro1/spi-images:wasm-6.1-latest swift build --swift-sdk wasm32-unknown-wasi -Xswiftc -Xfrontend -Xswiftc -stats-output-dir -Xswiftc -Xfrontend -Xswiftc .stats -Xswiftc -strict-concurrency=complete -Xswiftc -enable-upcoming-feature -Xswiftc StrictConcurrency -Xswiftc -enable-upcoming-feature -Xswiftc DisableOutwardActorInference -Xswiftc -enable-upcoming-feature -Xswiftc GlobalActorIsolatedTypesUsability -Xswiftc -enable-upcoming-feature -Xswiftc InferSendableFromCaptures 2>&1
wasm-6.1-latest: Pulling from saguaro1/spi-images
Digest: sha256:290f441d1f5b7bf0dbbe61e8b7514208804cdcb507d57b3c762463ad036298f7
Status: Image is up to date for registry.gitlab.com/saguaro1/spi-images:wasm-6.1-latest
Fetching https://github.com/atacan/SwiftLogExport.git
Fetching https://github.com/apple/swift-log.git
[1/78] Fetching swiftlogexport
[12/8082] Fetching swiftlogexport, swift-log
Fetched https://github.com/atacan/SwiftLogExport.git from cache (0.47s)
[481/8004] Fetching swift-log
Fetched https://github.com/apple/swift-log.git from cache (0.56s)
Computing version for https://github.com/atacan/SwiftLogExport.git
Computed https://github.com/atacan/SwiftLogExport.git at 1.1.0 (0.79s)
Fetching https://github.com/apple/swift-collections.git
Fetching https://github.com/apple/swift-async-algorithms.git
Fetching https://github.com/swift-server/swift-service-lifecycle.git
[1/2822] Fetching swift-service-lifecycle
[2823/9538] Fetching swift-service-lifecycle, swift-async-algorithms
[2824/36671] Fetching swift-service-lifecycle, swift-async-algorithms, swift-collections
Fetched https://github.com/swift-server/swift-service-lifecycle.git from cache (1.29s)
Fetched https://github.com/apple/swift-async-algorithms.git from cache (1.29s)
Fetched https://github.com/apple/swift-collections.git from cache (1.30s)
Computing version for https://github.com/apple/swift-async-algorithms.git
Computed https://github.com/apple/swift-async-algorithms.git at 1.1.5 (1.58s)
Computing version for https://github.com/swift-server/swift-service-lifecycle.git
Computed https://github.com/swift-server/swift-service-lifecycle.git at 2.12.0 (0.23s)
Computing version for https://github.com/apple/swift-log.git
Computed https://github.com/apple/swift-log.git at 1.15.0 (0.24s)
Computing version for https://github.com/apple/swift-collections.git
Computed https://github.com/apple/swift-collections.git at 1.6.0 (0.34s)
Creating working copy for https://github.com/apple/swift-async-algorithms.git
Working copy of https://github.com/apple/swift-async-algorithms.git resolved at 1.1.5
Creating working copy for https://github.com/apple/swift-collections.git
Working copy of https://github.com/apple/swift-collections.git resolved at 1.6.0
Creating working copy for https://github.com/apple/swift-log.git
Working copy of https://github.com/apple/swift-log.git resolved at 1.15.0
Creating working copy for https://github.com/atacan/SwiftLogExport.git
Working copy of https://github.com/atacan/SwiftLogExport.git resolved at 1.1.0
Creating working copy for https://github.com/swift-server/swift-service-lifecycle.git
Working copy of https://github.com/swift-server/swift-service-lifecycle.git resolved at 2.12.0
Building for debugging...
[0/12] Write sources
[11/12] Write swift-version-24593BA9C3E375BF.txt
[13/44] Emitting module Logging
unable to find node: pound
unable to find node: pound
<unknown>:0: warning: upcoming feature 'InferSendableFromCaptures' is already enabled as of Swift version 6
<unknown>:0: warning: upcoming feature 'GlobalActorIsolatedTypesUsability' is already enabled as of Swift version 6
<unknown>:0: warning: upcoming feature 'DisableOutwardActorInference' is already enabled as of Swift version 6
[14/45] Compiling InternalCollectionsUtilities LifetimeOverride.swift
<unknown>:0: warning: upcoming feature 'InferSendableFromCaptures' is already enabled as of Swift version 6
<unknown>:0: warning: upcoming feature 'GlobalActorIsolatedTypesUsability' is already enabled as of Swift version 6
<unknown>:0: warning: upcoming feature 'DisableOutwardActorInference' is already enabled as of Swift version 6
[15/45] Compiling InternalCollectionsUtilities RandomAccessCollection+Offsets.swift
<unknown>:0: warning: upcoming feature 'InferSendableFromCaptures' is already enabled as of Swift version 6
<unknown>:0: warning: upcoming feature 'GlobalActorIsolatedTypesUsability' is already enabled as of Swift version 6
<unknown>:0: warning: upcoming feature 'DisableOutwardActorInference' is already enabled as of Swift version 6
[16/45] Compiling InternalCollectionsUtilities Span+Extras.swift
<unknown>:0: warning: upcoming feature 'InferSendableFromCaptures' is already enabled as of Swift version 6
<unknown>:0: warning: upcoming feature 'GlobalActorIsolatedTypesUsability' is already enabled as of Swift version 6
<unknown>:0: warning: upcoming feature 'DisableOutwardActorInference' is already enabled as of Swift version 6
[17/45] Compiling InternalCollectionsUtilities UnsafeBufferPointer+Extras.swift
<unknown>:0: warning: upcoming feature 'InferSendableFromCaptures' is already enabled as of Swift version 6
<unknown>:0: warning: upcoming feature 'GlobalActorIsolatedTypesUsability' is already enabled as of Swift version 6
<unknown>:0: warning: upcoming feature 'DisableOutwardActorInference' is already enabled as of Swift version 6
[18/45] Compiling InternalCollectionsUtilities UnsafeMutableBufferPointer+Extras.swift
<unknown>:0: warning: upcoming feature 'InferSendableFromCaptures' is already enabled as of Swift version 6
<unknown>:0: warning: upcoming feature 'GlobalActorIsolatedTypesUsability' is already enabled as of Swift version 6
<unknown>:0: warning: upcoming feature 'DisableOutwardActorInference' is already enabled as of Swift version 6
[19/45] Compiling InternalCollectionsUtilities _UnsafeBitSet+_Word.swift
<unknown>:0: warning: upcoming feature 'InferSendableFromCaptures' is already enabled as of Swift version 6
<unknown>:0: warning: upcoming feature 'GlobalActorIsolatedTypesUsability' is already enabled as of Swift version 6
<unknown>:0: warning: upcoming feature 'DisableOutwardActorInference' is already enabled as of Swift version 6
[20/45] Compiling InternalCollectionsUtilities _UnsafeBitSet.swift
<unknown>:0: warning: upcoming feature 'InferSendableFromCaptures' is already enabled as of Swift version 6
<unknown>:0: warning: upcoming feature 'GlobalActorIsolatedTypesUsability' is already enabled as of Swift version 6
<unknown>:0: warning: upcoming feature 'DisableOutwardActorInference' is already enabled as of Swift version 6
[21/45] Compiling InternalCollectionsUtilities Integer rank.swift
<unknown>:0: warning: upcoming feature 'InferSendableFromCaptures' is already enabled as of Swift version 6
<unknown>:0: warning: upcoming feature 'GlobalActorIsolatedTypesUsability' is already enabled as of Swift version 6
<unknown>:0: warning: upcoming feature 'DisableOutwardActorInference' is already enabled as of Swift version 6
[22/45] Compiling InternalCollectionsUtilities UInt+first and last set bit.swift
<unknown>:0: warning: upcoming feature 'InferSendableFromCaptures' is already enabled as of Swift version 6
<unknown>:0: warning: upcoming feature 'GlobalActorIsolatedTypesUsability' is already enabled as of Swift version 6
<unknown>:0: warning: upcoming feature 'DisableOutwardActorInference' is already enabled as of Swift version 6
[23/45] Compiling InternalCollectionsUtilities UInt+reversed.swift
<unknown>:0: warning: upcoming feature 'InferSendableFromCaptures' is already enabled as of Swift version 6
<unknown>:0: warning: upcoming feature 'GlobalActorIsolatedTypesUsability' is already enabled as of Swift version 6
<unknown>:0: warning: upcoming feature 'DisableOutwardActorInference' is already enabled as of Swift version 6
[24/45] Compiling InternalCollectionsUtilities UnsafeMutableRawBufferPointer+Extras.swift
<unknown>:0: warning: upcoming feature 'InferSendableFromCaptures' is already enabled as of Swift version 6
<unknown>:0: warning: upcoming feature 'GlobalActorIsolatedTypesUsability' is already enabled as of Swift version 6
<unknown>:0: warning: upcoming feature 'DisableOutwardActorInference' is already enabled as of Swift version 6
[25/45] Compiling InternalCollectionsUtilities UnsafeRawBufferPointer+Extras.swift
<unknown>:0: warning: upcoming feature 'InferSendableFromCaptures' is already enabled as of Swift version 6
<unknown>:0: warning: upcoming feature 'GlobalActorIsolatedTypesUsability' is already enabled as of Swift version 6
<unknown>:0: warning: upcoming feature 'DisableOutwardActorInference' is already enabled as of Swift version 6
[26/45] Compiling InternalCollectionsUtilities String+Padding.swift
<unknown>:0: warning: upcoming feature 'InferSendableFromCaptures' is already enabled as of Swift version 6
<unknown>:0: warning: upcoming feature 'GlobalActorIsolatedTypesUsability' is already enabled as of Swift version 6
<unknown>:0: warning: upcoming feature 'DisableOutwardActorInference' is already enabled as of Swift version 6
[27/45] Compiling InternalCollectionsUtilities _UnsafeBitSet+Index.swift
<unknown>:0: warning: upcoming feature 'InferSendableFromCaptures' is already enabled as of Swift version 6
<unknown>:0: warning: upcoming feature 'GlobalActorIsolatedTypesUsability' is already enabled as of Swift version 6
<unknown>:0: warning: upcoming feature 'DisableOutwardActorInference' is already enabled as of Swift version 6
[28/47] Compiling ConcurrencyHelpers LockedValueBox.swift
[29/47] Compiling InternalCollectionsUtilities Debugging.swift
<unknown>:0: warning: upcoming feature 'InferSendableFromCaptures' is already enabled as of Swift version 6
<unknown>:0: warning: upcoming feature 'GlobalActorIsolatedTypesUsability' is already enabled as of Swift version 6
<unknown>:0: warning: upcoming feature 'DisableOutwardActorInference' is already enabled as of Swift version 6
[30/47] Compiling InternalCollectionsUtilities Descriptions.swift
<unknown>:0: warning: upcoming feature 'InferSendableFromCaptures' is already enabled as of Swift version 6
<unknown>:0: warning: upcoming feature 'GlobalActorIsolatedTypesUsability' is already enabled as of Swift version 6
<unknown>:0: warning: upcoming feature 'DisableOutwardActorInference' is already enabled as of Swift version 6
[31/47] Compiling InternalCollectionsUtilities FixedWidthInteger+roundUpToPowerOfTwo.swift
<unknown>:0: warning: upcoming feature 'InferSendableFromCaptures' is already enabled as of Swift version 6
<unknown>:0: warning: upcoming feature 'GlobalActorIsolatedTypesUsability' is already enabled as of Swift version 6
<unknown>:0: warning: upcoming feature 'DisableOutwardActorInference' is already enabled as of Swift version 6
[32/47] Emitting module InternalCollectionsUtilities
<unknown>:0: warning: upcoming feature 'InferSendableFromCaptures' is already enabled as of Swift version 6
<unknown>:0: warning: upcoming feature 'GlobalActorIsolatedTypesUsability' is already enabled as of Swift version 6
<unknown>:0: warning: upcoming feature 'DisableOutwardActorInference' is already enabled as of Swift version 6
[33/47] Compiling Logging LoggingSystem.swift
<unknown>:0: warning: upcoming feature 'InferSendableFromCaptures' is already enabled as of Swift version 6
<unknown>:0: warning: upcoming feature 'GlobalActorIsolatedTypesUsability' is already enabled as of Swift version 6
<unknown>:0: warning: upcoming feature 'DisableOutwardActorInference' is already enabled as of Swift version 6
[34/47] Compiling Logging Logger.swift
<unknown>:0: warning: upcoming feature 'InferSendableFromCaptures' is already enabled as of Swift version 6
<unknown>:0: warning: upcoming feature 'GlobalActorIsolatedTypesUsability' is already enabled as of Swift version 6
<unknown>:0: warning: upcoming feature 'DisableOutwardActorInference' is already enabled as of Swift version 6
[35/47] Compiling Logging Logger+With.swift
unable to find node: pound
unable to find node: pound
<unknown>:0: warning: upcoming feature 'InferSendableFromCaptures' is already enabled as of Swift version 6
<unknown>:0: warning: upcoming feature 'GlobalActorIsolatedTypesUsability' is already enabled as of Swift version 6
<unknown>:0: warning: upcoming feature 'DisableOutwardActorInference' is already enabled as of Swift version 6
[36/47] Compiling Logging Logger+Attributes.swift
<unknown>:0: warning: upcoming feature 'InferSendableFromCaptures' is already enabled as of Swift version 6
<unknown>:0: warning: upcoming feature 'GlobalActorIsolatedTypesUsability' is already enabled as of Swift version 6
<unknown>:0: warning: upcoming feature 'DisableOutwardActorInference' is already enabled as of Swift version 6
<unknown>:0: warning: upcoming feature 'InferSendableFromCaptures' is already enabled as of Swift version 6
<unknown>:0: warning: upcoming feature 'GlobalActorIsolatedTypesUsability' is already enabled as of Swift version 6
<unknown>:0: warning: upcoming feature 'DisableOutwardActorInference' is already enabled as of Swift version 6
<unknown>:0: warning: upcoming feature 'InferSendableFromCaptures' is already enabled as of Swift version 6
<unknown>:0: warning: upcoming feature 'GlobalActorIsolatedTypesUsability' is already enabled as of Swift version 6
<unknown>:0: warning: upcoming feature 'DisableOutwardActorInference' is already enabled as of Swift version 6
[39/47] Compiling InternalCollectionsUtilities _SortedCollection.swift
<unknown>:0: warning: upcoming feature 'InferSendableFromCaptures' is already enabled as of Swift version 6
<unknown>:0: warning: upcoming feature 'GlobalActorIsolatedTypesUsability' is already enabled as of Swift version 6
<unknown>:0: warning: upcoming feature 'DisableOutwardActorInference' is already enabled as of Swift version 6
[40/47] Compiling InternalCollectionsUtilities _UniqueCollection.swift
<unknown>:0: warning: upcoming feature 'InferSendableFromCaptures' is already enabled as of Swift version 6
<unknown>:0: warning: upcoming feature 'GlobalActorIsolatedTypesUsability' is already enabled as of Swift version 6
<unknown>:0: warning: upcoming feature 'DisableOutwardActorInference' is already enabled as of Swift version 6
[42/141] Compiling ContainersPreview OutputSpan+Extras.swift
<unknown>:0: warning: upcoming feature 'InferSendableFromCaptures' is already enabled as of Swift version 6
<unknown>:0: warning: upcoming feature 'GlobalActorIsolatedTypesUsability' is already enabled as of Swift version 6
<unknown>:0: warning: upcoming feature 'DisableOutwardActorInference' is already enabled as of Swift version 6
[43/141] Compiling ContainersPreview TemporaryAllocation.swift
<unknown>:0: warning: upcoming feature 'InferSendableFromCaptures' is already enabled as of Swift version 6
<unknown>:0: warning: upcoming feature 'GlobalActorIsolatedTypesUsability' is already enabled as of Swift version 6
<unknown>:0: warning: upcoming feature 'DisableOutwardActorInference' is already enabled as of Swift version 6
[44/141] Compiling ContainersPreview BorrowingIteratorProtocol+Copy.swift
<unknown>:0: warning: upcoming feature 'InferSendableFromCaptures' is already enabled as of Swift version 6
<unknown>:0: warning: upcoming feature 'GlobalActorIsolatedTypesUsability' is already enabled as of Swift version 6
<unknown>:0: warning: upcoming feature 'DisableOutwardActorInference' is already enabled as of Swift version 6
[45/141] Compiling ContainersPreview BorrowingIteratorProtocol+ElementsEqual.swift
<unknown>:0: warning: upcoming feature 'InferSendableFromCaptures' is already enabled as of Swift version 6
<unknown>:0: warning: upcoming feature 'GlobalActorIsolatedTypesUsability' is already enabled as of Swift version 6
<unknown>:0: warning: upcoming feature 'DisableOutwardActorInference' is already enabled as of Swift version 6
[46/141] Compiling ContainersPreview BorrowingIteratorProtocol+Filter.swift
<unknown>:0: warning: upcoming feature 'InferSendableFromCaptures' is already enabled as of Swift version 6
<unknown>:0: warning: upcoming feature 'GlobalActorIsolatedTypesUsability' is already enabled as of Swift version 6
<unknown>:0: warning: upcoming feature 'DisableOutwardActorInference' is already enabled as of Swift version 6
[47/145] Compiling ConcurrencyHelpers Lock.swift
[48/145] Emitting module ConcurrencyHelpers
[49/146] Compiling Logging MetadataProvider.swift
<unknown>:0: warning: upcoming feature 'InferSendableFromCaptures' is already enabled as of Swift version 6
<unknown>:0: warning: upcoming feature 'GlobalActorIsolatedTypesUsability' is already enabled as of Swift version 6
<unknown>:0: warning: upcoming feature 'DisableOutwardActorInference' is already enabled as of Swift version 6
[50/146] Compiling ContainersPreview Producer+Map.swift
<unknown>:0: warning: upcoming feature 'InferSendableFromCaptures' is already enabled as of Swift version 6
<unknown>:0: warning: upcoming feature 'GlobalActorIsolatedTypesUsability' is already enabled as of Swift version 6
<unknown>:0: warning: upcoming feature 'DisableOutwardActorInference' is already enabled as of Swift version 6
[51/146] Compiling ContainersPreview Producer+Reduce.swift
<unknown>:0: warning: upcoming feature 'InferSendableFromCaptures' is already enabled as of Swift version 6
<unknown>:0: warning: upcoming feature 'GlobalActorIsolatedTypesUsability' is already enabled as of Swift version 6
<unknown>:0: warning: upcoming feature 'DisableOutwardActorInference' is already enabled as of Swift version 6
[52/146] Compiling ContainersPreview Producer.swift
<unknown>:0: warning: upcoming feature 'InferSendableFromCaptures' is already enabled as of Swift version 6
<unknown>:0: warning: upcoming feature 'GlobalActorIsolatedTypesUsability' is already enabled as of Swift version 6
<unknown>:0: warning: upcoming feature 'DisableOutwardActorInference' is already enabled as of Swift version 6
[53/146] Compiling ContainersPreview InputSpan.swift
<unknown>:0: warning: upcoming feature 'InferSendableFromCaptures' is already enabled as of Swift version 6
<unknown>:0: warning: upcoming feature 'GlobalActorIsolatedTypesUsability' is already enabled as of Swift version 6
<unknown>:0: warning: upcoming feature 'DisableOutwardActorInference' is already enabled as of Swift version 6
[54/146] Compiling ContainersPreview MutableRef.swift
<unknown>:0: warning: upcoming feature 'InferSendableFromCaptures' is already enabled as of Swift version 6
<unknown>:0: warning: upcoming feature 'GlobalActorIsolatedTypesUsability' is already enabled as of Swift version 6
<unknown>:0: warning: upcoming feature 'DisableOutwardActorInference' is already enabled as of Swift version 6
[55/146] Compiling ContainersPreview Ref.swift
<unknown>:0: warning: upcoming feature 'InferSendableFromCaptures' is already enabled as of Swift version 6
<unknown>:0: warning: upcoming feature 'GlobalActorIsolatedTypesUsability' is already enabled as of Swift version 6
<unknown>:0: warning: upcoming feature 'DisableOutwardActorInference' is already enabled as of Swift version 6
[56/146] Compiling ContainersPreview Shared.swift
<unknown>:0: warning: upcoming feature 'InferSendableFromCaptures' is already enabled as of Swift version 6
<unknown>:0: warning: upcoming feature 'GlobalActorIsolatedTypesUsability' is already enabled as of Swift version 6
<unknown>:0: warning: upcoming feature 'DisableOutwardActorInference' is already enabled as of Swift version 6
[57/146] Compiling ContainersPreview SpanIterator.swift
<unknown>:0: warning: upcoming feature 'InferSendableFromCaptures' is already enabled as of Swift version 6
<unknown>:0: warning: upcoming feature 'GlobalActorIsolatedTypesUsability' is already enabled as of Swift version 6
<unknown>:0: warning: upcoming feature 'DisableOutwardActorInference' is already enabled as of Swift version 6
[58/146] Compiling ContainersPreview UniqueBox.swift
<unknown>:0: warning: upcoming feature 'InferSendableFromCaptures' is already enabled as of Swift version 6
<unknown>:0: warning: upcoming feature 'GlobalActorIsolatedTypesUsability' is already enabled as of Swift version 6
<unknown>:0: warning: upcoming feature 'DisableOutwardActorInference' is already enabled as of Swift version 6
[59/146] Compiling ContainersPreview PermutableContainer.swift
<unknown>:0: warning: upcoming feature 'InferSendableFromCaptures' is already enabled as of Swift version 6
<unknown>:0: warning: upcoming feature 'GlobalActorIsolatedTypesUsability' is already enabled as of Swift version 6
<unknown>:0: warning: upcoming feature 'DisableOutwardActorInference' is already enabled as of Swift version 6
[60/146] Compiling ContainersPreview RandomAccessContainer.swift
<unknown>:0: warning: upcoming feature 'InferSendableFromCaptures' is already enabled as of Swift version 6
<unknown>:0: warning: upcoming feature 'GlobalActorIsolatedTypesUsability' is already enabled as of Swift version 6
<unknown>:0: warning: upcoming feature 'DisableOutwardActorInference' is already enabled as of Swift version 6
[61/146] Compiling ContainersPreview RangeExpression2.swift
<unknown>:0: warning: upcoming feature 'InferSendableFromCaptures' is already enabled as of Swift version 6
<unknown>:0: warning: upcoming feature 'GlobalActorIsolatedTypesUsability' is already enabled as of Swift version 6
<unknown>:0: warning: upcoming feature 'DisableOutwardActorInference' is already enabled as of Swift version 6
[62/146] Compiling ContainersPreview RangeReplaceableContainer.swift
<unknown>:0: warning: upcoming feature 'InferSendableFromCaptures' is already enabled as of Swift version 6
<unknown>:0: warning: upcoming feature 'GlobalActorIsolatedTypesUsability' is already enabled as of Swift version 6
<unknown>:0: warning: upcoming feature 'DisableOutwardActorInference' is already enabled as of Swift version 6
[63/146] Compiling ContainersPreview Strideable+Limits.swift
<unknown>:0: warning: upcoming feature 'InferSendableFromCaptures' is already enabled as of Swift version 6
<unknown>:0: warning: upcoming feature 'GlobalActorIsolatedTypesUsability' is already enabled as of Swift version 6
<unknown>:0: warning: upcoming feature 'DisableOutwardActorInference' is already enabled as of Swift version 6
[65/146] Compiling ContainersPreview BorrowingIteratorProtocol+Map.swift
<unknown>:0: warning: upcoming feature 'InferSendableFromCaptures' is already enabled as of Swift version 6
<unknown>:0: warning: upcoming feature 'GlobalActorIsolatedTypesUsability' is already enabled as of Swift version 6
<unknown>:0: warning: upcoming feature 'DisableOutwardActorInference' is already enabled as of Swift version 6
[66/146] Compiling ContainersPreview BorrowingIteratorProtocol+Reduce.swift
<unknown>:0: warning: upcoming feature 'InferSendableFromCaptures' is already enabled as of Swift version 6
<unknown>:0: warning: upcoming feature 'GlobalActorIsolatedTypesUsability' is already enabled as of Swift version 6
<unknown>:0: warning: upcoming feature 'DisableOutwardActorInference' is already enabled as of Swift version 6
[67/146] Compiling ContainersPreview BorrowingIteratorProtocol+SpanwiseZip.swift
<unknown>:0: warning: upcoming feature 'InferSendableFromCaptures' is already enabled as of Swift version 6
<unknown>:0: warning: upcoming feature 'GlobalActorIsolatedTypesUsability' is already enabled as of Swift version 6
<unknown>:0: warning: upcoming feature 'DisableOutwardActorInference' is already enabled as of Swift version 6
[68/146] Compiling ContainersPreview BorrowingIteratorProtocol.swift
<unknown>:0: warning: upcoming feature 'InferSendableFromCaptures' is already enabled as of Swift version 6
<unknown>:0: warning: upcoming feature 'GlobalActorIsolatedTypesUsability' is already enabled as of Swift version 6
<unknown>:0: warning: upcoming feature 'DisableOutwardActorInference' is already enabled as of Swift version 6
[69/146] Compiling ContainersPreview BorrowingSequence+Algorithms.swift
<unknown>:0: warning: upcoming feature 'InferSendableFromCaptures' is already enabled as of Swift version 6
<unknown>:0: warning: upcoming feature 'GlobalActorIsolatedTypesUsability' is already enabled as of Swift version 6
<unknown>:0: warning: upcoming feature 'DisableOutwardActorInference' is already enabled as of Swift version 6
[70/146] Compiling ContainersPreview BorrowingSequence+Standard Conformances.swift
<unknown>:0: warning: upcoming feature 'InferSendableFromCaptures' is already enabled as of Swift version 6
<unknown>:0: warning: upcoming feature 'GlobalActorIsolatedTypesUsability' is already enabled as of Swift version 6
<unknown>:0: warning: upcoming feature 'DisableOutwardActorInference' is already enabled as of Swift version 6
[71/146] Compiling ContainersPreview BorrowingSequence+Utilities.swift
<unknown>:0: warning: upcoming feature 'InferSendableFromCaptures' is already enabled as of Swift version 6
<unknown>:0: warning: upcoming feature 'GlobalActorIsolatedTypesUsability' is already enabled as of Swift version 6
<unknown>:0: warning: upcoming feature 'DisableOutwardActorInference' is already enabled as of Swift version 6
[72/146] Compiling ContainersPreview BorrowingSequence.swift
<unknown>:0: warning: upcoming feature 'InferSendableFromCaptures' is already enabled as of Swift version 6
<unknown>:0: warning: upcoming feature 'GlobalActorIsolatedTypesUsability' is already enabled as of Swift version 6
<unknown>:0: warning: upcoming feature 'DisableOutwardActorInference' is already enabled as of Swift version 6
[73/146] Compiling ContainersPreview BidirectionalContainer.swift
<unknown>:0: warning: upcoming feature 'InferSendableFromCaptures' is already enabled as of Swift version 6
<unknown>:0: warning: upcoming feature 'GlobalActorIsolatedTypesUsability' is already enabled as of Swift version 6
<unknown>:0: warning: upcoming feature 'DisableOutwardActorInference' is already enabled as of Swift version 6
[74/146] Compiling ContainersPreview Container+Filter.swift
<unknown>:0: warning: upcoming feature 'InferSendableFromCaptures' is already enabled as of Swift version 6
<unknown>:0: warning: upcoming feature 'GlobalActorIsolatedTypesUsability' is already enabled as of Swift version 6
<unknown>:0: warning: upcoming feature 'DisableOutwardActorInference' is already enabled as of Swift version 6
[75/146] Compiling ContainersPreview Container+SpanwiseZip.swift
<unknown>:0: warning: upcoming feature 'InferSendableFromCaptures' is already enabled as of Swift version 6
<unknown>:0: warning: upcoming feature 'GlobalActorIsolatedTypesUsability' is already enabled as of Swift version 6
<unknown>:0: warning: upcoming feature 'DisableOutwardActorInference' is already enabled as of Swift version 6
[76/146] Compiling ContainersPreview Container.swift
<unknown>:0: warning: upcoming feature 'InferSendableFromCaptures' is already enabled as of Swift version 6
<unknown>:0: warning: upcoming feature 'GlobalActorIsolatedTypesUsability' is already enabled as of Swift version 6
<unknown>:0: warning: upcoming feature 'DisableOutwardActorInference' is already enabled as of Swift version 6
[77/146] Compiling ContainersPreview ContainerIterator.swift
<unknown>:0: warning: upcoming feature 'InferSendableFromCaptures' is already enabled as of Swift version 6
<unknown>:0: warning: upcoming feature 'GlobalActorIsolatedTypesUsability' is already enabled as of Swift version 6
<unknown>:0: warning: upcoming feature 'DisableOutwardActorInference' is already enabled as of Swift version 6
[78/146] Compiling ContainersPreview DynamicContainer.swift
<unknown>:0: warning: upcoming feature 'InferSendableFromCaptures' is already enabled as of Swift version 6
<unknown>:0: warning: upcoming feature 'GlobalActorIsolatedTypesUsability' is already enabled as of Swift version 6
<unknown>:0: warning: upcoming feature 'DisableOutwardActorInference' is already enabled as of Swift version 6
[79/146] Compiling ContainersPreview MutableContainer.swift
<unknown>:0: warning: upcoming feature 'InferSendableFromCaptures' is already enabled as of Swift version 6
<unknown>:0: warning: upcoming feature 'GlobalActorIsolatedTypesUsability' is already enabled as of Swift version 6
<unknown>:0: warning: upcoming feature 'DisableOutwardActorInference' is already enabled as of Swift version 6
[80/146] Emitting module ContainersPreview
<unknown>:0: warning: upcoming feature 'InferSendableFromCaptures' is already enabled as of Swift version 6
<unknown>:0: warning: upcoming feature 'GlobalActorIsolatedTypesUsability' is already enabled as of Swift version 6
<unknown>:0: warning: upcoming feature 'DisableOutwardActorInference' is already enabled as of Swift version 6
<unknown>:0: warning: upcoming feature 'InferSendableFromCaptures' is already enabled as of Swift version 6
<unknown>:0: warning: upcoming feature 'GlobalActorIsolatedTypesUsability' is already enabled as of Swift version 6
<unknown>:0: warning: upcoming feature 'DisableOutwardActorInference' is already enabled as of Swift version 6
<unknown>:0: warning: upcoming feature 'InferSendableFromCaptures' is already enabled as of Swift version 6
<unknown>:0: warning: upcoming feature 'GlobalActorIsolatedTypesUsability' is already enabled as of Swift version 6
<unknown>:0: warning: upcoming feature 'DisableOutwardActorInference' is already enabled as of Swift version 6
<unknown>:0: warning: upcoming feature 'InferSendableFromCaptures' is already enabled as of Swift version 6
<unknown>:0: warning: upcoming feature 'GlobalActorIsolatedTypesUsability' is already enabled as of Swift version 6
<unknown>:0: warning: upcoming feature 'DisableOutwardActorInference' is already enabled as of Swift version 6
<unknown>:0: warning: upcoming feature 'InferSendableFromCaptures' is already enabled as of Swift version 6
<unknown>:0: warning: upcoming feature 'GlobalActorIsolatedTypesUsability' is already enabled as of Swift version 6
<unknown>:0: warning: upcoming feature 'DisableOutwardActorInference' is already enabled as of Swift version 6
[85/146] Compiling ContainersPreview Drain+Map.swift
<unknown>:0: warning: upcoming feature 'InferSendableFromCaptures' is already enabled as of Swift version 6
<unknown>:0: warning: upcoming feature 'GlobalActorIsolatedTypesUsability' is already enabled as of Swift version 6
<unknown>:0: warning: upcoming feature 'DisableOutwardActorInference' is already enabled as of Swift version 6
[86/146] Compiling ContainersPreview Drain+Reduce.swift
<unknown>:0: warning: upcoming feature 'InferSendableFromCaptures' is already enabled as of Swift version 6
<unknown>:0: warning: upcoming feature 'GlobalActorIsolatedTypesUsability' is already enabled as of Swift version 6
<unknown>:0: warning: upcoming feature 'DisableOutwardActorInference' is already enabled as of Swift version 6
[87/146] Compiling ContainersPreview Drain.swift
<unknown>:0: warning: upcoming feature 'InferSendableFromCaptures' is already enabled as of Swift version 6
<unknown>:0: warning: upcoming feature 'GlobalActorIsolatedTypesUsability' is already enabled as of Swift version 6
<unknown>:0: warning: upcoming feature 'DisableOutwardActorInference' is already enabled as of Swift version 6
[88/146] Compiling ContainersPreview Producer+Collect.swift
<unknown>:0: warning: upcoming feature 'InferSendableFromCaptures' is already enabled as of Swift version 6
<unknown>:0: warning: upcoming feature 'GlobalActorIsolatedTypesUsability' is already enabled as of Swift version 6
<unknown>:0: warning: upcoming feature 'DisableOutwardActorInference' is already enabled as of Swift version 6
[89/146] Compiling ContainersPreview Producer+Filter.swift
<unknown>:0: warning: upcoming feature 'InferSendableFromCaptures' is already enabled as of Swift version 6
<unknown>:0: warning: upcoming feature 'GlobalActorIsolatedTypesUsability' is already enabled as of Swift version 6
<unknown>:0: warning: upcoming feature 'DisableOutwardActorInference' is already enabled as of Swift version 6
[92/157] Emitting module UnixSignals
[93/192] Compiling DequeModule UniqueDeque+Descriptions.swift
<unknown>:0: warning: upcoming feature 'InferSendableFromCaptures' is already enabled as of Swift version 6
<unknown>:0: warning: upcoming feature 'GlobalActorIsolatedTypesUsability' is already enabled as of Swift version 6
<unknown>:0: warning: upcoming feature 'DisableOutwardActorInference' is already enabled as of Swift version 6
[94/192] Compiling DequeModule UniqueDeque+Equatable.swift
<unknown>:0: warning: upcoming feature 'InferSendableFromCaptures' is already enabled as of Swift version 6
<unknown>:0: warning: upcoming feature 'GlobalActorIsolatedTypesUsability' is already enabled as of Swift version 6
<unknown>:0: warning: upcoming feature 'DisableOutwardActorInference' is already enabled as of Swift version 6
[95/192] Compiling DequeModule UniqueDeque+Experimental.swift
<unknown>:0: warning: upcoming feature 'InferSendableFromCaptures' is already enabled as of Swift version 6
<unknown>:0: warning: upcoming feature 'GlobalActorIsolatedTypesUsability' is already enabled as of Swift version 6
<unknown>:0: warning: upcoming feature 'DisableOutwardActorInference' is already enabled as of Swift version 6
[96/192] Compiling DequeModule UniqueDeque+Hashable.swift
<unknown>:0: warning: upcoming feature 'InferSendableFromCaptures' is already enabled as of Swift version 6
<unknown>:0: warning: upcoming feature 'GlobalActorIsolatedTypesUsability' is already enabled as of Swift version 6
<unknown>:0: warning: upcoming feature 'DisableOutwardActorInference' is already enabled as of Swift version 6
[97/192] Compiling DequeModule UniqueDeque+Initializers.swift
<unknown>:0: warning: upcoming feature 'InferSendableFromCaptures' is already enabled as of Swift version 6
<unknown>:0: warning: upcoming feature 'GlobalActorIsolatedTypesUsability' is already enabled as of Swift version 6
<unknown>:0: warning: upcoming feature 'DisableOutwardActorInference' is already enabled as of Swift version 6
[98/192] Compiling DequeModule UniqueDeque+Insertions.swift
<unknown>:0: warning: upcoming feature 'InferSendableFromCaptures' is already enabled as of Swift version 6
<unknown>:0: warning: upcoming feature 'GlobalActorIsolatedTypesUsability' is already enabled as of Swift version 6
<unknown>:0: warning: upcoming feature 'DisableOutwardActorInference' is already enabled as of Swift version 6
[99/192] Compiling DequeModule UniqueDeque+Prepend.swift
<unknown>:0: warning: upcoming feature 'InferSendableFromCaptures' is already enabled as of Swift version 6
<unknown>:0: warning: upcoming feature 'GlobalActorIsolatedTypesUsability' is already enabled as of Swift version 6
<unknown>:0: warning: upcoming feature 'DisableOutwardActorInference' is already enabled as of Swift version 6
[100/192] Compiling DequeModule UniqueDeque+Removals.swift
<unknown>:0: warning: upcoming feature 'InferSendableFromCaptures' is already enabled as of Swift version 6
<unknown>:0: warning: upcoming feature 'GlobalActorIsolatedTypesUsability' is already enabled as of Swift version 6
<unknown>:0: warning: upcoming feature 'DisableOutwardActorInference' is already enabled as of Swift version 6
[101/199] Compiling OrderedCollections OrderedSet+Partial SetAlgebra formSymmetricDifference.swift
<unknown>:0: warning: upcoming feature 'InferSendableFromCaptures' is already enabled as of Swift version 6
<unknown>:0: warning: upcoming feature 'GlobalActorIsolatedTypesUsability' is already enabled as of Swift version 6
<unknown>:0: warning: upcoming feature 'DisableOutwardActorInference' is already enabled as of Swift version 6
[102/199] Compiling OrderedCollections OrderedSet+Partial SetAlgebra formUnion.swift
<unknown>:0: warning: upcoming feature 'InferSendableFromCaptures' is already enabled as of Swift version 6
<unknown>:0: warning: upcoming feature 'GlobalActorIsolatedTypesUsability' is already enabled as of Swift version 6
<unknown>:0: warning: upcoming feature 'DisableOutwardActorInference' is already enabled as of Swift version 6
[103/199] Compiling OrderedCollections OrderedSet+Partial SetAlgebra intersection.swift
<unknown>:0: warning: upcoming feature 'InferSendableFromCaptures' is already enabled as of Swift version 6
<unknown>:0: warning: upcoming feature 'GlobalActorIsolatedTypesUsability' is already enabled as of Swift version 6
<unknown>:0: warning: upcoming feature 'DisableOutwardActorInference' is already enabled as of Swift version 6
[104/199] Compiling OrderedCollections OrderedSet+Partial SetAlgebra isDisjoint.swift
<unknown>:0: warning: upcoming feature 'InferSendableFromCaptures' is already enabled as of Swift version 6
<unknown>:0: warning: upcoming feature 'GlobalActorIsolatedTypesUsability' is already enabled as of Swift version 6
<unknown>:0: warning: upcoming feature 'DisableOutwardActorInference' is already enabled as of Swift version 6
[105/199] Compiling OrderedCollections OrderedSet+Partial SetAlgebra isEqualSet.swift
<unknown>:0: warning: upcoming feature 'InferSendableFromCaptures' is already enabled as of Swift version 6
<unknown>:0: warning: upcoming feature 'GlobalActorIsolatedTypesUsability' is already enabled as of Swift version 6
<unknown>:0: warning: upcoming feature 'DisableOutwardActorInference' is already enabled as of Swift version 6
[106/199] Compiling OrderedCollections OrderedSet+Partial SetAlgebra isStrictSubset.swift
<unknown>:0: warning: upcoming feature 'InferSendableFromCaptures' is already enabled as of Swift version 6
<unknown>:0: warning: upcoming feature 'GlobalActorIsolatedTypesUsability' is already enabled as of Swift version 6
<unknown>:0: warning: upcoming feature 'DisableOutwardActorInference' is already enabled as of Swift version 6
[107/199] Compiling OrderedCollections OrderedSet+Partial SetAlgebra isStrictSuperset.swift
<unknown>:0: warning: upcoming feature 'InferSendableFromCaptures' is already enabled as of Swift version 6
<unknown>:0: warning: upcoming feature 'GlobalActorIsolatedTypesUsability' is already enabled as of Swift version 6
<unknown>:0: warning: upcoming feature 'DisableOutwardActorInference' is already enabled as of Swift version 6
[108/199] Compiling OrderedCollections OrderedSet+Partial SetAlgebra isSubset.swift
<unknown>:0: warning: upcoming feature 'InferSendableFromCaptures' is already enabled as of Swift version 6
<unknown>:0: warning: upcoming feature 'GlobalActorIsolatedTypesUsability' is already enabled as of Swift version 6
<unknown>:0: warning: upcoming feature 'DisableOutwardActorInference' is already enabled as of Swift version 6
<unknown>:0: warning: upcoming feature 'InferSendableFromCaptures' is already enabled as of Swift version 6
<unknown>:0: warning: upcoming feature 'GlobalActorIsolatedTypesUsability' is already enabled as of Swift version 6
<unknown>:0: warning: upcoming feature 'DisableOutwardActorInference' is already enabled as of Swift version 6
<unknown>:0: warning: upcoming feature 'InferSendableFromCaptures' is already enabled as of Swift version 6
<unknown>:0: warning: upcoming feature 'GlobalActorIsolatedTypesUsability' is already enabled as of Swift version 6
<unknown>:0: warning: upcoming feature 'DisableOutwardActorInference' is already enabled as of Swift version 6
<unknown>:0: warning: upcoming feature 'InferSendableFromCaptures' is already enabled as of Swift version 6
<unknown>:0: warning: upcoming feature 'GlobalActorIsolatedTypesUsability' is already enabled as of Swift version 6
<unknown>:0: warning: upcoming feature 'DisableOutwardActorInference' is already enabled as of Swift version 6
<unknown>:0: warning: upcoming feature 'InferSendableFromCaptures' is already enabled as of Swift version 6
<unknown>:0: warning: upcoming feature 'GlobalActorIsolatedTypesUsability' is already enabled as of Swift version 6
<unknown>:0: warning: upcoming feature 'DisableOutwardActorInference' is already enabled as of Swift version 6
<unknown>:0: warning: upcoming feature 'InferSendableFromCaptures' is already enabled as of Swift version 6
<unknown>:0: warning: upcoming feature 'GlobalActorIsolatedTypesUsability' is already enabled as of Swift version 6
<unknown>:0: warning: upcoming feature 'DisableOutwardActorInference' is already enabled as of Swift version 6
[114/204] Compiling DequeModule UniqueDeque+Container.swift
<unknown>:0: warning: upcoming feature 'InferSendableFromCaptures' is already enabled as of Swift version 6
<unknown>:0: warning: upcoming feature 'GlobalActorIsolatedTypesUsability' is already enabled as of Swift version 6
<unknown>:0: warning: upcoming feature 'DisableOutwardActorInference' is already enabled as of Swift version 6
[115/204] Compiling DequeModule UniqueDeque+Deprecated.swift
<unknown>:0: warning: upcoming feature 'InferSendableFromCaptures' is already enabled as of Swift version 6
<unknown>:0: warning: upcoming feature 'GlobalActorIsolatedTypesUsability' is already enabled as of Swift version 6
<unknown>:0: warning: upcoming feature 'DisableOutwardActorInference' is already enabled as of Swift version 6
<unknown>:0: warning: upcoming feature 'InferSendableFromCaptures' is already enabled as of Swift version 6
<unknown>:0: warning: upcoming feature 'GlobalActorIsolatedTypesUsability' is already enabled as of Swift version 6
<unknown>:0: warning: upcoming feature 'DisableOutwardActorInference' is already enabled as of Swift version 6
<unknown>:0: warning: upcoming feature 'InferSendableFromCaptures' is already enabled as of Swift version 6
<unknown>:0: warning: upcoming feature 'GlobalActorIsolatedTypesUsability' is already enabled as of Swift version 6
<unknown>:0: warning: upcoming feature 'DisableOutwardActorInference' is already enabled as of Swift version 6
<unknown>:0: warning: upcoming feature 'InferSendableFromCaptures' is already enabled as of Swift version 6
<unknown>:0: warning: upcoming feature 'GlobalActorIsolatedTypesUsability' is already enabled as of Swift version 6
<unknown>:0: warning: upcoming feature 'DisableOutwardActorInference' is already enabled as of Swift version 6
[119/204] Compiling DequeModule RigidDeque+Equatable.swift
<unknown>:0: warning: upcoming feature 'InferSendableFromCaptures' is already enabled as of Swift version 6
<unknown>:0: warning: upcoming feature 'GlobalActorIsolatedTypesUsability' is already enabled as of Swift version 6
<unknown>:0: warning: upcoming feature 'DisableOutwardActorInference' is already enabled as of Swift version 6
[120/204] Compiling DequeModule RigidDeque+Experimental.swift
<unknown>:0: warning: upcoming feature 'InferSendableFromCaptures' is already enabled as of Swift version 6
<unknown>:0: warning: upcoming feature 'GlobalActorIsolatedTypesUsability' is already enabled as of Swift version 6
<unknown>:0: warning: upcoming feature 'DisableOutwardActorInference' is already enabled as of Swift version 6
[121/204] Compiling DequeModule RigidDeque+Hashable.swift
<unknown>:0: warning: upcoming feature 'InferSendableFromCaptures' is already enabled as of Swift version 6
<unknown>:0: warning: upcoming feature 'GlobalActorIsolatedTypesUsability' is already enabled as of Swift version 6
<unknown>:0: warning: upcoming feature 'DisableOutwardActorInference' is already enabled as of Swift version 6
[122/204] Compiling DequeModule RigidDeque+Initializers.swift
<unknown>:0: warning: upcoming feature 'InferSendableFromCaptures' is already enabled as of Swift version 6
<unknown>:0: warning: upcoming feature 'GlobalActorIsolatedTypesUsability' is already enabled as of Swift version 6
<unknown>:0: warning: upcoming feature 'DisableOutwardActorInference' is already enabled as of Swift version 6
[123/204] Compiling DequeModule RigidDeque+Insertions.swift
<unknown>:0: warning: upcoming feature 'InferSendableFromCaptures' is already enabled as of Swift version 6
<unknown>:0: warning: upcoming feature 'GlobalActorIsolatedTypesUsability' is already enabled as of Swift version 6
<unknown>:0: warning: upcoming feature 'DisableOutwardActorInference' is already enabled as of Swift version 6
[124/204] Compiling DequeModule RigidDeque+Prepend.swift
<unknown>:0: warning: upcoming feature 'InferSendableFromCaptures' is already enabled as of Swift version 6
<unknown>:0: warning: upcoming feature 'GlobalActorIsolatedTypesUsability' is already enabled as of Swift version 6
<unknown>:0: warning: upcoming feature 'DisableOutwardActorInference' is already enabled as of Swift version 6
[125/204] Compiling DequeModule RigidDeque+Removals.swift
<unknown>:0: warning: upcoming feature 'InferSendableFromCaptures' is already enabled as of Swift version 6
<unknown>:0: warning: upcoming feature 'GlobalActorIsolatedTypesUsability' is already enabled as of Swift version 6
<unknown>:0: warning: upcoming feature 'DisableOutwardActorInference' is already enabled as of Swift version 6
[126/204] Compiling DequeModule RigidDeque+Replacements.swift
<unknown>:0: warning: upcoming feature 'InferSendableFromCaptures' is already enabled as of Swift version 6
<unknown>:0: warning: upcoming feature 'GlobalActorIsolatedTypesUsability' is already enabled as of Swift version 6
<unknown>:0: warning: upcoming feature 'DisableOutwardActorInference' is already enabled as of Swift version 6
[127/204] Compiling DequeModule RigidDeque+Testing.swift
<unknown>:0: warning: upcoming feature 'InferSendableFromCaptures' is already enabled as of Swift version 6
<unknown>:0: warning: upcoming feature 'GlobalActorIsolatedTypesUsability' is already enabled as of Swift version 6
<unknown>:0: warning: upcoming feature 'DisableOutwardActorInference' is already enabled as of Swift version 6
[128/204] Compiling DequeModule RigidDeque.swift
<unknown>:0: warning: upcoming feature 'InferSendableFromCaptures' is already enabled as of Swift version 6
<unknown>:0: warning: upcoming feature 'GlobalActorIsolatedTypesUsability' is already enabled as of Swift version 6
<unknown>:0: warning: upcoming feature 'DisableOutwardActorInference' is already enabled as of Swift version 6
[129/204] Compiling DequeModule UniqueDeque+Append.swift
<unknown>:0: warning: upcoming feature 'InferSendableFromCaptures' is already enabled as of Swift version 6
<unknown>:0: warning: upcoming feature 'GlobalActorIsolatedTypesUsability' is already enabled as of Swift version 6
<unknown>:0: warning: upcoming feature 'DisableOutwardActorInference' is already enabled as of Swift version 6
[130/204] Compiling DequeModule UniqueDeque+Consumption.swift
<unknown>:0: warning: upcoming feature 'InferSendableFromCaptures' is already enabled as of Swift version 6
<unknown>:0: warning: upcoming feature 'GlobalActorIsolatedTypesUsability' is already enabled as of Swift version 6
<unknown>:0: warning: upcoming feature 'DisableOutwardActorInference' is already enabled as of Swift version 6
[131/204] Compiling UnixSignals UnixSignal.swift
[132/204] Compiling UnixSignals UnixSignalsSequence.swift
[133/204] Compiling DequeModule _DequeBuffer.swift
<unknown>:0: warning: upcoming feature 'InferSendableFromCaptures' is already enabled as of Swift version 6
<unknown>:0: warning: upcoming feature 'GlobalActorIsolatedTypesUsability' is already enabled as of Swift version 6
<unknown>:0: warning: upcoming feature 'DisableOutwardActorInference' is already enabled as of Swift version 6
[134/204] Compiling DequeModule _DequeBufferHeader.swift
<unknown>:0: warning: upcoming feature 'InferSendableFromCaptures' is already enabled as of Swift version 6
<unknown>:0: warning: upcoming feature 'GlobalActorIsolatedTypesUsability' is already enabled as of Swift version 6
<unknown>:0: warning: upcoming feature 'DisableOutwardActorInference' is already enabled as of Swift version 6
[135/204] Compiling DequeModule RigidDeque+Append.swift
<unknown>:0: warning: upcoming feature 'InferSendableFromCaptures' is already enabled as of Swift version 6
<unknown>:0: warning: upcoming feature 'GlobalActorIsolatedTypesUsability' is already enabled as of Swift version 6
<unknown>:0: warning: upcoming feature 'DisableOutwardActorInference' is already enabled as of Swift version 6
[136/204] Compiling DequeModule RigidDeque+Consumption.swift
<unknown>:0: warning: upcoming feature 'InferSendableFromCaptures' is already enabled as of Swift version 6
<unknown>:0: warning: upcoming feature 'GlobalActorIsolatedTypesUsability' is already enabled as of Swift version 6
<unknown>:0: warning: upcoming feature 'DisableOutwardActorInference' is already enabled as of Swift version 6
[137/204] Compiling DequeModule RigidDeque+Container.swift
<unknown>:0: warning: upcoming feature 'InferSendableFromCaptures' is already enabled as of Swift version 6
<unknown>:0: warning: upcoming feature 'GlobalActorIsolatedTypesUsability' is already enabled as of Swift version 6
<unknown>:0: warning: upcoming feature 'DisableOutwardActorInference' is already enabled as of Swift version 6
[138/204] Compiling DequeModule RigidDeque+Descriptions.swift
<unknown>:0: warning: upcoming feature 'InferSendableFromCaptures' is already enabled as of Swift version 6
<unknown>:0: warning: upcoming feature 'GlobalActorIsolatedTypesUsability' is already enabled as of Swift version 6
<unknown>:0: warning: upcoming feature 'DisableOutwardActorInference' is already enabled as of Swift version 6
<unknown>:0: warning: upcoming feature 'InferSendableFromCaptures' is already enabled as of Swift version 6
<unknown>:0: warning: upcoming feature 'GlobalActorIsolatedTypesUsability' is already enabled as of Swift version 6
<unknown>:0: warning: upcoming feature 'DisableOutwardActorInference' is already enabled as of Swift version 6
<unknown>:0: warning: upcoming feature 'InferSendableFromCaptures' is already enabled as of Swift version 6
<unknown>:0: warning: upcoming feature 'GlobalActorIsolatedTypesUsability' is already enabled as of Swift version 6
<unknown>:0: warning: upcoming feature 'DisableOutwardActorInference' is already enabled as of Swift version 6
<unknown>:0: warning: upcoming feature 'InferSendableFromCaptures' is already enabled as of Swift version 6
<unknown>:0: warning: upcoming feature 'GlobalActorIsolatedTypesUsability' is already enabled as of Swift version 6
<unknown>:0: warning: upcoming feature 'DisableOutwardActorInference' is already enabled as of Swift version 6
<unknown>:0: warning: upcoming feature 'InferSendableFromCaptures' is already enabled as of Swift version 6
<unknown>:0: warning: upcoming feature 'GlobalActorIsolatedTypesUsability' is already enabled as of Swift version 6
<unknown>:0: warning: upcoming feature 'DisableOutwardActorInference' is already enabled as of Swift version 6
<unknown>:0: warning: upcoming feature 'InferSendableFromCaptures' is already enabled as of Swift version 6
<unknown>:0: warning: upcoming feature 'GlobalActorIsolatedTypesUsability' is already enabled as of Swift version 6
<unknown>:0: warning: upcoming feature 'DisableOutwardActorInference' is already enabled as of Swift version 6
<unknown>:0: warning: upcoming feature 'InferSendableFromCaptures' is already enabled as of Swift version 6
<unknown>:0: warning: upcoming feature 'GlobalActorIsolatedTypesUsability' is already enabled as of Swift version 6
<unknown>:0: warning: upcoming feature 'DisableOutwardActorInference' is already enabled as of Swift version 6
[146/205] Compiling DequeModule Deque+Extras.swift
<unknown>:0: warning: upcoming feature 'InferSendableFromCaptures' is already enabled as of Swift version 6
<unknown>:0: warning: upcoming feature 'GlobalActorIsolatedTypesUsability' is already enabled as of Swift version 6
<unknown>:0: warning: upcoming feature 'DisableOutwardActorInference' is already enabled as of Swift version 6
[147/205] Compiling DequeModule Deque+Hashable.swift
<unknown>:0: warning: upcoming feature 'InferSendableFromCaptures' is already enabled as of Swift version 6
<unknown>:0: warning: upcoming feature 'GlobalActorIsolatedTypesUsability' is already enabled as of Swift version 6
<unknown>:0: warning: upcoming feature 'DisableOutwardActorInference' is already enabled as of Swift version 6
[148/205] Compiling DequeModule Deque+Equatable.swift
<unknown>:0: warning: upcoming feature 'InferSendableFromCaptures' is already enabled as of Swift version 6
<unknown>:0: warning: upcoming feature 'GlobalActorIsolatedTypesUsability' is already enabled as of Swift version 6
<unknown>:0: warning: upcoming feature 'DisableOutwardActorInference' is already enabled as of Swift version 6
[149/205] Compiling DequeModule Deque+ExpressibleByArrayLiteral.swift
<unknown>:0: warning: upcoming feature 'InferSendableFromCaptures' is already enabled as of Swift version 6
<unknown>:0: warning: upcoming feature 'GlobalActorIsolatedTypesUsability' is already enabled as of Swift version 6
<unknown>:0: warning: upcoming feature 'DisableOutwardActorInference' is already enabled as of Swift version 6
<unknown>:0: warning: upcoming feature 'InferSendableFromCaptures' is already enabled as of Swift version 6
<unknown>:0: warning: upcoming feature 'GlobalActorIsolatedTypesUsability' is already enabled as of Swift version 6
<unknown>:0: warning: upcoming feature 'DisableOutwardActorInference' is already enabled as of Swift version 6
<unknown>:0: warning: upcoming feature 'InferSendableFromCaptures' is already enabled as of Swift version 6
<unknown>:0: warning: upcoming feature 'GlobalActorIsolatedTypesUsability' is already enabled as of Swift version 6
<unknown>:0: warning: upcoming feature 'DisableOutwardActorInference' is already enabled as of Swift version 6
<unknown>:0: warning: upcoming feature 'InferSendableFromCaptures' is already enabled as of Swift version 6
<unknown>:0: warning: upcoming feature 'GlobalActorIsolatedTypesUsability' is already enabled as of Swift version 6
<unknown>:0: warning: upcoming feature 'DisableOutwardActorInference' is already enabled as of Swift version 6
<unknown>:0: warning: upcoming feature 'InferSendableFromCaptures' is already enabled as of Swift version 6
<unknown>:0: warning: upcoming feature 'GlobalActorIsolatedTypesUsability' is already enabled as of Swift version 6
<unknown>:0: warning: upcoming feature 'DisableOutwardActorInference' is already enabled as of Swift version 6
<unknown>:0: warning: upcoming feature 'InferSendableFromCaptures' is already enabled as of Swift version 6
<unknown>:0: warning: upcoming feature 'GlobalActorIsolatedTypesUsability' is already enabled as of Swift version 6
<unknown>:0: warning: upcoming feature 'DisableOutwardActorInference' is already enabled as of Swift version 6
<unknown>:0: warning: upcoming feature 'InferSendableFromCaptures' is already enabled as of Swift version 6
<unknown>:0: warning: upcoming feature 'GlobalActorIsolatedTypesUsability' is already enabled as of Swift version 6
<unknown>:0: warning: upcoming feature 'DisableOutwardActorInference' is already enabled as of Swift version 6
<unknown>:0: warning: upcoming feature 'InferSendableFromCaptures' is already enabled as of Swift version 6
<unknown>:0: warning: upcoming feature 'GlobalActorIsolatedTypesUsability' is already enabled as of Swift version 6
<unknown>:0: warning: upcoming feature 'DisableOutwardActorInference' is already enabled as of Swift version 6
<unknown>:0: warning: upcoming feature 'InferSendableFromCaptures' is already enabled as of Swift version 6
<unknown>:0: warning: upcoming feature 'GlobalActorIsolatedTypesUsability' is already enabled as of Swift version 6
<unknown>:0: warning: upcoming feature 'DisableOutwardActorInference' is already enabled as of Swift version 6
<unknown>:0: warning: upcoming feature 'InferSendableFromCaptures' is already enabled as of Swift version 6
<unknown>:0: warning: upcoming feature 'GlobalActorIsolatedTypesUsability' is already enabled as of Swift version 6
<unknown>:0: warning: upcoming feature 'DisableOutwardActorInference' is already enabled as of Swift version 6
<unknown>:0: warning: upcoming feature 'InferSendableFromCaptures' is already enabled as of Swift version 6
<unknown>:0: warning: upcoming feature 'GlobalActorIsolatedTypesUsability' is already enabled as of Swift version 6
<unknown>:0: warning: upcoming feature 'DisableOutwardActorInference' is already enabled as of Swift version 6
<unknown>:0: warning: upcoming feature 'InferSendableFromCaptures' is already enabled as of Swift version 6
<unknown>:0: warning: upcoming feature 'GlobalActorIsolatedTypesUsability' is already enabled as of Swift version 6
<unknown>:0: warning: upcoming feature 'DisableOutwardActorInference' is already enabled as of Swift version 6
<unknown>:0: warning: upcoming feature 'InferSendableFromCaptures' is already enabled as of Swift version 6
<unknown>:0: warning: upcoming feature 'GlobalActorIsolatedTypesUsability' is already enabled as of Swift version 6
<unknown>:0: warning: upcoming feature 'DisableOutwardActorInference' is already enabled as of Swift version 6
<unknown>:0: warning: upcoming feature 'InferSendableFromCaptures' is already enabled as of Swift version 6
<unknown>:0: warning: upcoming feature 'GlobalActorIsolatedTypesUsability' is already enabled as of Swift version 6
<unknown>:0: warning: upcoming feature 'DisableOutwardActorInference' is already enabled as of Swift version 6
<unknown>:0: warning: upcoming feature 'InferSendableFromCaptures' is already enabled as of Swift version 6
<unknown>:0: warning: upcoming feature 'GlobalActorIsolatedTypesUsability' is already enabled as of Swift version 6
<unknown>:0: warning: upcoming feature 'DisableOutwardActorInference' is already enabled as of Swift version 6
[164/205] Compiling OrderedCollections OrderedDictionary+Hashable.swift
<unknown>:0: warning: upcoming feature 'InferSendableFromCaptures' is already enabled as of Swift version 6
<unknown>:0: warning: upcoming feature 'GlobalActorIsolatedTypesUsability' is already enabled as of Swift version 6
<unknown>:0: warning: upcoming feature 'DisableOutwardActorInference' is already enabled as of Swift version 6
[165/205] Compiling OrderedCollections OrderedDictionary+Initializers.swift
<unknown>:0: warning: upcoming feature 'InferSendableFromCaptures' is already enabled as of Swift version 6
<unknown>:0: warning: upcoming feature 'GlobalActorIsolatedTypesUsability' is already enabled as of Swift version 6
<unknown>:0: warning: upcoming feature 'DisableOutwardActorInference' is already enabled as of Swift version 6
[166/205] Compiling OrderedCollections OrderedDictionary+Invariants.swift
<unknown>:0: warning: upcoming feature 'InferSendableFromCaptures' is already enabled as of Swift version 6
<unknown>:0: warning: upcoming feature 'GlobalActorIsolatedTypesUsability' is already enabled as of Swift version 6
<unknown>:0: warning: upcoming feature 'DisableOutwardActorInference' is already enabled as of Swift version 6
[167/205] Compiling OrderedCollections OrderedDictionary+Move.swift
<unknown>:0: warning: upcoming feature 'InferSendableFromCaptures' is already enabled as of Swift version 6
<unknown>:0: warning: upcoming feature 'GlobalActorIsolatedTypesUsability' is already enabled as of Swift version 6
<unknown>:0: warning: upcoming feature 'DisableOutwardActorInference' is already enabled as of Swift version 6
[168/205] Compiling OrderedCollections OrderedDictionary+Partial MutableCollection.swift
<unknown>:0: warning: upcoming feature 'InferSendableFromCaptures' is already enabled as of Swift version 6
<unknown>:0: warning: upcoming feature 'GlobalActorIsolatedTypesUsability' is already enabled as of Swift version 6
<unknown>:0: warning: upcoming feature 'DisableOutwardActorInference' is already enabled as of Swift version 6
[169/205] Compiling OrderedCollections OrderedDictionary+Partial RangeReplaceableCollection.swift
<unknown>:0: warning: upcoming feature 'InferSendableFromCaptures' is already enabled as of Swift version 6
<unknown>:0: warning: upcoming feature 'GlobalActorIsolatedTypesUsability' is already enabled as of Swift version 6
<unknown>:0: warning: upcoming feature 'DisableOutwardActorInference' is already enabled as of Swift version 6
[170/205] Compiling OrderedCollections OrderedDictionary+Sendable.swift
<unknown>:0: warning: upcoming feature 'InferSendableFromCaptures' is already enabled as of Swift version 6
<unknown>:0: warning: upcoming feature 'GlobalActorIsolatedTypesUsability' is already enabled as of Swift version 6
<unknown>:0: warning: upcoming feature 'DisableOutwardActorInference' is already enabled as of Swift version 6
[171/205] Compiling OrderedCollections OrderedDictionary+Sequence.swift
<unknown>:0: warning: upcoming feature 'InferSendableFromCaptures' is already enabled as of Swift version 6
<unknown>:0: warning: upcoming feature 'GlobalActorIsolatedTypesUsability' is already enabled as of Swift version 6
<unknown>:0: warning: upcoming feature 'DisableOutwardActorInference' is already enabled as of Swift version 6
[172/205] Compiling OrderedCollections OrderedSet+Sendable.swift
<unknown>:0: warning: upcoming feature 'InferSendableFromCaptures' is already enabled as of Swift version 6
<unknown>:0: warning: upcoming feature 'GlobalActorIsolatedTypesUsability' is already enabled as of Swift version 6
<unknown>:0: warning: upcoming feature 'DisableOutwardActorInference' is already enabled as of Swift version 6
[173/205] Compiling OrderedCollections OrderedSet+SubSequence.swift
<unknown>:0: warning: upcoming feature 'InferSendableFromCaptures' is already enabled as of Swift version 6
<unknown>:0: warning: upcoming feature 'GlobalActorIsolatedTypesUsability' is already enabled as of Swift version 6
<unknown>:0: warning: upcoming feature 'DisableOutwardActorInference' is already enabled as of Swift version 6
[174/205] Compiling OrderedCollections OrderedSet+Testing.swift
<unknown>:0: warning: upcoming feature 'InferSendableFromCaptures' is already enabled as of Swift version 6
<unknown>:0: warning: upcoming feature 'GlobalActorIsolatedTypesUsability' is already enabled as of Swift version 6
<unknown>:0: warning: upcoming feature 'DisableOutwardActorInference' is already enabled as of Swift version 6
[175/205] Compiling OrderedCollections OrderedSet+UnorderedView.swift
<unknown>:0: warning: upcoming feature 'InferSendableFromCaptures' is already enabled as of Swift version 6
<unknown>:0: warning: upcoming feature 'GlobalActorIsolatedTypesUsability' is already enabled as of Swift version 6
<unknown>:0: warning: upcoming feature 'DisableOutwardActorInference' is already enabled as of Swift version 6
[176/205] Compiling OrderedCollections OrderedSet+UnstableInternals.swift
<unknown>:0: warning: upcoming feature 'InferSendableFromCaptures' is already enabled as of Swift version 6
<unknown>:0: warning: upcoming feature 'GlobalActorIsolatedTypesUsability' is already enabled as of Swift version 6
<unknown>:0: warning: upcoming feature 'DisableOutwardActorInference' is already enabled as of Swift version 6
[177/205] Compiling OrderedCollections OrderedSet.swift
<unknown>:0: warning: upcoming feature 'InferSendableFromCaptures' is already enabled as of Swift version 6
<unknown>:0: warning: upcoming feature 'GlobalActorIsolatedTypesUsability' is already enabled as of Swift version 6
<unknown>:0: warning: upcoming feature 'DisableOutwardActorInference' is already enabled as of Swift version 6
[178/205] Compiling OrderedCollections _UnsafeBitset.swift
<unknown>:0: warning: upcoming feature 'InferSendableFromCaptures' is already enabled as of Swift version 6
<unknown>:0: warning: upcoming feature 'GlobalActorIsolatedTypesUsability' is already enabled as of Swift version 6
<unknown>:0: warning: upcoming feature 'DisableOutwardActorInference' is already enabled as of Swift version 6
[179/205] Compiling DequeModule Deque+Testing.swift
<unknown>:0: warning: upcoming feature 'InferSendableFromCaptures' is already enabled as of Swift version 6
<unknown>:0: warning: upcoming feature 'GlobalActorIsolatedTypesUsability' is already enabled as of Swift version 6
<unknown>:0: warning: upcoming feature 'DisableOutwardActorInference' is already enabled as of Swift version 6
[180/205] Compiling DequeModule Deque._Storage.swift
<unknown>:0: warning: upcoming feature 'InferSendableFromCaptures' is already enabled as of Swift version 6
<unknown>:0: warning: upcoming feature 'GlobalActorIsolatedTypesUsability' is already enabled as of Swift version 6
<unknown>:0: warning: upcoming feature 'DisableOutwardActorInference' is already enabled as of Swift version 6
[181/205] Compiling DequeModule Deque._UnsafeHandle.swift
<unknown>:0: warning: upcoming feature 'InferSendableFromCaptures' is already enabled as of Swift version 6
<unknown>:0: warning: upcoming feature 'GlobalActorIsolatedTypesUsability' is already enabled as of Swift version 6
<unknown>:0: warning: upcoming feature 'DisableOutwardActorInference' is already enabled as of Swift version 6
[182/205] Compiling DequeModule Deque.swift
<unknown>:0: warning: upcoming feature 'InferSendableFromCaptures' is already enabled as of Swift version 6
<unknown>:0: warning: upcoming feature 'GlobalActorIsolatedTypesUsability' is already enabled as of Swift version 6
<unknown>:0: warning: upcoming feature 'DisableOutwardActorInference' is already enabled as of Swift version 6
[183/205] Compiling DequeModule Deque+Codable.swift
<unknown>:0: warning: upcoming feature 'InferSendableFromCaptures' is already enabled as of Swift version 6
<unknown>:0: warning: upcoming feature 'GlobalActorIsolatedTypesUsability' is already enabled as of Swift version 6
<unknown>:0: warning: upcoming feature 'DisableOutwardActorInference' is already enabled as of Swift version 6
[184/205] Compiling DequeModule Deque+Collection.swift
<unknown>:0: warning: upcoming feature 'InferSendableFromCaptures' is already enabled as of Swift version 6
<unknown>:0: warning: upcoming feature 'GlobalActorIsolatedTypesUsability' is already enabled as of Swift version 6
<unknown>:0: warning: upcoming feature 'DisableOutwardActorInference' is already enabled as of Swift version 6
[185/205] Compiling DequeModule Deque+CustomReflectable.swift
<unknown>:0: warning: upcoming feature 'InferSendableFromCaptures' is already enabled as of Swift version 6
<unknown>:0: warning: upcoming feature 'GlobalActorIsolatedTypesUsability' is already enabled as of Swift version 6
<unknown>:0: warning: upcoming feature 'DisableOutwardActorInference' is already enabled as of Swift version 6
[186/205] Compiling DequeModule Deque+Descriptions.swift
<unknown>:0: warning: upcoming feature 'InferSendableFromCaptures' is already enabled as of Swift version 6
<unknown>:0: warning: upcoming feature 'GlobalActorIsolatedTypesUsability' is already enabled as of Swift version 6
<unknown>:0: warning: upcoming feature 'DisableOutwardActorInference' is already enabled as of Swift version 6
<unknown>:0: warning: upcoming feature 'InferSendableFromCaptures' is already enabled as of Swift version 6
<unknown>:0: warning: upcoming feature 'GlobalActorIsolatedTypesUsability' is already enabled as of Swift version 6
<unknown>:0: warning: upcoming feature 'DisableOutwardActorInference' is already enabled as of Swift version 6
<unknown>:0: warning: upcoming feature 'InferSendableFromCaptures' is already enabled as of Swift version 6
<unknown>:0: warning: upcoming feature 'GlobalActorIsolatedTypesUsability' is already enabled as of Swift version 6
<unknown>:0: warning: upcoming feature 'DisableOutwardActorInference' is already enabled as of Swift version 6
<unknown>:0: warning: upcoming feature 'InferSendableFromCaptures' is already enabled as of Swift version 6
<unknown>:0: warning: upcoming feature 'GlobalActorIsolatedTypesUsability' is already enabled as of Swift version 6
<unknown>:0: warning: upcoming feature 'DisableOutwardActorInference' is already enabled as of Swift version 6
<unknown>:0: warning: upcoming feature 'InferSendableFromCaptures' is already enabled as of Swift version 6
<unknown>:0: warning: upcoming feature 'GlobalActorIsolatedTypesUsability' is already enabled as of Swift version 6
<unknown>:0: warning: upcoming feature 'DisableOutwardActorInference' is already enabled as of Swift version 6
<unknown>:0: warning: upcoming feature 'InferSendableFromCaptures' is already enabled as of Swift version 6
<unknown>:0: warning: upcoming feature 'GlobalActorIsolatedTypesUsability' is already enabled as of Swift version 6
<unknown>:0: warning: upcoming feature 'DisableOutwardActorInference' is already enabled as of Swift version 6
<unknown>:0: warning: upcoming feature 'InferSendableFromCaptures' is already enabled as of Swift version 6
<unknown>:0: warning: upcoming feature 'GlobalActorIsolatedTypesUsability' is already enabled as of Swift version 6
<unknown>:0: warning: upcoming feature 'DisableOutwardActorInference' is already enabled as of Swift version 6
<unknown>:0: warning: upcoming feature 'InferSendableFromCaptures' is already enabled as of Swift version 6
<unknown>:0: warning: upcoming feature 'GlobalActorIsolatedTypesUsability' is already enabled as of Swift version 6
<unknown>:0: warning: upcoming feature 'DisableOutwardActorInference' is already enabled as of Swift version 6
<unknown>:0: warning: upcoming feature 'InferSendableFromCaptures' is already enabled as of Swift version 6
<unknown>:0: warning: upcoming feature 'GlobalActorIsolatedTypesUsability' is already enabled as of Swift version 6
<unknown>:0: warning: upcoming feature 'DisableOutwardActorInference' is already enabled as of Swift version 6
<unknown>:0: warning: upcoming feature 'InferSendableFromCaptures' is already enabled as of Swift version 6
<unknown>:0: warning: upcoming feature 'GlobalActorIsolatedTypesUsability' is already enabled as of Swift version 6
<unknown>:0: warning: upcoming feature 'DisableOutwardActorInference' is already enabled as of Swift version 6
<unknown>:0: warning: upcoming feature 'InferSendableFromCaptures' is already enabled as of Swift version 6
<unknown>:0: warning: upcoming feature 'GlobalActorIsolatedTypesUsability' is already enabled as of Swift version 6
<unknown>:0: warning: upcoming feature 'DisableOutwardActorInference' is already enabled as of Swift version 6
<unknown>:0: warning: upcoming feature 'InferSendableFromCaptures' is already enabled as of Swift version 6
<unknown>:0: warning: upcoming feature 'GlobalActorIsolatedTypesUsability' is already enabled as of Swift version 6
<unknown>:0: warning: upcoming feature 'DisableOutwardActorInference' is already enabled as of Swift version 6
<unknown>:0: warning: upcoming feature 'InferSendableFromCaptures' is already enabled as of Swift version 6
<unknown>:0: warning: upcoming feature 'GlobalActorIsolatedTypesUsability' is already enabled as of Swift version 6
<unknown>:0: warning: upcoming feature 'DisableOutwardActorInference' is already enabled as of Swift version 6
[199/205] Emitting module DequeModule
<unknown>:0: warning: upcoming feature 'InferSendableFromCaptures' is already enabled as of Swift version 6
<unknown>:0: warning: upcoming feature 'GlobalActorIsolatedTypesUsability' is already enabled as of Swift version 6
<unknown>:0: warning: upcoming feature 'DisableOutwardActorInference' is already enabled as of Swift version 6
[200/205] Emitting module OrderedCollections
<unknown>:0: warning: upcoming feature 'InferSendableFromCaptures' is already enabled as of Swift version 6
<unknown>:0: warning: upcoming feature 'GlobalActorIsolatedTypesUsability' is already enabled as of Swift version 6
<unknown>:0: warning: upcoming feature 'DisableOutwardActorInference' is already enabled as of Swift version 6
[202/206] Compiling DequeModule UniqueDeque+Replacements.swift
<unknown>:0: warning: upcoming feature 'InferSendableFromCaptures' is already enabled as of Swift version 6
<unknown>:0: warning: upcoming feature 'GlobalActorIsolatedTypesUsability' is already enabled as of Swift version 6
<unknown>:0: warning: upcoming feature 'DisableOutwardActorInference' is already enabled as of Swift version 6
[203/206] Compiling DequeModule UniqueDeque.swift
<unknown>:0: warning: upcoming feature 'InferSendableFromCaptures' is already enabled as of Swift version 6
<unknown>:0: warning: upcoming feature 'GlobalActorIsolatedTypesUsability' is already enabled as of Swift version 6
<unknown>:0: warning: upcoming feature 'DisableOutwardActorInference' is already enabled as of Swift version 6
[204/206] Compiling DequeModule _DequeSlot.swift
<unknown>:0: warning: upcoming feature 'InferSendableFromCaptures' is already enabled as of Swift version 6
<unknown>:0: warning: upcoming feature 'GlobalActorIsolatedTypesUsability' is already enabled as of Swift version 6
<unknown>:0: warning: upcoming feature 'DisableOutwardActorInference' is already enabled as of Swift version 6
[205/206] Compiling DequeModule _UnsafeDequeHandle.swift
<unknown>:0: warning: upcoming feature 'InferSendableFromCaptures' is already enabled as of Swift version 6
<unknown>:0: warning: upcoming feature 'GlobalActorIsolatedTypesUsability' is already enabled as of Swift version 6
<unknown>:0: warning: upcoming feature 'DisableOutwardActorInference' is already enabled as of Swift version 6
[206/206] Compiling DequeModule _UnsafeDequeSegments.swift
<unknown>:0: warning: upcoming feature 'InferSendableFromCaptures' is already enabled as of Swift version 6
<unknown>:0: warning: upcoming feature 'GlobalActorIsolatedTypesUsability' is already enabled as of Swift version 6
<unknown>:0: warning: upcoming feature 'DisableOutwardActorInference' is already enabled as of Swift version 6
error: emit-module command failed with exit code 1 (use -v to see invocation)
[208/260] Emitting module AsyncAlgorithms
/host/spi-builder-workspace/.build/checkouts/swift-async-algorithms/Sources/AsyncAlgorithms/Locking.swift:168:49: error: 'Primitive' is not a member type of struct 'AsyncAlgorithms.Lock'
31 | #endif
32 |
33 | internal struct Lock {
| `- note: 'Lock' declared here
34 | #if canImport(Darwin)
35 | typealias Primitive = os_unfair_lock
:
166 | }
167 |
168 | private let buffer: ManagedBuffer<State, Lock.Primitive>
| `- error: 'Primitive' is not a member type of struct 'AsyncAlgorithms.Lock'
169 |
170 | init(_ initial: State) {
/host/spi-builder-workspace/.build/checkouts/swift-async-algorithms/Sources/AsyncAlgorithms/Locking.swift:50:49: error: cannot find type 'Primitive' in scope
48 | #endif
49 |
50 | typealias PlatformLock = UnsafeMutablePointer<Primitive>
| `- error: cannot find type 'Primitive' in scope
51 | let platformLock: PlatformLock
52 |
/host/spi-builder-workspace/.build/checkouts/swift-async-algorithms/Sources/AsyncAlgorithms/Locking.swift:162:63: error: 'Primitive' is not a member type of struct 'AsyncAlgorithms.Lock'
31 | #endif
32 |
33 | internal struct Lock {
| `- note: 'Lock' declared here
34 | #if canImport(Darwin)
35 | typealias Primitive = os_unfair_lock
:
160 |
161 | struct ManagedCriticalState<State> {
162 | private final class LockedBuffer: ManagedBuffer<State, Lock.Primitive> {
| `- error: 'Primitive' is not a member type of struct 'AsyncAlgorithms.Lock'
163 | deinit {
164 | withUnsafeMutablePointerToElements { Lock.deinitialize($0) }
[209/267] Compiling AsyncAlgorithms AsyncCompactedSequence.swift
[210/267] Compiling AsyncAlgorithms AsyncExclusiveReductionsSequence.swift
[211/267] Compiling AsyncAlgorithms AsyncInclusiveReductionsSequence.swift
[212/267] Compiling AsyncAlgorithms AsyncJoinedBySeparatorSequence.swift
[213/267] Compiling AsyncAlgorithms AsyncJoinedSequence.swift
[214/267] Compiling AsyncAlgorithms AsyncMapErrorSequence.swift
[215/267] Compiling AsyncAlgorithms AsyncRemoveDuplicatesSequence.swift
[216/267] Compiling AsyncAlgorithms AsyncShareSequence.swift
[217/267] Compiling AsyncAlgorithms AsyncCombineLatest3Sequence.swift
/host/spi-builder-workspace/.build/checkouts/swift-async-algorithms/Sources/AsyncAlgorithms/Locking.swift:168:49: error: 'Primitive' is not a member type of struct 'AsyncAlgorithms.Lock'
31 | #endif
32 |
33 | internal struct Lock {
| `- note: 'Lock' declared here
34 | #if canImport(Darwin)
35 | typealias Primitive = os_unfair_lock
:
166 | }
167 |
168 | private let buffer: ManagedBuffer<State, Lock.Primitive>
| `- error: 'Primitive' is not a member type of struct 'AsyncAlgorithms.Lock'
169 |
170 | init(_ initial: State) {
[218/267] Compiling AsyncAlgorithms CombineLatestStateMachine.swift
/host/spi-builder-workspace/.build/checkouts/swift-async-algorithms/Sources/AsyncAlgorithms/Locking.swift:168:49: error: 'Primitive' is not a member type of struct 'AsyncAlgorithms.Lock'
31 | #endif
32 |
33 | internal struct Lock {
| `- note: 'Lock' declared here
34 | #if canImport(Darwin)
35 | typealias Primitive = os_unfair_lock
:
166 | }
167 |
168 | private let buffer: ManagedBuffer<State, Lock.Primitive>
| `- error: 'Primitive' is not a member type of struct 'AsyncAlgorithms.Lock'
169 |
170 | init(_ initial: State) {
[219/267] Compiling AsyncAlgorithms CombineLatestStorage.swift
/host/spi-builder-workspace/.build/checkouts/swift-async-algorithms/Sources/AsyncAlgorithms/Locking.swift:168:49: error: 'Primitive' is not a member type of struct 'AsyncAlgorithms.Lock'
31 | #endif
32 |
33 | internal struct Lock {
| `- note: 'Lock' declared here
34 | #if canImport(Darwin)
35 | typealias Primitive = os_unfair_lock
:
166 | }
167 |
168 | private let buffer: ManagedBuffer<State, Lock.Primitive>
| `- error: 'Primitive' is not a member type of struct 'AsyncAlgorithms.Lock'
169 |
170 | init(_ initial: State) {
[220/267] Compiling AsyncAlgorithms AsyncDebounceSequence.swift
/host/spi-builder-workspace/.build/checkouts/swift-async-algorithms/Sources/AsyncAlgorithms/Locking.swift:168:49: error: 'Primitive' is not a member type of struct 'AsyncAlgorithms.Lock'
31 | #endif
32 |
33 | internal struct Lock {
| `- note: 'Lock' declared here
34 | #if canImport(Darwin)
35 | typealias Primitive = os_unfair_lock
:
166 | }
167 |
168 | private let buffer: ManagedBuffer<State, Lock.Primitive>
| `- error: 'Primitive' is not a member type of struct 'AsyncAlgorithms.Lock'
169 |
170 | init(_ initial: State) {
[221/267] Compiling AsyncAlgorithms DebounceStateMachine.swift
/host/spi-builder-workspace/.build/checkouts/swift-async-algorithms/Sources/AsyncAlgorithms/Locking.swift:168:49: error: 'Primitive' is not a member type of struct 'AsyncAlgorithms.Lock'
31 | #endif
32 |
33 | internal struct Lock {
| `- note: 'Lock' declared here
34 | #if canImport(Darwin)
35 | typealias Primitive = os_unfair_lock
:
166 | }
167 |
168 | private let buffer: ManagedBuffer<State, Lock.Primitive>
| `- error: 'Primitive' is not a member type of struct 'AsyncAlgorithms.Lock'
169 |
170 | init(_ initial: State) {
[222/267] Compiling AsyncAlgorithms DebounceStorage.swift
/host/spi-builder-workspace/.build/checkouts/swift-async-algorithms/Sources/AsyncAlgorithms/Locking.swift:168:49: error: 'Primitive' is not a member type of struct 'AsyncAlgorithms.Lock'
31 | #endif
32 |
33 | internal struct Lock {
| `- note: 'Lock' declared here
34 | #if canImport(Darwin)
35 | typealias Primitive = os_unfair_lock
:
166 | }
167 |
168 | private let buffer: ManagedBuffer<State, Lock.Primitive>
| `- error: 'Primitive' is not a member type of struct 'AsyncAlgorithms.Lock'
169 |
170 | init(_ initial: State) {
[223/267] Compiling AsyncAlgorithms Dictionary.swift
/host/spi-builder-workspace/.build/checkouts/swift-async-algorithms/Sources/AsyncAlgorithms/Locking.swift:168:49: error: 'Primitive' is not a member type of struct 'AsyncAlgorithms.Lock'
31 | #endif
32 |
33 | internal struct Lock {
| `- note: 'Lock' declared here
34 | #if canImport(Darwin)
35 | typealias Primitive = os_unfair_lock
:
166 | }
167 |
168 | private let buffer: ManagedBuffer<State, Lock.Primitive>
| `- error: 'Primitive' is not a member type of struct 'AsyncAlgorithms.Lock'
169 |
170 | init(_ initial: State) {
[224/267] Compiling AsyncAlgorithms AsyncAdjacentPairsSequence.swift
[225/267] Compiling AsyncAlgorithms AsyncBufferedByteIterator.swift
[226/267] Compiling AsyncAlgorithms AsyncChain2Sequence.swift
[227/267] Compiling AsyncAlgorithms AsyncChain3Sequence.swift
[228/267] Compiling AsyncAlgorithms AsyncChunkedByGroupSequence.swift
[229/267] Compiling AsyncAlgorithms AsyncChunkedOnProjectionSequence.swift
[230/267] Compiling AsyncAlgorithms AsyncChunksOfCountOrSignalSequence.swift
[231/267] Compiling AsyncAlgorithms AsyncChunksOfCountSequence.swift
[232/267] Compiling AsyncAlgorithms AsyncSyncSequence.swift
/host/spi-builder-workspace/.build/checkouts/swift-async-algorithms/Sources/AsyncAlgorithms/Locking.swift:168:49: error: 'Primitive' is not a member type of struct 'AsyncAlgorithms.Lock'
31 | #endif
32 |
33 | internal struct Lock {
| `- note: 'Lock' declared here
34 | #if canImport(Darwin)
35 | typealias Primitive = os_unfair_lock
:
166 | }
167 |
168 | private let buffer: ManagedBuffer<State, Lock.Primitive>
| `- error: 'Primitive' is not a member type of struct 'AsyncAlgorithms.Lock'
169 |
170 | init(_ initial: State) {
[233/267] Compiling AsyncAlgorithms AsyncThrottleSequence.swift
/host/spi-builder-workspace/.build/checkouts/swift-async-algorithms/Sources/AsyncAlgorithms/Locking.swift:168:49: error: 'Primitive' is not a member type of struct 'AsyncAlgorithms.Lock'
31 | #endif
32 |
33 | internal struct Lock {
| `- note: 'Lock' declared here
34 | #if canImport(Darwin)
35 | typealias Primitive = os_unfair_lock
:
166 | }
167 |
168 | private let buffer: ManagedBuffer<State, Lock.Primitive>
| `- error: 'Primitive' is not a member type of struct 'AsyncAlgorithms.Lock'
169 |
170 | init(_ initial: State) {
[234/267] Compiling AsyncAlgorithms AsyncThrowingExclusiveReductionsSequence.swift
/host/spi-builder-workspace/.build/checkouts/swift-async-algorithms/Sources/AsyncAlgorithms/Locking.swift:168:49: error: 'Primitive' is not a member type of struct 'AsyncAlgorithms.Lock'
31 | #endif
32 |
33 | internal struct Lock {
| `- note: 'Lock' declared here
34 | #if canImport(Darwin)
35 | typealias Primitive = os_unfair_lock
:
166 | }
167 |
168 | private let buffer: ManagedBuffer<State, Lock.Primitive>
| `- error: 'Primitive' is not a member type of struct 'AsyncAlgorithms.Lock'
169 |
170 | init(_ initial: State) {
[235/267] Compiling AsyncAlgorithms AsyncThrowingInclusiveReductionsSequence.swift
/host/spi-builder-workspace/.build/checkouts/swift-async-algorithms/Sources/AsyncAlgorithms/Locking.swift:168:49: error: 'Primitive' is not a member type of struct 'AsyncAlgorithms.Lock'
31 | #endif
32 |
33 | internal struct Lock {
| `- note: 'Lock' declared here
34 | #if canImport(Darwin)
35 | typealias Primitive = os_unfair_lock
:
166 | }
167 |
168 | private let buffer: ManagedBuffer<State, Lock.Primitive>
| `- error: 'Primitive' is not a member type of struct 'AsyncAlgorithms.Lock'
169 |
170 | init(_ initial: State) {
[236/267] Compiling AsyncAlgorithms AsyncTimerSequence.swift
/host/spi-builder-workspace/.build/checkouts/swift-async-algorithms/Sources/AsyncAlgorithms/Locking.swift:168:49: error: 'Primitive' is not a member type of struct 'AsyncAlgorithms.Lock'
31 | #endif
32 |
33 | internal struct Lock {
| `- note: 'Lock' declared here
34 | #if canImport(Darwin)
35 | typealias Primitive = os_unfair_lock
:
166 | }
167 |
168 | private let buffer: ManagedBuffer<State, Lock.Primitive>
| `- error: 'Primitive' is not a member type of struct 'AsyncAlgorithms.Lock'
169 |
170 | init(_ initial: State) {
[237/267] Compiling AsyncAlgorithms AsyncBufferSequence.swift
/host/spi-builder-workspace/.build/checkouts/swift-async-algorithms/Sources/AsyncAlgorithms/Locking.swift:168:49: error: 'Primitive' is not a member type of struct 'AsyncAlgorithms.Lock'
31 | #endif
32 |
33 | internal struct Lock {
| `- note: 'Lock' declared here
34 | #if canImport(Darwin)
35 | typealias Primitive = os_unfair_lock
:
166 | }
167 |
168 | private let buffer: ManagedBuffer<State, Lock.Primitive>
| `- error: 'Primitive' is not a member type of struct 'AsyncAlgorithms.Lock'
169 |
170 | init(_ initial: State) {
[238/267] Compiling AsyncAlgorithms BoundedBufferStateMachine.swift
/host/spi-builder-workspace/.build/checkouts/swift-async-algorithms/Sources/AsyncAlgorithms/Locking.swift:168:49: error: 'Primitive' is not a member type of struct 'AsyncAlgorithms.Lock'
31 | #endif
32 |
33 | internal struct Lock {
| `- note: 'Lock' declared here
34 | #if canImport(Darwin)
35 | typealias Primitive = os_unfair_lock
:
166 | }
167 |
168 | private let buffer: ManagedBuffer<State, Lock.Primitive>
| `- error: 'Primitive' is not a member type of struct 'AsyncAlgorithms.Lock'
169 |
170 | init(_ initial: State) {
[239/267] Compiling AsyncAlgorithms BoundedBufferStorage.swift
/host/spi-builder-workspace/.build/checkouts/swift-async-algorithms/Sources/AsyncAlgorithms/Locking.swift:168:49: error: 'Primitive' is not a member type of struct 'AsyncAlgorithms.Lock'
31 | #endif
32 |
33 | internal struct Lock {
| `- note: 'Lock' declared here
34 | #if canImport(Darwin)
35 | typealias Primitive = os_unfair_lock
:
166 | }
167 |
168 | private let buffer: ManagedBuffer<State, Lock.Primitive>
| `- error: 'Primitive' is not a member type of struct 'AsyncAlgorithms.Lock'
169 |
170 | init(_ initial: State) {
[240/267] Compiling AsyncAlgorithms UnboundedBufferStateMachine.swift
/host/spi-builder-workspace/.build/checkouts/swift-async-algorithms/Sources/AsyncAlgorithms/Locking.swift:168:49: error: 'Primitive' is not a member type of struct 'AsyncAlgorithms.Lock'
31 | #endif
32 |
33 | internal struct Lock {
| `- note: 'Lock' declared here
34 | #if canImport(Darwin)
35 | typealias Primitive = os_unfair_lock
:
166 | }
167 |
168 | private let buffer: ManagedBuffer<State, Lock.Primitive>
| `- error: 'Primitive' is not a member type of struct 'AsyncAlgorithms.Lock'
169 |
170 | init(_ initial: State) {
[241/267] Compiling AsyncAlgorithms UnboundedBufferStorage.swift
/host/spi-builder-workspace/.build/checkouts/swift-async-algorithms/Sources/AsyncAlgorithms/Locking.swift:168:49: error: 'Primitive' is not a member type of struct 'AsyncAlgorithms.Lock'
31 | #endif
32 |
33 | internal struct Lock {
| `- note: 'Lock' declared here
34 | #if canImport(Darwin)
35 | typealias Primitive = os_unfair_lock
:
166 | }
167 |
168 | private let buffer: ManagedBuffer<State, Lock.Primitive>
| `- error: 'Primitive' is not a member type of struct 'AsyncAlgorithms.Lock'
169 |
170 | init(_ initial: State) {
[242/267] Compiling AsyncAlgorithms AsyncChannel.swift
/host/spi-builder-workspace/.build/checkouts/swift-async-algorithms/Sources/AsyncAlgorithms/Locking.swift:168:49: error: 'Primitive' is not a member type of struct 'AsyncAlgorithms.Lock'
31 | #endif
32 |
33 | internal struct Lock {
| `- note: 'Lock' declared here
34 | #if canImport(Darwin)
35 | typealias Primitive = os_unfair_lock
:
166 | }
167 |
168 | private let buffer: ManagedBuffer<State, Lock.Primitive>
| `- error: 'Primitive' is not a member type of struct 'AsyncAlgorithms.Lock'
169 |
170 | init(_ initial: State) {
[243/267] Compiling AsyncAlgorithms AsyncThrowingChannel.swift
/host/spi-builder-workspace/.build/checkouts/swift-async-algorithms/Sources/AsyncAlgorithms/Locking.swift:168:49: error: 'Primitive' is not a member type of struct 'AsyncAlgorithms.Lock'
31 | #endif
32 |
33 | internal struct Lock {
| `- note: 'Lock' declared here
34 | #if canImport(Darwin)
35 | typealias Primitive = os_unfair_lock
:
166 | }
167 |
168 | private let buffer: ManagedBuffer<State, Lock.Primitive>
| `- error: 'Primitive' is not a member type of struct 'AsyncAlgorithms.Lock'
169 |
170 | init(_ initial: State) {
[244/267] Compiling AsyncAlgorithms ChannelStateMachine.swift
/host/spi-builder-workspace/.build/checkouts/swift-async-algorithms/Sources/AsyncAlgorithms/Locking.swift:168:49: error: 'Primitive' is not a member type of struct 'AsyncAlgorithms.Lock'
31 | #endif
32 |
33 | internal struct Lock {
| `- note: 'Lock' declared here
34 | #if canImport(Darwin)
35 | typealias Primitive = os_unfair_lock
:
166 | }
167 |
168 | private let buffer: ManagedBuffer<State, Lock.Primitive>
| `- error: 'Primitive' is not a member type of struct 'AsyncAlgorithms.Lock'
169 |
170 | init(_ initial: State) {
[245/267] Compiling AsyncAlgorithms ChannelStorage.swift
/host/spi-builder-workspace/.build/checkouts/swift-async-algorithms/Sources/AsyncAlgorithms/Locking.swift:168:49: error: 'Primitive' is not a member type of struct 'AsyncAlgorithms.Lock'
31 | #endif
32 |
33 | internal struct Lock {
| `- note: 'Lock' declared here
34 | #if canImport(Darwin)
35 | typealias Primitive = os_unfair_lock
:
166 | }
167 |
168 | private let buffer: ManagedBuffer<State, Lock.Primitive>
| `- error: 'Primitive' is not a member type of struct 'AsyncAlgorithms.Lock'
169 |
170 | init(_ initial: State) {
[246/267] Compiling AsyncAlgorithms AsyncCombineLatest2Sequence.swift
/host/spi-builder-workspace/.build/checkouts/swift-async-algorithms/Sources/AsyncAlgorithms/Locking.swift:168:49: error: 'Primitive' is not a member type of struct 'AsyncAlgorithms.Lock'
31 | #endif
32 |
33 | internal struct Lock {
| `- note: 'Lock' declared here
34 | #if canImport(Darwin)
35 | typealias Primitive = os_unfair_lock
:
166 | }
167 |
168 | private let buffer: ManagedBuffer<State, Lock.Primitive>
| `- error: 'Primitive' is not a member type of struct 'AsyncAlgorithms.Lock'
169 |
170 | init(_ initial: State) {
[247/267] Compiling AsyncAlgorithms Rethrow.swift
/host/spi-builder-workspace/.build/checkouts/swift-async-algorithms/Sources/AsyncAlgorithms/Locking.swift:168:49: error: 'Primitive' is not a member type of struct 'AsyncAlgorithms.Lock'
31 | #endif
32 |
33 | internal struct Lock {
| `- note: 'Lock' declared here
34 | #if canImport(Darwin)
35 | typealias Primitive = os_unfair_lock
:
166 | }
167 |
168 | private let buffer: ManagedBuffer<State, Lock.Primitive>
| `- error: 'Primitive' is not a member type of struct 'AsyncAlgorithms.Lock'
169 |
170 | init(_ initial: State) {
[248/267] Compiling AsyncAlgorithms SetAlgebra.swift
/host/spi-builder-workspace/.build/checkouts/swift-async-algorithms/Sources/AsyncAlgorithms/Locking.swift:168:49: error: 'Primitive' is not a member type of struct 'AsyncAlgorithms.Lock'
31 | #endif
32 |
33 | internal struct Lock {
| `- note: 'Lock' declared here
34 | #if canImport(Darwin)
35 | typealias Primitive = os_unfair_lock
:
166 | }
167 |
168 | private let buffer: ManagedBuffer<State, Lock.Primitive>
| `- error: 'Primitive' is not a member type of struct 'AsyncAlgorithms.Lock'
169 |
170 | init(_ initial: State) {
[249/267] Compiling AsyncAlgorithms UnsafeTransfer.swift
/host/spi-builder-workspace/.build/checkouts/swift-async-algorithms/Sources/AsyncAlgorithms/Locking.swift:168:49: error: 'Primitive' is not a member type of struct 'AsyncAlgorithms.Lock'
31 | #endif
32 |
33 | internal struct Lock {
| `- note: 'Lock' declared here
34 | #if canImport(Darwin)
35 | typealias Primitive = os_unfair_lock
:
166 | }
167 |
168 | private let buffer: ManagedBuffer<State, Lock.Primitive>
| `- error: 'Primitive' is not a member type of struct 'AsyncAlgorithms.Lock'
169 |
170 | init(_ initial: State) {
[250/267] Compiling AsyncAlgorithms AsyncZip2Sequence.swift
/host/spi-builder-workspace/.build/checkouts/swift-async-algorithms/Sources/AsyncAlgorithms/Locking.swift:168:49: error: 'Primitive' is not a member type of struct 'AsyncAlgorithms.Lock'
31 | #endif
32 |
33 | internal struct Lock {
| `- note: 'Lock' declared here
34 | #if canImport(Darwin)
35 | typealias Primitive = os_unfair_lock
:
166 | }
167 |
168 | private let buffer: ManagedBuffer<State, Lock.Primitive>
| `- error: 'Primitive' is not a member type of struct 'AsyncAlgorithms.Lock'
169 |
170 | init(_ initial: State) {
[251/267] Compiling AsyncAlgorithms AsyncZip3Sequence.swift
/host/spi-builder-workspace/.build/checkouts/swift-async-algorithms/Sources/AsyncAlgorithms/Locking.swift:168:49: error: 'Primitive' is not a member type of struct 'AsyncAlgorithms.Lock'
31 | #endif
32 |
33 | internal struct Lock {
| `- note: 'Lock' declared here
34 | #if canImport(Darwin)
35 | typealias Primitive = os_unfair_lock
:
166 | }
167 |
168 | private let buffer: ManagedBuffer<State, Lock.Primitive>
| `- error: 'Primitive' is not a member type of struct 'AsyncAlgorithms.Lock'
169 |
170 | init(_ initial: State) {
[252/267] Compiling AsyncAlgorithms ZipStateMachine.swift
/host/spi-builder-workspace/.build/checkouts/swift-async-algorithms/Sources/AsyncAlgorithms/Locking.swift:168:49: error: 'Primitive' is not a member type of struct 'AsyncAlgorithms.Lock'
31 | #endif
32 |
33 | internal struct Lock {
| `- note: 'Lock' declared here
34 | #if canImport(Darwin)
35 | typealias Primitive = os_unfair_lock
:
166 | }
167 |
168 | private let buffer: ManagedBuffer<State, Lock.Primitive>
| `- error: 'Primitive' is not a member type of struct 'AsyncAlgorithms.Lock'
169 |
170 | init(_ initial: State) {
[253/267] Compiling AsyncAlgorithms ZipStorage.swift
/host/spi-builder-workspace/.build/checkouts/swift-async-algorithms/Sources/AsyncAlgorithms/Locking.swift:168:49: error: 'Primitive' is not a member type of struct 'AsyncAlgorithms.Lock'
31 | #endif
32 |
33 | internal struct Lock {
| `- note: 'Lock' declared here
34 | #if canImport(Darwin)
35 | typealias Primitive = os_unfair_lock
:
166 | }
167 |
168 | private let buffer: ManagedBuffer<State, Lock.Primitive>
| `- error: 'Primitive' is not a member type of struct 'AsyncAlgorithms.Lock'
169 |
170 | init(_ initial: State) {
[254/267] Compiling AsyncAlgorithms AsyncMerge2Sequence.swift
/host/spi-builder-workspace/.build/checkouts/swift-async-algorithms/Sources/AsyncAlgorithms/Locking.swift:50:49: error: cannot find type 'Primitive' in scope
48 | #endif
49 |
50 | typealias PlatformLock = UnsafeMutablePointer<Primitive>
| `- error: cannot find type 'Primitive' in scope
51 | let platformLock: PlatformLock
52 |
[255/267] Compiling AsyncAlgorithms AsyncMerge3Sequence.swift
/host/spi-builder-workspace/.build/checkouts/swift-async-algorithms/Sources/AsyncAlgorithms/Locking.swift:50:49: error: cannot find type 'Primitive' in scope
48 | #endif
49 |
50 | typealias PlatformLock = UnsafeMutablePointer<Primitive>
| `- error: cannot find type 'Primitive' in scope
51 | let platformLock: PlatformLock
52 |
[256/267] Compiling AsyncAlgorithms MergeStateMachine.swift
/host/spi-builder-workspace/.build/checkouts/swift-async-algorithms/Sources/AsyncAlgorithms/Locking.swift:50:49: error: cannot find type 'Primitive' in scope
48 | #endif
49 |
50 | typealias PlatformLock = UnsafeMutablePointer<Primitive>
| `- error: cannot find type 'Primitive' in scope
51 | let platformLock: PlatformLock
52 |
[257/267] Compiling AsyncAlgorithms MergeStorage.swift
/host/spi-builder-workspace/.build/checkouts/swift-async-algorithms/Sources/AsyncAlgorithms/Locking.swift:50:49: error: cannot find type 'Primitive' in scope
48 | #endif
49 |
50 | typealias PlatformLock = UnsafeMutablePointer<Primitive>
| `- error: cannot find type 'Primitive' in scope
51 | let platformLock: PlatformLock
52 |
[258/267] Compiling AsyncAlgorithms MultiProducerSingleConsumerAsyncChannel+Internal.swift
/host/spi-builder-workspace/.build/checkouts/swift-async-algorithms/Sources/AsyncAlgorithms/Locking.swift:50:49: error: cannot find type 'Primitive' in scope
48 | #endif
49 |
50 | typealias PlatformLock = UnsafeMutablePointer<Primitive>
| `- error: cannot find type 'Primitive' in scope
51 | let platformLock: PlatformLock
52 |
[259/267] Compiling AsyncAlgorithms MultiProducerSingleConsumerAsyncChannel.swift
/host/spi-builder-workspace/.build/checkouts/swift-async-algorithms/Sources/AsyncAlgorithms/Locking.swift:50:49: error: cannot find type 'Primitive' in scope
48 | #endif
49 |
50 | typealias PlatformLock = UnsafeMutablePointer<Primitive>
| `- error: cannot find type 'Primitive' in scope
51 | let platformLock: PlatformLock
52 |
[260/267] Compiling AsyncAlgorithms RangeReplaceableCollection.swift
/host/spi-builder-workspace/.build/checkouts/swift-async-algorithms/Sources/AsyncAlgorithms/Locking.swift:50:49: error: cannot find type 'Primitive' in scope
48 | #endif
49 |
50 | typealias PlatformLock = UnsafeMutablePointer<Primitive>
| `- error: cannot find type 'Primitive' in scope
51 | let platformLock: PlatformLock
52 |
[261/267] Compiling AsyncAlgorithms AsyncFlatMapLatestSequence.swift
/host/spi-builder-workspace/.build/checkouts/swift-async-algorithms/Sources/AsyncAlgorithms/Locking.swift:50:49: error: cannot find type 'Primitive' in scope
48 | #endif
49 |
50 | typealias PlatformLock = UnsafeMutablePointer<Primitive>
| `- error: cannot find type 'Primitive' in scope
51 | let platformLock: PlatformLock
52 |
/host/spi-builder-workspace/.build/checkouts/swift-async-algorithms/Sources/AsyncAlgorithms/Locking.swift:162:63: error: 'Primitive' is not a member type of struct 'AsyncAlgorithms.Lock'
31 | #endif
32 |
33 | internal struct Lock {
| `- note: 'Lock' declared here
34 | #if canImport(Darwin)
35 | typealias Primitive = os_unfair_lock
:
160 |
161 | struct ManagedCriticalState<State> {
162 | private final class LockedBuffer: ManagedBuffer<State, Lock.Primitive> {
| `- error: 'Primitive' is not a member type of struct 'AsyncAlgorithms.Lock'
163 | deinit {
164 | withUnsafeMutablePointerToElements { Lock.deinitialize($0) }
/host/spi-builder-workspace/.build/checkouts/swift-async-algorithms/Sources/AsyncAlgorithms/Locking.swift:168:49: error: 'Primitive' is not a member type of struct 'AsyncAlgorithms.Lock'
31 | #endif
32 |
33 | internal struct Lock {
| `- note: 'Lock' declared here
34 | #if canImport(Darwin)
35 | typealias Primitive = os_unfair_lock
:
166 | }
167 |
168 | private let buffer: ManagedBuffer<State, Lock.Primitive>
| `- error: 'Primitive' is not a member type of struct 'AsyncAlgorithms.Lock'
169 |
170 | init(_ initial: State) {
/host/spi-builder-workspace/.build/checkouts/swift-async-algorithms/Sources/AsyncAlgorithms/Locking.swift:164:7: error: type of expression is ambiguous without a type annotation
162 | private final class LockedBuffer: ManagedBuffer<State, Lock.Primitive> {
163 | deinit {
164 | withUnsafeMutablePointerToElements { Lock.deinitialize($0) }
| `- error: type of expression is ambiguous without a type annotation
165 | }
166 | }
/host/spi-builder-workspace/.build/checkouts/swift-async-algorithms/Sources/AsyncAlgorithms/Locking.swift:171:12: error: type of expression is ambiguous without a type annotation
169 |
170 | init(_ initial: State) {
171 | buffer = LockedBuffer.create(minimumCapacity: 1) { buffer in
| `- error: type of expression is ambiguous without a type annotation
172 | buffer.withUnsafeMutablePointerToElements { Lock.initialize($0) }
173 | return initial
[262/267] Compiling AsyncAlgorithms FlatMapLatestStateMachine.swift
/host/spi-builder-workspace/.build/checkouts/swift-async-algorithms/Sources/AsyncAlgorithms/Locking.swift:50:49: error: cannot find type 'Primitive' in scope
48 | #endif
49 |
50 | typealias PlatformLock = UnsafeMutablePointer<Primitive>
| `- error: cannot find type 'Primitive' in scope
51 | let platformLock: PlatformLock
52 |
/host/spi-builder-workspace/.build/checkouts/swift-async-algorithms/Sources/AsyncAlgorithms/Locking.swift:162:63: error: 'Primitive' is not a member type of struct 'AsyncAlgorithms.Lock'
31 | #endif
32 |
33 | internal struct Lock {
| `- note: 'Lock' declared here
34 | #if canImport(Darwin)
35 | typealias Primitive = os_unfair_lock
:
160 |
161 | struct ManagedCriticalState<State> {
162 | private final class LockedBuffer: ManagedBuffer<State, Lock.Primitive> {
| `- error: 'Primitive' is not a member type of struct 'AsyncAlgorithms.Lock'
163 | deinit {
164 | withUnsafeMutablePointerToElements { Lock.deinitialize($0) }
/host/spi-builder-workspace/.build/checkouts/swift-async-algorithms/Sources/AsyncAlgorithms/Locking.swift:168:49: error: 'Primitive' is not a member type of struct 'AsyncAlgorithms.Lock'
31 | #endif
32 |
33 | internal struct Lock {
| `- note: 'Lock' declared here
34 | #if canImport(Darwin)
35 | typealias Primitive = os_unfair_lock
:
166 | }
167 |
168 | private let buffer: ManagedBuffer<State, Lock.Primitive>
| `- error: 'Primitive' is not a member type of struct 'AsyncAlgorithms.Lock'
169 |
170 | init(_ initial: State) {
/host/spi-builder-workspace/.build/checkouts/swift-async-algorithms/Sources/AsyncAlgorithms/Locking.swift:164:7: error: type of expression is ambiguous without a type annotation
162 | private final class LockedBuffer: ManagedBuffer<State, Lock.Primitive> {
163 | deinit {
164 | withUnsafeMutablePointerToElements { Lock.deinitialize($0) }
| `- error: type of expression is ambiguous without a type annotation
165 | }
166 | }
/host/spi-builder-workspace/.build/checkouts/swift-async-algorithms/Sources/AsyncAlgorithms/Locking.swift:171:12: error: type of expression is ambiguous without a type annotation
169 |
170 | init(_ initial: State) {
171 | buffer = LockedBuffer.create(minimumCapacity: 1) { buffer in
| `- error: type of expression is ambiguous without a type annotation
172 | buffer.withUnsafeMutablePointerToElements { Lock.initialize($0) }
173 | return initial
[263/267] Compiling AsyncAlgorithms FlatMapLatestStorage.swift
/host/spi-builder-workspace/.build/checkouts/swift-async-algorithms/Sources/AsyncAlgorithms/Locking.swift:50:49: error: cannot find type 'Primitive' in scope
48 | #endif
49 |
50 | typealias PlatformLock = UnsafeMutablePointer<Primitive>
| `- error: cannot find type 'Primitive' in scope
51 | let platformLock: PlatformLock
52 |
/host/spi-builder-workspace/.build/checkouts/swift-async-algorithms/Sources/AsyncAlgorithms/Locking.swift:162:63: error: 'Primitive' is not a member type of struct 'AsyncAlgorithms.Lock'
31 | #endif
32 |
33 | internal struct Lock {
| `- note: 'Lock' declared here
34 | #if canImport(Darwin)
35 | typealias Primitive = os_unfair_lock
:
160 |
161 | struct ManagedCriticalState<State> {
162 | private final class LockedBuffer: ManagedBuffer<State, Lock.Primitive> {
| `- error: 'Primitive' is not a member type of struct 'AsyncAlgorithms.Lock'
163 | deinit {
164 | withUnsafeMutablePointerToElements { Lock.deinitialize($0) }
/host/spi-builder-workspace/.build/checkouts/swift-async-algorithms/Sources/AsyncAlgorithms/Locking.swift:168:49: error: 'Primitive' is not a member type of struct 'AsyncAlgorithms.Lock'
31 | #endif
32 |
33 | internal struct Lock {
| `- note: 'Lock' declared here
34 | #if canImport(Darwin)
35 | typealias Primitive = os_unfair_lock
:
166 | }
167 |
168 | private let buffer: ManagedBuffer<State, Lock.Primitive>
| `- error: 'Primitive' is not a member type of struct 'AsyncAlgorithms.Lock'
169 |
170 | init(_ initial: State) {
/host/spi-builder-workspace/.build/checkouts/swift-async-algorithms/Sources/AsyncAlgorithms/Locking.swift:164:7: error: type of expression is ambiguous without a type annotation
162 | private final class LockedBuffer: ManagedBuffer<State, Lock.Primitive> {
163 | deinit {
164 | withUnsafeMutablePointerToElements { Lock.deinitialize($0) }
| `- error: type of expression is ambiguous without a type annotation
165 | }
166 | }
/host/spi-builder-workspace/.build/checkouts/swift-async-algorithms/Sources/AsyncAlgorithms/Locking.swift:171:12: error: type of expression is ambiguous without a type annotation
169 |
170 | init(_ initial: State) {
171 | buffer = LockedBuffer.create(minimumCapacity: 1) { buffer in
| `- error: type of expression is ambiguous without a type annotation
172 | buffer.withUnsafeMutablePointerToElements { Lock.initialize($0) }
173 | return initial
[264/267] Compiling AsyncAlgorithms Disconnected.swift
/host/spi-builder-workspace/.build/checkouts/swift-async-algorithms/Sources/AsyncAlgorithms/Locking.swift:50:49: error: cannot find type 'Primitive' in scope
48 | #endif
49 |
50 | typealias PlatformLock = UnsafeMutablePointer<Primitive>
| `- error: cannot find type 'Primitive' in scope
51 | let platformLock: PlatformLock
52 |
/host/spi-builder-workspace/.build/checkouts/swift-async-algorithms/Sources/AsyncAlgorithms/Locking.swift:162:63: error: 'Primitive' is not a member type of struct 'AsyncAlgorithms.Lock'
31 | #endif
32 |
33 | internal struct Lock {
| `- note: 'Lock' declared here
34 | #if canImport(Darwin)
35 | typealias Primitive = os_unfair_lock
:
160 |
161 | struct ManagedCriticalState<State> {
162 | private final class LockedBuffer: ManagedBuffer<State, Lock.Primitive> {
| `- error: 'Primitive' is not a member type of struct 'AsyncAlgorithms.Lock'
163 | deinit {
164 | withUnsafeMutablePointerToElements { Lock.deinitialize($0) }
/host/spi-builder-workspace/.build/checkouts/swift-async-algorithms/Sources/AsyncAlgorithms/Locking.swift:168:49: error: 'Primitive' is not a member type of struct 'AsyncAlgorithms.Lock'
31 | #endif
32 |
33 | internal struct Lock {
| `- note: 'Lock' declared here
34 | #if canImport(Darwin)
35 | typealias Primitive = os_unfair_lock
:
166 | }
167 |
168 | private let buffer: ManagedBuffer<State, Lock.Primitive>
| `- error: 'Primitive' is not a member type of struct 'AsyncAlgorithms.Lock'
169 |
170 | init(_ initial: State) {
/host/spi-builder-workspace/.build/checkouts/swift-async-algorithms/Sources/AsyncAlgorithms/Locking.swift:164:7: error: type of expression is ambiguous without a type annotation
162 | private final class LockedBuffer: ManagedBuffer<State, Lock.Primitive> {
163 | deinit {
164 | withUnsafeMutablePointerToElements { Lock.deinitialize($0) }
| `- error: type of expression is ambiguous without a type annotation
165 | }
166 | }
/host/spi-builder-workspace/.build/checkouts/swift-async-algorithms/Sources/AsyncAlgorithms/Locking.swift:171:12: error: type of expression is ambiguous without a type annotation
169 |
170 | init(_ initial: State) {
171 | buffer = LockedBuffer.create(minimumCapacity: 1) { buffer in
| `- error: type of expression is ambiguous without a type annotation
172 | buffer.withUnsafeMutablePointerToElements { Lock.initialize($0) }
173 | return initial
[265/267] Compiling AsyncAlgorithms _TinyArray.swift
/host/spi-builder-workspace/.build/checkouts/swift-async-algorithms/Sources/AsyncAlgorithms/Locking.swift:50:49: error: cannot find type 'Primitive' in scope
48 | #endif
49 |
50 | typealias PlatformLock = UnsafeMutablePointer<Primitive>
| `- error: cannot find type 'Primitive' in scope
51 | let platformLock: PlatformLock
52 |
/host/spi-builder-workspace/.build/checkouts/swift-async-algorithms/Sources/AsyncAlgorithms/Locking.swift:162:63: error: 'Primitive' is not a member type of struct 'AsyncAlgorithms.Lock'
31 | #endif
32 |
33 | internal struct Lock {
| `- note: 'Lock' declared here
34 | #if canImport(Darwin)
35 | typealias Primitive = os_unfair_lock
:
160 |
161 | struct ManagedCriticalState<State> {
162 | private final class LockedBuffer: ManagedBuffer<State, Lock.Primitive> {
| `- error: 'Primitive' is not a member type of struct 'AsyncAlgorithms.Lock'
163 | deinit {
164 | withUnsafeMutablePointerToElements { Lock.deinitialize($0) }
/host/spi-builder-workspace/.build/checkouts/swift-async-algorithms/Sources/AsyncAlgorithms/Locking.swift:168:49: error: 'Primitive' is not a member type of struct 'AsyncAlgorithms.Lock'
31 | #endif
32 |
33 | internal struct Lock {
| `- note: 'Lock' declared here
34 | #if canImport(Darwin)
35 | typealias Primitive = os_unfair_lock
:
166 | }
167 |
168 | private let buffer: ManagedBuffer<State, Lock.Primitive>
| `- error: 'Primitive' is not a member type of struct 'AsyncAlgorithms.Lock'
169 |
170 | init(_ initial: State) {
/host/spi-builder-workspace/.build/checkouts/swift-async-algorithms/Sources/AsyncAlgorithms/Locking.swift:164:7: error: type of expression is ambiguous without a type annotation
162 | private final class LockedBuffer: ManagedBuffer<State, Lock.Primitive> {
163 | deinit {
164 | withUnsafeMutablePointerToElements { Lock.deinitialize($0) }
| `- error: type of expression is ambiguous without a type annotation
165 | }
166 | }
/host/spi-builder-workspace/.build/checkouts/swift-async-algorithms/Sources/AsyncAlgorithms/Locking.swift:171:12: error: type of expression is ambiguous without a type annotation
169 |
170 | init(_ initial: State) {
171 | buffer = LockedBuffer.create(minimumCapacity: 1) { buffer in
| `- error: type of expression is ambiguous without a type annotation
172 | buffer.withUnsafeMutablePointerToElements { Lock.initialize($0) }
173 | return initial
[266/267] Compiling AsyncAlgorithms AsyncInterspersedSequence.swift
/host/spi-builder-workspace/.build/checkouts/swift-async-algorithms/Sources/AsyncAlgorithms/Locking.swift:50:49: error: cannot find type 'Primitive' in scope
48 | #endif
49 |
50 | typealias PlatformLock = UnsafeMutablePointer<Primitive>
| `- error: cannot find type 'Primitive' in scope
51 | let platformLock: PlatformLock
52 |
/host/spi-builder-workspace/.build/checkouts/swift-async-algorithms/Sources/AsyncAlgorithms/Locking.swift:162:63: error: 'Primitive' is not a member type of struct 'AsyncAlgorithms.Lock'
31 | #endif
32 |
33 | internal struct Lock {
| `- note: 'Lock' declared here
34 | #if canImport(Darwin)
35 | typealias Primitive = os_unfair_lock
:
160 |
161 | struct ManagedCriticalState<State> {
162 | private final class LockedBuffer: ManagedBuffer<State, Lock.Primitive> {
| `- error: 'Primitive' is not a member type of struct 'AsyncAlgorithms.Lock'
163 | deinit {
164 | withUnsafeMutablePointerToElements { Lock.deinitialize($0) }
/host/spi-builder-workspace/.build/checkouts/swift-async-algorithms/Sources/AsyncAlgorithms/Locking.swift:168:49: error: 'Primitive' is not a member type of struct 'AsyncAlgorithms.Lock'
31 | #endif
32 |
33 | internal struct Lock {
| `- note: 'Lock' declared here
34 | #if canImport(Darwin)
35 | typealias Primitive = os_unfair_lock
:
166 | }
167 |
168 | private let buffer: ManagedBuffer<State, Lock.Primitive>
| `- error: 'Primitive' is not a member type of struct 'AsyncAlgorithms.Lock'
169 |
170 | init(_ initial: State) {
/host/spi-builder-workspace/.build/checkouts/swift-async-algorithms/Sources/AsyncAlgorithms/Locking.swift:164:7: error: type of expression is ambiguous without a type annotation
162 | private final class LockedBuffer: ManagedBuffer<State, Lock.Primitive> {
163 | deinit {
164 | withUnsafeMutablePointerToElements { Lock.deinitialize($0) }
| `- error: type of expression is ambiguous without a type annotation
165 | }
166 | }
/host/spi-builder-workspace/.build/checkouts/swift-async-algorithms/Sources/AsyncAlgorithms/Locking.swift:171:12: error: type of expression is ambiguous without a type annotation
169 |
170 | init(_ initial: State) {
171 | buffer = LockedBuffer.create(minimumCapacity: 1) { buffer in
| `- error: type of expression is ambiguous without a type annotation
172 | buffer.withUnsafeMutablePointerToElements { Lock.initialize($0) }
173 | return initial
[267/267] Compiling AsyncAlgorithms Locking.swift
/host/spi-builder-workspace/.build/checkouts/swift-async-algorithms/Sources/AsyncAlgorithms/Locking.swift:50:49: error: cannot find type 'Primitive' in scope
48 | #endif
49 |
50 | typealias PlatformLock = UnsafeMutablePointer<Primitive>
| `- error: cannot find type 'Primitive' in scope
51 | let platformLock: PlatformLock
52 |
/host/spi-builder-workspace/.build/checkouts/swift-async-algorithms/Sources/AsyncAlgorithms/Locking.swift:162:63: error: 'Primitive' is not a member type of struct 'AsyncAlgorithms.Lock'
31 | #endif
32 |
33 | internal struct Lock {
| `- note: 'Lock' declared here
34 | #if canImport(Darwin)
35 | typealias Primitive = os_unfair_lock
:
160 |
161 | struct ManagedCriticalState<State> {
162 | private final class LockedBuffer: ManagedBuffer<State, Lock.Primitive> {
| `- error: 'Primitive' is not a member type of struct 'AsyncAlgorithms.Lock'
163 | deinit {
164 | withUnsafeMutablePointerToElements { Lock.deinitialize($0) }
/host/spi-builder-workspace/.build/checkouts/swift-async-algorithms/Sources/AsyncAlgorithms/Locking.swift:168:49: error: 'Primitive' is not a member type of struct 'AsyncAlgorithms.Lock'
31 | #endif
32 |
33 | internal struct Lock {
| `- note: 'Lock' declared here
34 | #if canImport(Darwin)
35 | typealias Primitive = os_unfair_lock
:
166 | }
167 |
168 | private let buffer: ManagedBuffer<State, Lock.Primitive>
| `- error: 'Primitive' is not a member type of struct 'AsyncAlgorithms.Lock'
169 |
170 | init(_ initial: State) {
/host/spi-builder-workspace/.build/checkouts/swift-async-algorithms/Sources/AsyncAlgorithms/Locking.swift:164:7: error: type of expression is ambiguous without a type annotation
162 | private final class LockedBuffer: ManagedBuffer<State, Lock.Primitive> {
163 | deinit {
164 | withUnsafeMutablePointerToElements { Lock.deinitialize($0) }
| `- error: type of expression is ambiguous without a type annotation
165 | }
166 | }
/host/spi-builder-workspace/.build/checkouts/swift-async-algorithms/Sources/AsyncAlgorithms/Locking.swift:171:12: error: type of expression is ambiguous without a type annotation
169 |
170 | init(_ initial: State) {
171 | buffer = LockedBuffer.create(minimumCapacity: 1) { buffer in
| `- error: type of expression is ambiguous without a type annotation
172 | buffer.withUnsafeMutablePointerToElements { Lock.initialize($0) }
173 | return initial
Running build ...
bash -c docker run --pull=always --rm -v "checkouts-53886769-0":/host -w "$PWD" -e JAVA_HOME="/root/.sdkman/candidates/java/current" -e SPI_BUILD="1" -e SPI_PROCESSING="1" registry.gitlab.com/saguaro1/spi-images:wasm-6.1-latest swift build --swift-sdk wasm32-unknown-wasi 2>&1
wasm-6.1-latest: Pulling from saguaro1/spi-images
Digest: sha256:290f441d1f5b7bf0dbbe61e8b7514208804cdcb507d57b3c762463ad036298f7
Status: Image is up to date for registry.gitlab.com/saguaro1/spi-images:wasm-6.1-latest
[0/1] Planning build
Building for debugging...
[0/1] Write swift-version-24593BA9C3E375BF.txt
[2/33] Compiling InternalCollectionsUtilities LifetimeOverride.swift
[3/33] Compiling InternalCollectionsUtilities RandomAccessCollection+Offsets.swift
[4/33] Compiling InternalCollectionsUtilities Span+Extras.swift
[5/35] Compiling Logging LoggingSystem.swift
[6/36] Compiling InternalCollectionsUtilities UnsafeMutableRawBufferPointer+Extras.swift
[7/36] Compiling InternalCollectionsUtilities UnsafeRawBufferPointer+Extras.swift
[8/36] Compiling ConcurrencyHelpers LockedValueBox.swift
[9/36] Compiling InternalCollectionsUtilities _SortedCollection.swift
[10/36] Compiling InternalCollectionsUtilities _UniqueCollection.swift
[11/36] Compiling Logging MetadataProvider.swift
[12/36] Compiling InternalCollectionsUtilities Integer rank.swift
[13/36] Compiling InternalCollectionsUtilities UInt+first and last set bit.swift
[14/36] Compiling InternalCollectionsUtilities UInt+reversed.swift
[16/36] Compiling ConcurrencyHelpers Lock.swift
[17/36] Emitting module ConcurrencyHelpers
[19/37] Compiling Logging Logger+With.swift
unable to find node: pound
unable to find node: pound
[20/37] Compiling Logging Logger.swift
[21/37] Compiling InternalCollectionsUtilities UnsafeBufferPointer+Extras.swift
[22/37] Compiling InternalCollectionsUtilities UnsafeMutableBufferPointer+Extras.swift
[23/37] Compiling Logging Logger+Attributes.swift
[24/37] Compiling InternalCollectionsUtilities Debugging.swift
[25/37] Compiling InternalCollectionsUtilities Descriptions.swift
[26/37] Compiling InternalCollectionsUtilities FixedWidthInteger+roundUpToPowerOfTwo.swift
[32/40] Emitting module Logging
unable to find node: pound
unable to find node: pound
[34/41] Emitting module InternalCollectionsUtilities
[35/41] Compiling InternalCollectionsUtilities _UnsafeBitSet+_Word.swift
[36/41] Compiling InternalCollectionsUtilities _UnsafeBitSet.swift
[37/41] Compiling InternalCollectionsUtilities String+Padding.swift
[38/41] Compiling InternalCollectionsUtilities _UnsafeBitSet+Index.swift
[39/42] Emitting module UnixSignals
[40/42] Compiling UnixSignals UnixSignal.swift
[41/42] Compiling UnixSignals UnixSignalsSequence.swift
[44/135] Emitting module ContainersPreview
[45/140] Compiling OrderedCollections OrderedSet+Initializers.swift
[46/140] Compiling OrderedCollections OrderedSet+Insertions.swift
[47/140] Compiling OrderedCollections OrderedSet+Invariants.swift
[48/140] Compiling OrderedCollections OrderedSet+Move.swift
[49/140] Compiling OrderedCollections OrderedSet+Partial MutableCollection.swift
[50/140] Compiling OrderedCollections OrderedDictionary+Codable.swift
[51/140] Compiling OrderedCollections OrderedDictionary+CustomReflectable.swift
[52/140] Compiling OrderedCollections OrderedDictionary+Deprecations.swift
[53/140] Compiling OrderedCollections OrderedDictionary+Descriptions.swift
[54/140] Compiling OrderedCollections OrderedDictionary+Elements.SubSequence.swift
[55/140] Compiling OrderedCollections OrderedDictionary+Elements.swift
[56/140] Compiling OrderedCollections OrderedDictionary+Equatable.swift
[57/140] Compiling OrderedCollections OrderedDictionary+ExpressibleByDictionaryLiteral.swift
[58/140] Compiling OrderedCollections _HashTable+Bucket.swift
[59/140] Compiling OrderedCollections _HashTable+BucketIterator.swift
[60/140] Compiling OrderedCollections _Hashtable+Header.swift
[61/140] Compiling OrderedCollections OrderedSet+Partial SetAlgebra isSuperset.swift
[62/140] Compiling OrderedCollections OrderedSet+Partial SetAlgebra subtract.swift
[63/140] Compiling OrderedCollections OrderedSet+Partial SetAlgebra subtracting.swift
[64/140] Compiling OrderedCollections OrderedSet+Partial SetAlgebra symmetricDifference.swift
[65/140] Compiling OrderedCollections _HashTable+Constants.swift
[66/140] Compiling OrderedCollections _HashTable+CustomStringConvertible.swift
[67/140] Compiling OrderedCollections _HashTable+Testing.swift
[68/140] Compiling OrderedCollections _HashTable+UnsafeHandle.swift
[69/140] Compiling OrderedCollections _HashTable.swift
[70/140] Compiling OrderedCollections OrderedSet+Partial RangeReplaceableCollection.swift
[71/140] Compiling OrderedCollections OrderedSet+Partial SetAlgebra formIntersection.swift
[72/140] Compiling OrderedCollections OrderedDictionary+Values.swift
[73/140] Compiling OrderedCollections OrderedDictionary.swift
[74/140] Compiling OrderedCollections OrderedSet+Codable.swift
[75/140] Compiling OrderedCollections OrderedSet+Partial SetAlgebra union.swift
[76/140] Compiling OrderedCollections OrderedSet+Partial SetAlgebra+Basics.swift
[77/140] Compiling OrderedCollections OrderedSet+RandomAccessCollection.swift
[78/140] Compiling OrderedCollections OrderedSet+ReserveCapacity.swift
[79/140] Compiling OrderedCollections OrderedSet+Hashable.swift
[80/140] Compiling ContainersPreview Ref.swift
[81/140] Compiling ContainersPreview Shared.swift
[82/140] Compiling ContainersPreview SpanIterator.swift
[83/140] Compiling ContainersPreview UniqueBox.swift
[85/182] Compiling DequeModule RigidDeque+Removals.swift
[86/182] Compiling DequeModule RigidDeque+Replacements.swift
[87/182] Compiling DequeModule RigidDeque+Testing.swift
[88/182] Compiling DequeModule RigidDeque.swift
[89/182] Compiling DequeModule UniqueDeque+Append.swift
[90/182] Compiling DequeModule UniqueDeque+Consumption.swift
[91/182] Compiling DequeModule UniqueDeque+Hashable.swift
[92/182] Compiling DequeModule UniqueDeque+Initializers.swift
[93/182] Compiling DequeModule UniqueDeque+Insertions.swift
[94/182] Compiling DequeModule UniqueDeque+Prepend.swift
[95/182] Compiling DequeModule UniqueDeque+Removals.swift
[96/187] Compiling DequeModule UniqueDeque+Container.swift
[97/187] Compiling DequeModule UniqueDeque+Deprecated.swift
[98/187] Compiling DequeModule UniqueDeque+Descriptions.swift
[99/187] Compiling DequeModule UniqueDeque+Equatable.swift
[100/187] Compiling DequeModule UniqueDeque+Experimental.swift
[112/194] Compiling DequeModule RigidDeque+Equatable.swift
[113/194] Compiling DequeModule RigidDeque+Experimental.swift
[114/194] Compiling DequeModule RigidDeque+Hashable.swift
[115/194] Compiling DequeModule RigidDeque+Initializers.swift
[116/194] Compiling DequeModule RigidDeque+Insertions.swift
[117/194] Compiling DequeModule RigidDeque+Prepend.swift
[118/194] Compiling DequeModule _DequeBuffer.swift
[119/194] Compiling DequeModule _DequeBufferHeader.swift
[120/194] Compiling DequeModule RigidDeque+Append.swift
[121/194] Compiling DequeModule RigidDeque+Consumption.swift
[122/194] Compiling DequeModule RigidDeque+Container.swift
[123/194] Compiling DequeModule RigidDeque+Descriptions.swift
[125/194] Compiling DequeModule Deque._UnsafeHandle.swift
[126/194] Compiling DequeModule Deque.swift
[127/194] Compiling DequeModule Deque+Codable.swift
[128/194] Compiling DequeModule Deque+Collection.swift
[129/194] Compiling DequeModule Deque+CustomReflectable.swift
[130/194] Compiling DequeModule Deque+Descriptions.swift
[131/194] Compiling DequeModule Deque+Equatable.swift
[132/194] Compiling DequeModule Deque+ExpressibleByArrayLiteral.swift
[133/194] Compiling OrderedCollections OrderedSet+Partial SetAlgebra formSymmetricDifference.swift
[134/194] Compiling OrderedCollections OrderedSet+Partial SetAlgebra formUnion.swift
[135/194] Compiling OrderedCollections OrderedSet+Partial SetAlgebra intersection.swift
[136/194] Compiling OrderedCollections OrderedSet+Partial SetAlgebra isDisjoint.swift
[137/194] Compiling OrderedCollections OrderedSet+Partial SetAlgebra isEqualSet.swift
[138/194] Compiling OrderedCollections OrderedSet+Partial SetAlgebra isStrictSubset.swift
[139/194] Compiling OrderedCollections OrderedSet+Partial SetAlgebra isStrictSuperset.swift
[140/194] Compiling OrderedCollections OrderedSet+Partial SetAlgebra isSubset.swift
[145/194] Compiling DequeModule Deque+Extras.swift
[146/194] Compiling DequeModule Deque+Hashable.swift
[147/194] Compiling DequeModule Deque+Testing.swift
[148/194] Compiling DequeModule Deque._Storage.swift
[149/194] Compiling DequeModule UniqueDeque+Replacements.swift
[150/194] Compiling DequeModule UniqueDeque.swift
[151/194] Compiling DequeModule _DequeSlot.swift
[152/194] Compiling DequeModule _UnsafeDequeHandle.swift
[153/194] Compiling DequeModule _UnsafeDequeSegments.swift
[154/194] Compiling OrderedCollections OrderedDictionary+Partial RangeReplaceableCollection.swift
[155/194] Compiling OrderedCollections OrderedDictionary+Sendable.swift
[156/194] Compiling OrderedCollections OrderedDictionary+Sequence.swift
[163/194] Compiling OrderedCollections OrderedSet+Sendable.swift
[164/194] Compiling OrderedCollections OrderedSet+SubSequence.swift
[165/194] Compiling OrderedCollections OrderedSet+Testing.swift
[166/194] Compiling OrderedCollections OrderedSet+UnorderedView.swift
[167/194] Compiling OrderedCollections OrderedSet+UnstableInternals.swift
[168/194] Compiling OrderedCollections OrderedSet.swift
[169/194] Compiling OrderedCollections _UnsafeBitset.swift
[188/194] Emitting module OrderedCollections
[190/195] Emitting module DequeModule
[197/249] Compiling AsyncAlgorithms UnboundedBufferStateMachine.swift
/host/spi-builder-workspace/.build/checkouts/swift-async-algorithms/Sources/AsyncAlgorithms/Locking.swift:168:49: error: 'Primitive' is not a member type of struct 'AsyncAlgorithms.Lock'
31 | #endif
32 |
33 | internal struct Lock {
| `- note: 'Lock' declared here
34 | #if canImport(Darwin)
35 | typealias Primitive = os_unfair_lock
:
166 | }
167 |
168 | private let buffer: ManagedBuffer<State, Lock.Primitive>
| `- error: 'Primitive' is not a member type of struct 'AsyncAlgorithms.Lock'
169 |
170 | init(_ initial: State) {
[198/249] Compiling AsyncAlgorithms UnboundedBufferStorage.swift
/host/spi-builder-workspace/.build/checkouts/swift-async-algorithms/Sources/AsyncAlgorithms/Locking.swift:168:49: error: 'Primitive' is not a member type of struct 'AsyncAlgorithms.Lock'
31 | #endif
32 |
33 | internal struct Lock {
| `- note: 'Lock' declared here
34 | #if canImport(Darwin)
35 | typealias Primitive = os_unfair_lock
:
166 | }
167 |
168 | private let buffer: ManagedBuffer<State, Lock.Primitive>
| `- error: 'Primitive' is not a member type of struct 'AsyncAlgorithms.Lock'
169 |
170 | init(_ initial: State) {
[199/249] Compiling AsyncAlgorithms AsyncChannel.swift
/host/spi-builder-workspace/.build/checkouts/swift-async-algorithms/Sources/AsyncAlgorithms/Locking.swift:168:49: error: 'Primitive' is not a member type of struct 'AsyncAlgorithms.Lock'
31 | #endif
32 |
33 | internal struct Lock {
| `- note: 'Lock' declared here
34 | #if canImport(Darwin)
35 | typealias Primitive = os_unfair_lock
:
166 | }
167 |
168 | private let buffer: ManagedBuffer<State, Lock.Primitive>
| `- error: 'Primitive' is not a member type of struct 'AsyncAlgorithms.Lock'
169 |
170 | init(_ initial: State) {
[200/249] Compiling AsyncAlgorithms AsyncThrowingChannel.swift
/host/spi-builder-workspace/.build/checkouts/swift-async-algorithms/Sources/AsyncAlgorithms/Locking.swift:168:49: error: 'Primitive' is not a member type of struct 'AsyncAlgorithms.Lock'
31 | #endif
32 |
33 | internal struct Lock {
| `- note: 'Lock' declared here
34 | #if canImport(Darwin)
35 | typealias Primitive = os_unfair_lock
:
166 | }
167 |
168 | private let buffer: ManagedBuffer<State, Lock.Primitive>
| `- error: 'Primitive' is not a member type of struct 'AsyncAlgorithms.Lock'
169 |
170 | init(_ initial: State) {
[201/249] Compiling AsyncAlgorithms ChannelStateMachine.swift
/host/spi-builder-workspace/.build/checkouts/swift-async-algorithms/Sources/AsyncAlgorithms/Locking.swift:168:49: error: 'Primitive' is not a member type of struct 'AsyncAlgorithms.Lock'
31 | #endif
32 |
33 | internal struct Lock {
| `- note: 'Lock' declared here
34 | #if canImport(Darwin)
35 | typealias Primitive = os_unfair_lock
:
166 | }
167 |
168 | private let buffer: ManagedBuffer<State, Lock.Primitive>
| `- error: 'Primitive' is not a member type of struct 'AsyncAlgorithms.Lock'
169 |
170 | init(_ initial: State) {
[202/249] Compiling AsyncAlgorithms ChannelStorage.swift
/host/spi-builder-workspace/.build/checkouts/swift-async-algorithms/Sources/AsyncAlgorithms/Locking.swift:168:49: error: 'Primitive' is not a member type of struct 'AsyncAlgorithms.Lock'
31 | #endif
32 |
33 | internal struct Lock {
| `- note: 'Lock' declared here
34 | #if canImport(Darwin)
35 | typealias Primitive = os_unfair_lock
:
166 | }
167 |
168 | private let buffer: ManagedBuffer<State, Lock.Primitive>
| `- error: 'Primitive' is not a member type of struct 'AsyncAlgorithms.Lock'
169 |
170 | init(_ initial: State) {
[203/249] Compiling AsyncAlgorithms AsyncCombineLatest2Sequence.swift
/host/spi-builder-workspace/.build/checkouts/swift-async-algorithms/Sources/AsyncAlgorithms/Locking.swift:168:49: error: 'Primitive' is not a member type of struct 'AsyncAlgorithms.Lock'
31 | #endif
32 |
33 | internal struct Lock {
| `- note: 'Lock' declared here
34 | #if canImport(Darwin)
35 | typealias Primitive = os_unfair_lock
:
166 | }
167 |
168 | private let buffer: ManagedBuffer<State, Lock.Primitive>
| `- error: 'Primitive' is not a member type of struct 'AsyncAlgorithms.Lock'
169 |
170 | init(_ initial: State) {
[204/256] Compiling AsyncAlgorithms AsyncFlatMapLatestSequence.swift
/host/spi-builder-workspace/.build/checkouts/swift-async-algorithms/Sources/AsyncAlgorithms/Locking.swift:50:49: error: cannot find type 'Primitive' in scope
48 | #endif
49 |
50 | typealias PlatformLock = UnsafeMutablePointer<Primitive>
| `- error: cannot find type 'Primitive' in scope
51 | let platformLock: PlatformLock
52 |
/host/spi-builder-workspace/.build/checkouts/swift-async-algorithms/Sources/AsyncAlgorithms/Locking.swift:162:63: error: 'Primitive' is not a member type of struct 'AsyncAlgorithms.Lock'
31 | #endif
32 |
33 | internal struct Lock {
| `- note: 'Lock' declared here
34 | #if canImport(Darwin)
35 | typealias Primitive = os_unfair_lock
:
160 |
161 | struct ManagedCriticalState<State> {
162 | private final class LockedBuffer: ManagedBuffer<State, Lock.Primitive> {
| `- error: 'Primitive' is not a member type of struct 'AsyncAlgorithms.Lock'
163 | deinit {
164 | withUnsafeMutablePointerToElements { Lock.deinitialize($0) }
/host/spi-builder-workspace/.build/checkouts/swift-async-algorithms/Sources/AsyncAlgorithms/Locking.swift:168:49: error: 'Primitive' is not a member type of struct 'AsyncAlgorithms.Lock'
31 | #endif
32 |
33 | internal struct Lock {
| `- note: 'Lock' declared here
34 | #if canImport(Darwin)
35 | typealias Primitive = os_unfair_lock
:
166 | }
167 |
168 | private let buffer: ManagedBuffer<State, Lock.Primitive>
| `- error: 'Primitive' is not a member type of struct 'AsyncAlgorithms.Lock'
169 |
170 | init(_ initial: State) {
/host/spi-builder-workspace/.build/checkouts/swift-async-algorithms/Sources/AsyncAlgorithms/Locking.swift:164:7: error: type of expression is ambiguous without a type annotation
162 | private final class LockedBuffer: ManagedBuffer<State, Lock.Primitive> {
163 | deinit {
164 | withUnsafeMutablePointerToElements { Lock.deinitialize($0) }
| `- error: type of expression is ambiguous without a type annotation
165 | }
166 | }
/host/spi-builder-workspace/.build/checkouts/swift-async-algorithms/Sources/AsyncAlgorithms/Locking.swift:171:12: error: type of expression is ambiguous without a type annotation
169 |
170 | init(_ initial: State) {
171 | buffer = LockedBuffer.create(minimumCapacity: 1) { buffer in
| `- error: type of expression is ambiguous without a type annotation
172 | buffer.withUnsafeMutablePointerToElements { Lock.initialize($0) }
173 | return initial
[205/256] Compiling AsyncAlgorithms FlatMapLatestStateMachine.swift
/host/spi-builder-workspace/.build/checkouts/swift-async-algorithms/Sources/AsyncAlgorithms/Locking.swift:50:49: error: cannot find type 'Primitive' in scope
48 | #endif
49 |
50 | typealias PlatformLock = UnsafeMutablePointer<Primitive>
| `- error: cannot find type 'Primitive' in scope
51 | let platformLock: PlatformLock
52 |
/host/spi-builder-workspace/.build/checkouts/swift-async-algorithms/Sources/AsyncAlgorithms/Locking.swift:162:63: error: 'Primitive' is not a member type of struct 'AsyncAlgorithms.Lock'
31 | #endif
32 |
33 | internal struct Lock {
| `- note: 'Lock' declared here
34 | #if canImport(Darwin)
35 | typealias Primitive = os_unfair_lock
:
160 |
161 | struct ManagedCriticalState<State> {
162 | private final class LockedBuffer: ManagedBuffer<State, Lock.Primitive> {
| `- error: 'Primitive' is not a member type of struct 'AsyncAlgorithms.Lock'
163 | deinit {
164 | withUnsafeMutablePointerToElements { Lock.deinitialize($0) }
/host/spi-builder-workspace/.build/checkouts/swift-async-algorithms/Sources/AsyncAlgorithms/Locking.swift:168:49: error: 'Primitive' is not a member type of struct 'AsyncAlgorithms.Lock'
31 | #endif
32 |
33 | internal struct Lock {
| `- note: 'Lock' declared here
34 | #if canImport(Darwin)
35 | typealias Primitive = os_unfair_lock
:
166 | }
167 |
168 | private let buffer: ManagedBuffer<State, Lock.Primitive>
| `- error: 'Primitive' is not a member type of struct 'AsyncAlgorithms.Lock'
169 |
170 | init(_ initial: State) {
/host/spi-builder-workspace/.build/checkouts/swift-async-algorithms/Sources/AsyncAlgorithms/Locking.swift:164:7: error: type of expression is ambiguous without a type annotation
162 | private final class LockedBuffer: ManagedBuffer<State, Lock.Primitive> {
163 | deinit {
164 | withUnsafeMutablePointerToElements { Lock.deinitialize($0) }
| `- error: type of expression is ambiguous without a type annotation
165 | }
166 | }
/host/spi-builder-workspace/.build/checkouts/swift-async-algorithms/Sources/AsyncAlgorithms/Locking.swift:171:12: error: type of expression is ambiguous without a type annotation
169 |
170 | init(_ initial: State) {
171 | buffer = LockedBuffer.create(minimumCapacity: 1) { buffer in
| `- error: type of expression is ambiguous without a type annotation
172 | buffer.withUnsafeMutablePointerToElements { Lock.initialize($0) }
173 | return initial
[206/256] Compiling AsyncAlgorithms FlatMapLatestStorage.swift
/host/spi-builder-workspace/.build/checkouts/swift-async-algorithms/Sources/AsyncAlgorithms/Locking.swift:50:49: error: cannot find type 'Primitive' in scope
48 | #endif
49 |
50 | typealias PlatformLock = UnsafeMutablePointer<Primitive>
| `- error: cannot find type 'Primitive' in scope
51 | let platformLock: PlatformLock
52 |
/host/spi-builder-workspace/.build/checkouts/swift-async-algorithms/Sources/AsyncAlgorithms/Locking.swift:162:63: error: 'Primitive' is not a member type of struct 'AsyncAlgorithms.Lock'
31 | #endif
32 |
33 | internal struct Lock {
| `- note: 'Lock' declared here
34 | #if canImport(Darwin)
35 | typealias Primitive = os_unfair_lock
:
160 |
161 | struct ManagedCriticalState<State> {
162 | private final class LockedBuffer: ManagedBuffer<State, Lock.Primitive> {
| `- error: 'Primitive' is not a member type of struct 'AsyncAlgorithms.Lock'
163 | deinit {
164 | withUnsafeMutablePointerToElements { Lock.deinitialize($0) }
/host/spi-builder-workspace/.build/checkouts/swift-async-algorithms/Sources/AsyncAlgorithms/Locking.swift:168:49: error: 'Primitive' is not a member type of struct 'AsyncAlgorithms.Lock'
31 | #endif
32 |
33 | internal struct Lock {
| `- note: 'Lock' declared here
34 | #if canImport(Darwin)
35 | typealias Primitive = os_unfair_lock
:
166 | }
167 |
168 | private let buffer: ManagedBuffer<State, Lock.Primitive>
| `- error: 'Primitive' is not a member type of struct 'AsyncAlgorithms.Lock'
169 |
170 | init(_ initial: State) {
/host/spi-builder-workspace/.build/checkouts/swift-async-algorithms/Sources/AsyncAlgorithms/Locking.swift:164:7: error: type of expression is ambiguous without a type annotation
162 | private final class LockedBuffer: ManagedBuffer<State, Lock.Primitive> {
163 | deinit {
164 | withUnsafeMutablePointerToElements { Lock.deinitialize($0) }
| `- error: type of expression is ambiguous without a type annotation
165 | }
166 | }
/host/spi-builder-workspace/.build/checkouts/swift-async-algorithms/Sources/AsyncAlgorithms/Locking.swift:171:12: error: type of expression is ambiguous without a type annotation
169 |
170 | init(_ initial: State) {
171 | buffer = LockedBuffer.create(minimumCapacity: 1) { buffer in
| `- error: type of expression is ambiguous without a type annotation
172 | buffer.withUnsafeMutablePointerToElements { Lock.initialize($0) }
173 | return initial
[207/256] Compiling AsyncAlgorithms Disconnected.swift
/host/spi-builder-workspace/.build/checkouts/swift-async-algorithms/Sources/AsyncAlgorithms/Locking.swift:50:49: error: cannot find type 'Primitive' in scope
48 | #endif
49 |
50 | typealias PlatformLock = UnsafeMutablePointer<Primitive>
| `- error: cannot find type 'Primitive' in scope
51 | let platformLock: PlatformLock
52 |
/host/spi-builder-workspace/.build/checkouts/swift-async-algorithms/Sources/AsyncAlgorithms/Locking.swift:162:63: error: 'Primitive' is not a member type of struct 'AsyncAlgorithms.Lock'
31 | #endif
32 |
33 | internal struct Lock {
| `- note: 'Lock' declared here
34 | #if canImport(Darwin)
35 | typealias Primitive = os_unfair_lock
:
160 |
161 | struct ManagedCriticalState<State> {
162 | private final class LockedBuffer: ManagedBuffer<State, Lock.Primitive> {
| `- error: 'Primitive' is not a member type of struct 'AsyncAlgorithms.Lock'
163 | deinit {
164 | withUnsafeMutablePointerToElements { Lock.deinitialize($0) }
/host/spi-builder-workspace/.build/checkouts/swift-async-algorithms/Sources/AsyncAlgorithms/Locking.swift:168:49: error: 'Primitive' is not a member type of struct 'AsyncAlgorithms.Lock'
31 | #endif
32 |
33 | internal struct Lock {
| `- note: 'Lock' declared here
34 | #if canImport(Darwin)
35 | typealias Primitive = os_unfair_lock
:
166 | }
167 |
168 | private let buffer: ManagedBuffer<State, Lock.Primitive>
| `- error: 'Primitive' is not a member type of struct 'AsyncAlgorithms.Lock'
169 |
170 | init(_ initial: State) {
/host/spi-builder-workspace/.build/checkouts/swift-async-algorithms/Sources/AsyncAlgorithms/Locking.swift:164:7: error: type of expression is ambiguous without a type annotation
162 | private final class LockedBuffer: ManagedBuffer<State, Lock.Primitive> {
163 | deinit {
164 | withUnsafeMutablePointerToElements { Lock.deinitialize($0) }
| `- error: type of expression is ambiguous without a type annotation
165 | }
166 | }
/host/spi-builder-workspace/.build/checkouts/swift-async-algorithms/Sources/AsyncAlgorithms/Locking.swift:171:12: error: type of expression is ambiguous without a type annotation
169 |
170 | init(_ initial: State) {
171 | buffer = LockedBuffer.create(minimumCapacity: 1) { buffer in
| `- error: type of expression is ambiguous without a type annotation
172 | buffer.withUnsafeMutablePointerToElements { Lock.initialize($0) }
173 | return initial
[208/256] Compiling AsyncAlgorithms _TinyArray.swift
/host/spi-builder-workspace/.build/checkouts/swift-async-algorithms/Sources/AsyncAlgorithms/Locking.swift:50:49: error: cannot find type 'Primitive' in scope
48 | #endif
49 |
50 | typealias PlatformLock = UnsafeMutablePointer<Primitive>
| `- error: cannot find type 'Primitive' in scope
51 | let platformLock: PlatformLock
52 |
/host/spi-builder-workspace/.build/checkouts/swift-async-algorithms/Sources/AsyncAlgorithms/Locking.swift:162:63: error: 'Primitive' is not a member type of struct 'AsyncAlgorithms.Lock'
31 | #endif
32 |
33 | internal struct Lock {
| `- note: 'Lock' declared here
34 | #if canImport(Darwin)
35 | typealias Primitive = os_unfair_lock
:
160 |
161 | struct ManagedCriticalState<State> {
162 | private final class LockedBuffer: ManagedBuffer<State, Lock.Primitive> {
| `- error: 'Primitive' is not a member type of struct 'AsyncAlgorithms.Lock'
163 | deinit {
164 | withUnsafeMutablePointerToElements { Lock.deinitialize($0) }
/host/spi-builder-workspace/.build/checkouts/swift-async-algorithms/Sources/AsyncAlgorithms/Locking.swift:168:49: error: 'Primitive' is not a member type of struct 'AsyncAlgorithms.Lock'
31 | #endif
32 |
33 | internal struct Lock {
| `- note: 'Lock' declared here
34 | #if canImport(Darwin)
35 | typealias Primitive = os_unfair_lock
:
166 | }
167 |
168 | private let buffer: ManagedBuffer<State, Lock.Primitive>
| `- error: 'Primitive' is not a member type of struct 'AsyncAlgorithms.Lock'
169 |
170 | init(_ initial: State) {
/host/spi-builder-workspace/.build/checkouts/swift-async-algorithms/Sources/AsyncAlgorithms/Locking.swift:164:7: error: type of expression is ambiguous without a type annotation
162 | private final class LockedBuffer: ManagedBuffer<State, Lock.Primitive> {
163 | deinit {
164 | withUnsafeMutablePointerToElements { Lock.deinitialize($0) }
| `- error: type of expression is ambiguous without a type annotation
165 | }
166 | }
/host/spi-builder-workspace/.build/checkouts/swift-async-algorithms/Sources/AsyncAlgorithms/Locking.swift:171:12: error: type of expression is ambiguous without a type annotation
169 |
170 | init(_ initial: State) {
171 | buffer = LockedBuffer.create(minimumCapacity: 1) { buffer in
| `- error: type of expression is ambiguous without a type annotation
172 | buffer.withUnsafeMutablePointerToElements { Lock.initialize($0) }
173 | return initial
[209/256] Compiling AsyncAlgorithms AsyncInterspersedSequence.swift
/host/spi-builder-workspace/.build/checkouts/swift-async-algorithms/Sources/AsyncAlgorithms/Locking.swift:50:49: error: cannot find type 'Primitive' in scope
48 | #endif
49 |
50 | typealias PlatformLock = UnsafeMutablePointer<Primitive>
| `- error: cannot find type 'Primitive' in scope
51 | let platformLock: PlatformLock
52 |
/host/spi-builder-workspace/.build/checkouts/swift-async-algorithms/Sources/AsyncAlgorithms/Locking.swift:162:63: error: 'Primitive' is not a member type of struct 'AsyncAlgorithms.Lock'
31 | #endif
32 |
33 | internal struct Lock {
| `- note: 'Lock' declared here
34 | #if canImport(Darwin)
35 | typealias Primitive = os_unfair_lock
:
160 |
161 | struct ManagedCriticalState<State> {
162 | private final class LockedBuffer: ManagedBuffer<State, Lock.Primitive> {
| `- error: 'Primitive' is not a member type of struct 'AsyncAlgorithms.Lock'
163 | deinit {
164 | withUnsafeMutablePointerToElements { Lock.deinitialize($0) }
/host/spi-builder-workspace/.build/checkouts/swift-async-algorithms/Sources/AsyncAlgorithms/Locking.swift:168:49: error: 'Primitive' is not a member type of struct 'AsyncAlgorithms.Lock'
31 | #endif
32 |
33 | internal struct Lock {
| `- note: 'Lock' declared here
34 | #if canImport(Darwin)
35 | typealias Primitive = os_unfair_lock
:
166 | }
167 |
168 | private let buffer: ManagedBuffer<State, Lock.Primitive>
| `- error: 'Primitive' is not a member type of struct 'AsyncAlgorithms.Lock'
169 |
170 | init(_ initial: State) {
/host/spi-builder-workspace/.build/checkouts/swift-async-algorithms/Sources/AsyncAlgorithms/Locking.swift:164:7: error: type of expression is ambiguous without a type annotation
162 | private final class LockedBuffer: ManagedBuffer<State, Lock.Primitive> {
163 | deinit {
164 | withUnsafeMutablePointerToElements { Lock.deinitialize($0) }
| `- error: type of expression is ambiguous without a type annotation
165 | }
166 | }
/host/spi-builder-workspace/.build/checkouts/swift-async-algorithms/Sources/AsyncAlgorithms/Locking.swift:171:12: error: type of expression is ambiguous without a type annotation
169 |
170 | init(_ initial: State) {
171 | buffer = LockedBuffer.create(minimumCapacity: 1) { buffer in
| `- error: type of expression is ambiguous without a type annotation
172 | buffer.withUnsafeMutablePointerToElements { Lock.initialize($0) }
173 | return initial
[210/256] Compiling AsyncAlgorithms Locking.swift
/host/spi-builder-workspace/.build/checkouts/swift-async-algorithms/Sources/AsyncAlgorithms/Locking.swift:50:49: error: cannot find type 'Primitive' in scope
48 | #endif
49 |
50 | typealias PlatformLock = UnsafeMutablePointer<Primitive>
| `- error: cannot find type 'Primitive' in scope
51 | let platformLock: PlatformLock
52 |
/host/spi-builder-workspace/.build/checkouts/swift-async-algorithms/Sources/AsyncAlgorithms/Locking.swift:162:63: error: 'Primitive' is not a member type of struct 'AsyncAlgorithms.Lock'
31 | #endif
32 |
33 | internal struct Lock {
| `- note: 'Lock' declared here
34 | #if canImport(Darwin)
35 | typealias Primitive = os_unfair_lock
:
160 |
161 | struct ManagedCriticalState<State> {
162 | private final class LockedBuffer: ManagedBuffer<State, Lock.Primitive> {
| `- error: 'Primitive' is not a member type of struct 'AsyncAlgorithms.Lock'
163 | deinit {
164 | withUnsafeMutablePointerToElements { Lock.deinitialize($0) }
/host/spi-builder-workspace/.build/checkouts/swift-async-algorithms/Sources/AsyncAlgorithms/Locking.swift:168:49: error: 'Primitive' is not a member type of struct 'AsyncAlgorithms.Lock'
31 | #endif
32 |
33 | internal struct Lock {
| `- note: 'Lock' declared here
34 | #if canImport(Darwin)
35 | typealias Primitive = os_unfair_lock
:
166 | }
167 |
168 | private let buffer: ManagedBuffer<State, Lock.Primitive>
| `- error: 'Primitive' is not a member type of struct 'AsyncAlgorithms.Lock'
169 |
170 | init(_ initial: State) {
/host/spi-builder-workspace/.build/checkouts/swift-async-algorithms/Sources/AsyncAlgorithms/Locking.swift:164:7: error: type of expression is ambiguous without a type annotation
162 | private final class LockedBuffer: ManagedBuffer<State, Lock.Primitive> {
163 | deinit {
164 | withUnsafeMutablePointerToElements { Lock.deinitialize($0) }
| `- error: type of expression is ambiguous without a type annotation
165 | }
166 | }
/host/spi-builder-workspace/.build/checkouts/swift-async-algorithms/Sources/AsyncAlgorithms/Locking.swift:171:12: error: type of expression is ambiguous without a type annotation
169 |
170 | init(_ initial: State) {
171 | buffer = LockedBuffer.create(minimumCapacity: 1) { buffer in
| `- error: type of expression is ambiguous without a type annotation
172 | buffer.withUnsafeMutablePointerToElements { Lock.initialize($0) }
173 | return initial
error: emit-module command failed with exit code 1 (use -v to see invocation)
[211/256] Emitting module AsyncAlgorithms
/host/spi-builder-workspace/.build/checkouts/swift-async-algorithms/Sources/AsyncAlgorithms/Locking.swift:168:49: error: 'Primitive' is not a member type of struct 'AsyncAlgorithms.Lock'
31 | #endif
32 |
33 | internal struct Lock {
| `- note: 'Lock' declared here
34 | #if canImport(Darwin)
35 | typealias Primitive = os_unfair_lock
:
166 | }
167 |
168 | private let buffer: ManagedBuffer<State, Lock.Primitive>
| `- error: 'Primitive' is not a member type of struct 'AsyncAlgorithms.Lock'
169 |
170 | init(_ initial: State) {
/host/spi-builder-workspace/.build/checkouts/swift-async-algorithms/Sources/AsyncAlgorithms/Locking.swift:50:49: error: cannot find type 'Primitive' in scope
48 | #endif
49 |
50 | typealias PlatformLock = UnsafeMutablePointer<Primitive>
| `- error: cannot find type 'Primitive' in scope
51 | let platformLock: PlatformLock
52 |
/host/spi-builder-workspace/.build/checkouts/swift-async-algorithms/Sources/AsyncAlgorithms/Locking.swift:162:63: error: 'Primitive' is not a member type of struct 'AsyncAlgorithms.Lock'
31 | #endif
32 |
33 | internal struct Lock {
| `- note: 'Lock' declared here
34 | #if canImport(Darwin)
35 | typealias Primitive = os_unfair_lock
:
160 |
161 | struct ManagedCriticalState<State> {
162 | private final class LockedBuffer: ManagedBuffer<State, Lock.Primitive> {
| `- error: 'Primitive' is not a member type of struct 'AsyncAlgorithms.Lock'
163 | deinit {
164 | withUnsafeMutablePointerToElements { Lock.deinitialize($0) }
[212/256] Compiling AsyncAlgorithms AsyncMerge2Sequence.swift
/host/spi-builder-workspace/.build/checkouts/swift-async-algorithms/Sources/AsyncAlgorithms/Locking.swift:50:49: error: cannot find type 'Primitive' in scope
48 | #endif
49 |
50 | typealias PlatformLock = UnsafeMutablePointer<Primitive>
| `- error: cannot find type 'Primitive' in scope
51 | let platformLock: PlatformLock
52 |
[213/256] Compiling AsyncAlgorithms AsyncMerge3Sequence.swift
/host/spi-builder-workspace/.build/checkouts/swift-async-algorithms/Sources/AsyncAlgorithms/Locking.swift:50:49: error: cannot find type 'Primitive' in scope
48 | #endif
49 |
50 | typealias PlatformLock = UnsafeMutablePointer<Primitive>
| `- error: cannot find type 'Primitive' in scope
51 | let platformLock: PlatformLock
52 |
[214/256] Compiling AsyncAlgorithms MergeStateMachine.swift
/host/spi-builder-workspace/.build/checkouts/swift-async-algorithms/Sources/AsyncAlgorithms/Locking.swift:50:49: error: cannot find type 'Primitive' in scope
48 | #endif
49 |
50 | typealias PlatformLock = UnsafeMutablePointer<Primitive>
| `- error: cannot find type 'Primitive' in scope
51 | let platformLock: PlatformLock
52 |
[215/256] Compiling AsyncAlgorithms MergeStorage.swift
/host/spi-builder-workspace/.build/checkouts/swift-async-algorithms/Sources/AsyncAlgorithms/Locking.swift:50:49: error: cannot find type 'Primitive' in scope
48 | #endif
49 |
50 | typealias PlatformLock = UnsafeMutablePointer<Primitive>
| `- error: cannot find type 'Primitive' in scope
51 | let platformLock: PlatformLock
52 |
[216/256] Compiling AsyncAlgorithms MultiProducerSingleConsumerAsyncChannel+Internal.swift
/host/spi-builder-workspace/.build/checkouts/swift-async-algorithms/Sources/AsyncAlgorithms/Locking.swift:50:49: error: cannot find type 'Primitive' in scope
48 | #endif
49 |
50 | typealias PlatformLock = UnsafeMutablePointer<Primitive>
| `- error: cannot find type 'Primitive' in scope
51 | let platformLock: PlatformLock
52 |
[217/256] Compiling AsyncAlgorithms MultiProducerSingleConsumerAsyncChannel.swift
/host/spi-builder-workspace/.build/checkouts/swift-async-algorithms/Sources/AsyncAlgorithms/Locking.swift:50:49: error: cannot find type 'Primitive' in scope
48 | #endif
49 |
50 | typealias PlatformLock = UnsafeMutablePointer<Primitive>
| `- error: cannot find type 'Primitive' in scope
51 | let platformLock: PlatformLock
52 |
[218/256] Compiling AsyncAlgorithms RangeReplaceableCollection.swift
/host/spi-builder-workspace/.build/checkouts/swift-async-algorithms/Sources/AsyncAlgorithms/Locking.swift:50:49: error: cannot find type 'Primitive' in scope
48 | #endif
49 |
50 | typealias PlatformLock = UnsafeMutablePointer<Primitive>
| `- error: cannot find type 'Primitive' in scope
51 | let platformLock: PlatformLock
52 |
[219/256] Compiling AsyncAlgorithms AsyncCombineLatest3Sequence.swift
/host/spi-builder-workspace/.build/checkouts/swift-async-algorithms/Sources/AsyncAlgorithms/Locking.swift:168:49: error: 'Primitive' is not a member type of struct 'AsyncAlgorithms.Lock'
31 | #endif
32 |
33 | internal struct Lock {
| `- note: 'Lock' declared here
34 | #if canImport(Darwin)
35 | typealias Primitive = os_unfair_lock
:
166 | }
167 |
168 | private let buffer: ManagedBuffer<State, Lock.Primitive>
| `- error: 'Primitive' is not a member type of struct 'AsyncAlgorithms.Lock'
169 |
170 | init(_ initial: State) {
[220/256] Compiling AsyncAlgorithms CombineLatestStateMachine.swift
/host/spi-builder-workspace/.build/checkouts/swift-async-algorithms/Sources/AsyncAlgorithms/Locking.swift:168:49: error: 'Primitive' is not a member type of struct 'AsyncAlgorithms.Lock'
31 | #endif
32 |
33 | internal struct Lock {
| `- note: 'Lock' declared here
34 | #if canImport(Darwin)
35 | typealias Primitive = os_unfair_lock
:
166 | }
167 |
168 | private let buffer: ManagedBuffer<State, Lock.Primitive>
| `- error: 'Primitive' is not a member type of struct 'AsyncAlgorithms.Lock'
169 |
170 | init(_ initial: State) {
[221/256] Compiling AsyncAlgorithms CombineLatestStorage.swift
/host/spi-builder-workspace/.build/checkouts/swift-async-algorithms/Sources/AsyncAlgorithms/Locking.swift:168:49: error: 'Primitive' is not a member type of struct 'AsyncAlgorithms.Lock'
31 | #endif
32 |
33 | internal struct Lock {
| `- note: 'Lock' declared here
34 | #if canImport(Darwin)
35 | typealias Primitive = os_unfair_lock
:
166 | }
167 |
168 | private let buffer: ManagedBuffer<State, Lock.Primitive>
| `- error: 'Primitive' is not a member type of struct 'AsyncAlgorithms.Lock'
169 |
170 | init(_ initial: State) {
[222/256] Compiling AsyncAlgorithms AsyncDebounceSequence.swift
/host/spi-builder-workspace/.build/checkouts/swift-async-algorithms/Sources/AsyncAlgorithms/Locking.swift:168:49: error: 'Primitive' is not a member type of struct 'AsyncAlgorithms.Lock'
31 | #endif
32 |
33 | internal struct Lock {
| `- note: 'Lock' declared here
34 | #if canImport(Darwin)
35 | typealias Primitive = os_unfair_lock
:
166 | }
167 |
168 | private let buffer: ManagedBuffer<State, Lock.Primitive>
| `- error: 'Primitive' is not a member type of struct 'AsyncAlgorithms.Lock'
169 |
170 | init(_ initial: State) {
[223/256] Compiling AsyncAlgorithms DebounceStateMachine.swift
/host/spi-builder-workspace/.build/checkouts/swift-async-algorithms/Sources/AsyncAlgorithms/Locking.swift:168:49: error: 'Primitive' is not a member type of struct 'AsyncAlgorithms.Lock'
31 | #endif
32 |
33 | internal struct Lock {
| `- note: 'Lock' declared here
34 | #if canImport(Darwin)
35 | typealias Primitive = os_unfair_lock
:
166 | }
167 |
168 | private let buffer: ManagedBuffer<State, Lock.Primitive>
| `- error: 'Primitive' is not a member type of struct 'AsyncAlgorithms.Lock'
169 |
170 | init(_ initial: State) {
[224/256] Compiling AsyncAlgorithms DebounceStorage.swift
/host/spi-builder-workspace/.build/checkouts/swift-async-algorithms/Sources/AsyncAlgorithms/Locking.swift:168:49: error: 'Primitive' is not a member type of struct 'AsyncAlgorithms.Lock'
31 | #endif
32 |
33 | internal struct Lock {
| `- note: 'Lock' declared here
34 | #if canImport(Darwin)
35 | typealias Primitive = os_unfair_lock
:
166 | }
167 |
168 | private let buffer: ManagedBuffer<State, Lock.Primitive>
| `- error: 'Primitive' is not a member type of struct 'AsyncAlgorithms.Lock'
169 |
170 | init(_ initial: State) {
[225/256] Compiling AsyncAlgorithms Dictionary.swift
/host/spi-builder-workspace/.build/checkouts/swift-async-algorithms/Sources/AsyncAlgorithms/Locking.swift:168:49: error: 'Primitive' is not a member type of struct 'AsyncAlgorithms.Lock'
31 | #endif
32 |
33 | internal struct Lock {
| `- note: 'Lock' declared here
34 | #if canImport(Darwin)
35 | typealias Primitive = os_unfair_lock
:
166 | }
167 |
168 | private let buffer: ManagedBuffer<State, Lock.Primitive>
| `- error: 'Primitive' is not a member type of struct 'AsyncAlgorithms.Lock'
169 |
170 | init(_ initial: State) {
[226/256] Compiling AsyncAlgorithms AsyncAdjacentPairsSequence.swift
[227/256] Compiling AsyncAlgorithms AsyncBufferedByteIterator.swift
[228/256] Compiling AsyncAlgorithms AsyncChain2Sequence.swift
[229/256] Compiling AsyncAlgorithms AsyncChain3Sequence.swift
[230/256] Compiling AsyncAlgorithms AsyncChunkedByGroupSequence.swift
[231/256] Compiling AsyncAlgorithms AsyncChunkedOnProjectionSequence.swift
[232/256] Compiling AsyncAlgorithms AsyncChunksOfCountOrSignalSequence.swift
[233/256] Compiling AsyncAlgorithms AsyncChunksOfCountSequence.swift
[234/256] Compiling AsyncAlgorithms AsyncCompactedSequence.swift
[235/256] Compiling AsyncAlgorithms AsyncExclusiveReductionsSequence.swift
[236/256] Compiling AsyncAlgorithms AsyncInclusiveReductionsSequence.swift
[237/256] Compiling AsyncAlgorithms AsyncJoinedBySeparatorSequence.swift
[238/256] Compiling AsyncAlgorithms AsyncJoinedSequence.swift
[239/256] Compiling AsyncAlgorithms AsyncMapErrorSequence.swift
[240/256] Compiling AsyncAlgorithms AsyncRemoveDuplicatesSequence.swift
[241/256] Compiling AsyncAlgorithms AsyncShareSequence.swift
[242/256] Compiling AsyncAlgorithms AsyncSyncSequence.swift
/host/spi-builder-workspace/.build/checkouts/swift-async-algorithms/Sources/AsyncAlgorithms/Locking.swift:168:49: error: 'Primitive' is not a member type of struct 'AsyncAlgorithms.Lock'
31 | #endif
32 |
33 | internal struct Lock {
| `- note: 'Lock' declared here
34 | #if canImport(Darwin)
35 | typealias Primitive = os_unfair_lock
:
166 | }
167 |
168 | private let buffer: ManagedBuffer<State, Lock.Primitive>
| `- error: 'Primitive' is not a member type of struct 'AsyncAlgorithms.Lock'
169 |
170 | init(_ initial: State) {
[243/256] Compiling AsyncAlgorithms AsyncThrottleSequence.swift
/host/spi-builder-workspace/.build/checkouts/swift-async-algorithms/Sources/AsyncAlgorithms/Locking.swift:168:49: error: 'Primitive' is not a member type of struct 'AsyncAlgorithms.Lock'
31 | #endif
32 |
33 | internal struct Lock {
| `- note: 'Lock' declared here
34 | #if canImport(Darwin)
35 | typealias Primitive = os_unfair_lock
:
166 | }
167 |
168 | private let buffer: ManagedBuffer<State, Lock.Primitive>
| `- error: 'Primitive' is not a member type of struct 'AsyncAlgorithms.Lock'
169 |
170 | init(_ initial: State) {
[244/256] Compiling AsyncAlgorithms AsyncThrowingExclusiveReductionsSequence.swift
/host/spi-builder-workspace/.build/checkouts/swift-async-algorithms/Sources/AsyncAlgorithms/Locking.swift:168:49: error: 'Primitive' is not a member type of struct 'AsyncAlgorithms.Lock'
31 | #endif
32 |
33 | internal struct Lock {
| `- note: 'Lock' declared here
34 | #if canImport(Darwin)
35 | typealias Primitive = os_unfair_lock
:
166 | }
167 |
168 | private let buffer: ManagedBuffer<State, Lock.Primitive>
| `- error: 'Primitive' is not a member type of struct 'AsyncAlgorithms.Lock'
169 |
170 | init(_ initial: State) {
[245/256] Compiling AsyncAlgorithms AsyncThrowingInclusiveReductionsSequence.swift
/host/spi-builder-workspace/.build/checkouts/swift-async-algorithms/Sources/AsyncAlgorithms/Locking.swift:168:49: error: 'Primitive' is not a member type of struct 'AsyncAlgorithms.Lock'
31 | #endif
32 |
33 | internal struct Lock {
| `- note: 'Lock' declared here
34 | #if canImport(Darwin)
35 | typealias Primitive = os_unfair_lock
:
166 | }
167 |
168 | private let buffer: ManagedBuffer<State, Lock.Primitive>
| `- error: 'Primitive' is not a member type of struct 'AsyncAlgorithms.Lock'
169 |
170 | init(_ initial: State) {
[246/256] Compiling AsyncAlgorithms AsyncTimerSequence.swift
/host/spi-builder-workspace/.build/checkouts/swift-async-algorithms/Sources/AsyncAlgorithms/Locking.swift:168:49: error: 'Primitive' is not a member type of struct 'AsyncAlgorithms.Lock'
31 | #endif
32 |
33 | internal struct Lock {
| `- note: 'Lock' declared here
34 | #if canImport(Darwin)
35 | typealias Primitive = os_unfair_lock
:
166 | }
167 |
168 | private let buffer: ManagedBuffer<State, Lock.Primitive>
| `- error: 'Primitive' is not a member type of struct 'AsyncAlgorithms.Lock'
169 |
170 | init(_ initial: State) {
[247/256] Compiling AsyncAlgorithms AsyncBufferSequence.swift
/host/spi-builder-workspace/.build/checkouts/swift-async-algorithms/Sources/AsyncAlgorithms/Locking.swift:168:49: error: 'Primitive' is not a member type of struct 'AsyncAlgorithms.Lock'
31 | #endif
32 |
33 | internal struct Lock {
| `- note: 'Lock' declared here
34 | #if canImport(Darwin)
35 | typealias Primitive = os_unfair_lock
:
166 | }
167 |
168 | private let buffer: ManagedBuffer<State, Lock.Primitive>
| `- error: 'Primitive' is not a member type of struct 'AsyncAlgorithms.Lock'
169 |
170 | init(_ initial: State) {
[248/256] Compiling AsyncAlgorithms BoundedBufferStateMachine.swift
/host/spi-builder-workspace/.build/checkouts/swift-async-algorithms/Sources/AsyncAlgorithms/Locking.swift:168:49: error: 'Primitive' is not a member type of struct 'AsyncAlgorithms.Lock'
31 | #endif
32 |
33 | internal struct Lock {
| `- note: 'Lock' declared here
34 | #if canImport(Darwin)
35 | typealias Primitive = os_unfair_lock
:
166 | }
167 |
168 | private let buffer: ManagedBuffer<State, Lock.Primitive>
| `- error: 'Primitive' is not a member type of struct 'AsyncAlgorithms.Lock'
169 |
170 | init(_ initial: State) {
[249/256] Compiling AsyncAlgorithms BoundedBufferStorage.swift
/host/spi-builder-workspace/.build/checkouts/swift-async-algorithms/Sources/AsyncAlgorithms/Locking.swift:168:49: error: 'Primitive' is not a member type of struct 'AsyncAlgorithms.Lock'
31 | #endif
32 |
33 | internal struct Lock {
| `- note: 'Lock' declared here
34 | #if canImport(Darwin)
35 | typealias Primitive = os_unfair_lock
:
166 | }
167 |
168 | private let buffer: ManagedBuffer<State, Lock.Primitive>
| `- error: 'Primitive' is not a member type of struct 'AsyncAlgorithms.Lock'
169 |
170 | init(_ initial: State) {
[250/256] Compiling AsyncAlgorithms Rethrow.swift
/host/spi-builder-workspace/.build/checkouts/swift-async-algorithms/Sources/AsyncAlgorithms/Locking.swift:168:49: error: 'Primitive' is not a member type of struct 'AsyncAlgorithms.Lock'
31 | #endif
32 |
33 | internal struct Lock {
| `- note: 'Lock' declared here
34 | #if canImport(Darwin)
35 | typealias Primitive = os_unfair_lock
:
166 | }
167 |
168 | private let buffer: ManagedBuffer<State, Lock.Primitive>
| `- error: 'Primitive' is not a member type of struct 'AsyncAlgorithms.Lock'
169 |
170 | init(_ initial: State) {
[251/256] Compiling AsyncAlgorithms SetAlgebra.swift
/host/spi-builder-workspace/.build/checkouts/swift-async-algorithms/Sources/AsyncAlgorithms/Locking.swift:168:49: error: 'Primitive' is not a member type of struct 'AsyncAlgorithms.Lock'
31 | #endif
32 |
33 | internal struct Lock {
| `- note: 'Lock' declared here
34 | #if canImport(Darwin)
35 | typealias Primitive = os_unfair_lock
:
166 | }
167 |
168 | private let buffer: ManagedBuffer<State, Lock.Primitive>
| `- error: 'Primitive' is not a member type of struct 'AsyncAlgorithms.Lock'
169 |
170 | init(_ initial: State) {
[252/256] Compiling AsyncAlgorithms UnsafeTransfer.swift
/host/spi-builder-workspace/.build/checkouts/swift-async-algorithms/Sources/AsyncAlgorithms/Locking.swift:168:49: error: 'Primitive' is not a member type of struct 'AsyncAlgorithms.Lock'
31 | #endif
32 |
33 | internal struct Lock {
| `- note: 'Lock' declared here
34 | #if canImport(Darwin)
35 | typealias Primitive = os_unfair_lock
:
166 | }
167 |
168 | private let buffer: ManagedBuffer<State, Lock.Primitive>
| `- error: 'Primitive' is not a member type of struct 'AsyncAlgorithms.Lock'
169 |
170 | init(_ initial: State) {
[253/256] Compiling AsyncAlgorithms AsyncZip2Sequence.swift
/host/spi-builder-workspace/.build/checkouts/swift-async-algorithms/Sources/AsyncAlgorithms/Locking.swift:168:49: error: 'Primitive' is not a member type of struct 'AsyncAlgorithms.Lock'
31 | #endif
32 |
33 | internal struct Lock {
| `- note: 'Lock' declared here
34 | #if canImport(Darwin)
35 | typealias Primitive = os_unfair_lock
:
166 | }
167 |
168 | private let buffer: ManagedBuffer<State, Lock.Primitive>
| `- error: 'Primitive' is not a member type of struct 'AsyncAlgorithms.Lock'
169 |
170 | init(_ initial: State) {
[254/256] Compiling AsyncAlgorithms AsyncZip3Sequence.swift
/host/spi-builder-workspace/.build/checkouts/swift-async-algorithms/Sources/AsyncAlgorithms/Locking.swift:168:49: error: 'Primitive' is not a member type of struct 'AsyncAlgorithms.Lock'
31 | #endif
32 |
33 | internal struct Lock {
| `- note: 'Lock' declared here
34 | #if canImport(Darwin)
35 | typealias Primitive = os_unfair_lock
:
166 | }
167 |
168 | private let buffer: ManagedBuffer<State, Lock.Primitive>
| `- error: 'Primitive' is not a member type of struct 'AsyncAlgorithms.Lock'
169 |
170 | init(_ initial: State) {
[255/256] Compiling AsyncAlgorithms ZipStateMachine.swift
/host/spi-builder-workspace/.build/checkouts/swift-async-algorithms/Sources/AsyncAlgorithms/Locking.swift:168:49: error: 'Primitive' is not a member type of struct 'AsyncAlgorithms.Lock'
31 | #endif
32 |
33 | internal struct Lock {
| `- note: 'Lock' declared here
34 | #if canImport(Darwin)
35 | typealias Primitive = os_unfair_lock
:
166 | }
167 |
168 | private let buffer: ManagedBuffer<State, Lock.Primitive>
| `- error: 'Primitive' is not a member type of struct 'AsyncAlgorithms.Lock'
169 |
170 | init(_ initial: State) {
[256/256] Compiling AsyncAlgorithms ZipStorage.swift
/host/spi-builder-workspace/.build/checkouts/swift-async-algorithms/Sources/AsyncAlgorithms/Locking.swift:168:49: error: 'Primitive' is not a member type of struct 'AsyncAlgorithms.Lock'
31 | #endif
32 |
33 | internal struct Lock {
| `- note: 'Lock' declared here
34 | #if canImport(Darwin)
35 | typealias Primitive = os_unfair_lock
:
166 | }
167 |
168 | private let buffer: ManagedBuffer<State, Lock.Primitive>
| `- error: 'Primitive' is not a member type of struct 'AsyncAlgorithms.Lock'
169 |
170 | init(_ initial: State) {
BUILD FAILURE 6.1 wasm