The Swift Package Index logo.Swift Package Index

Track the adoption of Swift 6 strict concurrency checks for data race safety. How many packages are Ready for Swift 6?

Build Information

Failed to build DataURI with Swift 5.7 for iOS using Xcode 14.2 at 2.0.1.

Build Command

env DEVELOPER_DIR=/Applications/Xcode-14.2.0.app xcrun xcodebuild -IDEClonedSourcePackagesDirPathOverride=$workDir/.dependencies -derivedDataPath $workDir/.derivedData build -scheme DataURI -destination generic/platform=ios

Build Log

CompileSwift normal arm64 /Users/builder/builds/o86TiJKT/0/finestructure/swiftpackageindex-builder/spi-builder-workspace/Sources/DataURI/Scanner.swift (in target 'DataURI' from project 'DataURI')
    cd /Users/builder/builds/o86TiJKT/0/finestructure/swiftpackageindex-builder/spi-builder-workspace
    /Applications/Xcode-14.2.0.app/Contents/Developer/Toolchains/XcodeDefault.xctoolchain/usr/bin/swift-frontend -c /Users/builder/builds/o86TiJKT/0/finestructure/swiftpackageindex-builder/spi-builder-workspace/Sources/DataURI/DataURI+String.swift /Users/builder/builds/o86TiJKT/0/finestructure/swiftpackageindex-builder/spi-builder-workspace/Sources/DataURI/Helpers/Array+LosslessDataConvertible.swift /Users/builder/builds/o86TiJKT/0/finestructure/swiftpackageindex-builder/spi-builder-workspace/Sources/DataURI/Helpers/Byte+Alphabet.swift /Users/builder/builds/o86TiJKT/0/finestructure/swiftpackageindex-builder/spi-builder-workspace/Sources/DataURI/Helpers/Byte+Controllers.swift /Users/builder/builds/o86TiJKT/0/finestructure/swiftpackageindex-builder/spi-builder-workspace/Sources/DataURI/Helpers/Byte+Digits.swift /Users/builder/builds/o86TiJKT/0/finestructure/swiftpackageindex-builder/spi-builder-workspace/Sources/DataURI/Helpers/Byte+asciiCode.swift /Users/builder/builds/o86TiJKT/0/finestructure/swiftpackageindex-builder/spi-builder-workspace/Sources/DataURI/Parser.swift -primary-file /Users/builder/builds/o86TiJKT/0/finestructure/swiftpackageindex-builder/spi-builder-workspace/Sources/DataURI/Scanner.swift /Users/builder/builds/o86TiJKT/0/finestructure/swiftpackageindex-builder/spi-builder-workspace/Sources/DataURI/Sequence+makeString.swift -emit-dependencies-path /Users/builder/builds/o86TiJKT/0/finestructure/swiftpackageindex-builder/spi-builder-workspace/.derivedData/Build/Intermediates.noindex/DataURI.build/Debug-iphoneos/DataURI.build/Objects-normal/arm64/Scanner.d -emit-reference-dependencies-path /Users/builder/builds/o86TiJKT/0/finestructure/swiftpackageindex-builder/spi-builder-workspace/.derivedData/Build/Intermediates.noindex/DataURI.build/Debug-iphoneos/DataURI.build/Objects-normal/arm64/Scanner.swiftdeps -serialize-diagnostics-path /Users/builder/builds/o86TiJKT/0/finestructure/swiftpackageindex-builder/spi-builder-workspace/.derivedData/Build/Intermediates.noindex/DataURI.build/Debug-iphoneos/DataURI.build/Objects-normal/arm64/Scanner.dia -target arm64-apple-ios11.0 -Xllvm -aarch64-use-tbi -enable-objc-interop -sdk /Applications/Xcode-14.2.0.app/Contents/Developer/Platforms/iPhoneOS.platform/Developer/SDKs/iPhoneOS16.2.sdk -I /Users/builder/builds/o86TiJKT/0/finestructure/swiftpackageindex-builder/spi-builder-workspace/.derivedData/Build/Products/Debug-iphoneos -I /Applications/Xcode-14.2.0.app/Contents/Developer/Platforms/iPhoneOS.platform/Developer/usr/lib -F /Users/builder/builds/o86TiJKT/0/finestructure/swiftpackageindex-builder/spi-builder-workspace/.derivedData/Build/Products/Debug-iphoneos -F /Applications/Xcode-14.2.0.app/Contents/Developer/Platforms/iPhoneOS.platform/Developer/Library/Frameworks -F /Applications/Xcode-14.2.0.app/Contents/Developer/Platforms/iPhoneOS.platform/Developer/SDKs/iPhoneOS16.2.sdk/Developer/Library/Frameworks -no-color-diagnostics -enable-testing -g -module-cache-path /Users/builder/builds/o86TiJKT/0/finestructure/swiftpackageindex-builder/spi-builder-workspace/.derivedData/ModuleCache.noindex -swift-version 4.2 -enforce-exclusivity\=checked -Onone -D SWIFT_PACKAGE -D DEBUG -D Xcode -serialize-debugging-options -empty-abi-descriptor -Xcc -working-directory -Xcc /Users/builder/builds/o86TiJKT/0/finestructure/swiftpackageindex-builder/spi-builder-workspace -resource-dir /Applications/Xcode-14.2.0.app/Contents/Developer/Toolchains/XcodeDefault.xctoolchain/usr/lib/swift -enable-anonymous-context-mangled-names -Xcc -I/Users/builder/builds/o86TiJKT/0/finestructure/swiftpackageindex-builder/spi-builder-workspace/.derivedData/Build/Intermediates.noindex/DataURI.build/Debug-iphoneos/DataURI.build/swift-overrides.hmap -Xcc -I/Users/builder/builds/o86TiJKT/0/finestructure/swiftpackageindex-builder/spi-builder-workspace/.derivedData/Build/Products/Debug-iphoneos/include -Xcc -I/Users/builder/builds/o86TiJKT/0/finestructure/swiftpackageindex-builder/spi-builder-workspace/.derivedData/Build/Intermediates.noindex/DataURI.build/Debug-iphoneos/DataURI.build/DerivedSources-normal/arm64 -Xcc -I/Users/builder/builds/o86TiJKT/0/finestructure/swiftpackageindex-builder/spi-builder-workspace/.derivedData/Build/Intermediates.noindex/DataURI.build/Debug-iphoneos/DataURI.build/DerivedSources/arm64 -Xcc -I/Users/builder/builds/o86TiJKT/0/finestructure/swiftpackageindex-builder/spi-builder-workspace/.derivedData/Build/Intermediates.noindex/DataURI.build/Debug-iphoneos/DataURI.build/DerivedSources -Xcc -DSWIFT_PACKAGE -Xcc -DDEBUG\=1 -module-name DataURI -frontend-parseable-output -disable-clang-spi -target-sdk-version 16.2 -o /Users/builder/builds/o86TiJKT/0/finestructure/swiftpackageindex-builder/spi-builder-workspace/.derivedData/Build/Intermediates.noindex/DataURI.build/Debug-iphoneos/DataURI.build/Objects-normal/arm64/Scanner.o -index-unit-output-path /DataURI.build/Debug-iphoneos/DataURI.build/Objects-normal/arm64/Scanner.o -index-store-path /Users/builder/builds/o86TiJKT/0/finestructure/swiftpackageindex-builder/spi-builder-workspace/.derivedData/Index.noindex/DataStore -index-system-modules
SwiftCompile normal arm64 Compiling\ Sequence+makeString.swift /Users/builder/builds/o86TiJKT/0/finestructure/swiftpackageindex-builder/spi-builder-workspace/Sources/DataURI/Sequence+makeString.swift (in target 'DataURI' from project 'DataURI')
    cd /Users/builder/builds/o86TiJKT/0/finestructure/swiftpackageindex-builder/spi-builder-workspace
    builtin-swiftTaskExecution -- /Applications/Xcode-14.2.0.app/Contents/Developer/Toolchains/XcodeDefault.xctoolchain/usr/bin/swift-frontend -frontend -c /Users/builder/builds/o86TiJKT/0/finestructure/swiftpackageindex-builder/spi-builder-workspace/Sources/DataURI/DataURI+String.swift /Users/builder/builds/o86TiJKT/0/finestructure/swiftpackageindex-builder/spi-builder-workspace/Sources/DataURI/Helpers/Array+LosslessDataConvertible.swift /Users/builder/builds/o86TiJKT/0/finestructure/swiftpackageindex-builder/spi-builder-workspace/Sources/DataURI/Helpers/Byte+Alphabet.swift /Users/builder/builds/o86TiJKT/0/finestructure/swiftpackageindex-builder/spi-builder-workspace/Sources/DataURI/Helpers/Byte+Controllers.swift /Users/builder/builds/o86TiJKT/0/finestructure/swiftpackageindex-builder/spi-builder-workspace/Sources/DataURI/Helpers/Byte+Digits.swift /Users/builder/builds/o86TiJKT/0/finestructure/swiftpackageindex-builder/spi-builder-workspace/Sources/DataURI/Helpers/Byte+asciiCode.swift /Users/builder/builds/o86TiJKT/0/finestructure/swiftpackageindex-builder/spi-builder-workspace/Sources/DataURI/Parser.swift /Users/builder/builds/o86TiJKT/0/finestructure/swiftpackageindex-builder/spi-builder-workspace/Sources/DataURI/Scanner.swift -primary-file /Users/builder/builds/o86TiJKT/0/finestructure/swiftpackageindex-builder/spi-builder-workspace/Sources/DataURI/Sequence+makeString.swift -emit-dependencies-path /Users/builder/builds/o86TiJKT/0/finestructure/swiftpackageindex-builder/spi-builder-workspace/.derivedData/Build/Intermediates.noindex/DataURI.build/Debug-iphoneos/DataURI.build/Objects-normal/arm64/Sequence+makeString.d -emit-reference-dependencies-path /Users/builder/builds/o86TiJKT/0/finestructure/swiftpackageindex-builder/spi-builder-workspace/.derivedData/Build/Intermediates.noindex/DataURI.build/Debug-iphoneos/DataURI.build/Objects-normal/arm64/Sequence+makeString.swiftdeps -serialize-diagnostics-path /Users/builder/builds/o86TiJKT/0/finestructure/swiftpackageindex-builder/spi-builder-workspace/.derivedData/Build/Intermediates.noindex/DataURI.build/Debug-iphoneos/DataURI.build/Objects-normal/arm64/Sequence+makeString.dia -target arm64-apple-ios11.0 -Xllvm -aarch64-use-tbi -enable-objc-interop -sdk /Applications/Xcode-14.2.0.app/Contents/Developer/Platforms/iPhoneOS.platform/Developer/SDKs/iPhoneOS16.2.sdk -I /Users/builder/builds/o86TiJKT/0/finestructure/swiftpackageindex-builder/spi-builder-workspace/.derivedData/Build/Products/Debug-iphoneos -I /Applications/Xcode-14.2.0.app/Contents/Developer/Platforms/iPhoneOS.platform/Developer/usr/lib -F /Users/builder/builds/o86TiJKT/0/finestructure/swiftpackageindex-builder/spi-builder-workspace/.derivedData/Build/Products/Debug-iphoneos -F /Applications/Xcode-14.2.0.app/Contents/Developer/Platforms/iPhoneOS.platform/Developer/Library/Frameworks -F /Applications/Xcode-14.2.0.app/Contents/Developer/Platforms/iPhoneOS.platform/Developer/SDKs/iPhoneOS16.2.sdk/Developer/Library/Frameworks -no-color-diagnostics -enable-testing -g -module-cache-path /Users/builder/builds/o86TiJKT/0/finestructure/swiftpackageindex-builder/spi-builder-workspace/.derivedData/ModuleCache.noindex -swift-version 4.2 -enforce-exclusivity\=checked -Onone -D SWIFT_PACKAGE -D DEBUG -D Xcode -serialize-debugging-options -empty-abi-descriptor -Xcc -working-directory -Xcc /Users/builder/builds/o86TiJKT/0/finestructure/swiftpackageindex-builder/spi-builder-workspace -resource-dir /Applications/Xcode-14.2.0.app/Contents/Developer/Toolchains/XcodeDefault.xctoolchain/usr/lib/swift -enable-anonymous-context-mangled-names -Xcc -I/Users/builder/builds/o86TiJKT/0/finestructure/swiftpackageindex-builder/spi-builder-workspace/.derivedData/Build/Intermediates.noindex/DataURI.build/Debug-iphoneos/DataURI.build/swift-overrides.hmap -Xcc -I/Users/builder/builds/o86TiJKT/0/finestructure/swiftpackageindex-builder/spi-builder-workspace/.derivedData/Build/Products/Debug-iphoneos/include -Xcc -I/Users/builder/builds/o86TiJKT/0/finestructure/swiftpackageindex-builder/spi-builder-workspace/.derivedData/Build/Intermediates.noindex/DataURI.build/Debug-iphoneos/DataURI.build/DerivedSources-normal/arm64 -Xcc -I/Users/builder/builds/o86TiJKT/0/finestructure/swiftpackageindex-builder/spi-builder-workspace/.derivedData/Build/Intermediates.noindex/DataURI.build/Debug-iphoneos/DataURI.build/DerivedSources/arm64 -Xcc -I/Users/builder/builds/o86TiJKT/0/finestructure/swiftpackageindex-builder/spi-builder-workspace/.derivedData/Build/Intermediates.noindex/DataURI.build/Debug-iphoneos/DataURI.build/DerivedSources -Xcc -DSWIFT_PACKAGE -Xcc -DDEBUG\=1 -module-name DataURI -frontend-parseable-output -disable-clang-spi -target-sdk-version 16.2 -o /Users/builder/builds/o86TiJKT/0/finestructure/swiftpackageindex-builder/spi-builder-workspace/.derivedData/Build/Intermediates.noindex/DataURI.build/Debug-iphoneos/DataURI.build/Objects-normal/arm64/Sequence+makeString.o -index-unit-output-path /DataURI.build/Debug-iphoneos/DataURI.build/Objects-normal/arm64/Sequence+makeString.o -index-store-path /Users/builder/builds/o86TiJKT/0/finestructure/swiftpackageindex-builder/spi-builder-workspace/.derivedData/Index.noindex/DataStore -index-system-modules
CompileSwift normal arm64 /Users/builder/builds/o86TiJKT/0/finestructure/swiftpackageindex-builder/spi-builder-workspace/Sources/DataURI/Sequence+makeString.swift (in target 'DataURI' from project 'DataURI')
    cd /Users/builder/builds/o86TiJKT/0/finestructure/swiftpackageindex-builder/spi-builder-workspace
    /Applications/Xcode-14.2.0.app/Contents/Developer/Toolchains/XcodeDefault.xctoolchain/usr/bin/swift-frontend -c /Users/builder/builds/o86TiJKT/0/finestructure/swiftpackageindex-builder/spi-builder-workspace/Sources/DataURI/DataURI+String.swift /Users/builder/builds/o86TiJKT/0/finestructure/swiftpackageindex-builder/spi-builder-workspace/Sources/DataURI/Helpers/Array+LosslessDataConvertible.swift /Users/builder/builds/o86TiJKT/0/finestructure/swiftpackageindex-builder/spi-builder-workspace/Sources/DataURI/Helpers/Byte+Alphabet.swift /Users/builder/builds/o86TiJKT/0/finestructure/swiftpackageindex-builder/spi-builder-workspace/Sources/DataURI/Helpers/Byte+Controllers.swift /Users/builder/builds/o86TiJKT/0/finestructure/swiftpackageindex-builder/spi-builder-workspace/Sources/DataURI/Helpers/Byte+Digits.swift /Users/builder/builds/o86TiJKT/0/finestructure/swiftpackageindex-builder/spi-builder-workspace/Sources/DataURI/Helpers/Byte+asciiCode.swift /Users/builder/builds/o86TiJKT/0/finestructure/swiftpackageindex-builder/spi-builder-workspace/Sources/DataURI/Parser.swift /Users/builder/builds/o86TiJKT/0/finestructure/swiftpackageindex-builder/spi-builder-workspace/Sources/DataURI/Scanner.swift -primary-file /Users/builder/builds/o86TiJKT/0/finestructure/swiftpackageindex-builder/spi-builder-workspace/Sources/DataURI/Sequence+makeString.swift -emit-dependencies-path /Users/builder/builds/o86TiJKT/0/finestructure/swiftpackageindex-builder/spi-builder-workspace/.derivedData/Build/Intermediates.noindex/DataURI.build/Debug-iphoneos/DataURI.build/Objects-normal/arm64/Sequence+makeString.d -emit-reference-dependencies-path /Users/builder/builds/o86TiJKT/0/finestructure/swiftpackageindex-builder/spi-builder-workspace/.derivedData/Build/Intermediates.noindex/DataURI.build/Debug-iphoneos/DataURI.build/Objects-normal/arm64/Sequence+makeString.swiftdeps -serialize-diagnostics-path /Users/builder/builds/o86TiJKT/0/finestructure/swiftpackageindex-builder/spi-builder-workspace/.derivedData/Build/Intermediates.noindex/DataURI.build/Debug-iphoneos/DataURI.build/Objects-normal/arm64/Sequence+makeString.dia -target arm64-apple-ios11.0 -Xllvm -aarch64-use-tbi -enable-objc-interop -sdk /Applications/Xcode-14.2.0.app/Contents/Developer/Platforms/iPhoneOS.platform/Developer/SDKs/iPhoneOS16.2.sdk -I /Users/builder/builds/o86TiJKT/0/finestructure/swiftpackageindex-builder/spi-builder-workspace/.derivedData/Build/Products/Debug-iphoneos -I /Applications/Xcode-14.2.0.app/Contents/Developer/Platforms/iPhoneOS.platform/Developer/usr/lib -F /Users/builder/builds/o86TiJKT/0/finestructure/swiftpackageindex-builder/spi-builder-workspace/.derivedData/Build/Products/Debug-iphoneos -F /Applications/Xcode-14.2.0.app/Contents/Developer/Platforms/iPhoneOS.platform/Developer/Library/Frameworks -F /Applications/Xcode-14.2.0.app/Contents/Developer/Platforms/iPhoneOS.platform/Developer/SDKs/iPhoneOS16.2.sdk/Developer/Library/Frameworks -no-color-diagnostics -enable-testing -g -module-cache-path /Users/builder/builds/o86TiJKT/0/finestructure/swiftpackageindex-builder/spi-builder-workspace/.derivedData/ModuleCache.noindex -swift-version 4.2 -enforce-exclusivity\=checked -Onone -D SWIFT_PACKAGE -D DEBUG -D Xcode -serialize-debugging-options -empty-abi-descriptor -Xcc -working-directory -Xcc /Users/builder/builds/o86TiJKT/0/finestructure/swiftpackageindex-builder/spi-builder-workspace -resource-dir /Applications/Xcode-14.2.0.app/Contents/Developer/Toolchains/XcodeDefault.xctoolchain/usr/lib/swift -enable-anonymous-context-mangled-names -Xcc -I/Users/builder/builds/o86TiJKT/0/finestructure/swiftpackageindex-builder/spi-builder-workspace/.derivedData/Build/Intermediates.noindex/DataURI.build/Debug-iphoneos/DataURI.build/swift-overrides.hmap -Xcc -I/Users/builder/builds/o86TiJKT/0/finestructure/swiftpackageindex-builder/spi-builder-workspace/.derivedData/Build/Products/Debug-iphoneos/include -Xcc -I/Users/builder/builds/o86TiJKT/0/finestructure/swiftpackageindex-builder/spi-builder-workspace/.derivedData/Build/Intermediates.noindex/DataURI.build/Debug-iphoneos/DataURI.build/DerivedSources-normal/arm64 -Xcc -I/Users/builder/builds/o86TiJKT/0/finestructure/swiftpackageindex-builder/spi-builder-workspace/.derivedData/Build/Intermediates.noindex/DataURI.build/Debug-iphoneos/DataURI.build/DerivedSources/arm64 -Xcc -I/Users/builder/builds/o86TiJKT/0/finestructure/swiftpackageindex-builder/spi-builder-workspace/.derivedData/Build/Intermediates.noindex/DataURI.build/Debug-iphoneos/DataURI.build/DerivedSources -Xcc -DSWIFT_PACKAGE -Xcc -DDEBUG\=1 -module-name DataURI -frontend-parseable-output -disable-clang-spi -target-sdk-version 16.2 -o /Users/builder/builds/o86TiJKT/0/finestructure/swiftpackageindex-builder/spi-builder-workspace/.derivedData/Build/Intermediates.noindex/DataURI.build/Debug-iphoneos/DataURI.build/Objects-normal/arm64/Sequence+makeString.o -index-unit-output-path /DataURI.build/Debug-iphoneos/DataURI.build/Objects-normal/arm64/Sequence+makeString.o -index-store-path /Users/builder/builds/o86TiJKT/0/finestructure/swiftpackageindex-builder/spi-builder-workspace/.derivedData/Index.noindex/DataStore -index-system-modules
SwiftCompile normal arm64 Compiling\ Byte+Alphabet.swift /Users/builder/builds/o86TiJKT/0/finestructure/swiftpackageindex-builder/spi-builder-workspace/Sources/DataURI/Helpers/Byte+Alphabet.swift (in target 'DataURI' from project 'DataURI')
    cd /Users/builder/builds/o86TiJKT/0/finestructure/swiftpackageindex-builder/spi-builder-workspace
    builtin-swiftTaskExecution -- /Applications/Xcode-14.2.0.app/Contents/Developer/Toolchains/XcodeDefault.xctoolchain/usr/bin/swift-frontend -frontend -c /Users/builder/builds/o86TiJKT/0/finestructure/swiftpackageindex-builder/spi-builder-workspace/Sources/DataURI/DataURI+String.swift /Users/builder/builds/o86TiJKT/0/finestructure/swiftpackageindex-builder/spi-builder-workspace/Sources/DataURI/Helpers/Array+LosslessDataConvertible.swift -primary-file /Users/builder/builds/o86TiJKT/0/finestructure/swiftpackageindex-builder/spi-builder-workspace/Sources/DataURI/Helpers/Byte+Alphabet.swift /Users/builder/builds/o86TiJKT/0/finestructure/swiftpackageindex-builder/spi-builder-workspace/Sources/DataURI/Helpers/Byte+Controllers.swift /Users/builder/builds/o86TiJKT/0/finestructure/swiftpackageindex-builder/spi-builder-workspace/Sources/DataURI/Helpers/Byte+Digits.swift /Users/builder/builds/o86TiJKT/0/finestructure/swiftpackageindex-builder/spi-builder-workspace/Sources/DataURI/Helpers/Byte+asciiCode.swift /Users/builder/builds/o86TiJKT/0/finestructure/swiftpackageindex-builder/spi-builder-workspace/Sources/DataURI/Parser.swift /Users/builder/builds/o86TiJKT/0/finestructure/swiftpackageindex-builder/spi-builder-workspace/Sources/DataURI/Scanner.swift /Users/builder/builds/o86TiJKT/0/finestructure/swiftpackageindex-builder/spi-builder-workspace/Sources/DataURI/Sequence+makeString.swift -emit-dependencies-path /Users/builder/builds/o86TiJKT/0/finestructure/swiftpackageindex-builder/spi-builder-workspace/.derivedData/Build/Intermediates.noindex/DataURI.build/Debug-iphoneos/DataURI.build/Objects-normal/arm64/Byte+Alphabet.d -emit-reference-dependencies-path /Users/builder/builds/o86TiJKT/0/finestructure/swiftpackageindex-builder/spi-builder-workspace/.derivedData/Build/Intermediates.noindex/DataURI.build/Debug-iphoneos/DataURI.build/Objects-normal/arm64/Byte+Alphabet.swiftdeps -serialize-diagnostics-path /Users/builder/builds/o86TiJKT/0/finestructure/swiftpackageindex-builder/spi-builder-workspace/.derivedData/Build/Intermediates.noindex/DataURI.build/Debug-iphoneos/DataURI.build/Objects-normal/arm64/Byte+Alphabet.dia -target arm64-apple-ios11.0 -Xllvm -aarch64-use-tbi -enable-objc-interop -sdk /Applications/Xcode-14.2.0.app/Contents/Developer/Platforms/iPhoneOS.platform/Developer/SDKs/iPhoneOS16.2.sdk -I /Users/builder/builds/o86TiJKT/0/finestructure/swiftpackageindex-builder/spi-builder-workspace/.derivedData/Build/Products/Debug-iphoneos -I /Applications/Xcode-14.2.0.app/Contents/Developer/Platforms/iPhoneOS.platform/Developer/usr/lib -F /Users/builder/builds/o86TiJKT/0/finestructure/swiftpackageindex-builder/spi-builder-workspace/.derivedData/Build/Products/Debug-iphoneos -F /Applications/Xcode-14.2.0.app/Contents/Developer/Platforms/iPhoneOS.platform/Developer/Library/Frameworks -F /Applications/Xcode-14.2.0.app/Contents/Developer/Platforms/iPhoneOS.platform/Developer/SDKs/iPhoneOS16.2.sdk/Developer/Library/Frameworks -no-color-diagnostics -enable-testing -g -module-cache-path /Users/builder/builds/o86TiJKT/0/finestructure/swiftpackageindex-builder/spi-builder-workspace/.derivedData/ModuleCache.noindex -swift-version 4.2 -enforce-exclusivity\=checked -Onone -D SWIFT_PACKAGE -D DEBUG -D Xcode -serialize-debugging-options -empty-abi-descriptor -Xcc -working-directory -Xcc /Users/builder/builds/o86TiJKT/0/finestructure/swiftpackageindex-builder/spi-builder-workspace -resource-dir /Applications/Xcode-14.2.0.app/Contents/Developer/Toolchains/XcodeDefault.xctoolchain/usr/lib/swift -enable-anonymous-context-mangled-names -Xcc -I/Users/builder/builds/o86TiJKT/0/finestructure/swiftpackageindex-builder/spi-builder-workspace/.derivedData/Build/Intermediates.noindex/DataURI.build/Debug-iphoneos/DataURI.build/swift-overrides.hmap -Xcc -I/Users/builder/builds/o86TiJKT/0/finestructure/swiftpackageindex-builder/spi-builder-workspace/.derivedData/Build/Products/Debug-iphoneos/include -Xcc -I/Users/builder/builds/o86TiJKT/0/finestructure/swiftpackageindex-builder/spi-builder-workspace/.derivedData/Build/Intermediates.noindex/DataURI.build/Debug-iphoneos/DataURI.build/DerivedSources-normal/arm64 -Xcc -I/Users/builder/builds/o86TiJKT/0/finestructure/swiftpackageindex-builder/spi-builder-workspace/.derivedData/Build/Intermediates.noindex/DataURI.build/Debug-iphoneos/DataURI.build/DerivedSources/arm64 -Xcc -I/Users/builder/builds/o86TiJKT/0/finestructure/swiftpackageindex-builder/spi-builder-workspace/.derivedData/Build/Intermediates.noindex/DataURI.build/Debug-iphoneos/DataURI.build/DerivedSources -Xcc -DSWIFT_PACKAGE -Xcc -DDEBUG\=1 -module-name DataURI -frontend-parseable-output -disable-clang-spi -target-sdk-version 16.2 -o /Users/builder/builds/o86TiJKT/0/finestructure/swiftpackageindex-builder/spi-builder-workspace/.derivedData/Build/Intermediates.noindex/DataURI.build/Debug-iphoneos/DataURI.build/Objects-normal/arm64/Byte+Alphabet.o -index-unit-output-path /DataURI.build/Debug-iphoneos/DataURI.build/Objects-normal/arm64/Byte+Alphabet.o -index-store-path /Users/builder/builds/o86TiJKT/0/finestructure/swiftpackageindex-builder/spi-builder-workspace/.derivedData/Index.noindex/DataStore -index-system-modules
CompileSwift normal arm64 /Users/builder/builds/o86TiJKT/0/finestructure/swiftpackageindex-builder/spi-builder-workspace/Sources/DataURI/Helpers/Byte+Alphabet.swift (in target 'DataURI' from project 'DataURI')
    cd /Users/builder/builds/o86TiJKT/0/finestructure/swiftpackageindex-builder/spi-builder-workspace
    /Applications/Xcode-14.2.0.app/Contents/Developer/Toolchains/XcodeDefault.xctoolchain/usr/bin/swift-frontend -c /Users/builder/builds/o86TiJKT/0/finestructure/swiftpackageindex-builder/spi-builder-workspace/Sources/DataURI/DataURI+String.swift /Users/builder/builds/o86TiJKT/0/finestructure/swiftpackageindex-builder/spi-builder-workspace/Sources/DataURI/Helpers/Array+LosslessDataConvertible.swift -primary-file /Users/builder/builds/o86TiJKT/0/finestructure/swiftpackageindex-builder/spi-builder-workspace/Sources/DataURI/Helpers/Byte+Alphabet.swift /Users/builder/builds/o86TiJKT/0/finestructure/swiftpackageindex-builder/spi-builder-workspace/Sources/DataURI/Helpers/Byte+Controllers.swift /Users/builder/builds/o86TiJKT/0/finestructure/swiftpackageindex-builder/spi-builder-workspace/Sources/DataURI/Helpers/Byte+Digits.swift /Users/builder/builds/o86TiJKT/0/finestructure/swiftpackageindex-builder/spi-builder-workspace/Sources/DataURI/Helpers/Byte+asciiCode.swift /Users/builder/builds/o86TiJKT/0/finestructure/swiftpackageindex-builder/spi-builder-workspace/Sources/DataURI/Parser.swift /Users/builder/builds/o86TiJKT/0/finestructure/swiftpackageindex-builder/spi-builder-workspace/Sources/DataURI/Scanner.swift /Users/builder/builds/o86TiJKT/0/finestructure/swiftpackageindex-builder/spi-builder-workspace/Sources/DataURI/Sequence+makeString.swift -emit-dependencies-path /Users/builder/builds/o86TiJKT/0/finestructure/swiftpackageindex-builder/spi-builder-workspace/.derivedData/Build/Intermediates.noindex/DataURI.build/Debug-iphoneos/DataURI.build/Objects-normal/arm64/Byte+Alphabet.d -emit-reference-dependencies-path /Users/builder/builds/o86TiJKT/0/finestructure/swiftpackageindex-builder/spi-builder-workspace/.derivedData/Build/Intermediates.noindex/DataURI.build/Debug-iphoneos/DataURI.build/Objects-normal/arm64/Byte+Alphabet.swiftdeps -serialize-diagnostics-path /Users/builder/builds/o86TiJKT/0/finestructure/swiftpackageindex-builder/spi-builder-workspace/.derivedData/Build/Intermediates.noindex/DataURI.build/Debug-iphoneos/DataURI.build/Objects-normal/arm64/Byte+Alphabet.dia -target arm64-apple-ios11.0 -Xllvm -aarch64-use-tbi -enable-objc-interop -sdk /Applications/Xcode-14.2.0.app/Contents/Developer/Platforms/iPhoneOS.platform/Developer/SDKs/iPhoneOS16.2.sdk -I /Users/builder/builds/o86TiJKT/0/finestructure/swiftpackageindex-builder/spi-builder-workspace/.derivedData/Build/Products/Debug-iphoneos -I /Applications/Xcode-14.2.0.app/Contents/Developer/Platforms/iPhoneOS.platform/Developer/usr/lib -F /Users/builder/builds/o86TiJKT/0/finestructure/swiftpackageindex-builder/spi-builder-workspace/.derivedData/Build/Products/Debug-iphoneos -F /Applications/Xcode-14.2.0.app/Contents/Developer/Platforms/iPhoneOS.platform/Developer/Library/Frameworks -F /Applications/Xcode-14.2.0.app/Contents/Developer/Platforms/iPhoneOS.platform/Developer/SDKs/iPhoneOS16.2.sdk/Developer/Library/Frameworks -no-color-diagnostics -enable-testing -g -module-cache-path /Users/builder/builds/o86TiJKT/0/finestructure/swiftpackageindex-builder/spi-builder-workspace/.derivedData/ModuleCache.noindex -swift-version 4.2 -enforce-exclusivity\=checked -Onone -D SWIFT_PACKAGE -D DEBUG -D Xcode -serialize-debugging-options -empty-abi-descriptor -Xcc -working-directory -Xcc /Users/builder/builds/o86TiJKT/0/finestructure/swiftpackageindex-builder/spi-builder-workspace -resource-dir /Applications/Xcode-14.2.0.app/Contents/Developer/Toolchains/XcodeDefault.xctoolchain/usr/lib/swift -enable-anonymous-context-mangled-names -Xcc -I/Users/builder/builds/o86TiJKT/0/finestructure/swiftpackageindex-builder/spi-builder-workspace/.derivedData/Build/Intermediates.noindex/DataURI.build/Debug-iphoneos/DataURI.build/swift-overrides.hmap -Xcc -I/Users/builder/builds/o86TiJKT/0/finestructure/swiftpackageindex-builder/spi-builder-workspace/.derivedData/Build/Products/Debug-iphoneos/include -Xcc -I/Users/builder/builds/o86TiJKT/0/finestructure/swiftpackageindex-builder/spi-builder-workspace/.derivedData/Build/Intermediates.noindex/DataURI.build/Debug-iphoneos/DataURI.build/DerivedSources-normal/arm64 -Xcc -I/Users/builder/builds/o86TiJKT/0/finestructure/swiftpackageindex-builder/spi-builder-workspace/.derivedData/Build/Intermediates.noindex/DataURI.build/Debug-iphoneos/DataURI.build/DerivedSources/arm64 -Xcc -I/Users/builder/builds/o86TiJKT/0/finestructure/swiftpackageindex-builder/spi-builder-workspace/.derivedData/Build/Intermediates.noindex/DataURI.build/Debug-iphoneos/DataURI.build/DerivedSources -Xcc -DSWIFT_PACKAGE -Xcc -DDEBUG\=1 -module-name DataURI -frontend-parseable-output -disable-clang-spi -target-sdk-version 16.2 -o /Users/builder/builds/o86TiJKT/0/finestructure/swiftpackageindex-builder/spi-builder-workspace/.derivedData/Build/Intermediates.noindex/DataURI.build/Debug-iphoneos/DataURI.build/Objects-normal/arm64/Byte+Alphabet.o -index-unit-output-path /DataURI.build/Debug-iphoneos/DataURI.build/Objects-normal/arm64/Byte+Alphabet.o -index-store-path /Users/builder/builds/o86TiJKT/0/finestructure/swiftpackageindex-builder/spi-builder-workspace/.derivedData/Index.noindex/DataStore -index-system-modules
SwiftCompile normal arm64 Compiling\ Parser.swift /Users/builder/builds/o86TiJKT/0/finestructure/swiftpackageindex-builder/spi-builder-workspace/Sources/DataURI/Parser.swift (in target 'DataURI' from project 'DataURI')
    cd /Users/builder/builds/o86TiJKT/0/finestructure/swiftpackageindex-builder/spi-builder-workspace
    builtin-swiftTaskExecution -- /Applications/Xcode-14.2.0.app/Contents/Developer/Toolchains/XcodeDefault.xctoolchain/usr/bin/swift-frontend -frontend -c /Users/builder/builds/o86TiJKT/0/finestructure/swiftpackageindex-builder/spi-builder-workspace/Sources/DataURI/DataURI+String.swift /Users/builder/builds/o86TiJKT/0/finestructure/swiftpackageindex-builder/spi-builder-workspace/Sources/DataURI/Helpers/Array+LosslessDataConvertible.swift /Users/builder/builds/o86TiJKT/0/finestructure/swiftpackageindex-builder/spi-builder-workspace/Sources/DataURI/Helpers/Byte+Alphabet.swift /Users/builder/builds/o86TiJKT/0/finestructure/swiftpackageindex-builder/spi-builder-workspace/Sources/DataURI/Helpers/Byte+Controllers.swift /Users/builder/builds/o86TiJKT/0/finestructure/swiftpackageindex-builder/spi-builder-workspace/Sources/DataURI/Helpers/Byte+Digits.swift /Users/builder/builds/o86TiJKT/0/finestructure/swiftpackageindex-builder/spi-builder-workspace/Sources/DataURI/Helpers/Byte+asciiCode.swift -primary-file /Users/builder/builds/o86TiJKT/0/finestructure/swiftpackageindex-builder/spi-builder-workspace/Sources/DataURI/Parser.swift /Users/builder/builds/o86TiJKT/0/finestructure/swiftpackageindex-builder/spi-builder-workspace/Sources/DataURI/Scanner.swift /Users/builder/builds/o86TiJKT/0/finestructure/swiftpackageindex-builder/spi-builder-workspace/Sources/DataURI/Sequence+makeString.swift -emit-dependencies-path /Users/builder/builds/o86TiJKT/0/finestructure/swiftpackageindex-builder/spi-builder-workspace/.derivedData/Build/Intermediates.noindex/DataURI.build/Debug-iphoneos/DataURI.build/Objects-normal/arm64/Parser.d -emit-reference-dependencies-path /Users/builder/builds/o86TiJKT/0/finestructure/swiftpackageindex-builder/spi-builder-workspace/.derivedData/Build/Intermediates.noindex/DataURI.build/Debug-iphoneos/DataURI.build/Objects-normal/arm64/Parser.swiftdeps -serialize-diagnostics-path /Users/builder/builds/o86TiJKT/0/finestructure/swiftpackageindex-builder/spi-builder-workspace/.derivedData/Build/Intermediates.noindex/DataURI.build/Debug-iphoneos/DataURI.build/Objects-normal/arm64/Parser.dia -target arm64-apple-ios11.0 -Xllvm -aarch64-use-tbi -enable-objc-interop -sdk /Applications/Xcode-14.2.0.app/Contents/Developer/Platforms/iPhoneOS.platform/Developer/SDKs/iPhoneOS16.2.sdk -I /Users/builder/builds/o86TiJKT/0/finestructure/swiftpackageindex-builder/spi-builder-workspace/.derivedData/Build/Products/Debug-iphoneos -I /Applications/Xcode-14.2.0.app/Contents/Developer/Platforms/iPhoneOS.platform/Developer/usr/lib -F /Users/builder/builds/o86TiJKT/0/finestructure/swiftpackageindex-builder/spi-builder-workspace/.derivedData/Build/Products/Debug-iphoneos -F /Applications/Xcode-14.2.0.app/Contents/Developer/Platforms/iPhoneOS.platform/Developer/Library/Frameworks -F /Applications/Xcode-14.2.0.app/Contents/Developer/Platforms/iPhoneOS.platform/Developer/SDKs/iPhoneOS16.2.sdk/Developer/Library/Frameworks -no-color-diagnostics -enable-testing -g -module-cache-path /Users/builder/builds/o86TiJKT/0/finestructure/swiftpackageindex-builder/spi-builder-workspace/.derivedData/ModuleCache.noindex -swift-version 4.2 -enforce-exclusivity\=checked -Onone -D SWIFT_PACKAGE -D DEBUG -D Xcode -serialize-debugging-options -empty-abi-descriptor -Xcc -working-directory -Xcc /Users/builder/builds/o86TiJKT/0/finestructure/swiftpackageindex-builder/spi-builder-workspace -resource-dir /Applications/Xcode-14.2.0.app/Contents/Developer/Toolchains/XcodeDefault.xctoolchain/usr/lib/swift -enable-anonymous-context-mangled-names -Xcc -I/Users/builder/builds/o86TiJKT/0/finestructure/swiftpackageindex-builder/spi-builder-workspace/.derivedData/Build/Intermediates.noindex/DataURI.build/Debug-iphoneos/DataURI.build/swift-overrides.hmap -Xcc -I/Users/builder/builds/o86TiJKT/0/finestructure/swiftpackageindex-builder/spi-builder-workspace/.derivedData/Build/Products/Debug-iphoneos/include -Xcc -I/Users/builder/builds/o86TiJKT/0/finestructure/swiftpackageindex-builder/spi-builder-workspace/.derivedData/Build/Intermediates.noindex/DataURI.build/Debug-iphoneos/DataURI.build/DerivedSources-normal/arm64 -Xcc -I/Users/builder/builds/o86TiJKT/0/finestructure/swiftpackageindex-builder/spi-builder-workspace/.derivedData/Build/Intermediates.noindex/DataURI.build/Debug-iphoneos/DataURI.build/DerivedSources/arm64 -Xcc -I/Users/builder/builds/o86TiJKT/0/finestructure/swiftpackageindex-builder/spi-builder-workspace/.derivedData/Build/Intermediates.noindex/DataURI.build/Debug-iphoneos/DataURI.build/DerivedSources -Xcc -DSWIFT_PACKAGE -Xcc -DDEBUG\=1 -module-name DataURI -frontend-parseable-output -disable-clang-spi -target-sdk-version 16.2 -o /Users/builder/builds/o86TiJKT/0/finestructure/swiftpackageindex-builder/spi-builder-workspace/.derivedData/Build/Intermediates.noindex/DataURI.build/Debug-iphoneos/DataURI.build/Objects-normal/arm64/Parser.o -index-unit-output-path /DataURI.build/Debug-iphoneos/DataURI.build/Objects-normal/arm64/Parser.o -index-store-path /Users/builder/builds/o86TiJKT/0/finestructure/swiftpackageindex-builder/spi-builder-workspace/.derivedData/Index.noindex/DataStore -index-system-modules
CompileSwift normal arm64 /Users/builder/builds/o86TiJKT/0/finestructure/swiftpackageindex-builder/spi-builder-workspace/Sources/DataURI/Parser.swift (in target 'DataURI' from project 'DataURI')
    cd /Users/builder/builds/o86TiJKT/0/finestructure/swiftpackageindex-builder/spi-builder-workspace
    /Applications/Xcode-14.2.0.app/Contents/Developer/Toolchains/XcodeDefault.xctoolchain/usr/bin/swift-frontend -c /Users/builder/builds/o86TiJKT/0/finestructure/swiftpackageindex-builder/spi-builder-workspace/Sources/DataURI/DataURI+String.swift /Users/builder/builds/o86TiJKT/0/finestructure/swiftpackageindex-builder/spi-builder-workspace/Sources/DataURI/Helpers/Array+LosslessDataConvertible.swift /Users/builder/builds/o86TiJKT/0/finestructure/swiftpackageindex-builder/spi-builder-workspace/Sources/DataURI/Helpers/Byte+Alphabet.swift /Users/builder/builds/o86TiJKT/0/finestructure/swiftpackageindex-builder/spi-builder-workspace/Sources/DataURI/Helpers/Byte+Controllers.swift /Users/builder/builds/o86TiJKT/0/finestructure/swiftpackageindex-builder/spi-builder-workspace/Sources/DataURI/Helpers/Byte+Digits.swift /Users/builder/builds/o86TiJKT/0/finestructure/swiftpackageindex-builder/spi-builder-workspace/Sources/DataURI/Helpers/Byte+asciiCode.swift -primary-file /Users/builder/builds/o86TiJKT/0/finestructure/swiftpackageindex-builder/spi-builder-workspace/Sources/DataURI/Parser.swift /Users/builder/builds/o86TiJKT/0/finestructure/swiftpackageindex-builder/spi-builder-workspace/Sources/DataURI/Scanner.swift /Users/builder/builds/o86TiJKT/0/finestructure/swiftpackageindex-builder/spi-builder-workspace/Sources/DataURI/Sequence+makeString.swift -emit-dependencies-path /Users/builder/builds/o86TiJKT/0/finestructure/swiftpackageindex-builder/spi-builder-workspace/.derivedData/Build/Intermediates.noindex/DataURI.build/Debug-iphoneos/DataURI.build/Objects-normal/arm64/Parser.d -emit-reference-dependencies-path /Users/builder/builds/o86TiJKT/0/finestructure/swiftpackageindex-builder/spi-builder-workspace/.derivedData/Build/Intermediates.noindex/DataURI.build/Debug-iphoneos/DataURI.build/Objects-normal/arm64/Parser.swiftdeps -serialize-diagnostics-path /Users/builder/builds/o86TiJKT/0/finestructure/swiftpackageindex-builder/spi-builder-workspace/.derivedData/Build/Intermediates.noindex/DataURI.build/Debug-iphoneos/DataURI.build/Objects-normal/arm64/Parser.dia -target arm64-apple-ios11.0 -Xllvm -aarch64-use-tbi -enable-objc-interop -sdk /Applications/Xcode-14.2.0.app/Contents/Developer/Platforms/iPhoneOS.platform/Developer/SDKs/iPhoneOS16.2.sdk -I /Users/builder/builds/o86TiJKT/0/finestructure/swiftpackageindex-builder/spi-builder-workspace/.derivedData/Build/Products/Debug-iphoneos -I /Applications/Xcode-14.2.0.app/Contents/Developer/Platforms/iPhoneOS.platform/Developer/usr/lib -F /Users/builder/builds/o86TiJKT/0/finestructure/swiftpackageindex-builder/spi-builder-workspace/.derivedData/Build/Products/Debug-iphoneos -F /Applications/Xcode-14.2.0.app/Contents/Developer/Platforms/iPhoneOS.platform/Developer/Library/Frameworks -F /Applications/Xcode-14.2.0.app/Contents/Developer/Platforms/iPhoneOS.platform/Developer/SDKs/iPhoneOS16.2.sdk/Developer/Library/Frameworks -no-color-diagnostics -enable-testing -g -module-cache-path /Users/builder/builds/o86TiJKT/0/finestructure/swiftpackageindex-builder/spi-builder-workspace/.derivedData/ModuleCache.noindex -swift-version 4.2 -enforce-exclusivity\=checked -Onone -D SWIFT_PACKAGE -D DEBUG -D Xcode -serialize-debugging-options -empty-abi-descriptor -Xcc -working-directory -Xcc /Users/builder/builds/o86TiJKT/0/finestructure/swiftpackageindex-builder/spi-builder-workspace -resource-dir /Applications/Xcode-14.2.0.app/Contents/Developer/Toolchains/XcodeDefault.xctoolchain/usr/lib/swift -enable-anonymous-context-mangled-names -Xcc -I/Users/builder/builds/o86TiJKT/0/finestructure/swiftpackageindex-builder/spi-builder-workspace/.derivedData/Build/Intermediates.noindex/DataURI.build/Debug-iphoneos/DataURI.build/swift-overrides.hmap -Xcc -I/Users/builder/builds/o86TiJKT/0/finestructure/swiftpackageindex-builder/spi-builder-workspace/.derivedData/Build/Products/Debug-iphoneos/include -Xcc -I/Users/builder/builds/o86TiJKT/0/finestructure/swiftpackageindex-builder/spi-builder-workspace/.derivedData/Build/Intermediates.noindex/DataURI.build/Debug-iphoneos/DataURI.build/DerivedSources-normal/arm64 -Xcc -I/Users/builder/builds/o86TiJKT/0/finestructure/swiftpackageindex-builder/spi-builder-workspace/.derivedData/Build/Intermediates.noindex/DataURI.build/Debug-iphoneos/DataURI.build/DerivedSources/arm64 -Xcc -I/Users/builder/builds/o86TiJKT/0/finestructure/swiftpackageindex-builder/spi-builder-workspace/.derivedData/Build/Intermediates.noindex/DataURI.build/Debug-iphoneos/DataURI.build/DerivedSources -Xcc -DSWIFT_PACKAGE -Xcc -DDEBUG\=1 -module-name DataURI -frontend-parseable-output -disable-clang-spi -target-sdk-version 16.2 -o /Users/builder/builds/o86TiJKT/0/finestructure/swiftpackageindex-builder/spi-builder-workspace/.derivedData/Build/Intermediates.noindex/DataURI.build/Debug-iphoneos/DataURI.build/Objects-normal/arm64/Parser.o -index-unit-output-path /DataURI.build/Debug-iphoneos/DataURI.build/Objects-normal/arm64/Parser.o -index-store-path /Users/builder/builds/o86TiJKT/0/finestructure/swiftpackageindex-builder/spi-builder-workspace/.derivedData/Index.noindex/DataStore -index-system-modules
SwiftCompile normal arm64 Compiling\ Byte+Controllers.swift /Users/builder/builds/o86TiJKT/0/finestructure/swiftpackageindex-builder/spi-builder-workspace/Sources/DataURI/Helpers/Byte+Controllers.swift (in target 'DataURI' from project 'DataURI')
    cd /Users/builder/builds/o86TiJKT/0/finestructure/swiftpackageindex-builder/spi-builder-workspace
    builtin-swiftTaskExecution -- /Applications/Xcode-14.2.0.app/Contents/Developer/Toolchains/XcodeDefault.xctoolchain/usr/bin/swift-frontend -frontend -c /Users/builder/builds/o86TiJKT/0/finestructure/swiftpackageindex-builder/spi-builder-workspace/Sources/DataURI/DataURI+String.swift /Users/builder/builds/o86TiJKT/0/finestructure/swiftpackageindex-builder/spi-builder-workspace/Sources/DataURI/Helpers/Array+LosslessDataConvertible.swift /Users/builder/builds/o86TiJKT/0/finestructure/swiftpackageindex-builder/spi-builder-workspace/Sources/DataURI/Helpers/Byte+Alphabet.swift -primary-file /Users/builder/builds/o86TiJKT/0/finestructure/swiftpackageindex-builder/spi-builder-workspace/Sources/DataURI/Helpers/Byte+Controllers.swift /Users/builder/builds/o86TiJKT/0/finestructure/swiftpackageindex-builder/spi-builder-workspace/Sources/DataURI/Helpers/Byte+Digits.swift /Users/builder/builds/o86TiJKT/0/finestructure/swiftpackageindex-builder/spi-builder-workspace/Sources/DataURI/Helpers/Byte+asciiCode.swift /Users/builder/builds/o86TiJKT/0/finestructure/swiftpackageindex-builder/spi-builder-workspace/Sources/DataURI/Parser.swift /Users/builder/builds/o86TiJKT/0/finestructure/swiftpackageindex-builder/spi-builder-workspace/Sources/DataURI/Scanner.swift /Users/builder/builds/o86TiJKT/0/finestructure/swiftpackageindex-builder/spi-builder-workspace/Sources/DataURI/Sequence+makeString.swift -emit-dependencies-path /Users/builder/builds/o86TiJKT/0/finestructure/swiftpackageindex-builder/spi-builder-workspace/.derivedData/Build/Intermediates.noindex/DataURI.build/Debug-iphoneos/DataURI.build/Objects-normal/arm64/Byte+Controllers.d -emit-reference-dependencies-path /Users/builder/builds/o86TiJKT/0/finestructure/swiftpackageindex-builder/spi-builder-workspace/.derivedData/Build/Intermediates.noindex/DataURI.build/Debug-iphoneos/DataURI.build/Objects-normal/arm64/Byte+Controllers.swiftdeps -serialize-diagnostics-path /Users/builder/builds/o86TiJKT/0/finestructure/swiftpackageindex-builder/spi-builder-workspace/.derivedData/Build/Intermediates.noindex/DataURI.build/Debug-iphoneos/DataURI.build/Objects-normal/arm64/Byte+Controllers.dia -target arm64-apple-ios11.0 -Xllvm -aarch64-use-tbi -enable-objc-interop -sdk /Applications/Xcode-14.2.0.app/Contents/Developer/Platforms/iPhoneOS.platform/Developer/SDKs/iPhoneOS16.2.sdk -I /Users/builder/builds/o86TiJKT/0/finestructure/swiftpackageindex-builder/spi-builder-workspace/.derivedData/Build/Products/Debug-iphoneos -I /Applications/Xcode-14.2.0.app/Contents/Developer/Platforms/iPhoneOS.platform/Developer/usr/lib -F /Users/builder/builds/o86TiJKT/0/finestructure/swiftpackageindex-builder/spi-builder-workspace/.derivedData/Build/Products/Debug-iphoneos -F /Applications/Xcode-14.2.0.app/Contents/Developer/Platforms/iPhoneOS.platform/Developer/Library/Frameworks -F /Applications/Xcode-14.2.0.app/Contents/Developer/Platforms/iPhoneOS.platform/Developer/SDKs/iPhoneOS16.2.sdk/Developer/Library/Frameworks -no-color-diagnostics -enable-testing -g -module-cache-path /Users/builder/builds/o86TiJKT/0/finestructure/swiftpackageindex-builder/spi-builder-workspace/.derivedData/ModuleCache.noindex -swift-version 4.2 -enforce-exclusivity\=checked -Onone -D SWIFT_PACKAGE -D DEBUG -D Xcode -serialize-debugging-options -empty-abi-descriptor -Xcc -working-directory -Xcc /Users/builder/builds/o86TiJKT/0/finestructure/swiftpackageindex-builder/spi-builder-workspace -resource-dir /Applications/Xcode-14.2.0.app/Contents/Developer/Toolchains/XcodeDefault.xctoolchain/usr/lib/swift -enable-anonymous-context-mangled-names -Xcc -I/Users/builder/builds/o86TiJKT/0/finestructure/swiftpackageindex-builder/spi-builder-workspace/.derivedData/Build/Intermediates.noindex/DataURI.build/Debug-iphoneos/DataURI.build/swift-overrides.hmap -Xcc -I/Users/builder/builds/o86TiJKT/0/finestructure/swiftpackageindex-builder/spi-builder-workspace/.derivedData/Build/Products/Debug-iphoneos/include -Xcc -I/Users/builder/builds/o86TiJKT/0/finestructure/swiftpackageindex-builder/spi-builder-workspace/.derivedData/Build/Intermediates.noindex/DataURI.build/Debug-iphoneos/DataURI.build/DerivedSources-normal/arm64 -Xcc -I/Users/builder/builds/o86TiJKT/0/finestructure/swiftpackageindex-builder/spi-builder-workspace/.derivedData/Build/Intermediates.noindex/DataURI.build/Debug-iphoneos/DataURI.build/DerivedSources/arm64 -Xcc -I/Users/builder/builds/o86TiJKT/0/finestructure/swiftpackageindex-builder/spi-builder-workspace/.derivedData/Build/Intermediates.noindex/DataURI.build/Debug-iphoneos/DataURI.build/DerivedSources -Xcc -DSWIFT_PACKAGE -Xcc -DDEBUG\=1 -module-name DataURI -frontend-parseable-output -disable-clang-spi -target-sdk-version 16.2 -o /Users/builder/builds/o86TiJKT/0/finestructure/swiftpackageindex-builder/spi-builder-workspace/.derivedData/Build/Intermediates.noindex/DataURI.build/Debug-iphoneos/DataURI.build/Objects-normal/arm64/Byte+Controllers.o -index-unit-output-path /DataURI.build/Debug-iphoneos/DataURI.build/Objects-normal/arm64/Byte+Controllers.o -index-store-path /Users/builder/builds/o86TiJKT/0/finestructure/swiftpackageindex-builder/spi-builder-workspace/.derivedData/Index.noindex/DataStore -index-system-modules
CompileSwift normal arm64 /Users/builder/builds/o86TiJKT/0/finestructure/swiftpackageindex-builder/spi-builder-workspace/Sources/DataURI/Helpers/Byte+Controllers.swift (in target 'DataURI' from project 'DataURI')
    cd /Users/builder/builds/o86TiJKT/0/finestructure/swiftpackageindex-builder/spi-builder-workspace
    /Applications/Xcode-14.2.0.app/Contents/Developer/Toolchains/XcodeDefault.xctoolchain/usr/bin/swift-frontend -c /Users/builder/builds/o86TiJKT/0/finestructure/swiftpackageindex-builder/spi-builder-workspace/Sources/DataURI/DataURI+String.swift /Users/builder/builds/o86TiJKT/0/finestructure/swiftpackageindex-builder/spi-builder-workspace/Sources/DataURI/Helpers/Array+LosslessDataConvertible.swift /Users/builder/builds/o86TiJKT/0/finestructure/swiftpackageindex-builder/spi-builder-workspace/Sources/DataURI/Helpers/Byte+Alphabet.swift -primary-file /Users/builder/builds/o86TiJKT/0/finestructure/swiftpackageindex-builder/spi-builder-workspace/Sources/DataURI/Helpers/Byte+Controllers.swift /Users/builder/builds/o86TiJKT/0/finestructure/swiftpackageindex-builder/spi-builder-workspace/Sources/DataURI/Helpers/Byte+Digits.swift /Users/builder/builds/o86TiJKT/0/finestructure/swiftpackageindex-builder/spi-builder-workspace/Sources/DataURI/Helpers/Byte+asciiCode.swift /Users/builder/builds/o86TiJKT/0/finestructure/swiftpackageindex-builder/spi-builder-workspace/Sources/DataURI/Parser.swift /Users/builder/builds/o86TiJKT/0/finestructure/swiftpackageindex-builder/spi-builder-workspace/Sources/DataURI/Scanner.swift /Users/builder/builds/o86TiJKT/0/finestructure/swiftpackageindex-builder/spi-builder-workspace/Sources/DataURI/Sequence+makeString.swift -emit-dependencies-path /Users/builder/builds/o86TiJKT/0/finestructure/swiftpackageindex-builder/spi-builder-workspace/.derivedData/Build/Intermediates.noindex/DataURI.build/Debug-iphoneos/DataURI.build/Objects-normal/arm64/Byte+Controllers.d -emit-reference-dependencies-path /Users/builder/builds/o86TiJKT/0/finestructure/swiftpackageindex-builder/spi-builder-workspace/.derivedData/Build/Intermediates.noindex/DataURI.build/Debug-iphoneos/DataURI.build/Objects-normal/arm64/Byte+Controllers.swiftdeps -serialize-diagnostics-path /Users/builder/builds/o86TiJKT/0/finestructure/swiftpackageindex-builder/spi-builder-workspace/.derivedData/Build/Intermediates.noindex/DataURI.build/Debug-iphoneos/DataURI.build/Objects-normal/arm64/Byte+Controllers.dia -target arm64-apple-ios11.0 -Xllvm -aarch64-use-tbi -enable-objc-interop -sdk /Applications/Xcode-14.2.0.app/Contents/Developer/Platforms/iPhoneOS.platform/Developer/SDKs/iPhoneOS16.2.sdk -I /Users/builder/builds/o86TiJKT/0/finestructure/swiftpackageindex-builder/spi-builder-workspace/.derivedData/Build/Products/Debug-iphoneos -I /Applications/Xcode-14.2.0.app/Contents/Developer/Platforms/iPhoneOS.platform/Developer/usr/lib -F /Users/builder/builds/o86TiJKT/0/finestructure/swiftpackageindex-builder/spi-builder-workspace/.derivedData/Build/Products/Debug-iphoneos -F /Applications/Xcode-14.2.0.app/Contents/Developer/Platforms/iPhoneOS.platform/Developer/Library/Frameworks -F /Applications/Xcode-14.2.0.app/Contents/Developer/Platforms/iPhoneOS.platform/Developer/SDKs/iPhoneOS16.2.sdk/Developer/Library/Frameworks -no-color-diagnostics -enable-testing -g -module-cache-path /Users/builder/builds/o86TiJKT/0/finestructure/swiftpackageindex-builder/spi-builder-workspace/.derivedData/ModuleCache.noindex -swift-version 4.2 -enforce-exclusivity\=checked -Onone -D SWIFT_PACKAGE -D DEBUG -D Xcode -serialize-debugging-options -empty-abi-descriptor -Xcc -working-directory -Xcc /Users/builder/builds/o86TiJKT/0/finestructure/swiftpackageindex-builder/spi-builder-workspace -resource-dir /Applications/Xcode-14.2.0.app/Contents/Developer/Toolchains/XcodeDefault.xctoolchain/usr/lib/swift -enable-anonymous-context-mangled-names -Xcc -I/Users/builder/builds/o86TiJKT/0/finestructure/swiftpackageindex-builder/spi-builder-workspace/.derivedData/Build/Intermediates.noindex/DataURI.build/Debug-iphoneos/DataURI.build/swift-overrides.hmap -Xcc -I/Users/builder/builds/o86TiJKT/0/finestructure/swiftpackageindex-builder/spi-builder-workspace/.derivedData/Build/Products/Debug-iphoneos/include -Xcc -I/Users/builder/builds/o86TiJKT/0/finestructure/swiftpackageindex-builder/spi-builder-workspace/.derivedData/Build/Intermediates.noindex/DataURI.build/Debug-iphoneos/DataURI.build/DerivedSources-normal/arm64 -Xcc -I/Users/builder/builds/o86TiJKT/0/finestructure/swiftpackageindex-builder/spi-builder-workspace/.derivedData/Build/Intermediates.noindex/DataURI.build/Debug-iphoneos/DataURI.build/DerivedSources/arm64 -Xcc -I/Users/builder/builds/o86TiJKT/0/finestructure/swiftpackageindex-builder/spi-builder-workspace/.derivedData/Build/Intermediates.noindex/DataURI.build/Debug-iphoneos/DataURI.build/DerivedSources -Xcc -DSWIFT_PACKAGE -Xcc -DDEBUG\=1 -module-name DataURI -frontend-parseable-output -disable-clang-spi -target-sdk-version 16.2 -o /Users/builder/builds/o86TiJKT/0/finestructure/swiftpackageindex-builder/spi-builder-workspace/.derivedData/Build/Intermediates.noindex/DataURI.build/Debug-iphoneos/DataURI.build/Objects-normal/arm64/Byte+Controllers.o -index-unit-output-path /DataURI.build/Debug-iphoneos/DataURI.build/Objects-normal/arm64/Byte+Controllers.o -index-store-path /Users/builder/builds/o86TiJKT/0/finestructure/swiftpackageindex-builder/spi-builder-workspace/.derivedData/Index.noindex/DataStore -index-system-modules
SwiftCompile normal arm64 Compiling\ Byte+Digits.swift /Users/builder/builds/o86TiJKT/0/finestructure/swiftpackageindex-builder/spi-builder-workspace/Sources/DataURI/Helpers/Byte+Digits.swift (in target 'DataURI' from project 'DataURI')
    cd /Users/builder/builds/o86TiJKT/0/finestructure/swiftpackageindex-builder/spi-builder-workspace
    builtin-swiftTaskExecution -- /Applications/Xcode-14.2.0.app/Contents/Developer/Toolchains/XcodeDefault.xctoolchain/usr/bin/swift-frontend -frontend -c /Users/builder/builds/o86TiJKT/0/finestructure/swiftpackageindex-builder/spi-builder-workspace/Sources/DataURI/DataURI+String.swift /Users/builder/builds/o86TiJKT/0/finestructure/swiftpackageindex-builder/spi-builder-workspace/Sources/DataURI/Helpers/Array+LosslessDataConvertible.swift /Users/builder/builds/o86TiJKT/0/finestructure/swiftpackageindex-builder/spi-builder-workspace/Sources/DataURI/Helpers/Byte+Alphabet.swift /Users/builder/builds/o86TiJKT/0/finestructure/swiftpackageindex-builder/spi-builder-workspace/Sources/DataURI/Helpers/Byte+Controllers.swift -primary-file /Users/builder/builds/o86TiJKT/0/finestructure/swiftpackageindex-builder/spi-builder-workspace/Sources/DataURI/Helpers/Byte+Digits.swift /Users/builder/builds/o86TiJKT/0/finestructure/swiftpackageindex-builder/spi-builder-workspace/Sources/DataURI/Helpers/Byte+asciiCode.swift /Users/builder/builds/o86TiJKT/0/finestructure/swiftpackageindex-builder/spi-builder-workspace/Sources/DataURI/Parser.swift /Users/builder/builds/o86TiJKT/0/finestructure/swiftpackageindex-builder/spi-builder-workspace/Sources/DataURI/Scanner.swift /Users/builder/builds/o86TiJKT/0/finestructure/swiftpackageindex-builder/spi-builder-workspace/Sources/DataURI/Sequence+makeString.swift -emit-dependencies-path /Users/builder/builds/o86TiJKT/0/finestructure/swiftpackageindex-builder/spi-builder-workspace/.derivedData/Build/Intermediates.noindex/DataURI.build/Debug-iphoneos/DataURI.build/Objects-normal/arm64/Byte+Digits.d -emit-reference-dependencies-path /Users/builder/builds/o86TiJKT/0/finestructure/swiftpackageindex-builder/spi-builder-workspace/.derivedData/Build/Intermediates.noindex/DataURI.build/Debug-iphoneos/DataURI.build/Objects-normal/arm64/Byte+Digits.swiftdeps -serialize-diagnostics-path /Users/builder/builds/o86TiJKT/0/finestructure/swiftpackageindex-builder/spi-builder-workspace/.derivedData/Build/Intermediates.noindex/DataURI.build/Debug-iphoneos/DataURI.build/Objects-normal/arm64/Byte+Digits.dia -target arm64-apple-ios11.0 -Xllvm -aarch64-use-tbi -enable-objc-interop -sdk /Applications/Xcode-14.2.0.app/Contents/Developer/Platforms/iPhoneOS.platform/Developer/SDKs/iPhoneOS16.2.sdk -I /Users/builder/builds/o86TiJKT/0/finestructure/swiftpackageindex-builder/spi-builder-workspace/.derivedData/Build/Products/Debug-iphoneos -I /Applications/Xcode-14.2.0.app/Contents/Developer/Platforms/iPhoneOS.platform/Developer/usr/lib -F /Users/builder/builds/o86TiJKT/0/finestructure/swiftpackageindex-builder/spi-builder-workspace/.derivedData/Build/Products/Debug-iphoneos -F /Applications/Xcode-14.2.0.app/Contents/Developer/Platforms/iPhoneOS.platform/Developer/Library/Frameworks -F /Applications/Xcode-14.2.0.app/Contents/Developer/Platforms/iPhoneOS.platform/Developer/SDKs/iPhoneOS16.2.sdk/Developer/Library/Frameworks -no-color-diagnostics -enable-testing -g -module-cache-path /Users/builder/builds/o86TiJKT/0/finestructure/swiftpackageindex-builder/spi-builder-workspace/.derivedData/ModuleCache.noindex -swift-version 4.2 -enforce-exclusivity\=checked -Onone -D SWIFT_PACKAGE -D DEBUG -D Xcode -serialize-debugging-options -empty-abi-descriptor -Xcc -working-directory -Xcc /Users/builder/builds/o86TiJKT/0/finestructure/swiftpackageindex-builder/spi-builder-workspace -resource-dir /Applications/Xcode-14.2.0.app/Contents/Developer/Toolchains/XcodeDefault.xctoolchain/usr/lib/swift -enable-anonymous-context-mangled-names -Xcc -I/Users/builder/builds/o86TiJKT/0/finestructure/swiftpackageindex-builder/spi-builder-workspace/.derivedData/Build/Intermediates.noindex/DataURI.build/Debug-iphoneos/DataURI.build/swift-overrides.hmap -Xcc -I/Users/builder/builds/o86TiJKT/0/finestructure/swiftpackageindex-builder/spi-builder-workspace/.derivedData/Build/Products/Debug-iphoneos/include -Xcc -I/Users/builder/builds/o86TiJKT/0/finestructure/swiftpackageindex-builder/spi-builder-workspace/.derivedData/Build/Intermediates.noindex/DataURI.build/Debug-iphoneos/DataURI.build/DerivedSources-normal/arm64 -Xcc -I/Users/builder/builds/o86TiJKT/0/finestructure/swiftpackageindex-builder/spi-builder-workspace/.derivedData/Build/Intermediates.noindex/DataURI.build/Debug-iphoneos/DataURI.build/DerivedSources/arm64 -Xcc -I/Users/builder/builds/o86TiJKT/0/finestructure/swiftpackageindex-builder/spi-builder-workspace/.derivedData/Build/Intermediates.noindex/DataURI.build/Debug-iphoneos/DataURI.build/DerivedSources -Xcc -DSWIFT_PACKAGE -Xcc -DDEBUG\=1 -module-name DataURI -frontend-parseable-output -disable-clang-spi -target-sdk-version 16.2 -o /Users/builder/builds/o86TiJKT/0/finestructure/swiftpackageindex-builder/spi-builder-workspace/.derivedData/Build/Intermediates.noindex/DataURI.build/Debug-iphoneos/DataURI.build/Objects-normal/arm64/Byte+Digits.o -index-unit-output-path /DataURI.build/Debug-iphoneos/DataURI.build/Objects-normal/arm64/Byte+Digits.o -index-store-path /Users/builder/builds/o86TiJKT/0/finestructure/swiftpackageindex-builder/spi-builder-workspace/.derivedData/Index.noindex/DataStore -index-system-modules
CompileSwift normal arm64 /Users/builder/builds/o86TiJKT/0/finestructure/swiftpackageindex-builder/spi-builder-workspace/Sources/DataURI/Helpers/Byte+Digits.swift (in target 'DataURI' from project 'DataURI')
    cd /Users/builder/builds/o86TiJKT/0/finestructure/swiftpackageindex-builder/spi-builder-workspace
    /Applications/Xcode-14.2.0.app/Contents/Developer/Toolchains/XcodeDefault.xctoolchain/usr/bin/swift-frontend -c /Users/builder/builds/o86TiJKT/0/finestructure/swiftpackageindex-builder/spi-builder-workspace/Sources/DataURI/DataURI+String.swift /Users/builder/builds/o86TiJKT/0/finestructure/swiftpackageindex-builder/spi-builder-workspace/Sources/DataURI/Helpers/Array+LosslessDataConvertible.swift /Users/builder/builds/o86TiJKT/0/finestructure/swiftpackageindex-builder/spi-builder-workspace/Sources/DataURI/Helpers/Byte+Alphabet.swift /Users/builder/builds/o86TiJKT/0/finestructure/swiftpackageindex-builder/spi-builder-workspace/Sources/DataURI/Helpers/Byte+Controllers.swift -primary-file /Users/builder/builds/o86TiJKT/0/finestructure/swiftpackageindex-builder/spi-builder-workspace/Sources/DataURI/Helpers/Byte+Digits.swift /Users/builder/builds/o86TiJKT/0/finestructure/swiftpackageindex-builder/spi-builder-workspace/Sources/DataURI/Helpers/Byte+asciiCode.swift /Users/builder/builds/o86TiJKT/0/finestructure/swiftpackageindex-builder/spi-builder-workspace/Sources/DataURI/Parser.swift /Users/builder/builds/o86TiJKT/0/finestructure/swiftpackageindex-builder/spi-builder-workspace/Sources/DataURI/Scanner.swift /Users/builder/builds/o86TiJKT/0/finestructure/swiftpackageindex-builder/spi-builder-workspace/Sources/DataURI/Sequence+makeString.swift -emit-dependencies-path /Users/builder/builds/o86TiJKT/0/finestructure/swiftpackageindex-builder/spi-builder-workspace/.derivedData/Build/Intermediates.noindex/DataURI.build/Debug-iphoneos/DataURI.build/Objects-normal/arm64/Byte+Digits.d -emit-reference-dependencies-path /Users/builder/builds/o86TiJKT/0/finestructure/swiftpackageindex-builder/spi-builder-workspace/.derivedData/Build/Intermediates.noindex/DataURI.build/Debug-iphoneos/DataURI.build/Objects-normal/arm64/Byte+Digits.swiftdeps -serialize-diagnostics-path /Users/builder/builds/o86TiJKT/0/finestructure/swiftpackageindex-builder/spi-builder-workspace/.derivedData/Build/Intermediates.noindex/DataURI.build/Debug-iphoneos/DataURI.build/Objects-normal/arm64/Byte+Digits.dia -target arm64-apple-ios11.0 -Xllvm -aarch64-use-tbi -enable-objc-interop -sdk /Applications/Xcode-14.2.0.app/Contents/Developer/Platforms/iPhoneOS.platform/Developer/SDKs/iPhoneOS16.2.sdk -I /Users/builder/builds/o86TiJKT/0/finestructure/swiftpackageindex-builder/spi-builder-workspace/.derivedData/Build/Products/Debug-iphoneos -I /Applications/Xcode-14.2.0.app/Contents/Developer/Platforms/iPhoneOS.platform/Developer/usr/lib -F /Users/builder/builds/o86TiJKT/0/finestructure/swiftpackageindex-builder/spi-builder-workspace/.derivedData/Build/Products/Debug-iphoneos -F /Applications/Xcode-14.2.0.app/Contents/Developer/Platforms/iPhoneOS.platform/Developer/Library/Frameworks -F /Applications/Xcode-14.2.0.app/Contents/Developer/Platforms/iPhoneOS.platform/Developer/SDKs/iPhoneOS16.2.sdk/Developer/Library/Frameworks -no-color-diagnostics -enable-testing -g -module-cache-path /Users/builder/builds/o86TiJKT/0/finestructure/swiftpackageindex-builder/spi-builder-workspace/.derivedData/ModuleCache.noindex -swift-version 4.2 -enforce-exclusivity\=checked -Onone -D SWIFT_PACKAGE -D DEBUG -D Xcode -serialize-debugging-options -empty-abi-descriptor -Xcc -working-directory -Xcc /Users/builder/builds/o86TiJKT/0/finestructure/swiftpackageindex-builder/spi-builder-workspace -resource-dir /Applications/Xcode-14.2.0.app/Contents/Developer/Toolchains/XcodeDefault.xctoolchain/usr/lib/swift -enable-anonymous-context-mangled-names -Xcc -I/Users/builder/builds/o86TiJKT/0/finestructure/swiftpackageindex-builder/spi-builder-workspace/.derivedData/Build/Intermediates.noindex/DataURI.build/Debug-iphoneos/DataURI.build/swift-overrides.hmap -Xcc -I/Users/builder/builds/o86TiJKT/0/finestructure/swiftpackageindex-builder/spi-builder-workspace/.derivedData/Build/Products/Debug-iphoneos/include -Xcc -I/Users/builder/builds/o86TiJKT/0/finestructure/swiftpackageindex-builder/spi-builder-workspace/.derivedData/Build/Intermediates.noindex/DataURI.build/Debug-iphoneos/DataURI.build/DerivedSources-normal/arm64 -Xcc -I/Users/builder/builds/o86TiJKT/0/finestructure/swiftpackageindex-builder/spi-builder-workspace/.derivedData/Build/Intermediates.noindex/DataURI.build/Debug-iphoneos/DataURI.build/DerivedSources/arm64 -Xcc -I/Users/builder/builds/o86TiJKT/0/finestructure/swiftpackageindex-builder/spi-builder-workspace/.derivedData/Build/Intermediates.noindex/DataURI.build/Debug-iphoneos/DataURI.build/DerivedSources -Xcc -DSWIFT_PACKAGE -Xcc -DDEBUG\=1 -module-name DataURI -frontend-parseable-output -disable-clang-spi -target-sdk-version 16.2 -o /Users/builder/builds/o86TiJKT/0/finestructure/swiftpackageindex-builder/spi-builder-workspace/.derivedData/Build/Intermediates.noindex/DataURI.build/Debug-iphoneos/DataURI.build/Objects-normal/arm64/Byte+Digits.o -index-unit-output-path /DataURI.build/Debug-iphoneos/DataURI.build/Objects-normal/arm64/Byte+Digits.o -index-store-path /Users/builder/builds/o86TiJKT/0/finestructure/swiftpackageindex-builder/spi-builder-workspace/.derivedData/Index.noindex/DataStore -index-system-modules
SwiftDriverJobDiscovery normal arm64 Emitting module for DataURI (in target 'DataURI' from project 'DataURI')
SwiftCompile normal arm64 Compiling\ DataURI+String.swift,\ Array+LosslessDataConvertible.swift /Users/builder/builds/o86TiJKT/0/finestructure/swiftpackageindex-builder/spi-builder-workspace/Sources/DataURI/DataURI+String.swift /Users/builder/builds/o86TiJKT/0/finestructure/swiftpackageindex-builder/spi-builder-workspace/Sources/DataURI/Helpers/Array+LosslessDataConvertible.swift (in target 'DataURI' from project 'DataURI')
    cd /Users/builder/builds/o86TiJKT/0/finestructure/swiftpackageindex-builder/spi-builder-workspace
    builtin-swiftTaskExecution -- /Applications/Xcode-14.2.0.app/Contents/Developer/Toolchains/XcodeDefault.xctoolchain/usr/bin/swift-frontend -frontend -c -primary-file /Users/builder/builds/o86TiJKT/0/finestructure/swiftpackageindex-builder/spi-builder-workspace/Sources/DataURI/DataURI+String.swift -primary-file /Users/builder/builds/o86TiJKT/0/finestructure/swiftpackageindex-builder/spi-builder-workspace/Sources/DataURI/Helpers/Array+LosslessDataConvertible.swift /Users/builder/builds/o86TiJKT/0/finestructure/swiftpackageindex-builder/spi-builder-workspace/Sources/DataURI/Helpers/Byte+Alphabet.swift /Users/builder/builds/o86TiJKT/0/finestructure/swiftpackageindex-builder/spi-builder-workspace/Sources/DataURI/Helpers/Byte+Controllers.swift /Users/builder/builds/o86TiJKT/0/finestructure/swiftpackageindex-builder/spi-builder-workspace/Sources/DataURI/Helpers/Byte+Digits.swift /Users/builder/builds/o86TiJKT/0/finestructure/swiftpackageindex-builder/spi-builder-workspace/Sources/DataURI/Helpers/Byte+asciiCode.swift /Users/builder/builds/o86TiJKT/0/finestructure/swiftpackageindex-builder/spi-builder-workspace/Sources/DataURI/Parser.swift /Users/builder/builds/o86TiJKT/0/finestructure/swiftpackageindex-builder/spi-builder-workspace/Sources/DataURI/Scanner.swift /Users/builder/builds/o86TiJKT/0/finestructure/swiftpackageindex-builder/spi-builder-workspace/Sources/DataURI/Sequence+makeString.swift -emit-dependencies-path /Users/builder/builds/o86TiJKT/0/finestructure/swiftpackageindex-builder/spi-builder-workspace/.derivedData/Build/Intermediates.noindex/DataURI.build/Debug-iphoneos/DataURI.build/Objects-normal/arm64/DataURI+String.d -emit-reference-dependencies-path /Users/builder/builds/o86TiJKT/0/finestructure/swiftpackageindex-builder/spi-builder-workspace/.derivedData/Build/Intermediates.noindex/DataURI.build/Debug-iphoneos/DataURI.build/Objects-normal/arm64/DataURI+String.swiftdeps -serialize-diagnostics-path /Users/builder/builds/o86TiJKT/0/finestructure/swiftpackageindex-builder/spi-builder-workspace/.derivedData/Build/Intermediates.noindex/DataURI.build/Debug-iphoneos/DataURI.build/Objects-normal/arm64/DataURI+String.dia -emit-dependencies-path /Users/builder/builds/o86TiJKT/0/finestructure/swiftpackageindex-builder/spi-builder-workspace/.derivedData/Build/Intermediates.noindex/DataURI.build/Debug-iphoneos/DataURI.build/Objects-normal/arm64/Array+LosslessDataConvertible.d -emit-reference-dependencies-path /Users/builder/builds/o86TiJKT/0/finestructure/swiftpackageindex-builder/spi-builder-workspace/.derivedData/Build/Intermediates.noindex/DataURI.build/Debug-iphoneos/DataURI.build/Objects-normal/arm64/Array+LosslessDataConvertible.swiftdeps -serialize-diagnostics-path /Users/builder/builds/o86TiJKT/0/finestructure/swiftpackageindex-builder/spi-builder-workspace/.derivedData/Build/Intermediates.noindex/DataURI.build/Debug-iphoneos/DataURI.build/Objects-normal/arm64/Array+LosslessDataConvertible.dia -target arm64-apple-ios11.0 -Xllvm -aarch64-use-tbi -enable-objc-interop -sdk /Applications/Xcode-14.2.0.app/Contents/Developer/Platforms/iPhoneOS.platform/Developer/SDKs/iPhoneOS16.2.sdk -I /Users/builder/builds/o86TiJKT/0/finestructure/swiftpackageindex-builder/spi-builder-workspace/.derivedData/Build/Products/Debug-iphoneos -I /Applications/Xcode-14.2.0.app/Contents/Developer/Platforms/iPhoneOS.platform/Developer/usr/lib -F /Users/builder/builds/o86TiJKT/0/finestructure/swiftpackageindex-builder/spi-builder-workspace/.derivedData/Build/Products/Debug-iphoneos -F /Applications/Xcode-14.2.0.app/Contents/Developer/Platforms/iPhoneOS.platform/Developer/Library/Frameworks -F /Applications/Xcode-14.2.0.app/Contents/Developer/Platforms/iPhoneOS.platform/Developer/SDKs/iPhoneOS16.2.sdk/Developer/Library/Frameworks -no-color-diagnostics -enable-testing -g -module-cache-path /Users/builder/builds/o86TiJKT/0/finestructure/swiftpackageindex-builder/spi-builder-workspace/.derivedData/ModuleCache.noindex -swift-version 4.2 -enforce-exclusivity\=checked -Onone -D SWIFT_PACKAGE -D DEBUG -D Xcode -serialize-debugging-options -empty-abi-descriptor -Xcc -working-directory -Xcc /Users/builder/builds/o86TiJKT/0/finestructure/swiftpackageindex-builder/spi-builder-workspace -resource-dir /Applications/Xcode-14.2.0.app/Contents/Developer/Toolchains/XcodeDefault.xctoolchain/usr/lib/swift -enable-anonymous-context-mangled-names -Xcc -I/Users/builder/builds/o86TiJKT/0/finestructure/swiftpackageindex-builder/spi-builder-workspace/.derivedData/Build/Intermediates.noindex/DataURI.build/Debug-iphoneos/DataURI.build/swift-overrides.hmap -Xcc -I/Users/builder/builds/o86TiJKT/0/finestructure/swiftpackageindex-builder/spi-builder-workspace/.derivedData/Build/Products/Debug-iphoneos/include -Xcc -I/Users/builder/builds/o86TiJKT/0/finestructure/swiftpackageindex-builder/spi-builder-workspace/.derivedData/Build/Intermediates.noindex/DataURI.build/Debug-iphoneos/DataURI.build/DerivedSources-normal/arm64 -Xcc -I/Users/builder/builds/o86TiJKT/0/finestructure/swiftpackageindex-builder/spi-builder-workspace/.derivedData/Build/Intermediates.noindex/DataURI.build/Debug-iphoneos/DataURI.build/DerivedSources/arm64 -Xcc -I/Users/builder/builds/o86TiJKT/0/finestructure/swiftpackageindex-builder/spi-builder-workspace/.derivedData/Build/Intermediates.noindex/DataURI.build/Debug-iphoneos/DataURI.build/DerivedSources -Xcc -DSWIFT_PACKAGE -Xcc -DDEBUG\=1 -module-name DataURI -frontend-parseable-output -disable-clang-spi -target-sdk-version 16.2 -o /Users/builder/builds/o86TiJKT/0/finestructure/swiftpackageindex-builder/spi-builder-workspace/.derivedData/Build/Intermediates.noindex/DataURI.build/Debug-iphoneos/DataURI.build/Objects-normal/arm64/DataURI+String.o -o /Users/builder/builds/o86TiJKT/0/finestructure/swiftpackageindex-builder/spi-builder-workspace/.derivedData/Build/Intermediates.noindex/DataURI.build/Debug-iphoneos/DataURI.build/Objects-normal/arm64/Array+LosslessDataConvertible.o -index-unit-output-path /DataURI.build/Debug-iphoneos/DataURI.build/Objects-normal/arm64/DataURI+String.o -index-unit-output-path /DataURI.build/Debug-iphoneos/DataURI.build/Objects-normal/arm64/Array+LosslessDataConvertible.o -index-store-path /Users/builder/builds/o86TiJKT/0/finestructure/swiftpackageindex-builder/spi-builder-workspace/.derivedData/Index.noindex/DataStore -index-system-modules
CompileSwift normal arm64 /Users/builder/builds/o86TiJKT/0/finestructure/swiftpackageindex-builder/spi-builder-workspace/Sources/DataURI/DataURI+String.swift (in target 'DataURI' from project 'DataURI')
    cd /Users/builder/builds/o86TiJKT/0/finestructure/swiftpackageindex-builder/spi-builder-workspace
    /Applications/Xcode-14.2.0.app/Contents/Developer/Toolchains/XcodeDefault.xctoolchain/usr/bin/swift-frontend -c -primary-file /Users/builder/builds/o86TiJKT/0/finestructure/swiftpackageindex-builder/spi-builder-workspace/Sources/DataURI/DataURI+String.swift -primary-file /Users/builder/builds/o86TiJKT/0/finestructure/swiftpackageindex-builder/spi-builder-workspace/Sources/DataURI/Helpers/Array+LosslessDataConvertible.swift /Users/builder/builds/o86TiJKT/0/finestructure/swiftpackageindex-builder/spi-builder-workspace/Sources/DataURI/Helpers/Byte+Alphabet.swift /Users/builder/builds/o86TiJKT/0/finestructure/swiftpackageindex-builder/spi-builder-workspace/Sources/DataURI/Helpers/Byte+Controllers.swift /Users/builder/builds/o86TiJKT/0/finestructure/swiftpackageindex-builder/spi-builder-workspace/Sources/DataURI/Helpers/Byte+Digits.swift /Users/builder/builds/o86TiJKT/0/finestructure/swiftpackageindex-builder/spi-builder-workspace/Sources/DataURI/Helpers/Byte+asciiCode.swift /Users/builder/builds/o86TiJKT/0/finestructure/swiftpackageindex-builder/spi-builder-workspace/Sources/DataURI/Parser.swift /Users/builder/builds/o86TiJKT/0/finestructure/swiftpackageindex-builder/spi-builder-workspace/Sources/DataURI/Scanner.swift /Users/builder/builds/o86TiJKT/0/finestructure/swiftpackageindex-builder/spi-builder-workspace/Sources/DataURI/Sequence+makeString.swift -emit-dependencies-path /Users/builder/builds/o86TiJKT/0/finestructure/swiftpackageindex-builder/spi-builder-workspace/.derivedData/Build/Intermediates.noindex/DataURI.build/Debug-iphoneos/DataURI.build/Objects-normal/arm64/DataURI+String.d -emit-reference-dependencies-path /Users/builder/builds/o86TiJKT/0/finestructure/swiftpackageindex-builder/spi-builder-workspace/.derivedData/Build/Intermediates.noindex/DataURI.build/Debug-iphoneos/DataURI.build/Objects-normal/arm64/DataURI+String.swiftdeps -serialize-diagnostics-path /Users/builder/builds/o86TiJKT/0/finestructure/swiftpackageindex-builder/spi-builder-workspace/.derivedData/Build/Intermediates.noindex/DataURI.build/Debug-iphoneos/DataURI.build/Objects-normal/arm64/DataURI+String.dia -emit-dependencies-path /Users/builder/builds/o86TiJKT/0/finestructure/swiftpackageindex-builder/spi-builder-workspace/.derivedData/Build/Intermediates.noindex/DataURI.build/Debug-iphoneos/DataURI.build/Objects-normal/arm64/Array+LosslessDataConvertible.d -emit-reference-dependencies-path /Users/builder/builds/o86TiJKT/0/finestructure/swiftpackageindex-builder/spi-builder-workspace/.derivedData/Build/Intermediates.noindex/DataURI.build/Debug-iphoneos/DataURI.build/Objects-normal/arm64/Array+LosslessDataConvertible.swiftdeps -serialize-diagnostics-path /Users/builder/builds/o86TiJKT/0/finestructure/swiftpackageindex-builder/spi-builder-workspace/.derivedData/Build/Intermediates.noindex/DataURI.build/Debug-iphoneos/DataURI.build/Objects-normal/arm64/Array+LosslessDataConvertible.dia -target arm64-apple-ios11.0 -Xllvm -aarch64-use-tbi -enable-objc-interop -sdk /Applications/Xcode-14.2.0.app/Contents/Developer/Platforms/iPhoneOS.platform/Developer/SDKs/iPhoneOS16.2.sdk -I /Users/builder/builds/o86TiJKT/0/finestructure/swiftpackageindex-builder/spi-builder-workspace/.derivedData/Build/Products/Debug-iphoneos -I /Applications/Xcode-14.2.0.app/Contents/Developer/Platforms/iPhoneOS.platform/Developer/usr/lib -F /Users/builder/builds/o86TiJKT/0/finestructure/swiftpackageindex-builder/spi-builder-workspace/.derivedData/Build/Products/Debug-iphoneos -F /Applications/Xcode-14.2.0.app/Contents/Developer/Platforms/iPhoneOS.platform/Developer/Library/Frameworks -F /Applications/Xcode-14.2.0.app/Contents/Developer/Platforms/iPhoneOS.platform/Developer/SDKs/iPhoneOS16.2.sdk/Developer/Library/Frameworks -no-color-diagnostics -enable-testing -g -module-cache-path /Users/builder/builds/o86TiJKT/0/finestructure/swiftpackageindex-builder/spi-builder-workspace/.derivedData/ModuleCache.noindex -swift-version 4.2 -enforce-exclusivity\=checked -Onone -D SWIFT_PACKAGE -D DEBUG -D Xcode -serialize-debugging-options -empty-abi-descriptor -Xcc -working-directory -Xcc /Users/builder/builds/o86TiJKT/0/finestructure/swiftpackageindex-builder/spi-builder-workspace -resource-dir /Applications/Xcode-14.2.0.app/Contents/Developer/Toolchains/XcodeDefault.xctoolchain/usr/lib/swift -enable-anonymous-context-mangled-names -Xcc -I/Users/builder/builds/o86TiJKT/0/finestructure/swiftpackageindex-builder/spi-builder-workspace/.derivedData/Build/Intermediates.noindex/DataURI.build/Debug-iphoneos/DataURI.build/swift-overrides.hmap -Xcc -I/Users/builder/builds/o86TiJKT/0/finestructure/swiftpackageindex-builder/spi-builder-workspace/.derivedData/Build/Products/Debug-iphoneos/include -Xcc -I/Users/builder/builds/o86TiJKT/0/finestructure/swiftpackageindex-builder/spi-builder-workspace/.derivedData/Build/Intermediates.noindex/DataURI.build/Debug-iphoneos/DataURI.build/DerivedSources-normal/arm64 -Xcc -I/Users/builder/builds/o86TiJKT/0/finestructure/swiftpackageindex-builder/spi-builder-workspace/.derivedData/Build/Intermediates.noindex/DataURI.build/Debug-iphoneos/DataURI.build/DerivedSources/arm64 -Xcc -I/Users/builder/builds/o86TiJKT/0/finestructure/swiftpackageindex-builder/spi-builder-workspace/.derivedData/Build/Intermediates.noindex/DataURI.build/Debug-iphoneos/DataURI.build/DerivedSources -Xcc -DSWIFT_PACKAGE -Xcc -DDEBUG\=1 -module-name DataURI -frontend-parseable-output -disable-clang-spi -target-sdk-version 16.2 -o /Users/builder/builds/o86TiJKT/0/finestructure/swiftpackageindex-builder/spi-builder-workspace/.derivedData/Build/Intermediates.noindex/DataURI.build/Debug-iphoneos/DataURI.build/Objects-normal/arm64/DataURI+String.o -o /Users/builder/builds/o86TiJKT/0/finestructure/swiftpackageindex-builder/spi-builder-workspace/.derivedData/Build/Intermediates.noindex/DataURI.build/Debug-iphoneos/DataURI.build/Objects-normal/arm64/Array+LosslessDataConvertible.o -index-unit-output-path /DataURI.build/Debug-iphoneos/DataURI.build/Objects-normal/arm64/DataURI+String.o -index-unit-output-path /DataURI.build/Debug-iphoneos/DataURI.build/Objects-normal/arm64/Array+LosslessDataConvertible.o -index-store-path /Users/builder/builds/o86TiJKT/0/finestructure/swiftpackageindex-builder/spi-builder-workspace/.derivedData/Index.noindex/DataStore -index-system-modules
CompileSwift normal arm64 /Users/builder/builds/o86TiJKT/0/finestructure/swiftpackageindex-builder/spi-builder-workspace/Sources/DataURI/Helpers/Array+LosslessDataConvertible.swift (in target 'DataURI' from project 'DataURI')
    cd /Users/builder/builds/o86TiJKT/0/finestructure/swiftpackageindex-builder/spi-builder-workspace
    /Applications/Xcode-14.2.0.app/Contents/Developer/Toolchains/XcodeDefault.xctoolchain/usr/bin/swift-frontend -c -primary-file /Users/builder/builds/o86TiJKT/0/finestructure/swiftpackageindex-builder/spi-builder-workspace/Sources/DataURI/DataURI+String.swift -primary-file /Users/builder/builds/o86TiJKT/0/finestructure/swiftpackageindex-builder/spi-builder-workspace/Sources/DataURI/Helpers/Array+LosslessDataConvertible.swift /Users/builder/builds/o86TiJKT/0/finestructure/swiftpackageindex-builder/spi-builder-workspace/Sources/DataURI/Helpers/Byte+Alphabet.swift /Users/builder/builds/o86TiJKT/0/finestructure/swiftpackageindex-builder/spi-builder-workspace/Sources/DataURI/Helpers/Byte+Controllers.swift /Users/builder/builds/o86TiJKT/0/finestructure/swiftpackageindex-builder/spi-builder-workspace/Sources/DataURI/Helpers/Byte+Digits.swift /Users/builder/builds/o86TiJKT/0/finestructure/swiftpackageindex-builder/spi-builder-workspace/Sources/DataURI/Helpers/Byte+asciiCode.swift /Users/builder/builds/o86TiJKT/0/finestructure/swiftpackageindex-builder/spi-builder-workspace/Sources/DataURI/Parser.swift /Users/builder/builds/o86TiJKT/0/finestructure/swiftpackageindex-builder/spi-builder-workspace/Sources/DataURI/Scanner.swift /Users/builder/builds/o86TiJKT/0/finestructure/swiftpackageindex-builder/spi-builder-workspace/Sources/DataURI/Sequence+makeString.swift -emit-dependencies-path /Users/builder/builds/o86TiJKT/0/finestructure/swiftpackageindex-builder/spi-builder-workspace/.derivedData/Build/Intermediates.noindex/DataURI.build/Debug-iphoneos/DataURI.build/Objects-normal/arm64/DataURI+String.d -emit-reference-dependencies-path /Users/builder/builds/o86TiJKT/0/finestructure/swiftpackageindex-builder/spi-builder-workspace/.derivedData/Build/Intermediates.noindex/DataURI.build/Debug-iphoneos/DataURI.build/Objects-normal/arm64/DataURI+String.swiftdeps -serialize-diagnostics-path /Users/builder/builds/o86TiJKT/0/finestructure/swiftpackageindex-builder/spi-builder-workspace/.derivedData/Build/Intermediates.noindex/DataURI.build/Debug-iphoneos/DataURI.build/Objects-normal/arm64/DataURI+String.dia -emit-dependencies-path /Users/builder/builds/o86TiJKT/0/finestructure/swiftpackageindex-builder/spi-builder-workspace/.derivedData/Build/Intermediates.noindex/DataURI.build/Debug-iphoneos/DataURI.build/Objects-normal/arm64/Array+LosslessDataConvertible.d -emit-reference-dependencies-path /Users/builder/builds/o86TiJKT/0/finestructure/swiftpackageindex-builder/spi-builder-workspace/.derivedData/Build/Intermediates.noindex/DataURI.build/Debug-iphoneos/DataURI.build/Objects-normal/arm64/Array+LosslessDataConvertible.swiftdeps -serialize-diagnostics-path /Users/builder/builds/o86TiJKT/0/finestructure/swiftpackageindex-builder/spi-builder-workspace/.derivedData/Build/Intermediates.noindex/DataURI.build/Debug-iphoneos/DataURI.build/Objects-normal/arm64/Array+LosslessDataConvertible.dia -target arm64-apple-ios11.0 -Xllvm -aarch64-use-tbi -enable-objc-interop -sdk /Applications/Xcode-14.2.0.app/Contents/Developer/Platforms/iPhoneOS.platform/Developer/SDKs/iPhoneOS16.2.sdk -I /Users/builder/builds/o86TiJKT/0/finestructure/swiftpackageindex-builder/spi-builder-workspace/.derivedData/Build/Products/Debug-iphoneos -I /Applications/Xcode-14.2.0.app/Contents/Developer/Platforms/iPhoneOS.platform/Developer/usr/lib -F /Users/builder/builds/o86TiJKT/0/finestructure/swiftpackageindex-builder/spi-builder-workspace/.derivedData/Build/Products/Debug-iphoneos -F /Applications/Xcode-14.2.0.app/Contents/Developer/Platforms/iPhoneOS.platform/Developer/Library/Frameworks -F /Applications/Xcode-14.2.0.app/Contents/Developer/Platforms/iPhoneOS.platform/Developer/SDKs/iPhoneOS16.2.sdk/Developer/Library/Frameworks -no-color-diagnostics -enable-testing -g -module-cache-path /Users/builder/builds/o86TiJKT/0/finestructure/swiftpackageindex-builder/spi-builder-workspace/.derivedData/ModuleCache.noindex -swift-version 4.2 -enforce-exclusivity\=checked -Onone -D SWIFT_PACKAGE -D DEBUG -D Xcode -serialize-debugging-options -empty-abi-descriptor -Xcc -working-directory -Xcc /Users/builder/builds/o86TiJKT/0/finestructure/swiftpackageindex-builder/spi-builder-workspace -resource-dir /Applications/Xcode-14.2.0.app/Contents/Developer/Toolchains/XcodeDefault.xctoolchain/usr/lib/swift -enable-anonymous-context-mangled-names -Xcc -I/Users/builder/builds/o86TiJKT/0/finestructure/swiftpackageindex-builder/spi-builder-workspace/.derivedData/Build/Intermediates.noindex/DataURI.build/Debug-iphoneos/DataURI.build/swift-overrides.hmap -Xcc -I/Users/builder/builds/o86TiJKT/0/finestructure/swiftpackageindex-builder/spi-builder-workspace/.derivedData/Build/Products/Debug-iphoneos/include -Xcc -I/Users/builder/builds/o86TiJKT/0/finestructure/swiftpackageindex-builder/spi-builder-workspace/.derivedData/Build/Intermediates.noindex/DataURI.build/Debug-iphoneos/DataURI.build/DerivedSources-normal/arm64 -Xcc -I/Users/builder/builds/o86TiJKT/0/finestructure/swiftpackageindex-builder/spi-builder-workspace/.derivedData/Build/Intermediates.noindex/DataURI.build/Debug-iphoneos/DataURI.build/DerivedSources/arm64 -Xcc -I/Users/builder/builds/o86TiJKT/0/finestructure/swiftpackageindex-builder/spi-builder-workspace/.derivedData/Build/Intermediates.noindex/DataURI.build/Debug-iphoneos/DataURI.build/DerivedSources -Xcc -DSWIFT_PACKAGE -Xcc -DDEBUG\=1 -module-name DataURI -frontend-parseable-output -disable-clang-spi -target-sdk-version 16.2 -o /Users/builder/builds/o86TiJKT/0/finestructure/swiftpackageindex-builder/spi-builder-workspace/.derivedData/Build/Intermediates.noindex/DataURI.build/Debug-iphoneos/DataURI.build/Objects-normal/arm64/DataURI+String.o -o /Users/builder/builds/o86TiJKT/0/finestructure/swiftpackageindex-builder/spi-builder-workspace/.derivedData/Build/Intermediates.noindex/DataURI.build/Debug-iphoneos/DataURI.build/Objects-normal/arm64/Array+LosslessDataConvertible.o -index-unit-output-path /DataURI.build/Debug-iphoneos/DataURI.build/Objects-normal/arm64/DataURI+String.o -index-unit-output-path /DataURI.build/Debug-iphoneos/DataURI.build/Objects-normal/arm64/Array+LosslessDataConvertible.o -index-store-path /Users/builder/builds/o86TiJKT/0/finestructure/swiftpackageindex-builder/spi-builder-workspace/.derivedData/Index.noindex/DataStore -index-system-modules
SwiftDriver\ Compilation\ Requirements DataURI normal arm64 com.apple.xcode.tools.swift.compiler (in target 'DataURI' from project 'DataURI')
    cd /Users/builder/builds/o86TiJKT/0/finestructure/swiftpackageindex-builder/spi-builder-workspace
    builtin-Swift-Compilation-Requirements -- /Applications/Xcode-14.2.0.app/Contents/Developer/Toolchains/XcodeDefault.xctoolchain/usr/bin/swiftc -module-name DataURI -Onone -enforce-exclusivity\=checked @/Users/builder/builds/o86TiJKT/0/finestructure/swiftpackageindex-builder/spi-builder-workspace/.derivedData/Build/Intermediates.noindex/DataURI.build/Debug-iphoneos/DataURI.build/Objects-normal/arm64/DataURI.SwiftFileList -DSWIFT_PACKAGE -DDEBUG -DXcode -sdk /Applications/Xcode-14.2.0.app/Contents/Developer/Platforms/iPhoneOS.platform/Developer/SDKs/iPhoneOS16.2.sdk -target arm64-apple-ios11.0 -g -module-cache-path /Users/builder/builds/o86TiJKT/0/finestructure/swiftpackageindex-builder/spi-builder-workspace/.derivedData/ModuleCache.noindex -Xfrontend -serialize-debugging-options -enable-testing -index-store-path /Users/builder/builds/o86TiJKT/0/finestructure/swiftpackageindex-builder/spi-builder-workspace/.derivedData/Index.noindex/DataStore -swift-version 4.2 -I /Users/builder/builds/o86TiJKT/0/finestructure/swiftpackageindex-builder/spi-builder-workspace/.derivedData/Build/Products/Debug-iphoneos -I /Applications/Xcode-14.2.0.app/Contents/Developer/Platforms/iPhoneOS.platform/Developer/usr/lib -F /Users/builder/builds/o86TiJKT/0/finestructure/swiftpackageindex-builder/spi-builder-workspace/.derivedData/Build/Products/Debug-iphoneos -F /Applications/Xcode-14.2.0.app/Contents/Developer/Platforms/iPhoneOS.platform/Developer/Library/Frameworks -F /Applications/Xcode-14.2.0.app/Contents/Developer/Platforms/iPhoneOS.platform/Developer/SDKs/iPhoneOS16.2.sdk/Developer/Library/Frameworks -c -j8 -enable-batch-mode -incremental -output-file-map /Users/builder/builds/o86TiJKT/0/finestructure/swiftpackageindex-builder/spi-builder-workspace/.derivedData/Build/Intermediates.noindex/DataURI.build/Debug-iphoneos/DataURI.build/Objects-normal/arm64/DataURI-OutputFileMap.json -use-frontend-parseable-output -save-temps -no-color-diagnostics -serialize-diagnostics -emit-dependencies -emit-module -emit-module-path /Users/builder/builds/o86TiJKT/0/finestructure/swiftpackageindex-builder/spi-builder-workspace/.derivedData/Build/Intermediates.noindex/DataURI.build/Debug-iphoneos/DataURI.build/Objects-normal/arm64/DataURI.swiftmodule -Xcc -I/Users/builder/builds/o86TiJKT/0/finestructure/swiftpackageindex-builder/spi-builder-workspace/.derivedData/Build/Intermediates.noindex/DataURI.build/Debug-iphoneos/DataURI.build/swift-overrides.hmap -Xcc -I/Users/builder/builds/o86TiJKT/0/finestructure/swiftpackageindex-builder/spi-builder-workspace/.derivedData/Build/Products/Debug-iphoneos/include -Xcc -I/Users/builder/builds/o86TiJKT/0/finestructure/swiftpackageindex-builder/spi-builder-workspace/.derivedData/Build/Intermediates.noindex/DataURI.build/Debug-iphoneos/DataURI.build/DerivedSources-normal/arm64 -Xcc -I/Users/builder/builds/o86TiJKT/0/finestructure/swiftpackageindex-builder/spi-builder-workspace/.derivedData/Build/Intermediates.noindex/DataURI.build/Debug-iphoneos/DataURI.build/DerivedSources/arm64 -Xcc -I/Users/builder/builds/o86TiJKT/0/finestructure/swiftpackageindex-builder/spi-builder-workspace/.derivedData/Build/Intermediates.noindex/DataURI.build/Debug-iphoneos/DataURI.build/DerivedSources -Xcc -DSWIFT_PACKAGE -Xcc -DDEBUG\=1 -emit-objc-header -emit-objc-header-path /Users/builder/builds/o86TiJKT/0/finestructure/swiftpackageindex-builder/spi-builder-workspace/.derivedData/Build/Intermediates.noindex/DataURI.build/Debug-iphoneos/DataURI.build/Objects-normal/arm64/DataURI-Swift.h -working-directory /Users/builder/builds/o86TiJKT/0/finestructure/swiftpackageindex-builder/spi-builder-workspace -experimental-emit-module-separately
SwiftDriverJobDiscovery normal arm64 Compiling Byte+Alphabet.swift (in target 'DataURI' from project 'DataURI')
SwiftDriverJobDiscovery normal arm64 Compiling Sequence+makeString.swift (in target 'DataURI' from project 'DataURI')
SwiftMergeGeneratedHeaders /Users/builder/builds/o86TiJKT/0/finestructure/swiftpackageindex-builder/spi-builder-workspace/.derivedData/Build/Intermediates.noindex/GeneratedModuleMaps-iphoneos/DataURI-Swift.h /Users/builder/builds/o86TiJKT/0/finestructure/swiftpackageindex-builder/spi-builder-workspace/.derivedData/Build/Intermediates.noindex/DataURI.build/Debug-iphoneos/DataURI.build/Objects-normal/arm64/DataURI-Swift.h (in target 'DataURI' from project 'DataURI')
    cd /Users/builder/builds/o86TiJKT/0/finestructure/swiftpackageindex-builder/spi-builder-workspace
    builtin-swiftHeaderTool -arch arm64 /Users/builder/builds/o86TiJKT/0/finestructure/swiftpackageindex-builder/spi-builder-workspace/.derivedData/Build/Intermediates.noindex/DataURI.build/Debug-iphoneos/DataURI.build/Objects-normal/arm64/DataURI-Swift.h -o /Users/builder/builds/o86TiJKT/0/finestructure/swiftpackageindex-builder/spi-builder-workspace/.derivedData/Build/Intermediates.noindex/GeneratedModuleMaps-iphoneos/DataURI-Swift.h
Copy /Users/builder/builds/o86TiJKT/0/finestructure/swiftpackageindex-builder/spi-builder-workspace/.derivedData/Build/Products/Debug-iphoneos/DataURI.swiftmodule/arm64-apple-ios.swiftmodule /Users/builder/builds/o86TiJKT/0/finestructure/swiftpackageindex-builder/spi-builder-workspace/.derivedData/Build/Intermediates.noindex/DataURI.build/Debug-iphoneos/DataURI.build/Objects-normal/arm64/DataURI.swiftmodule (in target 'DataURI' from project 'DataURI')
    cd /Users/builder/builds/o86TiJKT/0/finestructure/swiftpackageindex-builder/spi-builder-workspace
    builtin-copy -exclude .DS_Store -exclude CVS -exclude .svn -exclude .git -exclude .hg -resolve-src-symlinks -rename /Users/builder/builds/o86TiJKT/0/finestructure/swiftpackageindex-builder/spi-builder-workspace/.derivedData/Build/Intermediates.noindex/DataURI.build/Debug-iphoneos/DataURI.build/Objects-normal/arm64/DataURI.swiftmodule /Users/builder/builds/o86TiJKT/0/finestructure/swiftpackageindex-builder/spi-builder-workspace/.derivedData/Build/Products/Debug-iphoneos/DataURI.swiftmodule/arm64-apple-ios.swiftmodule
Copy /Users/builder/builds/o86TiJKT/0/finestructure/swiftpackageindex-builder/spi-builder-workspace/.derivedData/Build/Products/Debug-iphoneos/DataURI.swiftmodule/arm64-apple-ios.swiftdoc /Users/builder/builds/o86TiJKT/0/finestructure/swiftpackageindex-builder/spi-builder-workspace/.derivedData/Build/Intermediates.noindex/DataURI.build/Debug-iphoneos/DataURI.build/Objects-normal/arm64/DataURI.swiftdoc (in target 'DataURI' from project 'DataURI')
    cd /Users/builder/builds/o86TiJKT/0/finestructure/swiftpackageindex-builder/spi-builder-workspace
    builtin-copy -exclude .DS_Store -exclude CVS -exclude .svn -exclude .git -exclude .hg -resolve-src-symlinks -rename /Users/builder/builds/o86TiJKT/0/finestructure/swiftpackageindex-builder/spi-builder-workspace/.derivedData/Build/Intermediates.noindex/DataURI.build/Debug-iphoneos/DataURI.build/Objects-normal/arm64/DataURI.swiftdoc /Users/builder/builds/o86TiJKT/0/finestructure/swiftpackageindex-builder/spi-builder-workspace/.derivedData/Build/Products/Debug-iphoneos/DataURI.swiftmodule/arm64-apple-ios.swiftdoc
Copy /Users/builder/builds/o86TiJKT/0/finestructure/swiftpackageindex-builder/spi-builder-workspace/.derivedData/Build/Products/Debug-iphoneos/DataURI.swiftmodule/arm64-apple-ios.abi.json /Users/builder/builds/o86TiJKT/0/finestructure/swiftpackageindex-builder/spi-builder-workspace/.derivedData/Build/Intermediates.noindex/DataURI.build/Debug-iphoneos/DataURI.build/Objects-normal/arm64/DataURI.abi.json (in target 'DataURI' from project 'DataURI')
    cd /Users/builder/builds/o86TiJKT/0/finestructure/swiftpackageindex-builder/spi-builder-workspace
    builtin-copy -exclude .DS_Store -exclude CVS -exclude .svn -exclude .git -exclude .hg -resolve-src-symlinks -rename /Users/builder/builds/o86TiJKT/0/finestructure/swiftpackageindex-builder/spi-builder-workspace/.derivedData/Build/Intermediates.noindex/DataURI.build/Debug-iphoneos/DataURI.build/Objects-normal/arm64/DataURI.abi.json /Users/builder/builds/o86TiJKT/0/finestructure/swiftpackageindex-builder/spi-builder-workspace/.derivedData/Build/Products/Debug-iphoneos/DataURI.swiftmodule/arm64-apple-ios.abi.json
Copy /Users/builder/builds/o86TiJKT/0/finestructure/swiftpackageindex-builder/spi-builder-workspace/.derivedData/Build/Products/Debug-iphoneos/DataURI.swiftmodule/Project/arm64-apple-ios.swiftsourceinfo /Users/builder/builds/o86TiJKT/0/finestructure/swiftpackageindex-builder/spi-builder-workspace/.derivedData/Build/Intermediates.noindex/DataURI.build/Debug-iphoneos/DataURI.build/Objects-normal/arm64/DataURI.swiftsourceinfo (in target 'DataURI' from project 'DataURI')
    cd /Users/builder/builds/o86TiJKT/0/finestructure/swiftpackageindex-builder/spi-builder-workspace
    builtin-copy -exclude .DS_Store -exclude CVS -exclude .svn -exclude .git -exclude .hg -resolve-src-symlinks -rename /Users/builder/builds/o86TiJKT/0/finestructure/swiftpackageindex-builder/spi-builder-workspace/.derivedData/Build/Intermediates.noindex/DataURI.build/Debug-iphoneos/DataURI.build/Objects-normal/arm64/DataURI.swiftsourceinfo /Users/builder/builds/o86TiJKT/0/finestructure/swiftpackageindex-builder/spi-builder-workspace/.derivedData/Build/Products/Debug-iphoneos/DataURI.swiftmodule/Project/arm64-apple-ios.swiftsourceinfo
WriteAuxiliaryFile /Users/builder/builds/o86TiJKT/0/finestructure/swiftpackageindex-builder/spi-builder-workspace/.derivedData/Build/Intermediates.noindex/DataURI.build/Debug-iphoneos/DataURITests.build/Objects-normal/arm64/DataURITests-OutputFileMap.json (in target 'DataURITests' from project 'DataURI')
    cd /Users/builder/builds/o86TiJKT/0/finestructure/swiftpackageindex-builder/spi-builder-workspace
    write-file /Users/builder/builds/o86TiJKT/0/finestructure/swiftpackageindex-builder/spi-builder-workspace/.derivedData/Build/Intermediates.noindex/DataURI.build/Debug-iphoneos/DataURITests.build/Objects-normal/arm64/DataURITests-OutputFileMap.json
WriteAuxiliaryFile /Users/builder/builds/o86TiJKT/0/finestructure/swiftpackageindex-builder/spi-builder-workspace/.derivedData/Build/Intermediates.noindex/DataURI.build/Debug-iphoneos/DataURITests.build/Objects-normal/arm64/DataURITests.SwiftFileList (in target 'DataURITests' from project 'DataURI')
    cd /Users/builder/builds/o86TiJKT/0/finestructure/swiftpackageindex-builder/spi-builder-workspace
    write-file /Users/builder/builds/o86TiJKT/0/finestructure/swiftpackageindex-builder/spi-builder-workspace/.derivedData/Build/Intermediates.noindex/DataURI.build/Debug-iphoneos/DataURITests.build/Objects-normal/arm64/DataURITests.SwiftFileList
SwiftDriver DataURITests normal arm64 com.apple.xcode.tools.swift.compiler (in target 'DataURITests' from project 'DataURI')
    cd /Users/builder/builds/o86TiJKT/0/finestructure/swiftpackageindex-builder/spi-builder-workspace
    builtin-SwiftDriver -- /Applications/Xcode-14.2.0.app/Contents/Developer/Toolchains/XcodeDefault.xctoolchain/usr/bin/swiftc -module-name DataURITests -Onone -enforce-exclusivity\=checked @/Users/builder/builds/o86TiJKT/0/finestructure/swiftpackageindex-builder/spi-builder-workspace/.derivedData/Build/Intermediates.noindex/DataURI.build/Debug-iphoneos/DataURITests.build/Objects-normal/arm64/DataURITests.SwiftFileList -DSWIFT_PACKAGE -DDEBUG -DXcode -sdk /Applications/Xcode-14.2.0.app/Contents/Developer/Platforms/iPhoneOS.platform/Developer/SDKs/iPhoneOS16.2.sdk -target arm64-apple-ios11.0 -g -module-cache-path /Users/builder/builds/o86TiJKT/0/finestructure/swiftpackageindex-builder/spi-builder-workspace/.derivedData/ModuleCache.noindex -Xfrontend -serialize-debugging-options -enable-testing -index-store-path /Users/builder/builds/o86TiJKT/0/finestructure/swiftpackageindex-builder/spi-builder-workspace/.derivedData/Index.noindex/DataStore -swift-version 4.2 -I /Users/builder/builds/o86TiJKT/0/finestructure/swiftpackageindex-builder/spi-builder-workspace/.derivedData/Build/Products/Debug-iphoneos -I /Applications/Xcode-14.2.0.app/Contents/Developer/Platforms/iPhoneOS.platform/Developer/usr/lib -F /Users/builder/builds/o86TiJKT/0/finestructure/swiftpackageindex-builder/spi-builder-workspace/.derivedData/Build/Products/Debug-iphoneos/PackageFrameworks -F /Users/builder/builds/o86TiJKT/0/finestructure/swiftpackageindex-builder/spi-builder-workspace/.derivedData/Build/Products/Debug-iphoneos -F /Applications/Xcode-14.2.0.app/Contents/Developer/Platforms/iPhoneOS.platform/Developer/Library/Frameworks -F /Applications/Xcode-14.2.0.app/Contents/Developer/Platforms/iPhoneOS.platform/Developer/SDKs/iPhoneOS16.2.sdk/Developer/Library/Frameworks -c -j8 -enable-batch-mode -incremental -output-file-map /Users/builder/builds/o86TiJKT/0/finestructure/swiftpackageindex-builder/spi-builder-workspace/.derivedData/Build/Intermediates.noindex/DataURI.build/Debug-iphoneos/DataURITests.build/Objects-normal/arm64/DataURITests-OutputFileMap.json -use-frontend-parseable-output -save-temps -no-color-diagnostics -serialize-diagnostics -emit-dependencies -emit-module -emit-module-path /Users/builder/builds/o86TiJKT/0/finestructure/swiftpackageindex-builder/spi-builder-workspace/.derivedData/Build/Intermediates.noindex/DataURI.build/Debug-iphoneos/DataURITests.build/Objects-normal/arm64/DataURITests.swiftmodule -Xcc -I/Users/builder/builds/o86TiJKT/0/finestructure/swiftpackageindex-builder/spi-builder-workspace/.derivedData/Build/Products/Debug-iphoneos/include -Xcc -I/Users/builder/builds/o86TiJKT/0/finestructure/swiftpackageindex-builder/spi-builder-workspace/.derivedData/Build/Intermediates.noindex/DataURI.build/Debug-iphoneos/DataURITests.build/DerivedSources-normal/arm64 -Xcc -I/Users/builder/builds/o86TiJKT/0/finestructure/swiftpackageindex-builder/spi-builder-workspace/.derivedData/Build/Intermediates.noindex/DataURI.build/Debug-iphoneos/DataURITests.build/DerivedSources/arm64 -Xcc -I/Users/builder/builds/o86TiJKT/0/finestructure/swiftpackageindex-builder/spi-builder-workspace/.derivedData/Build/Intermediates.noindex/DataURI.build/Debug-iphoneos/DataURITests.build/DerivedSources -Xcc -DSWIFT_PACKAGE -Xcc -DDEBUG\=1 -working-directory /Users/builder/builds/o86TiJKT/0/finestructure/swiftpackageindex-builder/spi-builder-workspace -Xfrontend -serialize-debugging-options -experimental-emit-module-separately
SwiftDriverJobDiscovery normal arm64 Compiling Byte+Controllers.swift (in target 'DataURI' from project 'DataURI')
SwiftEmitModule normal arm64 Emitting\ module\ for\ DataURITests (in target 'DataURITests' from project 'DataURI')
    cd /Users/builder/builds/o86TiJKT/0/finestructure/swiftpackageindex-builder/spi-builder-workspace
    builtin-swiftTaskExecution -- /Applications/Xcode-14.2.0.app/Contents/Developer/Toolchains/XcodeDefault.xctoolchain/usr/bin/swift-frontend -frontend -emit-module -experimental-skip-non-inlinable-function-bodies-without-types /Users/builder/builds/o86TiJKT/0/finestructure/swiftpackageindex-builder/spi-builder-workspace/Tests/DataURITests/DataURITests.swift /Users/builder/builds/o86TiJKT/0/finestructure/swiftpackageindex-builder/spi-builder-workspace/Tests/DataURITests/ParserTests.swift /Users/builder/builds/o86TiJKT/0/finestructure/swiftpackageindex-builder/spi-builder-workspace/Tests/DataURITests/Utilities/Expect.swift /Users/builder/builds/o86TiJKT/0/finestructure/swiftpackageindex-builder/spi-builder-workspace/Tests/DataURITests/XCTestManifests.swift -target arm64-apple-ios11.0 -Xllvm -aarch64-use-tbi -enable-objc-interop -sdk /Applications/Xcode-14.2.0.app/Contents/Developer/Platforms/iPhoneOS.platform/Developer/SDKs/iPhoneOS16.2.sdk -I /Users/builder/builds/o86TiJKT/0/finestructure/swiftpackageindex-builder/spi-builder-workspace/.derivedData/Build/Products/Debug-iphoneos -I /Applications/Xcode-14.2.0.app/Contents/Developer/Platforms/iPhoneOS.platform/Developer/usr/lib -F /Users/builder/builds/o86TiJKT/0/finestructure/swiftpackageindex-builder/spi-builder-workspace/.derivedData/Build/Products/Debug-iphoneos/PackageFrameworks -F /Users/builder/builds/o86TiJKT/0/finestructure/swiftpackageindex-builder/spi-builder-workspace/.derivedData/Build/Products/Debug-iphoneos -F /Applications/Xcode-14.2.0.app/Contents/Developer/Platforms/iPhoneOS.platform/Developer/Library/Frameworks -F /Applications/Xcode-14.2.0.app/Contents/Developer/Platforms/iPhoneOS.platform/Developer/SDKs/iPhoneOS16.2.sdk/Developer/Library/Frameworks -no-color-diagnostics -enable-testing -g -module-cache-path /Users/builder/builds/o86TiJKT/0/finestructure/swiftpackageindex-builder/spi-builder-workspace/.derivedData/ModuleCache.noindex -swift-version 4.2 -enforce-exclusivity\=checked -Onone -D SWIFT_PACKAGE -D DEBUG -D Xcode -serialize-debugging-options -serialize-debugging-options -empty-abi-descriptor -Xcc -working-directory -Xcc /Users/builder/builds/o86TiJKT/0/finestructure/swiftpackageindex-builder/spi-builder-workspace -resource-dir /Applications/Xcode-14.2.0.app/Contents/Developer/Toolchains/XcodeDefault.xctoolchain/usr/lib/swift -enable-anonymous-context-mangled-names -Xcc -I/Users/builder/builds/o86TiJKT/0/finestructure/swiftpackageindex-builder/spi-builder-workspace/.derivedData/Build/Products/Debug-iphoneos/include -Xcc -I/Users/builder/builds/o86TiJKT/0/finestructure/swiftpackageindex-builder/spi-builder-workspace/.derivedData/Build/Intermediates.noindex/DataURI.build/Debug-iphoneos/DataURITests.build/DerivedSources-normal/arm64 -Xcc -I/Users/builder/builds/o86TiJKT/0/finestructure/swiftpackageindex-builder/spi-builder-workspace/.derivedData/Build/Intermediates.noindex/DataURI.build/Debug-iphoneos/DataURITests.build/DerivedSources/arm64 -Xcc -I/Users/builder/builds/o86TiJKT/0/finestructure/swiftpackageindex-builder/spi-builder-workspace/.derivedData/Build/Intermediates.noindex/DataURI.build/Debug-iphoneos/DataURITests.build/DerivedSources -Xcc -DSWIFT_PACKAGE -Xcc -DDEBUG\=1 -module-name DataURITests -disable-clang-spi -target-sdk-version 16.2 -emit-module-doc-path /Users/builder/builds/o86TiJKT/0/finestructure/swiftpackageindex-builder/spi-builder-workspace/.derivedData/Build/Intermediates.noindex/DataURI.build/Debug-iphoneos/DataURITests.build/Objects-normal/arm64/DataURITests.swiftdoc -emit-module-source-info-path /Users/builder/builds/o86TiJKT/0/finestructure/swiftpackageindex-builder/spi-builder-workspace/.derivedData/Build/Intermediates.noindex/DataURI.build/Debug-iphoneos/DataURITests.build/Objects-normal/arm64/DataURITests.swiftsourceinfo -serialize-diagnostics-path /Users/builder/builds/o86TiJKT/0/finestructure/swiftpackageindex-builder/spi-builder-workspace/.derivedData/Build/Intermediates.noindex/DataURI.build/Debug-iphoneos/DataURITests.build/Objects-normal/arm64/DataURITests-master-emit-module.dia -emit-dependencies-path /Users/builder/builds/o86TiJKT/0/finestructure/swiftpackageindex-builder/spi-builder-workspace/.derivedData/Build/Intermediates.noindex/DataURI.build/Debug-iphoneos/DataURITests.build/Objects-normal/arm64/DataURITests-master-emit-module.d -o /Users/builder/builds/o86TiJKT/0/finestructure/swiftpackageindex-builder/spi-builder-workspace/.derivedData/Build/Intermediates.noindex/DataURI.build/Debug-iphoneos/DataURITests.build/Objects-normal/arm64/DataURITests.swiftmodule -emit-abi-descriptor-path /Users/builder/builds/o86TiJKT/0/finestructure/swiftpackageindex-builder/spi-builder-workspace/.derivedData/Build/Intermediates.noindex/DataURI.build/Debug-iphoneos/DataURITests.build/Objects-normal/arm64/DataURITests.abi.json
/Users/builder/builds/o86TiJKT/0/finestructure/swiftpackageindex-builder/spi-builder-workspace/Tests/DataURITests/XCTestManifests.swift:31:30: error: cannot find type 'XCTestCaseEntry' in scope
public func __allTests() -> [XCTestCaseEntry] {
                             ^~~~~~~~~~~~~~~
SwiftCompile normal arm64 Compiling\ DataURITests.swift /Users/builder/builds/o86TiJKT/0/finestructure/swiftpackageindex-builder/spi-builder-workspace/Tests/DataURITests/DataURITests.swift (in target 'DataURITests' from project 'DataURI')
    cd /Users/builder/builds/o86TiJKT/0/finestructure/swiftpackageindex-builder/spi-builder-workspace
    builtin-swiftTaskExecution -- /Applications/Xcode-14.2.0.app/Contents/Developer/Toolchains/XcodeDefault.xctoolchain/usr/bin/swift-frontend -frontend -c -primary-file /Users/builder/builds/o86TiJKT/0/finestructure/swiftpackageindex-builder/spi-builder-workspace/Tests/DataURITests/DataURITests.swift /Users/builder/builds/o86TiJKT/0/finestructure/swiftpackageindex-builder/spi-builder-workspace/Tests/DataURITests/ParserTests.swift /Users/builder/builds/o86TiJKT/0/finestructure/swiftpackageindex-builder/spi-builder-workspace/Tests/DataURITests/Utilities/Expect.swift /Users/builder/builds/o86TiJKT/0/finestructure/swiftpackageindex-builder/spi-builder-workspace/Tests/DataURITests/XCTestManifests.swift -emit-dependencies-path /Users/builder/builds/o86TiJKT/0/finestructure/swiftpackageindex-builder/spi-builder-workspace/.derivedData/Build/Intermediates.noindex/DataURI.build/Debug-iphoneos/DataURITests.build/Objects-normal/arm64/DataURITests.d -emit-reference-dependencies-path /Users/builder/builds/o86TiJKT/0/finestructure/swiftpackageindex-builder/spi-builder-workspace/.derivedData/Build/Intermediates.noindex/DataURI.build/Debug-iphoneos/DataURITests.build/Objects-normal/arm64/DataURITests.swiftdeps -serialize-diagnostics-path /Users/builder/builds/o86TiJKT/0/finestructure/swiftpackageindex-builder/spi-builder-workspace/.derivedData/Build/Intermediates.noindex/DataURI.build/Debug-iphoneos/DataURITests.build/Objects-normal/arm64/DataURITests.dia -target arm64-apple-ios11.0 -Xllvm -aarch64-use-tbi -enable-objc-interop -sdk /Applications/Xcode-14.2.0.app/Contents/Developer/Platforms/iPhoneOS.platform/Developer/SDKs/iPhoneOS16.2.sdk -I /Users/builder/builds/o86TiJKT/0/finestructure/swiftpackageindex-builder/spi-builder-workspace/.derivedData/Build/Products/Debug-iphoneos -I /Applications/Xcode-14.2.0.app/Contents/Developer/Platforms/iPhoneOS.platform/Developer/usr/lib -F /Users/builder/builds/o86TiJKT/0/finestructure/swiftpackageindex-builder/spi-builder-workspace/.derivedData/Build/Products/Debug-iphoneos/PackageFrameworks -F /Users/builder/builds/o86TiJKT/0/finestructure/swiftpackageindex-builder/spi-builder-workspace/.derivedData/Build/Products/Debug-iphoneos -F /Applications/Xcode-14.2.0.app/Contents/Developer/Platforms/iPhoneOS.platform/Developer/Library/Frameworks -F /Applications/Xcode-14.2.0.app/Contents/Developer/Platforms/iPhoneOS.platform/Developer/SDKs/iPhoneOS16.2.sdk/Developer/Library/Frameworks -no-color-diagnostics -enable-testing -g -module-cache-path /Users/builder/builds/o86TiJKT/0/finestructure/swiftpackageindex-builder/spi-builder-workspace/.derivedData/ModuleCache.noindex -swift-version 4.2 -enforce-exclusivity\=checked -Onone -D SWIFT_PACKAGE -D DEBUG -D Xcode -serialize-debugging-options -serialize-debugging-options -empty-abi-descriptor -Xcc -working-directory -Xcc /Users/builder/builds/o86TiJKT/0/finestructure/swiftpackageindex-builder/spi-builder-workspace -resource-dir /Applications/Xcode-14.2.0.app/Contents/Developer/Toolchains/XcodeDefault.xctoolchain/usr/lib/swift -enable-anonymous-context-mangled-names -Xcc -I/Users/builder/builds/o86TiJKT/0/finestructure/swiftpackageindex-builder/spi-builder-workspace/.derivedData/Build/Products/Debug-iphoneos/include -Xcc -I/Users/builder/builds/o86TiJKT/0/finestructure/swiftpackageindex-builder/spi-builder-workspace/.derivedData/Build/Intermediates.noindex/DataURI.build/Debug-iphoneos/DataURITests.build/DerivedSources-normal/arm64 -Xcc -I/Users/builder/builds/o86TiJKT/0/finestructure/swiftpackageindex-builder/spi-builder-workspace/.derivedData/Build/Intermediates.noindex/DataURI.build/Debug-iphoneos/DataURITests.build/DerivedSources/arm64 -Xcc -I/Users/builder/builds/o86TiJKT/0/finestructure/swiftpackageindex-builder/spi-builder-workspace/.derivedData/Build/Intermediates.noindex/DataURI.build/Debug-iphoneos/DataURITests.build/DerivedSources -Xcc -DSWIFT_PACKAGE -Xcc -DDEBUG\=1 -module-name DataURITests -frontend-parseable-output -disable-clang-spi -target-sdk-version 16.2 -o /Users/builder/builds/o86TiJKT/0/finestructure/swiftpackageindex-builder/spi-builder-workspace/.derivedData/Build/Intermediates.noindex/DataURI.build/Debug-iphoneos/DataURITests.build/Objects-normal/arm64/DataURITests.o -index-unit-output-path /DataURI.build/Debug-iphoneos/DataURITests.build/Objects-normal/arm64/DataURITests.o -index-store-path /Users/builder/builds/o86TiJKT/0/finestructure/swiftpackageindex-builder/spi-builder-workspace/.derivedData/Index.noindex/DataStore -index-system-modules
CompileSwift normal arm64 /Users/builder/builds/o86TiJKT/0/finestructure/swiftpackageindex-builder/spi-builder-workspace/Tests/DataURITests/DataURITests.swift (in target 'DataURITests' from project 'DataURI')
    cd /Users/builder/builds/o86TiJKT/0/finestructure/swiftpackageindex-builder/spi-builder-workspace
    /Applications/Xcode-14.2.0.app/Contents/Developer/Toolchains/XcodeDefault.xctoolchain/usr/bin/swift-frontend -c -primary-file /Users/builder/builds/o86TiJKT/0/finestructure/swiftpackageindex-builder/spi-builder-workspace/Tests/DataURITests/DataURITests.swift /Users/builder/builds/o86TiJKT/0/finestructure/swiftpackageindex-builder/spi-builder-workspace/Tests/DataURITests/ParserTests.swift /Users/builder/builds/o86TiJKT/0/finestructure/swiftpackageindex-builder/spi-builder-workspace/Tests/DataURITests/Utilities/Expect.swift /Users/builder/builds/o86TiJKT/0/finestructure/swiftpackageindex-builder/spi-builder-workspace/Tests/DataURITests/XCTestManifests.swift -emit-dependencies-path /Users/builder/builds/o86TiJKT/0/finestructure/swiftpackageindex-builder/spi-builder-workspace/.derivedData/Build/Intermediates.noindex/DataURI.build/Debug-iphoneos/DataURITests.build/Objects-normal/arm64/DataURITests.d -emit-reference-dependencies-path /Users/builder/builds/o86TiJKT/0/finestructure/swiftpackageindex-builder/spi-builder-workspace/.derivedData/Build/Intermediates.noindex/DataURI.build/Debug-iphoneos/DataURITests.build/Objects-normal/arm64/DataURITests.swiftdeps -serialize-diagnostics-path /Users/builder/builds/o86TiJKT/0/finestructure/swiftpackageindex-builder/spi-builder-workspace/.derivedData/Build/Intermediates.noindex/DataURI.build/Debug-iphoneos/DataURITests.build/Objects-normal/arm64/DataURITests.dia -target arm64-apple-ios11.0 -Xllvm -aarch64-use-tbi -enable-objc-interop -sdk /Applications/Xcode-14.2.0.app/Contents/Developer/Platforms/iPhoneOS.platform/Developer/SDKs/iPhoneOS16.2.sdk -I /Users/builder/builds/o86TiJKT/0/finestructure/swiftpackageindex-builder/spi-builder-workspace/.derivedData/Build/Products/Debug-iphoneos -I /Applications/Xcode-14.2.0.app/Contents/Developer/Platforms/iPhoneOS.platform/Developer/usr/lib -F /Users/builder/builds/o86TiJKT/0/finestructure/swiftpackageindex-builder/spi-builder-workspace/.derivedData/Build/Products/Debug-iphoneos/PackageFrameworks -F /Users/builder/builds/o86TiJKT/0/finestructure/swiftpackageindex-builder/spi-builder-workspace/.derivedData/Build/Products/Debug-iphoneos -F /Applications/Xcode-14.2.0.app/Contents/Developer/Platforms/iPhoneOS.platform/Developer/Library/Frameworks -F /Applications/Xcode-14.2.0.app/Contents/Developer/Platforms/iPhoneOS.platform/Developer/SDKs/iPhoneOS16.2.sdk/Developer/Library/Frameworks -no-color-diagnostics -enable-testing -g -module-cache-path /Users/builder/builds/o86TiJKT/0/finestructure/swiftpackageindex-builder/spi-builder-workspace/.derivedData/ModuleCache.noindex -swift-version 4.2 -enforce-exclusivity\=checked -Onone -D SWIFT_PACKAGE -D DEBUG -D Xcode -serialize-debugging-options -serialize-debugging-options -empty-abi-descriptor -Xcc -working-directory -Xcc /Users/builder/builds/o86TiJKT/0/finestructure/swiftpackageindex-builder/spi-builder-workspace -resource-dir /Applications/Xcode-14.2.0.app/Contents/Developer/Toolchains/XcodeDefault.xctoolchain/usr/lib/swift -enable-anonymous-context-mangled-names -Xcc -I/Users/builder/builds/o86TiJKT/0/finestructure/swiftpackageindex-builder/spi-builder-workspace/.derivedData/Build/Products/Debug-iphoneos/include -Xcc -I/Users/builder/builds/o86TiJKT/0/finestructure/swiftpackageindex-builder/spi-builder-workspace/.derivedData/Build/Intermediates.noindex/DataURI.build/Debug-iphoneos/DataURITests.build/DerivedSources-normal/arm64 -Xcc -I/Users/builder/builds/o86TiJKT/0/finestructure/swiftpackageindex-builder/spi-builder-workspace/.derivedData/Build/Intermediates.noindex/DataURI.build/Debug-iphoneos/DataURITests.build/DerivedSources/arm64 -Xcc -I/Users/builder/builds/o86TiJKT/0/finestructure/swiftpackageindex-builder/spi-builder-workspace/.derivedData/Build/Intermediates.noindex/DataURI.build/Debug-iphoneos/DataURITests.build/DerivedSources -Xcc -DSWIFT_PACKAGE -Xcc -DDEBUG\=1 -module-name DataURITests -frontend-parseable-output -disable-clang-spi -target-sdk-version 16.2 -o /Users/builder/builds/o86TiJKT/0/finestructure/swiftpackageindex-builder/spi-builder-workspace/.derivedData/Build/Intermediates.noindex/DataURI.build/Debug-iphoneos/DataURITests.build/Objects-normal/arm64/DataURITests.o -index-unit-output-path /DataURI.build/Debug-iphoneos/DataURITests.build/Objects-normal/arm64/DataURITests.o -index-store-path /Users/builder/builds/o86TiJKT/0/finestructure/swiftpackageindex-builder/spi-builder-workspace/.derivedData/Index.noindex/DataStore -index-system-modules
SwiftCompile normal arm64 Compiling\ XCTestManifests.swift /Users/builder/builds/o86TiJKT/0/finestructure/swiftpackageindex-builder/spi-builder-workspace/Tests/DataURITests/XCTestManifests.swift (in target 'DataURITests' from project 'DataURI')
    cd /Users/builder/builds/o86TiJKT/0/finestructure/swiftpackageindex-builder/spi-builder-workspace
    builtin-swiftTaskExecution -- /Applications/Xcode-14.2.0.app/Contents/Developer/Toolchains/XcodeDefault.xctoolchain/usr/bin/swift-frontend -frontend -c /Users/builder/builds/o86TiJKT/0/finestructure/swiftpackageindex-builder/spi-builder-workspace/Tests/DataURITests/DataURITests.swift /Users/builder/builds/o86TiJKT/0/finestructure/swiftpackageindex-builder/spi-builder-workspace/Tests/DataURITests/ParserTests.swift /Users/builder/builds/o86TiJKT/0/finestructure/swiftpackageindex-builder/spi-builder-workspace/Tests/DataURITests/Utilities/Expect.swift -primary-file /Users/builder/builds/o86TiJKT/0/finestructure/swiftpackageindex-builder/spi-builder-workspace/Tests/DataURITests/XCTestManifests.swift -emit-dependencies-path /Users/builder/builds/o86TiJKT/0/finestructure/swiftpackageindex-builder/spi-builder-workspace/.derivedData/Build/Intermediates.noindex/DataURI.build/Debug-iphoneos/DataURITests.build/Objects-normal/arm64/XCTestManifests.d -emit-reference-dependencies-path /Users/builder/builds/o86TiJKT/0/finestructure/swiftpackageindex-builder/spi-builder-workspace/.derivedData/Build/Intermediates.noindex/DataURI.build/Debug-iphoneos/DataURITests.build/Objects-normal/arm64/XCTestManifests.swiftdeps -serialize-diagnostics-path /Users/builder/builds/o86TiJKT/0/finestructure/swiftpackageindex-builder/spi-builder-workspace/.derivedData/Build/Intermediates.noindex/DataURI.build/Debug-iphoneos/DataURITests.build/Objects-normal/arm64/XCTestManifests.dia -target arm64-apple-ios11.0 -Xllvm -aarch64-use-tbi -enable-objc-interop -sdk /Applications/Xcode-14.2.0.app/Contents/Developer/Platforms/iPhoneOS.platform/Developer/SDKs/iPhoneOS16.2.sdk -I /Users/builder/builds/o86TiJKT/0/finestructure/swiftpackageindex-builder/spi-builder-workspace/.derivedData/Build/Products/Debug-iphoneos -I /Applications/Xcode-14.2.0.app/Contents/Developer/Platforms/iPhoneOS.platform/Developer/usr/lib -F /Users/builder/builds/o86TiJKT/0/finestructure/swiftpackageindex-builder/spi-builder-workspace/.derivedData/Build/Products/Debug-iphoneos/PackageFrameworks -F /Users/builder/builds/o86TiJKT/0/finestructure/swiftpackageindex-builder/spi-builder-workspace/.derivedData/Build/Products/Debug-iphoneos -F /Applications/Xcode-14.2.0.app/Contents/Developer/Platforms/iPhoneOS.platform/Developer/Library/Frameworks -F /Applications/Xcode-14.2.0.app/Contents/Developer/Platforms/iPhoneOS.platform/Developer/SDKs/iPhoneOS16.2.sdk/Developer/Library/Frameworks -no-color-diagnostics -enable-testing -g -module-cache-path /Users/builder/builds/o86TiJKT/0/finestructure/swiftpackageindex-builder/spi-builder-workspace/.derivedData/ModuleCache.noindex -swift-version 4.2 -enforce-exclusivity\=checked -Onone -D SWIFT_PACKAGE -D DEBUG -D Xcode -serialize-debugging-options -serialize-debugging-options -empty-abi-descriptor -Xcc -working-directory -Xcc /Users/builder/builds/o86TiJKT/0/finestructure/swiftpackageindex-builder/spi-builder-workspace -resource-dir /Applications/Xcode-14.2.0.app/Contents/Developer/Toolchains/XcodeDefault.xctoolchain/usr/lib/swift -enable-anonymous-context-mangled-names -Xcc -I/Users/builder/builds/o86TiJKT/0/finestructure/swiftpackageindex-builder/spi-builder-workspace/.derivedData/Build/Products/Debug-iphoneos/include -Xcc -I/Users/builder/builds/o86TiJKT/0/finestructure/swiftpackageindex-builder/spi-builder-workspace/.derivedData/Build/Intermediates.noindex/DataURI.build/Debug-iphoneos/DataURITests.build/DerivedSources-normal/arm64 -Xcc -I/Users/builder/builds/o86TiJKT/0/finestructure/swiftpackageindex-builder/spi-builder-workspace/.derivedData/Build/Intermediates.noindex/DataURI.build/Debug-iphoneos/DataURITests.build/DerivedSources/arm64 -Xcc -I/Users/builder/builds/o86TiJKT/0/finestructure/swiftpackageindex-builder/spi-builder-workspace/.derivedData/Build/Intermediates.noindex/DataURI.build/Debug-iphoneos/DataURITests.build/DerivedSources -Xcc -DSWIFT_PACKAGE -Xcc -DDEBUG\=1 -module-name DataURITests -frontend-parseable-output -disable-clang-spi -target-sdk-version 16.2 -o /Users/builder/builds/o86TiJKT/0/finestructure/swiftpackageindex-builder/spi-builder-workspace/.derivedData/Build/Intermediates.noindex/DataURI.build/Debug-iphoneos/DataURITests.build/Objects-normal/arm64/XCTestManifests.o -index-unit-output-path /DataURI.build/Debug-iphoneos/DataURITests.build/Objects-normal/arm64/XCTestManifests.o -index-store-path /Users/builder/builds/o86TiJKT/0/finestructure/swiftpackageindex-builder/spi-builder-workspace/.derivedData/Index.noindex/DataStore -index-system-modules
CompileSwift normal arm64 /Users/builder/builds/o86TiJKT/0/finestructure/swiftpackageindex-builder/spi-builder-workspace/Tests/DataURITests/XCTestManifests.swift (in target 'DataURITests' from project 'DataURI')
    cd /Users/builder/builds/o86TiJKT/0/finestructure/swiftpackageindex-builder/spi-builder-workspace
    /Applications/Xcode-14.2.0.app/Contents/Developer/Toolchains/XcodeDefault.xctoolchain/usr/bin/swift-frontend -c /Users/builder/builds/o86TiJKT/0/finestructure/swiftpackageindex-builder/spi-builder-workspace/Tests/DataURITests/DataURITests.swift /Users/builder/builds/o86TiJKT/0/finestructure/swiftpackageindex-builder/spi-builder-workspace/Tests/DataURITests/ParserTests.swift /Users/builder/builds/o86TiJKT/0/finestructure/swiftpackageindex-builder/spi-builder-workspace/Tests/DataURITests/Utilities/Expect.swift -primary-file /Users/builder/builds/o86TiJKT/0/finestructure/swiftpackageindex-builder/spi-builder-workspace/Tests/DataURITests/XCTestManifests.swift -emit-dependencies-path /Users/builder/builds/o86TiJKT/0/finestructure/swiftpackageindex-builder/spi-builder-workspace/.derivedData/Build/Intermediates.noindex/DataURI.build/Debug-iphoneos/DataURITests.build/Objects-normal/arm64/XCTestManifests.d -emit-reference-dependencies-path /Users/builder/builds/o86TiJKT/0/finestructure/swiftpackageindex-builder/spi-builder-workspace/.derivedData/Build/Intermediates.noindex/DataURI.build/Debug-iphoneos/DataURITests.build/Objects-normal/arm64/XCTestManifests.swiftdeps -serialize-diagnostics-path /Users/builder/builds/o86TiJKT/0/finestructure/swiftpackageindex-builder/spi-builder-workspace/.derivedData/Build/Intermediates.noindex/DataURI.build/Debug-iphoneos/DataURITests.build/Objects-normal/arm64/XCTestManifests.dia -target arm64-apple-ios11.0 -Xllvm -aarch64-use-tbi -enable-objc-interop -sdk /Applications/Xcode-14.2.0.app/Contents/Developer/Platforms/iPhoneOS.platform/Developer/SDKs/iPhoneOS16.2.sdk -I /Users/builder/builds/o86TiJKT/0/finestructure/swiftpackageindex-builder/spi-builder-workspace/.derivedData/Build/Products/Debug-iphoneos -I /Applications/Xcode-14.2.0.app/Contents/Developer/Platforms/iPhoneOS.platform/Developer/usr/lib -F /Users/builder/builds/o86TiJKT/0/finestructure/swiftpackageindex-builder/spi-builder-workspace/.derivedData/Build/Products/Debug-iphoneos/PackageFrameworks -F /Users/builder/builds/o86TiJKT/0/finestructure/swiftpackageindex-builder/spi-builder-workspace/.derivedData/Build/Products/Debug-iphoneos -F /Applications/Xcode-14.2.0.app/Contents/Developer/Platforms/iPhoneOS.platform/Developer/Library/Frameworks -F /Applications/Xcode-14.2.0.app/Contents/Developer/Platforms/iPhoneOS.platform/Developer/SDKs/iPhoneOS16.2.sdk/Developer/Library/Frameworks -no-color-diagnostics -enable-testing -g -module-cache-path /Users/builder/builds/o86TiJKT/0/finestructure/swiftpackageindex-builder/spi-builder-workspace/.derivedData/ModuleCache.noindex -swift-version 4.2 -enforce-exclusivity\=checked -Onone -D SWIFT_PACKAGE -D DEBUG -D Xcode -serialize-debugging-options -serialize-debugging-options -empty-abi-descriptor -Xcc -working-directory -Xcc /Users/builder/builds/o86TiJKT/0/finestructure/swiftpackageindex-builder/spi-builder-workspace -resource-dir /Applications/Xcode-14.2.0.app/Contents/Developer/Toolchains/XcodeDefault.xctoolchain/usr/lib/swift -enable-anonymous-context-mangled-names -Xcc -I/Users/builder/builds/o86TiJKT/0/finestructure/swiftpackageindex-builder/spi-builder-workspace/.derivedData/Build/Products/Debug-iphoneos/include -Xcc -I/Users/builder/builds/o86TiJKT/0/finestructure/swiftpackageindex-builder/spi-builder-workspace/.derivedData/Build/Intermediates.noindex/DataURI.build/Debug-iphoneos/DataURITests.build/DerivedSources-normal/arm64 -Xcc -I/Users/builder/builds/o86TiJKT/0/finestructure/swiftpackageindex-builder/spi-builder-workspace/.derivedData/Build/Intermediates.noindex/DataURI.build/Debug-iphoneos/DataURITests.build/DerivedSources/arm64 -Xcc -I/Users/builder/builds/o86TiJKT/0/finestructure/swiftpackageindex-builder/spi-builder-workspace/.derivedData/Build/Intermediates.noindex/DataURI.build/Debug-iphoneos/DataURITests.build/DerivedSources -Xcc -DSWIFT_PACKAGE -Xcc -DDEBUG\=1 -module-name DataURITests -frontend-parseable-output -disable-clang-spi -target-sdk-version 16.2 -o /Users/builder/builds/o86TiJKT/0/finestructure/swiftpackageindex-builder/spi-builder-workspace/.derivedData/Build/Intermediates.noindex/DataURI.build/Debug-iphoneos/DataURITests.build/Objects-normal/arm64/XCTestManifests.o -index-unit-output-path /DataURI.build/Debug-iphoneos/DataURITests.build/Objects-normal/arm64/XCTestManifests.o -index-store-path /Users/builder/builds/o86TiJKT/0/finestructure/swiftpackageindex-builder/spi-builder-workspace/.derivedData/Index.noindex/DataStore -index-system-modules
SwiftDriverJobDiscovery normal arm64 Compiling Scanner.swift (in target 'DataURI' from project 'DataURI')
SwiftCompile normal arm64 Compiling\ ParserTests.swift /Users/builder/builds/o86TiJKT/0/finestructure/swiftpackageindex-builder/spi-builder-workspace/Tests/DataURITests/ParserTests.swift (in target 'DataURITests' from project 'DataURI')
    cd /Users/builder/builds/o86TiJKT/0/finestructure/swiftpackageindex-builder/spi-builder-workspace
    builtin-swiftTaskExecution -- /Applications/Xcode-14.2.0.app/Contents/Developer/Toolchains/XcodeDefault.xctoolchain/usr/bin/swift-frontend -frontend -c /Users/builder/builds/o86TiJKT/0/finestructure/swiftpackageindex-builder/spi-builder-workspace/Tests/DataURITests/DataURITests.swift -primary-file /Users/builder/builds/o86TiJKT/0/finestructure/swiftpackageindex-builder/spi-builder-workspace/Tests/DataURITests/ParserTests.swift /Users/builder/builds/o86TiJKT/0/finestructure/swiftpackageindex-builder/spi-builder-workspace/Tests/DataURITests/Utilities/Expect.swift /Users/builder/builds/o86TiJKT/0/finestructure/swiftpackageindex-builder/spi-builder-workspace/Tests/DataURITests/XCTestManifests.swift -emit-dependencies-path /Users/builder/builds/o86TiJKT/0/finestructure/swiftpackageindex-builder/spi-builder-workspace/.derivedData/Build/Intermediates.noindex/DataURI.build/Debug-iphoneos/DataURITests.build/Objects-normal/arm64/ParserTests.d -emit-reference-dependencies-path /Users/builder/builds/o86TiJKT/0/finestructure/swiftpackageindex-builder/spi-builder-workspace/.derivedData/Build/Intermediates.noindex/DataURI.build/Debug-iphoneos/DataURITests.build/Objects-normal/arm64/ParserTests.swiftdeps -serialize-diagnostics-path /Users/builder/builds/o86TiJKT/0/finestructure/swiftpackageindex-builder/spi-builder-workspace/.derivedData/Build/Intermediates.noindex/DataURI.build/Debug-iphoneos/DataURITests.build/Objects-normal/arm64/ParserTests.dia -target arm64-apple-ios11.0 -Xllvm -aarch64-use-tbi -enable-objc-interop -sdk /Applications/Xcode-14.2.0.app/Contents/Developer/Platforms/iPhoneOS.platform/Developer/SDKs/iPhoneOS16.2.sdk -I /Users/builder/builds/o86TiJKT/0/finestructure/swiftpackageindex-builder/spi-builder-workspace/.derivedData/Build/Products/Debug-iphoneos -I /Applications/Xcode-14.2.0.app/Contents/Developer/Platforms/iPhoneOS.platform/Developer/usr/lib -F /Users/builder/builds/o86TiJKT/0/finestructure/swiftpackageindex-builder/spi-builder-workspace/.derivedData/Build/Products/Debug-iphoneos/PackageFrameworks -F /Users/builder/builds/o86TiJKT/0/finestructure/swiftpackageindex-builder/spi-builder-workspace/.derivedData/Build/Products/Debug-iphoneos -F /Applications/Xcode-14.2.0.app/Contents/Developer/Platforms/iPhoneOS.platform/Developer/Library/Frameworks -F /Applications/Xcode-14.2.0.app/Contents/Developer/Platforms/iPhoneOS.platform/Developer/SDKs/iPhoneOS16.2.sdk/Developer/Library/Frameworks -no-color-diagnostics -enable-testing -g -module-cache-path /Users/builder/builds/o86TiJKT/0/finestructure/swiftpackageindex-builder/spi-builder-workspace/.derivedData/ModuleCache.noindex -swift-version 4.2 -enforce-exclusivity\=checked -Onone -D SWIFT_PACKAGE -D DEBUG -D Xcode -serialize-debugging-options -serialize-debugging-options -empty-abi-descriptor -Xcc -working-directory -Xcc /Users/builder/builds/o86TiJKT/0/finestructure/swiftpackageindex-builder/spi-builder-workspace -resource-dir /Applications/Xcode-14.2.0.app/Contents/Developer/Toolchains/XcodeDefault.xctoolchain/usr/lib/swift -enable-anonymous-context-mangled-names -Xcc -I/Users/builder/builds/o86TiJKT/0/finestructure/swiftpackageindex-builder/spi-builder-workspace/.derivedData/Build/Products/Debug-iphoneos/include -Xcc -I/Users/builder/builds/o86TiJKT/0/finestructure/swiftpackageindex-builder/spi-builder-workspace/.derivedData/Build/Intermediates.noindex/DataURI.build/Debug-iphoneos/DataURITests.build/DerivedSources-normal/arm64 -Xcc -I/Users/builder/builds/o86TiJKT/0/finestructure/swiftpackageindex-builder/spi-builder-workspace/.derivedData/Build/Intermediates.noindex/DataURI.build/Debug-iphoneos/DataURITests.build/DerivedSources/arm64 -Xcc -I/Users/builder/builds/o86TiJKT/0/finestructure/swiftpackageindex-builder/spi-builder-workspace/.derivedData/Build/Intermediates.noindex/DataURI.build/Debug-iphoneos/DataURITests.build/DerivedSources -Xcc -DSWIFT_PACKAGE -Xcc -DDEBUG\=1 -module-name DataURITests -frontend-parseable-output -disable-clang-spi -target-sdk-version 16.2 -o /Users/builder/builds/o86TiJKT/0/finestructure/swiftpackageindex-builder/spi-builder-workspace/.derivedData/Build/Intermediates.noindex/DataURI.build/Debug-iphoneos/DataURITests.build/Objects-normal/arm64/ParserTests.o -index-unit-output-path /DataURI.build/Debug-iphoneos/DataURITests.build/Objects-normal/arm64/ParserTests.o -index-store-path /Users/builder/builds/o86TiJKT/0/finestructure/swiftpackageindex-builder/spi-builder-workspace/.derivedData/Index.noindex/DataStore -index-system-modules
CompileSwift normal arm64 /Users/builder/builds/o86TiJKT/0/finestructure/swiftpackageindex-builder/spi-builder-workspace/Tests/DataURITests/ParserTests.swift (in target 'DataURITests' from project 'DataURI')
    cd /Users/builder/builds/o86TiJKT/0/finestructure/swiftpackageindex-builder/spi-builder-workspace
    /Applications/Xcode-14.2.0.app/Contents/Developer/Toolchains/XcodeDefault.xctoolchain/usr/bin/swift-frontend -c /Users/builder/builds/o86TiJKT/0/finestructure/swiftpackageindex-builder/spi-builder-workspace/Tests/DataURITests/DataURITests.swift -primary-file /Users/builder/builds/o86TiJKT/0/finestructure/swiftpackageindex-builder/spi-builder-workspace/Tests/DataURITests/ParserTests.swift /Users/builder/builds/o86TiJKT/0/finestructure/swiftpackageindex-builder/spi-builder-workspace/Tests/DataURITests/Utilities/Expect.swift /Users/builder/builds/o86TiJKT/0/finestructure/swiftpackageindex-builder/spi-builder-workspace/Tests/DataURITests/XCTestManifests.swift -emit-dependencies-path /Users/builder/builds/o86TiJKT/0/finestructure/swiftpackageindex-builder/spi-builder-workspace/.derivedData/Build/Intermediates.noindex/DataURI.build/Debug-iphoneos/DataURITests.build/Objects-normal/arm64/ParserTests.d -emit-reference-dependencies-path /Users/builder/builds/o86TiJKT/0/finestructure/swiftpackageindex-builder/spi-builder-workspace/.derivedData/Build/Intermediates.noindex/DataURI.build/Debug-iphoneos/DataURITests.build/Objects-normal/arm64/ParserTests.swiftdeps -serialize-diagnostics-path /Users/builder/builds/o86TiJKT/0/finestructure/swiftpackageindex-builder/spi-builder-workspace/.derivedData/Build/Intermediates.noindex/DataURI.build/Debug-iphoneos/DataURITests.build/Objects-normal/arm64/ParserTests.dia -target arm64-apple-ios11.0 -Xllvm -aarch64-use-tbi -enable-objc-interop -sdk /Applications/Xcode-14.2.0.app/Contents/Developer/Platforms/iPhoneOS.platform/Developer/SDKs/iPhoneOS16.2.sdk -I /Users/builder/builds/o86TiJKT/0/finestructure/swiftpackageindex-builder/spi-builder-workspace/.derivedData/Build/Products/Debug-iphoneos -I /Applications/Xcode-14.2.0.app/Contents/Developer/Platforms/iPhoneOS.platform/Developer/usr/lib -F /Users/builder/builds/o86TiJKT/0/finestructure/swiftpackageindex-builder/spi-builder-workspace/.derivedData/Build/Products/Debug-iphoneos/PackageFrameworks -F /Users/builder/builds/o86TiJKT/0/finestructure/swiftpackageindex-builder/spi-builder-workspace/.derivedData/Build/Products/Debug-iphoneos -F /Applications/Xcode-14.2.0.app/Contents/Developer/Platforms/iPhoneOS.platform/Developer/Library/Frameworks -F /Applications/Xcode-14.2.0.app/Contents/Developer/Platforms/iPhoneOS.platform/Developer/SDKs/iPhoneOS16.2.sdk/Developer/Library/Frameworks -no-color-diagnostics -enable-testing -g -module-cache-path /Users/builder/builds/o86TiJKT/0/finestructure/swiftpackageindex-builder/spi-builder-workspace/.derivedData/ModuleCache.noindex -swift-version 4.2 -enforce-exclusivity\=checked -Onone -D SWIFT_PACKAGE -D DEBUG -D Xcode -serialize-debugging-options -serialize-debugging-options -empty-abi-descriptor -Xcc -working-directory -Xcc /Users/builder/builds/o86TiJKT/0/finestructure/swiftpackageindex-builder/spi-builder-workspace -resource-dir /Applications/Xcode-14.2.0.app/Contents/Developer/Toolchains/XcodeDefault.xctoolchain/usr/lib/swift -enable-anonymous-context-mangled-names -Xcc -I/Users/builder/builds/o86TiJKT/0/finestructure/swiftpackageindex-builder/spi-builder-workspace/.derivedData/Build/Products/Debug-iphoneos/include -Xcc -I/Users/builder/builds/o86TiJKT/0/finestructure/swiftpackageindex-builder/spi-builder-workspace/.derivedData/Build/Intermediates.noindex/DataURI.build/Debug-iphoneos/DataURITests.build/DerivedSources-normal/arm64 -Xcc -I/Users/builder/builds/o86TiJKT/0/finestructure/swiftpackageindex-builder/spi-builder-workspace/.derivedData/Build/Intermediates.noindex/DataURI.build/Debug-iphoneos/DataURITests.build/DerivedSources/arm64 -Xcc -I/Users/builder/builds/o86TiJKT/0/finestructure/swiftpackageindex-builder/spi-builder-workspace/.derivedData/Build/Intermediates.noindex/DataURI.build/Debug-iphoneos/DataURITests.build/DerivedSources -Xcc -DSWIFT_PACKAGE -Xcc -DDEBUG\=1 -module-name DataURITests -frontend-parseable-output -disable-clang-spi -target-sdk-version 16.2 -o /Users/builder/builds/o86TiJKT/0/finestructure/swiftpackageindex-builder/spi-builder-workspace/.derivedData/Build/Intermediates.noindex/DataURI.build/Debug-iphoneos/DataURITests.build/Objects-normal/arm64/ParserTests.o -index-unit-output-path /DataURI.build/Debug-iphoneos/DataURITests.build/Objects-normal/arm64/ParserTests.o -index-store-path /Users/builder/builds/o86TiJKT/0/finestructure/swiftpackageindex-builder/spi-builder-workspace/.derivedData/Index.noindex/DataStore -index-system-modules
SwiftCompile normal arm64 Compiling\ Expect.swift /Users/builder/builds/o86TiJKT/0/finestructure/swiftpackageindex-builder/spi-builder-workspace/Tests/DataURITests/Utilities/Expect.swift (in target 'DataURITests' from project 'DataURI')
    cd /Users/builder/builds/o86TiJKT/0/finestructure/swiftpackageindex-builder/spi-builder-workspace
    builtin-swiftTaskExecution -- /Applications/Xcode-14.2.0.app/Contents/Developer/Toolchains/XcodeDefault.xctoolchain/usr/bin/swift-frontend -frontend -c /Users/builder/builds/o86TiJKT/0/finestructure/swiftpackageindex-builder/spi-builder-workspace/Tests/DataURITests/DataURITests.swift /Users/builder/builds/o86TiJKT/0/finestructure/swiftpackageindex-builder/spi-builder-workspace/Tests/DataURITests/ParserTests.swift -primary-file /Users/builder/builds/o86TiJKT/0/finestructure/swiftpackageindex-builder/spi-builder-workspace/Tests/DataURITests/Utilities/Expect.swift /Users/builder/builds/o86TiJKT/0/finestructure/swiftpackageindex-builder/spi-builder-workspace/Tests/DataURITests/XCTestManifests.swift -emit-dependencies-path /Users/builder/builds/o86TiJKT/0/finestructure/swiftpackageindex-builder/spi-builder-workspace/.derivedData/Build/Intermediates.noindex/DataURI.build/Debug-iphoneos/DataURITests.build/Objects-normal/arm64/Expect.d -emit-reference-dependencies-path /Users/builder/builds/o86TiJKT/0/finestructure/swiftpackageindex-builder/spi-builder-workspace/.derivedData/Build/Intermediates.noindex/DataURI.build/Debug-iphoneos/DataURITests.build/Objects-normal/arm64/Expect.swiftdeps -serialize-diagnostics-path /Users/builder/builds/o86TiJKT/0/finestructure/swiftpackageindex-builder/spi-builder-workspace/.derivedData/Build/Intermediates.noindex/DataURI.build/Debug-iphoneos/DataURITests.build/Objects-normal/arm64/Expect.dia -target arm64-apple-ios11.0 -Xllvm -aarch64-use-tbi -enable-objc-interop -sdk /Applications/Xcode-14.2.0.app/Contents/Developer/Platforms/iPhoneOS.platform/Developer/SDKs/iPhoneOS16.2.sdk -I /Users/builder/builds/o86TiJKT/0/finestructure/swiftpackageindex-builder/spi-builder-workspace/.derivedData/Build/Products/Debug-iphoneos -I /Applications/Xcode-14.2.0.app/Contents/Developer/Platforms/iPhoneOS.platform/Developer/usr/lib -F /Users/builder/builds/o86TiJKT/0/finestructure/swiftpackageindex-builder/spi-builder-workspace/.derivedData/Build/Products/Debug-iphoneos/PackageFrameworks -F /Users/builder/builds/o86TiJKT/0/finestructure/swiftpackageindex-builder/spi-builder-workspace/.derivedData/Build/Products/Debug-iphoneos -F /Applications/Xcode-14.2.0.app/Contents/Developer/Platforms/iPhoneOS.platform/Developer/Library/Frameworks -F /Applications/Xcode-14.2.0.app/Contents/Developer/Platforms/iPhoneOS.platform/Developer/SDKs/iPhoneOS16.2.sdk/Developer/Library/Frameworks -no-color-diagnostics -enable-testing -g -module-cache-path /Users/builder/builds/o86TiJKT/0/finestructure/swiftpackageindex-builder/spi-builder-workspace/.derivedData/ModuleCache.noindex -swift-version 4.2 -enforce-exclusivity\=checked -Onone -D SWIFT_PACKAGE -D DEBUG -D Xcode -serialize-debugging-options -serialize-debugging-options -empty-abi-descriptor -Xcc -working-directory -Xcc /Users/builder/builds/o86TiJKT/0/finestructure/swiftpackageindex-builder/spi-builder-workspace -resource-dir /Applications/Xcode-14.2.0.app/Contents/Developer/Toolchains/XcodeDefault.xctoolchain/usr/lib/swift -enable-anonymous-context-mangled-names -Xcc -I/Users/builder/builds/o86TiJKT/0/finestructure/swiftpackageindex-builder/spi-builder-workspace/.derivedData/Build/Products/Debug-iphoneos/include -Xcc -I/Users/builder/builds/o86TiJKT/0/finestructure/swiftpackageindex-builder/spi-builder-workspace/.derivedData/Build/Intermediates.noindex/DataURI.build/Debug-iphoneos/DataURITests.build/DerivedSources-normal/arm64 -Xcc -I/Users/builder/builds/o86TiJKT/0/finestructure/swiftpackageindex-builder/spi-builder-workspace/.derivedData/Build/Intermediates.noindex/DataURI.build/Debug-iphoneos/DataURITests.build/DerivedSources/arm64 -Xcc -I/Users/builder/builds/o86TiJKT/0/finestructure/swiftpackageindex-builder/spi-builder-workspace/.derivedData/Build/Intermediates.noindex/DataURI.build/Debug-iphoneos/DataURITests.build/DerivedSources -Xcc -DSWIFT_PACKAGE -Xcc -DDEBUG\=1 -module-name DataURITests -frontend-parseable-output -disable-clang-spi -target-sdk-version 16.2 -o /Users/builder/builds/o86TiJKT/0/finestructure/swiftpackageindex-builder/spi-builder-workspace/.derivedData/Build/Intermediates.noindex/DataURI.build/Debug-iphoneos/DataURITests.build/Objects-normal/arm64/Expect.o -index-unit-output-path /DataURI.build/Debug-iphoneos/DataURITests.build/Objects-normal/arm64/Expect.o -index-store-path /Users/builder/builds/o86TiJKT/0/finestructure/swiftpackageindex-builder/spi-builder-workspace/.derivedData/Index.noindex/DataStore -index-system-modules
CompileSwift normal arm64 /Users/builder/builds/o86TiJKT/0/finestructure/swiftpackageindex-builder/spi-builder-workspace/Tests/DataURITests/Utilities/Expect.swift (in target 'DataURITests' from project 'DataURI')
    cd /Users/builder/builds/o86TiJKT/0/finestructure/swiftpackageindex-builder/spi-builder-workspace
    /Applications/Xcode-14.2.0.app/Contents/Developer/Toolchains/XcodeDefault.xctoolchain/usr/bin/swift-frontend -c /Users/builder/builds/o86TiJKT/0/finestructure/swiftpackageindex-builder/spi-builder-workspace/Tests/DataURITests/DataURITests.swift /Users/builder/builds/o86TiJKT/0/finestructure/swiftpackageindex-builder/spi-builder-workspace/Tests/DataURITests/ParserTests.swift -primary-file /Users/builder/builds/o86TiJKT/0/finestructure/swiftpackageindex-builder/spi-builder-workspace/Tests/DataURITests/Utilities/Expect.swift /Users/builder/builds/o86TiJKT/0/finestructure/swiftpackageindex-builder/spi-builder-workspace/Tests/DataURITests/XCTestManifests.swift -emit-dependencies-path /Users/builder/builds/o86TiJKT/0/finestructure/swiftpackageindex-builder/spi-builder-workspace/.derivedData/Build/Intermediates.noindex/DataURI.build/Debug-iphoneos/DataURITests.build/Objects-normal/arm64/Expect.d -emit-reference-dependencies-path /Users/builder/builds/o86TiJKT/0/finestructure/swiftpackageindex-builder/spi-builder-workspace/.derivedData/Build/Intermediates.noindex/DataURI.build/Debug-iphoneos/DataURITests.build/Objects-normal/arm64/Expect.swiftdeps -serialize-diagnostics-path /Users/builder/builds/o86TiJKT/0/finestructure/swiftpackageindex-builder/spi-builder-workspace/.derivedData/Build/Intermediates.noindex/DataURI.build/Debug-iphoneos/DataURITests.build/Objects-normal/arm64/Expect.dia -target arm64-apple-ios11.0 -Xllvm -aarch64-use-tbi -enable-objc-interop -sdk /Applications/Xcode-14.2.0.app/Contents/Developer/Platforms/iPhoneOS.platform/Developer/SDKs/iPhoneOS16.2.sdk -I /Users/builder/builds/o86TiJKT/0/finestructure/swiftpackageindex-builder/spi-builder-workspace/.derivedData/Build/Products/Debug-iphoneos -I /Applications/Xcode-14.2.0.app/Contents/Developer/Platforms/iPhoneOS.platform/Developer/usr/lib -F /Users/builder/builds/o86TiJKT/0/finestructure/swiftpackageindex-builder/spi-builder-workspace/.derivedData/Build/Products/Debug-iphoneos/PackageFrameworks -F /Users/builder/builds/o86TiJKT/0/finestructure/swiftpackageindex-builder/spi-builder-workspace/.derivedData/Build/Products/Debug-iphoneos -F /Applications/Xcode-14.2.0.app/Contents/Developer/Platforms/iPhoneOS.platform/Developer/Library/Frameworks -F /Applications/Xcode-14.2.0.app/Contents/Developer/Platforms/iPhoneOS.platform/Developer/SDKs/iPhoneOS16.2.sdk/Developer/Library/Frameworks -no-color-diagnostics -enable-testing -g -module-cache-path /Users/builder/builds/o86TiJKT/0/finestructure/swiftpackageindex-builder/spi-builder-workspace/.derivedData/ModuleCache.noindex -swift-version 4.2 -enforce-exclusivity\=checked -Onone -D SWIFT_PACKAGE -D DEBUG -D Xcode -serialize-debugging-options -serialize-debugging-options -empty-abi-descriptor -Xcc -working-directory -Xcc /Users/builder/builds/o86TiJKT/0/finestructure/swiftpackageindex-builder/spi-builder-workspace -resource-dir /Applications/Xcode-14.2.0.app/Contents/Developer/Toolchains/XcodeDefault.xctoolchain/usr/lib/swift -enable-anonymous-context-mangled-names -Xcc -I/Users/builder/builds/o86TiJKT/0/finestructure/swiftpackageindex-builder/spi-builder-workspace/.derivedData/Build/Products/Debug-iphoneos/include -Xcc -I/Users/builder/builds/o86TiJKT/0/finestructure/swiftpackageindex-builder/spi-builder-workspace/.derivedData/Build/Intermediates.noindex/DataURI.build/Debug-iphoneos/DataURITests.build/DerivedSources-normal/arm64 -Xcc -I/Users/builder/builds/o86TiJKT/0/finestructure/swiftpackageindex-builder/spi-builder-workspace/.derivedData/Build/Intermediates.noindex/DataURI.build/Debug-iphoneos/DataURITests.build/DerivedSources/arm64 -Xcc -I/Users/builder/builds/o86TiJKT/0/finestructure/swiftpackageindex-builder/spi-builder-workspace/.derivedData/Build/Intermediates.noindex/DataURI.build/Debug-iphoneos/DataURITests.build/DerivedSources -Xcc -DSWIFT_PACKAGE -Xcc -DDEBUG\=1 -module-name DataURITests -frontend-parseable-output -disable-clang-spi -target-sdk-version 16.2 -o /Users/builder/builds/o86TiJKT/0/finestructure/swiftpackageindex-builder/spi-builder-workspace/.derivedData/Build/Intermediates.noindex/DataURI.build/Debug-iphoneos/DataURITests.build/Objects-normal/arm64/Expect.o -index-unit-output-path /DataURI.build/Debug-iphoneos/DataURITests.build/Objects-normal/arm64/Expect.o -index-store-path /Users/builder/builds/o86TiJKT/0/finestructure/swiftpackageindex-builder/spi-builder-workspace/.derivedData/Index.noindex/DataStore -index-system-modules
SwiftDriverJobDiscovery normal arm64 Compiling Byte+asciiCode.swift (in target 'DataURI' from project 'DataURI')
SwiftDriverJobDiscovery normal arm64 Compiling Byte+Digits.swift (in target 'DataURI' from project 'DataURI')
SwiftDriverJobDiscovery normal arm64 Compiling DataURI+String.swift, Array+LosslessDataConvertible.swift (in target 'DataURI' from project 'DataURI')
SwiftDriverJobDiscovery normal arm64 Compiling Parser.swift (in target 'DataURI' from project 'DataURI')
SwiftDriver\ Compilation DataURI normal arm64 com.apple.xcode.tools.swift.compiler (in target 'DataURI' from project 'DataURI')
    cd /Users/builder/builds/o86TiJKT/0/finestructure/swiftpackageindex-builder/spi-builder-workspace
    builtin-Swift-Compilation -- /Applications/Xcode-14.2.0.app/Contents/Developer/Toolchains/XcodeDefault.xctoolchain/usr/bin/swiftc -module-name DataURI -Onone -enforce-exclusivity\=checked @/Users/builder/builds/o86TiJKT/0/finestructure/swiftpackageindex-builder/spi-builder-workspace/.derivedData/Build/Intermediates.noindex/DataURI.build/Debug-iphoneos/DataURI.build/Objects-normal/arm64/DataURI.SwiftFileList -DSWIFT_PACKAGE -DDEBUG -DXcode -sdk /Applications/Xcode-14.2.0.app/Contents/Developer/Platforms/iPhoneOS.platform/Developer/SDKs/iPhoneOS16.2.sdk -target arm64-apple-ios11.0 -g -module-cache-path /Users/builder/builds/o86TiJKT/0/finestructure/swiftpackageindex-builder/spi-builder-workspace/.derivedData/ModuleCache.noindex -Xfrontend -serialize-debugging-options -enable-testing -index-store-path /Users/builder/builds/o86TiJKT/0/finestructure/swiftpackageindex-builder/spi-builder-workspace/.derivedData/Index.noindex/DataStore -swift-version 4.2 -I /Users/builder/builds/o86TiJKT/0/finestructure/swiftpackageindex-builder/spi-builder-workspace/.derivedData/Build/Products/Debug-iphoneos -I /Applications/Xcode-14.2.0.app/Contents/Developer/Platforms/iPhoneOS.platform/Developer/usr/lib -F /Users/builder/builds/o86TiJKT/0/finestructure/swiftpackageindex-builder/spi-builder-workspace/.derivedData/Build/Products/Debug-iphoneos -F /Applications/Xcode-14.2.0.app/Contents/Developer/Platforms/iPhoneOS.platform/Developer/Library/Frameworks -F /Applications/Xcode-14.2.0.app/Contents/Developer/Platforms/iPhoneOS.platform/Developer/SDKs/iPhoneOS16.2.sdk/Developer/Library/Frameworks -c -j8 -enable-batch-mode -incremental -output-file-map /Users/builder/builds/o86TiJKT/0/finestructure/swiftpackageindex-builder/spi-builder-workspace/.derivedData/Build/Intermediates.noindex/DataURI.build/Debug-iphoneos/DataURI.build/Objects-normal/arm64/DataURI-OutputFileMap.json -use-frontend-parseable-output -save-temps -no-color-diagnostics -serialize-diagnostics -emit-dependencies -emit-module -emit-module-path /Users/builder/builds/o86TiJKT/0/finestructure/swiftpackageindex-builder/spi-builder-workspace/.derivedData/Build/Intermediates.noindex/DataURI.build/Debug-iphoneos/DataURI.build/Objects-normal/arm64/DataURI.swiftmodule -Xcc -I/Users/builder/builds/o86TiJKT/0/finestructure/swiftpackageindex-builder/spi-builder-workspace/.derivedData/Build/Intermediates.noindex/DataURI.build/Debug-iphoneos/DataURI.build/swift-overrides.hmap -Xcc -I/Users/builder/builds/o86TiJKT/0/finestructure/swiftpackageindex-builder/spi-builder-workspace/.derivedData/Build/Products/Debug-iphoneos/include -Xcc -I/Users/builder/builds/o86TiJKT/0/finestructure/swiftpackageindex-builder/spi-builder-workspace/.derivedData/Build/Intermediates.noindex/DataURI.build/Debug-iphoneos/DataURI.build/DerivedSources-normal/arm64 -Xcc -I/Users/builder/builds/o86TiJKT/0/finestructure/swiftpackageindex-builder/spi-builder-workspace/.derivedData/Build/Intermediates.noindex/DataURI.build/Debug-iphoneos/DataURI.build/DerivedSources/arm64 -Xcc -I/Users/builder/builds/o86TiJKT/0/finestructure/swiftpackageindex-builder/spi-builder-workspace/.derivedData/Build/Intermediates.noindex/DataURI.build/Debug-iphoneos/DataURI.build/DerivedSources -Xcc -DSWIFT_PACKAGE -Xcc -DDEBUG\=1 -emit-objc-header -emit-objc-header-path /Users/builder/builds/o86TiJKT/0/finestructure/swiftpackageindex-builder/spi-builder-workspace/.derivedData/Build/Intermediates.noindex/DataURI.build/Debug-iphoneos/DataURI.build/Objects-normal/arm64/DataURI-Swift.h -working-directory /Users/builder/builds/o86TiJKT/0/finestructure/swiftpackageindex-builder/spi-builder-workspace -experimental-emit-module-separately
Ld /Users/builder/builds/o86TiJKT/0/finestructure/swiftpackageindex-builder/spi-builder-workspace/.derivedData/Build/Products/Debug-iphoneos/DataURI.o normal (in target 'DataURI' from project 'DataURI')
    cd /Users/builder/builds/o86TiJKT/0/finestructure/swiftpackageindex-builder/spi-builder-workspace
    /Applications/Xcode-14.2.0.app/Contents/Developer/Toolchains/XcodeDefault.xctoolchain/usr/bin/clang -target arm64-apple-ios11.0 -r -isysroot /Applications/Xcode-14.2.0.app/Contents/Developer/Platforms/iPhoneOS.platform/Developer/SDKs/iPhoneOS16.2.sdk -L/Users/builder/builds/o86TiJKT/0/finestructure/swiftpackageindex-builder/spi-builder-workspace/.derivedData/Build/Intermediates.noindex/EagerLinkingTBDs -L/Users/builder/builds/o86TiJKT/0/finestructure/swiftpackageindex-builder/spi-builder-workspace/.derivedData/Build/Products/Debug-iphoneos -L/Applications/Xcode-14.2.0.app/Contents/Developer/Platforms/iPhoneOS.platform/Developer/usr/lib -F/Users/builder/builds/o86TiJKT/0/finestructure/swiftpackageindex-builder/spi-builder-workspace/.derivedData/Build/Intermediates.noindex/EagerLinkingTBDs -F/Users/builder/builds/o86TiJKT/0/finestructure/swiftpackageindex-builder/spi-builder-workspace/.derivedData/Build/Products/Debug-iphoneos -F/Applications/Xcode-14.2.0.app/Contents/Developer/Platforms/iPhoneOS.platform/Developer/Library/Frameworks -iframework /Applications/Xcode-14.2.0.app/Contents/Developer/Platforms/iPhoneOS.platform/Developer/Library/Frameworks -iframework /Applications/Xcode-14.2.0.app/Contents/Developer/Platforms/iPhoneOS.platform/Developer/SDKs/iPhoneOS16.2.sdk/Developer/Library/Frameworks -filelist /Users/builder/builds/o86TiJKT/0/finestructure/swiftpackageindex-builder/spi-builder-workspace/.derivedData/Build/Intermediates.noindex/DataURI.build/Debug-iphoneos/DataURI.build/Objects-normal/arm64/DataURI.LinkFileList -nostdlib -Xlinker -object_path_lto -Xlinker /Users/builder/builds/o86TiJKT/0/finestructure/swiftpackageindex-builder/spi-builder-workspace/.derivedData/Build/Intermediates.noindex/DataURI.build/Debug-iphoneos/DataURI.build/Objects-normal/arm64/DataURI_lto.o -Xlinker -export_dynamic -Xlinker -no_deduplicate -fobjc-link-runtime -L/Applications/Xcode-14.2.0.app/Contents/Developer/Toolchains/XcodeDefault.xctoolchain/usr/lib/swift/iphoneos -L/usr/lib/swift -Xlinker -add_ast_path -Xlinker /Users/builder/builds/o86TiJKT/0/finestructure/swiftpackageindex-builder/spi-builder-workspace/.derivedData/Build/Intermediates.noindex/DataURI.build/Debug-iphoneos/DataURI.build/Objects-normal/arm64/DataURI.swiftmodule -Xlinker -dependency_info -Xlinker /Users/builder/builds/o86TiJKT/0/finestructure/swiftpackageindex-builder/spi-builder-workspace/.derivedData/Build/Intermediates.noindex/DataURI.build/Debug-iphoneos/DataURI.build/Objects-normal/arm64/DataURI_dependency_info.dat -o /Users/builder/builds/o86TiJKT/0/finestructure/swiftpackageindex-builder/spi-builder-workspace/.derivedData/Build/Products/Debug-iphoneos/DataURI.o
RegisterExecutionPolicyException /Users/builder/builds/o86TiJKT/0/finestructure/swiftpackageindex-builder/spi-builder-workspace/.derivedData/Build/Products/Debug-iphoneos/DataURI.o (in target 'DataURI' from project 'DataURI')
    cd /Users/builder/builds/o86TiJKT/0/finestructure/swiftpackageindex-builder/spi-builder-workspace
    builtin-RegisterExecutionPolicyException /Users/builder/builds/o86TiJKT/0/finestructure/swiftpackageindex-builder/spi-builder-workspace/.derivedData/Build/Products/Debug-iphoneos/DataURI.o
WriteAuxiliaryFile /Users/builder/builds/o86TiJKT/0/finestructure/swiftpackageindex-builder/spi-builder-workspace/.derivedData/Build/Intermediates.noindex/DataURI.build/Debug-iphoneos/DataURITests.build/Objects-normal/arm64/DataURITests.LinkFileList (in target 'DataURITests' from project 'DataURI')
    cd /Users/builder/builds/o86TiJKT/0/finestructure/swiftpackageindex-builder/spi-builder-workspace
    write-file /Users/builder/builds/o86TiJKT/0/finestructure/swiftpackageindex-builder/spi-builder-workspace/.derivedData/Build/Intermediates.noindex/DataURI.build/Debug-iphoneos/DataURITests.build/Objects-normal/arm64/DataURITests.LinkFileList
WriteAuxiliaryFile /Users/builder/builds/o86TiJKT/0/finestructure/swiftpackageindex-builder/spi-builder-workspace/.derivedData/Build/Intermediates.noindex/DataURI.build/Debug-iphoneos/DataURITests.build/empty-DataURITests.plist (in target 'DataURITests' from project 'DataURI')
    cd /Users/builder/builds/o86TiJKT/0/finestructure/swiftpackageindex-builder/spi-builder-workspace
    write-file /Users/builder/builds/o86TiJKT/0/finestructure/swiftpackageindex-builder/spi-builder-workspace/.derivedData/Build/Intermediates.noindex/DataURI.build/Debug-iphoneos/DataURITests.build/empty-DataURITests.plist
ProcessInfoPlistFile /Users/builder/builds/o86TiJKT/0/finestructure/swiftpackageindex-builder/spi-builder-workspace/.derivedData/Build/Products/Debug-iphoneos/DataURITests.xctest/Info.plist /Users/builder/builds/o86TiJKT/0/finestructure/swiftpackageindex-builder/spi-builder-workspace/.derivedData/Build/Intermediates.noindex/DataURI.build/Debug-iphoneos/DataURITests.build/empty-DataURITests.plist (in target 'DataURITests' from project 'DataURI')
    cd /Users/builder/builds/o86TiJKT/0/finestructure/swiftpackageindex-builder/spi-builder-workspace
    builtin-infoPlistUtility /Users/builder/builds/o86TiJKT/0/finestructure/swiftpackageindex-builder/spi-builder-workspace/.derivedData/Build/Intermediates.noindex/DataURI.build/Debug-iphoneos/DataURITests.build/empty-DataURITests.plist -producttype com.apple.product-type.bundle.unit-test -expandbuildsettings -format binary -platform iphoneos -requiredArchitecture arm64 -o /Users/builder/builds/o86TiJKT/0/finestructure/swiftpackageindex-builder/spi-builder-workspace/.derivedData/Build/Products/Debug-iphoneos/DataURITests.xctest/Info.plist
Resolve Package Graph
** BUILD FAILED **
The following build commands failed:
	SwiftEmitModule normal arm64 Emitting\ module\ for\ DataURITests (in target 'DataURITests' from project 'DataURI')
(1 failure)
Command line invocation:
    /Applications/Xcode-14.2.0.app/Contents/Developer/usr/bin/xcodebuild -IDEClonedSourcePackagesDirPathOverride=/Users/builder/builds/o86TiJKT/0/finestructure/swiftpackageindex-builder/spi-builder-workspace/.dependencies -derivedDataPath /Users/builder/builds/o86TiJKT/0/finestructure/swiftpackageindex-builder/spi-builder-workspace/.derivedData build -scheme DataURI -destination generic/platform=ios
User defaults from command line:
    IDEClonedSourcePackagesDirPathOverride = /Users/builder/builds/o86TiJKT/0/finestructure/swiftpackageindex-builder/spi-builder-workspace/.dependencies
    IDEDerivedDataPathOverride = /Users/builder/builds/o86TiJKT/0/finestructure/swiftpackageindex-builder/spi-builder-workspace/.derivedData
    IDEPackageSupportUseBuiltinSCM = YES
Resolve Package Graph
Resolved source packages:
  DataURI: /Users/builder/builds/o86TiJKT/0/finestructure/swiftpackageindex-builder/spi-builder-workspace
Prepare packages
Computing target dependency graph and provisioning inputs
Create build description
Build description signature: a4268ebe1d8ce79f5d0242d1f826e829
Build description path: /Users/builder/builds/o86TiJKT/0/finestructure/swiftpackageindex-builder/spi-builder-workspace/.derivedData/Build/Intermediates.noindex/XCBuildData/a4268ebe1d8ce79f5d0242d1f826e829-desc.xcbuild
note: Building targets in dependency order
SwiftDriver DataURITests normal arm64 com.apple.xcode.tools.swift.compiler (in target 'DataURITests' from project 'DataURI')
    cd /Users/builder/builds/o86TiJKT/0/finestructure/swiftpackageindex-builder/spi-builder-workspace
    builtin-SwiftDriver -- /Applications/Xcode-14.2.0.app/Contents/Developer/Toolchains/XcodeDefault.xctoolchain/usr/bin/swiftc -module-name DataURITests -Onone -enforce-exclusivity\=checked @/Users/builder/builds/o86TiJKT/0/finestructure/swiftpackageindex-builder/spi-builder-workspace/.derivedData/Build/Intermediates.noindex/DataURI.build/Debug-iphoneos/DataURITests.build/Objects-normal/arm64/DataURITests.SwiftFileList -DSWIFT_PACKAGE -DDEBUG -DXcode -sdk /Applications/Xcode-14.2.0.app/Contents/Developer/Platforms/iPhoneOS.platform/Developer/SDKs/iPhoneOS16.2.sdk -target arm64-apple-ios11.0 -g -module-cache-path /Users/builder/builds/o86TiJKT/0/finestructure/swiftpackageindex-builder/spi-builder-workspace/.derivedData/ModuleCache.noindex -Xfrontend -serialize-debugging-options -enable-testing -index-store-path /Users/builder/builds/o86TiJKT/0/finestructure/swiftpackageindex-builder/spi-builder-workspace/.derivedData/Index.noindex/DataStore -swift-version 4.2 -I /Users/builder/builds/o86TiJKT/0/finestructure/swiftpackageindex-builder/spi-builder-workspace/.derivedData/Build/Products/Debug-iphoneos -I /Applications/Xcode-14.2.0.app/Contents/Developer/Platforms/iPhoneOS.platform/Developer/usr/lib -F /Users/builder/builds/o86TiJKT/0/finestructure/swiftpackageindex-builder/spi-builder-workspace/.derivedData/Build/Products/Debug-iphoneos/PackageFrameworks -F /Users/builder/builds/o86TiJKT/0/finestructure/swiftpackageindex-builder/spi-builder-workspace/.derivedData/Build/Products/Debug-iphoneos -F /Applications/Xcode-14.2.0.app/Contents/Developer/Platforms/iPhoneOS.platform/Developer/Library/Frameworks -F /Applications/Xcode-14.2.0.app/Contents/Developer/Platforms/iPhoneOS.platform/Developer/SDKs/iPhoneOS16.2.sdk/Developer/Library/Frameworks -c -j8 -enable-batch-mode -incremental -output-file-map /Users/builder/builds/o86TiJKT/0/finestructure/swiftpackageindex-builder/spi-builder-workspace/.derivedData/Build/Intermediates.noindex/DataURI.build/Debug-iphoneos/DataURITests.build/Objects-normal/arm64/DataURITests-OutputFileMap.json -use-frontend-parseable-output -save-temps -no-color-diagnostics -serialize-diagnostics -emit-dependencies -emit-module -emit-module-path /Users/builder/builds/o86TiJKT/0/finestructure/swiftpackageindex-builder/spi-builder-workspace/.derivedData/Build/Intermediates.noindex/DataURI.build/Debug-iphoneos/DataURITests.build/Objects-normal/arm64/DataURITests.swiftmodule -Xcc -I/Users/builder/builds/o86TiJKT/0/finestructure/swiftpackageindex-builder/spi-builder-workspace/.derivedData/Build/Products/Debug-iphoneos/include -Xcc -I/Users/builder/builds/o86TiJKT/0/finestructure/swiftpackageindex-builder/spi-builder-workspace/.derivedData/Build/Intermediates.noindex/DataURI.build/Debug-iphoneos/DataURITests.build/DerivedSources-normal/arm64 -Xcc -I/Users/builder/builds/o86TiJKT/0/finestructure/swiftpackageindex-builder/spi-builder-workspace/.derivedData/Build/Intermediates.noindex/DataURI.build/Debug-iphoneos/DataURITests.build/DerivedSources/arm64 -Xcc -I/Users/builder/builds/o86TiJKT/0/finestructure/swiftpackageindex-builder/spi-builder-workspace/.derivedData/Build/Intermediates.noindex/DataURI.build/Debug-iphoneos/DataURITests.build/DerivedSources -Xcc -DSWIFT_PACKAGE -Xcc -DDEBUG\=1 -working-directory /Users/builder/builds/o86TiJKT/0/finestructure/swiftpackageindex-builder/spi-builder-workspace -Xfrontend -serialize-debugging-options -experimental-emit-module-separately
SwiftEmitModule normal arm64 Emitting\ module\ for\ DataURITests (in target 'DataURITests' from project 'DataURI')
    cd /Users/builder/builds/o86TiJKT/0/finestructure/swiftpackageindex-builder/spi-builder-workspace
    builtin-swiftTaskExecution -- /Applications/Xcode-14.2.0.app/Contents/Developer/Toolchains/XcodeDefault.xctoolchain/usr/bin/swift-frontend -frontend -emit-module -experimental-skip-non-inlinable-function-bodies-without-types /Users/builder/builds/o86TiJKT/0/finestructure/swiftpackageindex-builder/spi-builder-workspace/Tests/DataURITests/DataURITests.swift /Users/builder/builds/o86TiJKT/0/finestructure/swiftpackageindex-builder/spi-builder-workspace/Tests/DataURITests/ParserTests.swift /Users/builder/builds/o86TiJKT/0/finestructure/swiftpackageindex-builder/spi-builder-workspace/Tests/DataURITests/Utilities/Expect.swift /Users/builder/builds/o86TiJKT/0/finestructure/swiftpackageindex-builder/spi-builder-workspace/Tests/DataURITests/XCTestManifests.swift -target arm64-apple-ios11.0 -Xllvm -aarch64-use-tbi -enable-objc-interop -sdk /Applications/Xcode-14.2.0.app/Contents/Developer/Platforms/iPhoneOS.platform/Developer/SDKs/iPhoneOS16.2.sdk -I /Users/builder/builds/o86TiJKT/0/finestructure/swiftpackageindex-builder/spi-builder-workspace/.derivedData/Build/Products/Debug-iphoneos -I /Applications/Xcode-14.2.0.app/Contents/Developer/Platforms/iPhoneOS.platform/Developer/usr/lib -F /Users/builder/builds/o86TiJKT/0/finestructure/swiftpackageindex-builder/spi-builder-workspace/.derivedData/Build/Products/Debug-iphoneos/PackageFrameworks -F /Users/builder/builds/o86TiJKT/0/finestructure/swiftpackageindex-builder/spi-builder-workspace/.derivedData/Build/Products/Debug-iphoneos -F /Applications/Xcode-14.2.0.app/Contents/Developer/Platforms/iPhoneOS.platform/Developer/Library/Frameworks -F /Applications/Xcode-14.2.0.app/Contents/Developer/Platforms/iPhoneOS.platform/Developer/SDKs/iPhoneOS16.2.sdk/Developer/Library/Frameworks -no-color-diagnostics -enable-testing -g -module-cache-path /Users/builder/builds/o86TiJKT/0/finestructure/swiftpackageindex-builder/spi-builder-workspace/.derivedData/ModuleCache.noindex -swift-version 4.2 -enforce-exclusivity\=checked -Onone -D SWIFT_PACKAGE -D DEBUG -D Xcode -serialize-debugging-options -serialize-debugging-options -empty-abi-descriptor -Xcc -working-directory -Xcc /Users/builder/builds/o86TiJKT/0/finestructure/swiftpackageindex-builder/spi-builder-workspace -resource-dir /Applications/Xcode-14.2.0.app/Contents/Developer/Toolchains/XcodeDefault.xctoolchain/usr/lib/swift -enable-anonymous-context-mangled-names -Xcc -I/Users/builder/builds/o86TiJKT/0/finestructure/swiftpackageindex-builder/spi-builder-workspace/.derivedData/Build/Products/Debug-iphoneos/include -Xcc -I/Users/builder/builds/o86TiJKT/0/finestructure/swiftpackageindex-builder/spi-builder-workspace/.derivedData/Build/Intermediates.noindex/DataURI.build/Debug-iphoneos/DataURITests.build/DerivedSources-normal/arm64 -Xcc -I/Users/builder/builds/o86TiJKT/0/finestructure/swiftpackageindex-builder/spi-builder-workspace/.derivedData/Build/Intermediates.noindex/DataURI.build/Debug-iphoneos/DataURITests.build/DerivedSources/arm64 -Xcc -I/Users/builder/builds/o86TiJKT/0/finestructure/swiftpackageindex-builder/spi-builder-workspace/.derivedData/Build/Intermediates.noindex/DataURI.build/Debug-iphoneos/DataURITests.build/DerivedSources -Xcc -DSWIFT_PACKAGE -Xcc -DDEBUG\=1 -module-name DataURITests -disable-clang-spi -target-sdk-version 16.2 -emit-module-doc-path /Users/builder/builds/o86TiJKT/0/finestructure/swiftpackageindex-builder/spi-builder-workspace/.derivedData/Build/Intermediates.noindex/DataURI.build/Debug-iphoneos/DataURITests.build/Objects-normal/arm64/DataURITests.swiftdoc -emit-module-source-info-path /Users/builder/builds/o86TiJKT/0/finestructure/swiftpackageindex-builder/spi-builder-workspace/.derivedData/Build/Intermediates.noindex/DataURI.build/Debug-iphoneos/DataURITests.build/Objects-normal/arm64/DataURITests.swiftsourceinfo -serialize-diagnostics-path /Users/builder/builds/o86TiJKT/0/finestructure/swiftpackageindex-builder/spi-builder-workspace/.derivedData/Build/Intermediates.noindex/DataURI.build/Debug-iphoneos/DataURITests.build/Objects-normal/arm64/DataURITests-master-emit-module.dia -emit-dependencies-path /Users/builder/builds/o86TiJKT/0/finestructure/swiftpackageindex-builder/spi-builder-workspace/.derivedData/Build/Intermediates.noindex/DataURI.build/Debug-iphoneos/DataURITests.build/Objects-normal/arm64/DataURITests-master-emit-module.d -o /Users/builder/builds/o86TiJKT/0/finestructure/swiftpackageindex-builder/spi-builder-workspace/.derivedData/Build/Intermediates.noindex/DataURI.build/Debug-iphoneos/DataURITests.build/Objects-normal/arm64/DataURITests.swiftmodule -emit-abi-descriptor-path /Users/builder/builds/o86TiJKT/0/finestructure/swiftpackageindex-builder/spi-builder-workspace/.derivedData/Build/Intermediates.noindex/DataURI.build/Debug-iphoneos/DataURITests.build/Objects-normal/arm64/DataURITests.abi.json
/Users/builder/builds/o86TiJKT/0/finestructure/swiftpackageindex-builder/spi-builder-workspace/Tests/DataURITests/XCTestManifests.swift:31:30: error: cannot find type 'XCTestCaseEntry' in scope
public func __allTests() -> [XCTestCaseEntry] {
                             ^~~~~~~~~~~~~~~
SwiftCompile normal arm64 Compiling\ Expect.swift /Users/builder/builds/o86TiJKT/0/finestructure/swiftpackageindex-builder/spi-builder-workspace/Tests/DataURITests/Utilities/Expect.swift (in target 'DataURITests' from project 'DataURI')
    cd /Users/builder/builds/o86TiJKT/0/finestructure/swiftpackageindex-builder/spi-builder-workspace
    builtin-swiftTaskExecution -- /Applications/Xcode-14.2.0.app/Contents/Developer/Toolchains/XcodeDefault.xctoolchain/usr/bin/swift-frontend -frontend -c /Users/builder/builds/o86TiJKT/0/finestructure/swiftpackageindex-builder/spi-builder-workspace/Tests/DataURITests/DataURITests.swift /Users/builder/builds/o86TiJKT/0/finestructure/swiftpackageindex-builder/spi-builder-workspace/Tests/DataURITests/ParserTests.swift -primary-file /Users/builder/builds/o86TiJKT/0/finestructure/swiftpackageindex-builder/spi-builder-workspace/Tests/DataURITests/Utilities/Expect.swift /Users/builder/builds/o86TiJKT/0/finestructure/swiftpackageindex-builder/spi-builder-workspace/Tests/DataURITests/XCTestManifests.swift -emit-dependencies-path /Users/builder/builds/o86TiJKT/0/finestructure/swiftpackageindex-builder/spi-builder-workspace/.derivedData/Build/Intermediates.noindex/DataURI.build/Debug-iphoneos/DataURITests.build/Objects-normal/arm64/Expect.d -emit-reference-dependencies-path /Users/builder/builds/o86TiJKT/0/finestructure/swiftpackageindex-builder/spi-builder-workspace/.derivedData/Build/Intermediates.noindex/DataURI.build/Debug-iphoneos/DataURITests.build/Objects-normal/arm64/Expect.swiftdeps -serialize-diagnostics-path /Users/builder/builds/o86TiJKT/0/finestructure/swiftpackageindex-builder/spi-builder-workspace/.derivedData/Build/Intermediates.noindex/DataURI.build/Debug-iphoneos/DataURITests.build/Objects-normal/arm64/Expect.dia -target arm64-apple-ios11.0 -Xllvm -aarch64-use-tbi -enable-objc-interop -sdk /Applications/Xcode-14.2.0.app/Contents/Developer/Platforms/iPhoneOS.platform/Developer/SDKs/iPhoneOS16.2.sdk -I /Users/builder/builds/o86TiJKT/0/finestructure/swiftpackageindex-builder/spi-builder-workspace/.derivedData/Build/Products/Debug-iphoneos -I /Applications/Xcode-14.2.0.app/Contents/Developer/Platforms/iPhoneOS.platform/Developer/usr/lib -F /Users/builder/builds/o86TiJKT/0/finestructure/swiftpackageindex-builder/spi-builder-workspace/.derivedData/Build/Products/Debug-iphoneos/PackageFrameworks -F /Users/builder/builds/o86TiJKT/0/finestructure/swiftpackageindex-builder/spi-builder-workspace/.derivedData/Build/Products/Debug-iphoneos -F /Applications/Xcode-14.2.0.app/Contents/Developer/Platforms/iPhoneOS.platform/Developer/Library/Frameworks -F /Applications/Xcode-14.2.0.app/Contents/Developer/Platforms/iPhoneOS.platform/Developer/SDKs/iPhoneOS16.2.sdk/Developer/Library/Frameworks -no-color-diagnostics -enable-testing -g -module-cache-path /Users/builder/builds/o86TiJKT/0/finestructure/swiftpackageindex-builder/spi-builder-workspace/.derivedData/ModuleCache.noindex -swift-version 4.2 -enforce-exclusivity\=checked -Onone -D SWIFT_PACKAGE -D DEBUG -D Xcode -serialize-debugging-options -serialize-debugging-options -empty-abi-descriptor -Xcc -working-directory -Xcc /Users/builder/builds/o86TiJKT/0/finestructure/swiftpackageindex-builder/spi-builder-workspace -resource-dir /Applications/Xcode-14.2.0.app/Contents/Developer/Toolchains/XcodeDefault.xctoolchain/usr/lib/swift -enable-anonymous-context-mangled-names -Xcc -I/Users/builder/builds/o86TiJKT/0/finestructure/swiftpackageindex-builder/spi-builder-workspace/.derivedData/Build/Products/Debug-iphoneos/include -Xcc -I/Users/builder/builds/o86TiJKT/0/finestructure/swiftpackageindex-builder/spi-builder-workspace/.derivedData/Build/Intermediates.noindex/DataURI.build/Debug-iphoneos/DataURITests.build/DerivedSources-normal/arm64 -Xcc -I/Users/builder/builds/o86TiJKT/0/finestructure/swiftpackageindex-builder/spi-builder-workspace/.derivedData/Build/Intermediates.noindex/DataURI.build/Debug-iphoneos/DataURITests.build/DerivedSources/arm64 -Xcc -I/Users/builder/builds/o86TiJKT/0/finestructure/swiftpackageindex-builder/spi-builder-workspace/.derivedData/Build/Intermediates.noindex/DataURI.build/Debug-iphoneos/DataURITests.build/DerivedSources -Xcc -DSWIFT_PACKAGE -Xcc -DDEBUG\=1 -module-name DataURITests -frontend-parseable-output -disable-clang-spi -target-sdk-version 16.2 -o /Users/builder/builds/o86TiJKT/0/finestructure/swiftpackageindex-builder/spi-builder-workspace/.derivedData/Build/Intermediates.noindex/DataURI.build/Debug-iphoneos/DataURITests.build/Objects-normal/arm64/Expect.o -index-unit-output-path /DataURI.build/Debug-iphoneos/DataURITests.build/Objects-normal/arm64/Expect.o -index-store-path /Users/builder/builds/o86TiJKT/0/finestructure/swiftpackageindex-builder/spi-builder-workspace/.derivedData/Index.noindex/DataStore -index-system-modules
CompileSwift normal arm64 /Users/builder/builds/o86TiJKT/0/finestructure/swiftpackageindex-builder/spi-builder-workspace/Tests/DataURITests/Utilities/Expect.swift (in target 'DataURITests' from project 'DataURI')
    cd /Users/builder/builds/o86TiJKT/0/finestructure/swiftpackageindex-builder/spi-builder-workspace
    /Applications/Xcode-14.2.0.app/Contents/Developer/Toolchains/XcodeDefault.xctoolchain/usr/bin/swift-frontend -c /Users/builder/builds/o86TiJKT/0/finestructure/swiftpackageindex-builder/spi-builder-workspace/Tests/DataURITests/DataURITests.swift /Users/builder/builds/o86TiJKT/0/finestructure/swiftpackageindex-builder/spi-builder-workspace/Tests/DataURITests/ParserTests.swift -primary-file /Users/builder/builds/o86TiJKT/0/finestructure/swiftpackageindex-builder/spi-builder-workspace/Tests/DataURITests/Utilities/Expect.swift /Users/builder/builds/o86TiJKT/0/finestructure/swiftpackageindex-builder/spi-builder-workspace/Tests/DataURITests/XCTestManifests.swift -emit-dependencies-path /Users/builder/builds/o86TiJKT/0/finestructure/swiftpackageindex-builder/spi-builder-workspace/.derivedData/Build/Intermediates.noindex/DataURI.build/Debug-iphoneos/DataURITests.build/Objects-normal/arm64/Expect.d -emit-reference-dependencies-path /Users/builder/builds/o86TiJKT/0/finestructure/swiftpackageindex-builder/spi-builder-workspace/.derivedData/Build/Intermediates.noindex/DataURI.build/Debug-iphoneos/DataURITests.build/Objects-normal/arm64/Expect.swiftdeps -serialize-diagnostics-path /Users/builder/builds/o86TiJKT/0/finestructure/swiftpackageindex-builder/spi-builder-workspace/.derivedData/Build/Intermediates.noindex/DataURI.build/Debug-iphoneos/DataURITests.build/Objects-normal/arm64/Expect.dia -target arm64-apple-ios11.0 -Xllvm -aarch64-use-tbi -enable-objc-interop -sdk /Applications/Xcode-14.2.0.app/Contents/Developer/Platforms/iPhoneOS.platform/Developer/SDKs/iPhoneOS16.2.sdk -I /Users/builder/builds/o86TiJKT/0/finestructure/swiftpackageindex-builder/spi-builder-workspace/.derivedData/Build/Products/Debug-iphoneos -I /Applications/Xcode-14.2.0.app/Contents/Developer/Platforms/iPhoneOS.platform/Developer/usr/lib -F /Users/builder/builds/o86TiJKT/0/finestructure/swiftpackageindex-builder/spi-builder-workspace/.derivedData/Build/Products/Debug-iphoneos/PackageFrameworks -F /Users/builder/builds/o86TiJKT/0/finestructure/swiftpackageindex-builder/spi-builder-workspace/.derivedData/Build/Products/Debug-iphoneos -F /Applications/Xcode-14.2.0.app/Contents/Developer/Platforms/iPhoneOS.platform/Developer/Library/Frameworks -F /Applications/Xcode-14.2.0.app/Contents/Developer/Platforms/iPhoneOS.platform/Developer/SDKs/iPhoneOS16.2.sdk/Developer/Library/Frameworks -no-color-diagnostics -enable-testing -g -module-cache-path /Users/builder/builds/o86TiJKT/0/finestructure/swiftpackageindex-builder/spi-builder-workspace/.derivedData/ModuleCache.noindex -swift-version 4.2 -enforce-exclusivity\=checked -Onone -D SWIFT_PACKAGE -D DEBUG -D Xcode -serialize-debugging-options -serialize-debugging-options -empty-abi-descriptor -Xcc -working-directory -Xcc /Users/builder/builds/o86TiJKT/0/finestructure/swiftpackageindex-builder/spi-builder-workspace -resource-dir /Applications/Xcode-14.2.0.app/Contents/Developer/Toolchains/XcodeDefault.xctoolchain/usr/lib/swift -enable-anonymous-context-mangled-names -Xcc -I/Users/builder/builds/o86TiJKT/0/finestructure/swiftpackageindex-builder/spi-builder-workspace/.derivedData/Build/Products/Debug-iphoneos/include -Xcc -I/Users/builder/builds/o86TiJKT/0/finestructure/swiftpackageindex-builder/spi-builder-workspace/.derivedData/Build/Intermediates.noindex/DataURI.build/Debug-iphoneos/DataURITests.build/DerivedSources-normal/arm64 -Xcc -I/Users/builder/builds/o86TiJKT/0/finestructure/swiftpackageindex-builder/spi-builder-workspace/.derivedData/Build/Intermediates.noindex/DataURI.build/Debug-iphoneos/DataURITests.build/DerivedSources/arm64 -Xcc -I/Users/builder/builds/o86TiJKT/0/finestructure/swiftpackageindex-builder/spi-builder-workspace/.derivedData/Build/Intermediates.noindex/DataURI.build/Debug-iphoneos/DataURITests.build/DerivedSources -Xcc -DSWIFT_PACKAGE -Xcc -DDEBUG\=1 -module-name DataURITests -frontend-parseable-output -disable-clang-spi -target-sdk-version 16.2 -o /Users/builder/builds/o86TiJKT/0/finestructure/swiftpackageindex-builder/spi-builder-workspace/.derivedData/Build/Intermediates.noindex/DataURI.build/Debug-iphoneos/DataURITests.build/Objects-normal/arm64/Expect.o -index-unit-output-path /DataURI.build/Debug-iphoneos/DataURITests.build/Objects-normal/arm64/Expect.o -index-store-path /Users/builder/builds/o86TiJKT/0/finestructure/swiftpackageindex-builder/spi-builder-workspace/.derivedData/Index.noindex/DataStore -index-system-modules
SwiftCompile normal arm64 Compiling\ DataURITests.swift /Users/builder/builds/o86TiJKT/0/finestructure/swiftpackageindex-builder/spi-builder-workspace/Tests/DataURITests/DataURITests.swift (in target 'DataURITests' from project 'DataURI')
    cd /Users/builder/builds/o86TiJKT/0/finestructure/swiftpackageindex-builder/spi-builder-workspace
    builtin-swiftTaskExecution -- /Applications/Xcode-14.2.0.app/Contents/Developer/Toolchains/XcodeDefault.xctoolchain/usr/bin/swift-frontend -frontend -c -primary-file /Users/builder/builds/o86TiJKT/0/finestructure/swiftpackageindex-builder/spi-builder-workspace/Tests/DataURITests/DataURITests.swift /Users/builder/builds/o86TiJKT/0/finestructure/swiftpackageindex-builder/spi-builder-workspace/Tests/DataURITests/ParserTests.swift /Users/builder/builds/o86TiJKT/0/finestructure/swiftpackageindex-builder/spi-builder-workspace/Tests/DataURITests/Utilities/Expect.swift /Users/builder/builds/o86TiJKT/0/finestructure/swiftpackageindex-builder/spi-builder-workspace/Tests/DataURITests/XCTestManifests.swift -emit-dependencies-path /Users/builder/builds/o86TiJKT/0/finestructure/swiftpackageindex-builder/spi-builder-workspace/.derivedData/Build/Intermediates.noindex/DataURI.build/Debug-iphoneos/DataURITests.build/Objects-normal/arm64/DataURITests.d -emit-reference-dependencies-path /Users/builder/builds/o86TiJKT/0/finestructure/swiftpackageindex-builder/spi-builder-workspace/.derivedData/Build/Intermediates.noindex/DataURI.build/Debug-iphoneos/DataURITests.build/Objects-normal/arm64/DataURITests.swiftdeps -serialize-diagnostics-path /Users/builder/builds/o86TiJKT/0/finestructure/swiftpackageindex-builder/spi-builder-workspace/.derivedData/Build/Intermediates.noindex/DataURI.build/Debug-iphoneos/DataURITests.build/Objects-normal/arm64/DataURITests.dia -target arm64-apple-ios11.0 -Xllvm -aarch64-use-tbi -enable-objc-interop -sdk /Applications/Xcode-14.2.0.app/Contents/Developer/Platforms/iPhoneOS.platform/Developer/SDKs/iPhoneOS16.2.sdk -I /Users/builder/builds/o86TiJKT/0/finestructure/swiftpackageindex-builder/spi-builder-workspace/.derivedData/Build/Products/Debug-iphoneos -I /Applications/Xcode-14.2.0.app/Contents/Developer/Platforms/iPhoneOS.platform/Developer/usr/lib -F /Users/builder/builds/o86TiJKT/0/finestructure/swiftpackageindex-builder/spi-builder-workspace/.derivedData/Build/Products/Debug-iphoneos/PackageFrameworks -F /Users/builder/builds/o86TiJKT/0/finestructure/swiftpackageindex-builder/spi-builder-workspace/.derivedData/Build/Products/Debug-iphoneos -F /Applications/Xcode-14.2.0.app/Contents/Developer/Platforms/iPhoneOS.platform/Developer/Library/Frameworks -F /Applications/Xcode-14.2.0.app/Contents/Developer/Platforms/iPhoneOS.platform/Developer/SDKs/iPhoneOS16.2.sdk/Developer/Library/Frameworks -no-color-diagnostics -enable-testing -g -module-cache-path /Users/builder/builds/o86TiJKT/0/finestructure/swiftpackageindex-builder/spi-builder-workspace/.derivedData/ModuleCache.noindex -swift-version 4.2 -enforce-exclusivity\=checked -Onone -D SWIFT_PACKAGE -D DEBUG -D Xcode -serialize-debugging-options -serialize-debugging-options -empty-abi-descriptor -Xcc -working-directory -Xcc /Users/builder/builds/o86TiJKT/0/finestructure/swiftpackageindex-builder/spi-builder-workspace -resource-dir /Applications/Xcode-14.2.0.app/Contents/Developer/Toolchains/XcodeDefault.xctoolchain/usr/lib/swift -enable-anonymous-context-mangled-names -Xcc -I/Users/builder/builds/o86TiJKT/0/finestructure/swiftpackageindex-builder/spi-builder-workspace/.derivedData/Build/Products/Debug-iphoneos/include -Xcc -I/Users/builder/builds/o86TiJKT/0/finestructure/swiftpackageindex-builder/spi-builder-workspace/.derivedData/Build/Intermediates.noindex/DataURI.build/Debug-iphoneos/DataURITests.build/DerivedSources-normal/arm64 -Xcc -I/Users/builder/builds/o86TiJKT/0/finestructure/swiftpackageindex-builder/spi-builder-workspace/.derivedData/Build/Intermediates.noindex/DataURI.build/Debug-iphoneos/DataURITests.build/DerivedSources/arm64 -Xcc -I/Users/builder/builds/o86TiJKT/0/finestructure/swiftpackageindex-builder/spi-builder-workspace/.derivedData/Build/Intermediates.noindex/DataURI.build/Debug-iphoneos/DataURITests.build/DerivedSources -Xcc -DSWIFT_PACKAGE -Xcc -DDEBUG\=1 -module-name DataURITests -frontend-parseable-output -disable-clang-spi -target-sdk-version 16.2 -o /Users/builder/builds/o86TiJKT/0/finestructure/swiftpackageindex-builder/spi-builder-workspace/.derivedData/Build/Intermediates.noindex/DataURI.build/Debug-iphoneos/DataURITests.build/Objects-normal/arm64/DataURITests.o -index-unit-output-path /DataURI.build/Debug-iphoneos/DataURITests.build/Objects-normal/arm64/DataURITests.o -index-store-path /Users/builder/builds/o86TiJKT/0/finestructure/swiftpackageindex-builder/spi-builder-workspace/.derivedData/Index.noindex/DataStore -index-system-modules
CompileSwift normal arm64 /Users/builder/builds/o86TiJKT/0/finestructure/swiftpackageindex-builder/spi-builder-workspace/Tests/DataURITests/DataURITests.swift (in target 'DataURITests' from project 'DataURI')
    cd /Users/builder/builds/o86TiJKT/0/finestructure/swiftpackageindex-builder/spi-builder-workspace
    /Applications/Xcode-14.2.0.app/Contents/Developer/Toolchains/XcodeDefault.xctoolchain/usr/bin/swift-frontend -c -primary-file /Users/builder/builds/o86TiJKT/0/finestructure/swiftpackageindex-builder/spi-builder-workspace/Tests/DataURITests/DataURITests.swift /Users/builder/builds/o86TiJKT/0/finestructure/swiftpackageindex-builder/spi-builder-workspace/Tests/DataURITests/ParserTests.swift /Users/builder/builds/o86TiJKT/0/finestructure/swiftpackageindex-builder/spi-builder-workspace/Tests/DataURITests/Utilities/Expect.swift /Users/builder/builds/o86TiJKT/0/finestructure/swiftpackageindex-builder/spi-builder-workspace/Tests/DataURITests/XCTestManifests.swift -emit-dependencies-path /Users/builder/builds/o86TiJKT/0/finestructure/swiftpackageindex-builder/spi-builder-workspace/.derivedData/Build/Intermediates.noindex/DataURI.build/Debug-iphoneos/DataURITests.build/Objects-normal/arm64/DataURITests.d -emit-reference-dependencies-path /Users/builder/builds/o86TiJKT/0/finestructure/swiftpackageindex-builder/spi-builder-workspace/.derivedData/Build/Intermediates.noindex/DataURI.build/Debug-iphoneos/DataURITests.build/Objects-normal/arm64/DataURITests.swiftdeps -serialize-diagnostics-path /Users/builder/builds/o86TiJKT/0/finestructure/swiftpackageindex-builder/spi-builder-workspace/.derivedData/Build/Intermediates.noindex/DataURI.build/Debug-iphoneos/DataURITests.build/Objects-normal/arm64/DataURITests.dia -target arm64-apple-ios11.0 -Xllvm -aarch64-use-tbi -enable-objc-interop -sdk /Applications/Xcode-14.2.0.app/Contents/Developer/Platforms/iPhoneOS.platform/Developer/SDKs/iPhoneOS16.2.sdk -I /Users/builder/builds/o86TiJKT/0/finestructure/swiftpackageindex-builder/spi-builder-workspace/.derivedData/Build/Products/Debug-iphoneos -I /Applications/Xcode-14.2.0.app/Contents/Developer/Platforms/iPhoneOS.platform/Developer/usr/lib -F /Users/builder/builds/o86TiJKT/0/finestructure/swiftpackageindex-builder/spi-builder-workspace/.derivedData/Build/Products/Debug-iphoneos/PackageFrameworks -F /Users/builder/builds/o86TiJKT/0/finestructure/swiftpackageindex-builder/spi-builder-workspace/.derivedData/Build/Products/Debug-iphoneos -F /Applications/Xcode-14.2.0.app/Contents/Developer/Platforms/iPhoneOS.platform/Developer/Library/Frameworks -F /Applications/Xcode-14.2.0.app/Contents/Developer/Platforms/iPhoneOS.platform/Developer/SDKs/iPhoneOS16.2.sdk/Developer/Library/Frameworks -no-color-diagnostics -enable-testing -g -module-cache-path /Users/builder/builds/o86TiJKT/0/finestructure/swiftpackageindex-builder/spi-builder-workspace/.derivedData/ModuleCache.noindex -swift-version 4.2 -enforce-exclusivity\=checked -Onone -D SWIFT_PACKAGE -D DEBUG -D Xcode -serialize-debugging-options -serialize-debugging-options -empty-abi-descriptor -Xcc -working-directory -Xcc /Users/builder/builds/o86TiJKT/0/finestructure/swiftpackageindex-builder/spi-builder-workspace -resource-dir /Applications/Xcode-14.2.0.app/Contents/Developer/Toolchains/XcodeDefault.xctoolchain/usr/lib/swift -enable-anonymous-context-mangled-names -Xcc -I/Users/builder/builds/o86TiJKT/0/finestructure/swiftpackageindex-builder/spi-builder-workspace/.derivedData/Build/Products/Debug-iphoneos/include -Xcc -I/Users/builder/builds/o86TiJKT/0/finestructure/swiftpackageindex-builder/spi-builder-workspace/.derivedData/Build/Intermediates.noindex/DataURI.build/Debug-iphoneos/DataURITests.build/DerivedSources-normal/arm64 -Xcc -I/Users/builder/builds/o86TiJKT/0/finestructure/swiftpackageindex-builder/spi-builder-workspace/.derivedData/Build/Intermediates.noindex/DataURI.build/Debug-iphoneos/DataURITests.build/DerivedSources/arm64 -Xcc -I/Users/builder/builds/o86TiJKT/0/finestructure/swiftpackageindex-builder/spi-builder-workspace/.derivedData/Build/Intermediates.noindex/DataURI.build/Debug-iphoneos/DataURITests.build/DerivedSources -Xcc -DSWIFT_PACKAGE -Xcc -DDEBUG\=1 -module-name DataURITests -frontend-parseable-output -disable-clang-spi -target-sdk-version 16.2 -o /Users/builder/builds/o86TiJKT/0/finestructure/swiftpackageindex-builder/spi-builder-workspace/.derivedData/Build/Intermediates.noindex/DataURI.build/Debug-iphoneos/DataURITests.build/Objects-normal/arm64/DataURITests.o -index-unit-output-path /DataURI.build/Debug-iphoneos/DataURITests.build/Objects-normal/arm64/DataURITests.o -index-store-path /Users/builder/builds/o86TiJKT/0/finestructure/swiftpackageindex-builder/spi-builder-workspace/.derivedData/Index.noindex/DataStore -index-system-modules
SwiftCompile normal arm64 Compiling\ ParserTests.swift /Users/builder/builds/o86TiJKT/0/finestructure/swiftpackageindex-builder/spi-builder-workspace/Tests/DataURITests/ParserTests.swift (in target 'DataURITests' from project 'DataURI')
    cd /Users/builder/builds/o86TiJKT/0/finestructure/swiftpackageindex-builder/spi-builder-workspace
    builtin-swiftTaskExecution -- /Applications/Xcode-14.2.0.app/Contents/Developer/Toolchains/XcodeDefault.xctoolchain/usr/bin/swift-frontend -frontend -c /Users/builder/builds/o86TiJKT/0/finestructure/swiftpackageindex-builder/spi-builder-workspace/Tests/DataURITests/DataURITests.swift -primary-file /Users/builder/builds/o86TiJKT/0/finestructure/swiftpackageindex-builder/spi-builder-workspace/Tests/DataURITests/ParserTests.swift /Users/builder/builds/o86TiJKT/0/finestructure/swiftpackageindex-builder/spi-builder-workspace/Tests/DataURITests/Utilities/Expect.swift /Users/builder/builds/o86TiJKT/0/finestructure/swiftpackageindex-builder/spi-builder-workspace/Tests/DataURITests/XCTestManifests.swift -emit-dependencies-path /Users/builder/builds/o86TiJKT/0/finestructure/swiftpackageindex-builder/spi-builder-workspace/.derivedData/Build/Intermediates.noindex/DataURI.build/Debug-iphoneos/DataURITests.build/Objects-normal/arm64/ParserTests.d -emit-reference-dependencies-path /Users/builder/builds/o86TiJKT/0/finestructure/swiftpackageindex-builder/spi-builder-workspace/.derivedData/Build/Intermediates.noindex/DataURI.build/Debug-iphoneos/DataURITests.build/Objects-normal/arm64/ParserTests.swiftdeps -serialize-diagnostics-path /Users/builder/builds/o86TiJKT/0/finestructure/swiftpackageindex-builder/spi-builder-workspace/.derivedData/Build/Intermediates.noindex/DataURI.build/Debug-iphoneos/DataURITests.build/Objects-normal/arm64/ParserTests.dia -target arm64-apple-ios11.0 -Xllvm -aarch64-use-tbi -enable-objc-interop -sdk /Applications/Xcode-14.2.0.app/Contents/Developer/Platforms/iPhoneOS.platform/Developer/SDKs/iPhoneOS16.2.sdk -I /Users/builder/builds/o86TiJKT/0/finestructure/swiftpackageindex-builder/spi-builder-workspace/.derivedData/Build/Products/Debug-iphoneos -I /Applications/Xcode-14.2.0.app/Contents/Developer/Platforms/iPhoneOS.platform/Developer/usr/lib -F /Users/builder/builds/o86TiJKT/0/finestructure/swiftpackageindex-builder/spi-builder-workspace/.derivedData/Build/Products/Debug-iphoneos/PackageFrameworks -F /Users/builder/builds/o86TiJKT/0/finestructure/swiftpackageindex-builder/spi-builder-workspace/.derivedData/Build/Products/Debug-iphoneos -F /Applications/Xcode-14.2.0.app/Contents/Developer/Platforms/iPhoneOS.platform/Developer/Library/Frameworks -F /Applications/Xcode-14.2.0.app/Contents/Developer/Platforms/iPhoneOS.platform/Developer/SDKs/iPhoneOS16.2.sdk/Developer/Library/Frameworks -no-color-diagnostics -enable-testing -g -module-cache-path /Users/builder/builds/o86TiJKT/0/finestructure/swiftpackageindex-builder/spi-builder-workspace/.derivedData/ModuleCache.noindex -swift-version 4.2 -enforce-exclusivity\=checked -Onone -D SWIFT_PACKAGE -D DEBUG -D Xcode -serialize-debugging-options -serialize-debugging-options -empty-abi-descriptor -Xcc -working-directory -Xcc /Users/builder/builds/o86TiJKT/0/finestructure/swiftpackageindex-builder/spi-builder-workspace -resource-dir /Applications/Xcode-14.2.0.app/Contents/Developer/Toolchains/XcodeDefault.xctoolchain/usr/lib/swift -enable-anonymous-context-mangled-names -Xcc -I/Users/builder/builds/o86TiJKT/0/finestructure/swiftpackageindex-builder/spi-builder-workspace/.derivedData/Build/Products/Debug-iphoneos/include -Xcc -I/Users/builder/builds/o86TiJKT/0/finestructure/swiftpackageindex-builder/spi-builder-workspace/.derivedData/Build/Intermediates.noindex/DataURI.build/Debug-iphoneos/DataURITests.build/DerivedSources-normal/arm64 -Xcc -I/Users/builder/builds/o86TiJKT/0/finestructure/swiftpackageindex-builder/spi-builder-workspace/.derivedData/Build/Intermediates.noindex/DataURI.build/Debug-iphoneos/DataURITests.build/DerivedSources/arm64 -Xcc -I/Users/builder/builds/o86TiJKT/0/finestructure/swiftpackageindex-builder/spi-builder-workspace/.derivedData/Build/Intermediates.noindex/DataURI.build/Debug-iphoneos/DataURITests.build/DerivedSources -Xcc -DSWIFT_PACKAGE -Xcc -DDEBUG\=1 -module-name DataURITests -frontend-parseable-output -disable-clang-spi -target-sdk-version 16.2 -o /Users/builder/builds/o86TiJKT/0/finestructure/swiftpackageindex-builder/spi-builder-workspace/.derivedData/Build/Intermediates.noindex/DataURI.build/Debug-iphoneos/DataURITests.build/Objects-normal/arm64/ParserTests.o -index-unit-output-path /DataURI.build/Debug-iphoneos/DataURITests.build/Objects-normal/arm64/ParserTests.o -index-store-path /Users/builder/builds/o86TiJKT/0/finestructure/swiftpackageindex-builder/spi-builder-workspace/.derivedData/Index.noindex/DataStore -index-system-modules
CompileSwift normal arm64 /Users/builder/builds/o86TiJKT/0/finestructure/swiftpackageindex-builder/spi-builder-workspace/Tests/DataURITests/ParserTests.swift (in target 'DataURITests' from project 'DataURI')
    cd /Users/builder/builds/o86TiJKT/0/finestructure/swiftpackageindex-builder/spi-builder-workspace
    /Applications/Xcode-14.2.0.app/Contents/Developer/Toolchains/XcodeDefault.xctoolchain/usr/bin/swift-frontend -c /Users/builder/builds/o86TiJKT/0/finestructure/swiftpackageindex-builder/spi-builder-workspace/Tests/DataURITests/DataURITests.swift -primary-file /Users/builder/builds/o86TiJKT/0/finestructure/swiftpackageindex-builder/spi-builder-workspace/Tests/DataURITests/ParserTests.swift /Users/builder/builds/o86TiJKT/0/finestructure/swiftpackageindex-builder/spi-builder-workspace/Tests/DataURITests/Utilities/Expect.swift /Users/builder/builds/o86TiJKT/0/finestructure/swiftpackageindex-builder/spi-builder-workspace/Tests/DataURITests/XCTestManifests.swift -emit-dependencies-path /Users/builder/builds/o86TiJKT/0/finestructure/swiftpackageindex-builder/spi-builder-workspace/.derivedData/Build/Intermediates.noindex/DataURI.build/Debug-iphoneos/DataURITests.build/Objects-normal/arm64/ParserTests.d -emit-reference-dependencies-path /Users/builder/builds/o86TiJKT/0/finestructure/swiftpackageindex-builder/spi-builder-workspace/.derivedData/Build/Intermediates.noindex/DataURI.build/Debug-iphoneos/DataURITests.build/Objects-normal/arm64/ParserTests.swiftdeps -serialize-diagnostics-path /Users/builder/builds/o86TiJKT/0/finestructure/swiftpackageindex-builder/spi-builder-workspace/.derivedData/Build/Intermediates.noindex/DataURI.build/Debug-iphoneos/DataURITests.build/Objects-normal/arm64/ParserTests.dia -target arm64-apple-ios11.0 -Xllvm -aarch64-use-tbi -enable-objc-interop -sdk /Applications/Xcode-14.2.0.app/Contents/Developer/Platforms/iPhoneOS.platform/Developer/SDKs/iPhoneOS16.2.sdk -I /Users/builder/builds/o86TiJKT/0/finestructure/swiftpackageindex-builder/spi-builder-workspace/.derivedData/Build/Products/Debug-iphoneos -I /Applications/Xcode-14.2.0.app/Contents/Developer/Platforms/iPhoneOS.platform/Developer/usr/lib -F /Users/builder/builds/o86TiJKT/0/finestructure/swiftpackageindex-builder/spi-builder-workspace/.derivedData/Build/Products/Debug-iphoneos/PackageFrameworks -F /Users/builder/builds/o86TiJKT/0/finestructure/swiftpackageindex-builder/spi-builder-workspace/.derivedData/Build/Products/Debug-iphoneos -F /Applications/Xcode-14.2.0.app/Contents/Developer/Platforms/iPhoneOS.platform/Developer/Library/Frameworks -F /Applications/Xcode-14.2.0.app/Contents/Developer/Platforms/iPhoneOS.platform/Developer/SDKs/iPhoneOS16.2.sdk/Developer/Library/Frameworks -no-color-diagnostics -enable-testing -g -module-cache-path /Users/builder/builds/o86TiJKT/0/finestructure/swiftpackageindex-builder/spi-builder-workspace/.derivedData/ModuleCache.noindex -swift-version 4.2 -enforce-exclusivity\=checked -Onone -D SWIFT_PACKAGE -D DEBUG -D Xcode -serialize-debugging-options -serialize-debugging-options -empty-abi-descriptor -Xcc -working-directory -Xcc /Users/builder/builds/o86TiJKT/0/finestructure/swiftpackageindex-builder/spi-builder-workspace -resource-dir /Applications/Xcode-14.2.0.app/Contents/Developer/Toolchains/XcodeDefault.xctoolchain/usr/lib/swift -enable-anonymous-context-mangled-names -Xcc -I/Users/builder/builds/o86TiJKT/0/finestructure/swiftpackageindex-builder/spi-builder-workspace/.derivedData/Build/Products/Debug-iphoneos/include -Xcc -I/Users/builder/builds/o86TiJKT/0/finestructure/swiftpackageindex-builder/spi-builder-workspace/.derivedData/Build/Intermediates.noindex/DataURI.build/Debug-iphoneos/DataURITests.build/DerivedSources-normal/arm64 -Xcc -I/Users/builder/builds/o86TiJKT/0/finestructure/swiftpackageindex-builder/spi-builder-workspace/.derivedData/Build/Intermediates.noindex/DataURI.build/Debug-iphoneos/DataURITests.build/DerivedSources/arm64 -Xcc -I/Users/builder/builds/o86TiJKT/0/finestructure/swiftpackageindex-builder/spi-builder-workspace/.derivedData/Build/Intermediates.noindex/DataURI.build/Debug-iphoneos/DataURITests.build/DerivedSources -Xcc -DSWIFT_PACKAGE -Xcc -DDEBUG\=1 -module-name DataURITests -frontend-parseable-output -disable-clang-spi -target-sdk-version 16.2 -o /Users/builder/builds/o86TiJKT/0/finestructure/swiftpackageindex-builder/spi-builder-workspace/.derivedData/Build/Intermediates.noindex/DataURI.build/Debug-iphoneos/DataURITests.build/Objects-normal/arm64/ParserTests.o -index-unit-output-path /DataURI.build/Debug-iphoneos/DataURITests.build/Objects-normal/arm64/ParserTests.o -index-store-path /Users/builder/builds/o86TiJKT/0/finestructure/swiftpackageindex-builder/spi-builder-workspace/.derivedData/Index.noindex/DataStore -index-system-modules
SwiftCompile normal arm64 Compiling\ XCTestManifests.swift /Users/builder/builds/o86TiJKT/0/finestructure/swiftpackageindex-builder/spi-builder-workspace/Tests/DataURITests/XCTestManifests.swift (in target 'DataURITests' from project 'DataURI')
    cd /Users/builder/builds/o86TiJKT/0/finestructure/swiftpackageindex-builder/spi-builder-workspace
    builtin-swiftTaskExecution -- /Applications/Xcode-14.2.0.app/Contents/Developer/Toolchains/XcodeDefault.xctoolchain/usr/bin/swift-frontend -frontend -c /Users/builder/builds/o86TiJKT/0/finestructure/swiftpackageindex-builder/spi-builder-workspace/Tests/DataURITests/DataURITests.swift /Users/builder/builds/o86TiJKT/0/finestructure/swiftpackageindex-builder/spi-builder-workspace/Tests/DataURITests/ParserTests.swift /Users/builder/builds/o86TiJKT/0/finestructure/swiftpackageindex-builder/spi-builder-workspace/Tests/DataURITests/Utilities/Expect.swift -primary-file /Users/builder/builds/o86TiJKT/0/finestructure/swiftpackageindex-builder/spi-builder-workspace/Tests/DataURITests/XCTestManifests.swift -emit-dependencies-path /Users/builder/builds/o86TiJKT/0/finestructure/swiftpackageindex-builder/spi-builder-workspace/.derivedData/Build/Intermediates.noindex/DataURI.build/Debug-iphoneos/DataURITests.build/Objects-normal/arm64/XCTestManifests.d -emit-reference-dependencies-path /Users/builder/builds/o86TiJKT/0/finestructure/swiftpackageindex-builder/spi-builder-workspace/.derivedData/Build/Intermediates.noindex/DataURI.build/Debug-iphoneos/DataURITests.build/Objects-normal/arm64/XCTestManifests.swiftdeps -serialize-diagnostics-path /Users/builder/builds/o86TiJKT/0/finestructure/swiftpackageindex-builder/spi-builder-workspace/.derivedData/Build/Intermediates.noindex/DataURI.build/Debug-iphoneos/DataURITests.build/Objects-normal/arm64/XCTestManifests.dia -target arm64-apple-ios11.0 -Xllvm -aarch64-use-tbi -enable-objc-interop -sdk /Applications/Xcode-14.2.0.app/Contents/Developer/Platforms/iPhoneOS.platform/Developer/SDKs/iPhoneOS16.2.sdk -I /Users/builder/builds/o86TiJKT/0/finestructure/swiftpackageindex-builder/spi-builder-workspace/.derivedData/Build/Products/Debug-iphoneos -I /Applications/Xcode-14.2.0.app/Contents/Developer/Platforms/iPhoneOS.platform/Developer/usr/lib -F /Users/builder/builds/o86TiJKT/0/finestructure/swiftpackageindex-builder/spi-builder-workspace/.derivedData/Build/Products/Debug-iphoneos/PackageFrameworks -F /Users/builder/builds/o86TiJKT/0/finestructure/swiftpackageindex-builder/spi-builder-workspace/.derivedData/Build/Products/Debug-iphoneos -F /Applications/Xcode-14.2.0.app/Contents/Developer/Platforms/iPhoneOS.platform/Developer/Library/Frameworks -F /Applications/Xcode-14.2.0.app/Contents/Developer/Platforms/iPhoneOS.platform/Developer/SDKs/iPhoneOS16.2.sdk/Developer/Library/Frameworks -no-color-diagnostics -enable-testing -g -module-cache-path /Users/builder/builds/o86TiJKT/0/finestructure/swiftpackageindex-builder/spi-builder-workspace/.derivedData/ModuleCache.noindex -swift-version 4.2 -enforce-exclusivity\=checked -Onone -D SWIFT_PACKAGE -D DEBUG -D Xcode -serialize-debugging-options -serialize-debugging-options -empty-abi-descriptor -Xcc -working-directory -Xcc /Users/builder/builds/o86TiJKT/0/finestructure/swiftpackageindex-builder/spi-builder-workspace -resource-dir /Applications/Xcode-14.2.0.app/Contents/Developer/Toolchains/XcodeDefault.xctoolchain/usr/lib/swift -enable-anonymous-context-mangled-names -Xcc -I/Users/builder/builds/o86TiJKT/0/finestructure/swiftpackageindex-builder/spi-builder-workspace/.derivedData/Build/Products/Debug-iphoneos/include -Xcc -I/Users/builder/builds/o86TiJKT/0/finestructure/swiftpackageindex-builder/spi-builder-workspace/.derivedData/Build/Intermediates.noindex/DataURI.build/Debug-iphoneos/DataURITests.build/DerivedSources-normal/arm64 -Xcc -I/Users/builder/builds/o86TiJKT/0/finestructure/swiftpackageindex-builder/spi-builder-workspace/.derivedData/Build/Intermediates.noindex/DataURI.build/Debug-iphoneos/DataURITests.build/DerivedSources/arm64 -Xcc -I/Users/builder/builds/o86TiJKT/0/finestructure/swiftpackageindex-builder/spi-builder-workspace/.derivedData/Build/Intermediates.noindex/DataURI.build/Debug-iphoneos/DataURITests.build/DerivedSources -Xcc -DSWIFT_PACKAGE -Xcc -DDEBUG\=1 -module-name DataURITests -frontend-parseable-output -disable-clang-spi -target-sdk-version 16.2 -o /Users/builder/builds/o86TiJKT/0/finestructure/swiftpackageindex-builder/spi-builder-workspace/.derivedData/Build/Intermediates.noindex/DataURI.build/Debug-iphoneos/DataURITests.build/Objects-normal/arm64/XCTestManifests.o -index-unit-output-path /DataURI.build/Debug-iphoneos/DataURITests.build/Objects-normal/arm64/XCTestManifests.o -index-store-path /Users/builder/builds/o86TiJKT/0/finestructure/swiftpackageindex-builder/spi-builder-workspace/.derivedData/Index.noindex/DataStore -index-system-modules
CompileSwift normal arm64 /Users/builder/builds/o86TiJKT/0/finestructure/swiftpackageindex-builder/spi-builder-workspace/Tests/DataURITests/XCTestManifests.swift (in target 'DataURITests' from project 'DataURI')
    cd /Users/builder/builds/o86TiJKT/0/finestructure/swiftpackageindex-builder/spi-builder-workspace
    /Applications/Xcode-14.2.0.app/Contents/Developer/Toolchains/XcodeDefault.xctoolchain/usr/bin/swift-frontend -c /Users/builder/builds/o86TiJKT/0/finestructure/swiftpackageindex-builder/spi-builder-workspace/Tests/DataURITests/DataURITests.swift /Users/builder/builds/o86TiJKT/0/finestructure/swiftpackageindex-builder/spi-builder-workspace/Tests/DataURITests/ParserTests.swift /Users/builder/builds/o86TiJKT/0/finestructure/swiftpackageindex-builder/spi-builder-workspace/Tests/DataURITests/Utilities/Expect.swift -primary-file /Users/builder/builds/o86TiJKT/0/finestructure/swiftpackageindex-builder/spi-builder-workspace/Tests/DataURITests/XCTestManifests.swift -emit-dependencies-path /Users/builder/builds/o86TiJKT/0/finestructure/swiftpackageindex-builder/spi-builder-workspace/.derivedData/Build/Intermediates.noindex/DataURI.build/Debug-iphoneos/DataURITests.build/Objects-normal/arm64/XCTestManifests.d -emit-reference-dependencies-path /Users/builder/builds/o86TiJKT/0/finestructure/swiftpackageindex-builder/spi-builder-workspace/.derivedData/Build/Intermediates.noindex/DataURI.build/Debug-iphoneos/DataURITests.build/Objects-normal/arm64/XCTestManifests.swiftdeps -serialize-diagnostics-path /Users/builder/builds/o86TiJKT/0/finestructure/swiftpackageindex-builder/spi-builder-workspace/.derivedData/Build/Intermediates.noindex/DataURI.build/Debug-iphoneos/DataURITests.build/Objects-normal/arm64/XCTestManifests.dia -target arm64-apple-ios11.0 -Xllvm -aarch64-use-tbi -enable-objc-interop -sdk /Applications/Xcode-14.2.0.app/Contents/Developer/Platforms/iPhoneOS.platform/Developer/SDKs/iPhoneOS16.2.sdk -I /Users/builder/builds/o86TiJKT/0/finestructure/swiftpackageindex-builder/spi-builder-workspace/.derivedData/Build/Products/Debug-iphoneos -I /Applications/Xcode-14.2.0.app/Contents/Developer/Platforms/iPhoneOS.platform/Developer/usr/lib -F /Users/builder/builds/o86TiJKT/0/finestructure/swiftpackageindex-builder/spi-builder-workspace/.derivedData/Build/Products/Debug-iphoneos/PackageFrameworks -F /Users/builder/builds/o86TiJKT/0/finestructure/swiftpackageindex-builder/spi-builder-workspace/.derivedData/Build/Products/Debug-iphoneos -F /Applications/Xcode-14.2.0.app/Contents/Developer/Platforms/iPhoneOS.platform/Developer/Library/Frameworks -F /Applications/Xcode-14.2.0.app/Contents/Developer/Platforms/iPhoneOS.platform/Developer/SDKs/iPhoneOS16.2.sdk/Developer/Library/Frameworks -no-color-diagnostics -enable-testing -g -module-cache-path /Users/builder/builds/o86TiJKT/0/finestructure/swiftpackageindex-builder/spi-builder-workspace/.derivedData/ModuleCache.noindex -swift-version 4.2 -enforce-exclusivity\=checked -Onone -D SWIFT_PACKAGE -D DEBUG -D Xcode -serialize-debugging-options -serialize-debugging-options -empty-abi-descriptor -Xcc -working-directory -Xcc /Users/builder/builds/o86TiJKT/0/finestructure/swiftpackageindex-builder/spi-builder-workspace -resource-dir /Applications/Xcode-14.2.0.app/Contents/Developer/Toolchains/XcodeDefault.xctoolchain/usr/lib/swift -enable-anonymous-context-mangled-names -Xcc -I/Users/builder/builds/o86TiJKT/0/finestructure/swiftpackageindex-builder/spi-builder-workspace/.derivedData/Build/Products/Debug-iphoneos/include -Xcc -I/Users/builder/builds/o86TiJKT/0/finestructure/swiftpackageindex-builder/spi-builder-workspace/.derivedData/Build/Intermediates.noindex/DataURI.build/Debug-iphoneos/DataURITests.build/DerivedSources-normal/arm64 -Xcc -I/Users/builder/builds/o86TiJKT/0/finestructure/swiftpackageindex-builder/spi-builder-workspace/.derivedData/Build/Intermediates.noindex/DataURI.build/Debug-iphoneos/DataURITests.build/DerivedSources/arm64 -Xcc -I/Users/builder/builds/o86TiJKT/0/finestructure/swiftpackageindex-builder/spi-builder-workspace/.derivedData/Build/Intermediates.noindex/DataURI.build/Debug-iphoneos/DataURITests.build/DerivedSources -Xcc -DSWIFT_PACKAGE -Xcc -DDEBUG\=1 -module-name DataURITests -frontend-parseable-output -disable-clang-spi -target-sdk-version 16.2 -o /Users/builder/builds/o86TiJKT/0/finestructure/swiftpackageindex-builder/spi-builder-workspace/.derivedData/Build/Intermediates.noindex/DataURI.build/Debug-iphoneos/DataURITests.build/Objects-normal/arm64/XCTestManifests.o -index-unit-output-path /DataURI.build/Debug-iphoneos/DataURITests.build/Objects-normal/arm64/XCTestManifests.o -index-store-path /Users/builder/builds/o86TiJKT/0/finestructure/swiftpackageindex-builder/spi-builder-workspace/.derivedData/Index.noindex/DataStore -index-system-modules
** BUILD FAILED **
The following build commands failed:
	SwiftEmitModule normal arm64 Emitting\ module\ for\ DataURITests (in target 'DataURITests' from project 'DataURI')
(1 failure)
BUILD FAILURE 5.7 iOS

Build Machine: Mac 5