The Swift Package Index logo.Swift Package Index

Build Information

Failed to build AVPlayerWrapper, reference 1.0.1 (e8f530), with Swift 6.2 for watchOS using Xcode 26.3 on 11 Aug 2026 15:43:59 UTC.

Build Command

env DEVELOPER_DIR=/Applications/Xcode-26.3.0.app xcrun xcodebuild -IDEClonedSourcePackagesDirPathOverride=$PWD/.dependencies -skipMacroValidation -skipPackagePluginValidation -derivedDataPath $PWD/.derivedData build -scheme AVPlayerWrapper -destination generic/platform=watchOS

Build Log

========================================
RunAll
========================================
Builder version: undefined version: run 'make version' to update
Interrupt handler set up.
========================================
Checkout
========================================
Clone URL: https://github.com/moslienko/AVPlayerWrapper.git
Reference: 1.0.1
Initialized empty Git repository in /Users/admin/builder/spi-builder-workspace/.git/
From https://github.com/moslienko/AVPlayerWrapper
 * tag               1.0.1      -> FETCH_HEAD
HEAD is now at e8f5302 Merge pull request #3 from moslienko/develop
Cloned https://github.com/moslienko/AVPlayerWrapper.git
Revision (git rev-parse @):
e8f53021bc0de2a9bc56c4bb26ae9957186c7f9c
SUCCESS checkout https://github.com/moslienko/AVPlayerWrapper.git at 1.0.1
========================================
Build
========================================
Selected platform:         watchOS
Swift version:             6.2
Building package at path:  $PWD
https://github.com/moslienko/AVPlayerWrapper.git
Command line invocation:
    /Applications/Xcode-26.3.0.app/Contents/Developer/usr/bin/xcodebuild -IDEClonedSourcePackagesDirPathOverride=/Users/admin/builder/spi-builder-workspace/.dependencies -resolvePackageDependencies
Resolve Package Graph
Fetching from https://github.com/moslienko/AppViewUtilits.git
Creating working copy of package ‘AppViewUtilits’
Checking out 1.3.1 of package ‘AppViewUtilits’
Resolve Package Graph
Resolved source packages:
  AVPlayerWrapper: /Users/admin/builder/spi-builder-workspace
  AppViewUtilits: https://github.com/moslienko/AppViewUtilits.git @ 1.3.1
resolved source packages: AVPlayerWrapper, AppViewUtilits
2026-08-11 11:43:31.293 xcodebuild[537:3097] [MT] IDERunDestination: Supported platforms for the buildables in the current scheme is empty.
{
  "dependencies" : [
    {
      "identity" : "appviewutilits",
      "requirement" : {
        "range" : [
          {
            "lower_bound" : "1.3.1",
            "upper_bound" : "2.0.0"
          }
        ]
      },
      "type" : "sourceControl",
      "url" : "https://github.com/moslienko/AppViewUtilits.git"
    }
  ],
  "manifest_display_name" : "AVPlayerWrapper",
  "name" : "AVPlayerWrapper",
  "path" : "/Users/admin/builder/spi-builder-workspace",
  "platforms" : [
    {
      "name" : "ios",
      "version" : "12.0"
    },
    {
      "name" : "macos",
      "version" : "10.13"
    }
  ],
  "products" : [
    {
      "name" : "AVPlayerWrapper",
      "targets" : [
        "AVPlayerWrapper"
      ],
      "type" : {
        "library" : [
          "automatic"
        ]
      }
    }
  ],
  "targets" : [
    {
      "c99name" : "AVPlayerWrapperTests",
      "module_type" : "SwiftTarget",
      "name" : "AVPlayerWrapperTests",
      "path" : "Tests/AVPlayerWrapperTests",
      "sources" : [
        "AVPlayerWrapperTests.swift"
      ],
      "target_dependencies" : [
        "AVPlayerWrapper"
      ],
      "type" : "test"
    },
    {
      "c99name" : "AVPlayerWrapper",
      "module_type" : "SwiftTarget",
      "name" : "AVPlayerWrapper",
      "path" : "Sources/AVPlayerWrapper",
      "product_dependencies" : [
        "AppViewUtilits"
      ],
      "product_memberships" : [
        "AVPlayerWrapper"
      ],
      "sources" : [
        "Data/AVAssetTime.swift",
        "Data/AVPlayerAfterAutoStopAction.swift",
        "Data/AVPlayerAutoStopType.swift",
        "Data/AVPlayerLoopType.swift",
        "Data/AVPlayerWrapperMediaFile.swift",
        "Data/Options/AVPlayerOptions.swift",
        "Data/Options/AVSession.swift",
        "Extensions/Extension+Bundle.swift",
        "Service/AVPlayerAutoStopService.swift",
        "Service/AVPlayerWrapper.swift",
        "Service/NowPlayingService.swift"
      ],
      "type" : "library"
    }
  ],
  "tools_version" : "5.9"
}
{
  "workspace" : {
    "name" : "spi-builder-workspace",
    "schemes" : [
      "AVPlayerWrapper"
    ]
  }
}
2026-08-11 11:43:49.700 xcodebuild[724:4438] [MT] IDERunDestination: Supported platforms for the buildables in the current scheme is empty.
Running build ...
env DEVELOPER_DIR=/Applications/Xcode-26.3.0.app xcrun xcodebuild -IDEClonedSourcePackagesDirPathOverride=$PWD/.dependencies -skipMacroValidation -skipPackagePluginValidation -derivedDataPath $PWD/.derivedData build -scheme AVPlayerWrapper -destination generic/platform=watchOS
Command line invocation:
    /Applications/Xcode-26.3.0.app/Contents/Developer/usr/bin/xcodebuild -IDEClonedSourcePackagesDirPathOverride=/Users/admin/builder/spi-builder-workspace/.dependencies -skipMacroValidation -skipPackagePluginValidation -derivedDataPath /Users/admin/builder/spi-builder-workspace/.derivedData build -scheme AVPlayerWrapper -destination generic/platform=watchOS
Resolve Package Graph
Resolve Package Graph
Resolved source packages:
  AppViewUtilits: https://github.com/moslienko/AppViewUtilits.git @ 1.3.1
  AVPlayerWrapper: /Users/admin/builder/spi-builder-workspace
ComputePackagePrebuildTargetDependencyGraph
Prepare packages
CreateBuildRequest
SendProjectDescription
CreateBuildOperation
ComputeTargetDependencyGraph
note: Building targets in dependency order
note: Target dependency graph (4 targets)
    Target 'AVPlayerWrapper' in project 'AVPlayerWrapper'
        ➜ Explicit dependency on target 'AVPlayerWrapper' in project 'AVPlayerWrapper'
        ➜ Explicit dependency on target 'AppViewUtilits' in project 'AppViewUtilits'
    Target 'AVPlayerWrapper' in project 'AVPlayerWrapper'
        ➜ Explicit dependency on target 'AppViewUtilits' in project 'AppViewUtilits'
    Target 'AppViewUtilits' in project 'AppViewUtilits'
        ➜ Explicit dependency on target 'AppViewUtilits' in project 'AppViewUtilits'
    Target 'AppViewUtilits' in project 'AppViewUtilits' (no dependencies)
GatherProvisioningInputs
CreateBuildDescription
ExecuteExternalTool /Applications/Xcode-26.3.0.app/Contents/Developer/Toolchains/XcodeDefault.xctoolchain/usr/bin/clang -v -E -dM -isysroot /Applications/Xcode-26.3.0.app/Contents/Developer/Platforms/WatchOS.platform/Developer/SDKs/WatchOS26.2.sdk -x c -c /dev/null
ExecuteExternalTool /Applications/Xcode-26.3.0.app/Contents/Developer/Toolchains/XcodeDefault.xctoolchain/usr/bin/swiftc --version
ExecuteExternalTool /Applications/Xcode-26.3.0.app/Contents/Developer/Toolchains/XcodeDefault.xctoolchain/usr/bin/ld -version_details
Build description signature: 9264b375ba29ad2f4a6bff57c0ee2c93
Build description path: /Users/admin/builder/spi-builder-workspace/.derivedData/Build/Intermediates.noindex/XCBuildData/9264b375ba29ad2f4a6bff57c0ee2c93.xcbuilddata
ClangStatCache /Applications/Xcode-26.3.0.app/Contents/Developer/Toolchains/XcodeDefault.xctoolchain/usr/bin/clang-stat-cache /Applications/Xcode-26.3.0.app/Contents/Developer/Platforms/WatchOS.platform/Developer/SDKs/WatchOS26.2.sdk /Users/admin/builder/spi-builder-workspace/.derivedData/SDKStatCaches.noindex/watchos26.2-23S303-dc75598d0054f22ec865fa860f139d721753b489057de6bda919edfa1c59a62b.sdkstatcache
    cd /Users/admin/builder/spi-builder-workspace/.swiftpm/xcode
    /Applications/Xcode-26.3.0.app/Contents/Developer/Toolchains/XcodeDefault.xctoolchain/usr/bin/clang-stat-cache /Applications/Xcode-26.3.0.app/Contents/Developer/Platforms/WatchOS.platform/Developer/SDKs/WatchOS26.2.sdk -o /Users/admin/builder/spi-builder-workspace/.derivedData/SDKStatCaches.noindex/watchos26.2-23S303-dc75598d0054f22ec865fa860f139d721753b489057de6bda919edfa1c59a62b.sdkstatcache
CreateBuildDirectory /Users/admin/builder/spi-builder-workspace/.derivedData/Build/Products
    cd /Users/admin/builder/spi-builder-workspace/.swiftpm/xcode
    builtin-create-build-directory /Users/admin/builder/spi-builder-workspace/.derivedData/Build/Products
CreateBuildDirectory /Users/admin/builder/spi-builder-workspace/.derivedData/Build/Intermediates.noindex
    cd /Users/admin/builder/spi-builder-workspace/.swiftpm/xcode
    builtin-create-build-directory /Users/admin/builder/spi-builder-workspace/.derivedData/Build/Intermediates.noindex
CreateBuildDirectory /Users/admin/builder/spi-builder-workspace/.derivedData/Build/Products/Debug-watchos
    cd /Users/admin/builder/spi-builder-workspace/.swiftpm/xcode
    builtin-create-build-directory /Users/admin/builder/spi-builder-workspace/.derivedData/Build/Products/Debug-watchos
CreateBuildDirectory /Users/admin/builder/spi-builder-workspace/.derivedData/Build/Intermediates.noindex/ExplicitPrecompiledModules
    cd /Users/admin/builder/spi-builder-workspace/.swiftpm/xcode
    builtin-create-build-directory /Users/admin/builder/spi-builder-workspace/.derivedData/Build/Intermediates.noindex/ExplicitPrecompiledModules
CreateBuildDirectory /Users/admin/builder/spi-builder-workspace/.derivedData/Build/Intermediates.noindex/SwiftExplicitPrecompiledModules
    cd /Users/admin/builder/spi-builder-workspace/.swiftpm/xcode
    builtin-create-build-directory /Users/admin/builder/spi-builder-workspace/.derivedData/Build/Intermediates.noindex/SwiftExplicitPrecompiledModules
CreateBuildDirectory /Users/admin/builder/spi-builder-workspace/.derivedData/Build/Intermediates.noindex/EagerLinkingTBDs/Debug-watchos
    cd /Users/admin/builder/spi-builder-workspace/.swiftpm/xcode
    builtin-create-build-directory /Users/admin/builder/spi-builder-workspace/.derivedData/Build/Intermediates.noindex/EagerLinkingTBDs/Debug-watchos
CreateBuildDirectory /Users/admin/builder/spi-builder-workspace/.derivedData/Build/Products/Debug-watchos/PackageFrameworks
    cd /Users/admin/builder/spi-builder-workspace/.swiftpm/xcode
    builtin-create-build-directory /Users/admin/builder/spi-builder-workspace/.derivedData/Build/Products/Debug-watchos/PackageFrameworks
WriteAuxiliaryFile /Users/admin/builder/spi-builder-workspace/.derivedData/Build/Intermediates.noindex/AppViewUtilits.build/Debug-watchos/AppViewUtilits.build/AppViewUtilits.modulemap (in target 'AppViewUtilits' from project 'AppViewUtilits')
    cd /Users/admin/builder/spi-builder-workspace/.dependencies/checkouts/AppViewUtilits
    write-file /Users/admin/builder/spi-builder-workspace/.derivedData/Build/Intermediates.noindex/AppViewUtilits.build/Debug-watchos/AppViewUtilits.build/AppViewUtilits.modulemap
WriteAuxiliaryFile /Users/admin/builder/spi-builder-workspace/.derivedData/Build/Intermediates.noindex/AppViewUtilits.build/Debug-watchos/AppViewUtilits.build/Objects-normal/arm64_32/AppViewUtilits_const_extract_protocols.json (in target 'AppViewUtilits' from project 'AppViewUtilits')
    cd /Users/admin/builder/spi-builder-workspace/.dependencies/checkouts/AppViewUtilits
    write-file /Users/admin/builder/spi-builder-workspace/.derivedData/Build/Intermediates.noindex/AppViewUtilits.build/Debug-watchos/AppViewUtilits.build/Objects-normal/arm64_32/AppViewUtilits_const_extract_protocols.json
WriteAuxiliaryFile /Users/admin/builder/spi-builder-workspace/.derivedData/Build/Intermediates.noindex/AppViewUtilits.build/Debug-watchos/AppViewUtilits.build/Objects-normal/arm64_32/AppViewUtilits-OutputFileMap.json (in target 'AppViewUtilits' from project 'AppViewUtilits')
    cd /Users/admin/builder/spi-builder-workspace/.dependencies/checkouts/AppViewUtilits
    write-file /Users/admin/builder/spi-builder-workspace/.derivedData/Build/Intermediates.noindex/AppViewUtilits.build/Debug-watchos/AppViewUtilits.build/Objects-normal/arm64_32/AppViewUtilits-OutputFileMap.json
WriteAuxiliaryFile /Users/admin/builder/spi-builder-workspace/.derivedData/Build/Intermediates.noindex/AppViewUtilits.build/Debug-watchos/AppViewUtilits.build/Objects-normal/armv7k/AppViewUtilits.LinkFileList (in target 'AppViewUtilits' from project 'AppViewUtilits')
    cd /Users/admin/builder/spi-builder-workspace/.dependencies/checkouts/AppViewUtilits
    write-file /Users/admin/builder/spi-builder-workspace/.derivedData/Build/Intermediates.noindex/AppViewUtilits.build/Debug-watchos/AppViewUtilits.build/Objects-normal/armv7k/AppViewUtilits.LinkFileList
WriteAuxiliaryFile /Users/admin/builder/spi-builder-workspace/.derivedData/Build/Intermediates.noindex/AppViewUtilits.build/Debug-watchos/AppViewUtilits.build/Objects-normal/armv7k/AppViewUtilits-OutputFileMap.json (in target 'AppViewUtilits' from project 'AppViewUtilits')
    cd /Users/admin/builder/spi-builder-workspace/.dependencies/checkouts/AppViewUtilits
    write-file /Users/admin/builder/spi-builder-workspace/.derivedData/Build/Intermediates.noindex/AppViewUtilits.build/Debug-watchos/AppViewUtilits.build/Objects-normal/armv7k/AppViewUtilits-OutputFileMap.json
WriteAuxiliaryFile /Users/admin/builder/spi-builder-workspace/.derivedData/Build/Intermediates.noindex/AppViewUtilits.build/Debug-watchos/AppViewUtilits.build/Objects-normal/armv7k/AppViewUtilits_const_extract_protocols.json (in target 'AppViewUtilits' from project 'AppViewUtilits')
    cd /Users/admin/builder/spi-builder-workspace/.dependencies/checkouts/AppViewUtilits
    write-file /Users/admin/builder/spi-builder-workspace/.derivedData/Build/Intermediates.noindex/AppViewUtilits.build/Debug-watchos/AppViewUtilits.build/Objects-normal/armv7k/AppViewUtilits_const_extract_protocols.json
WriteAuxiliaryFile /Users/admin/builder/spi-builder-workspace/.derivedData/Build/Intermediates.noindex/AppViewUtilits.build/Debug-watchos/AppViewUtilits.build/Objects-normal/armv7k/AppViewUtilits.SwiftFileList (in target 'AppViewUtilits' from project 'AppViewUtilits')
    cd /Users/admin/builder/spi-builder-workspace/.dependencies/checkouts/AppViewUtilits
    write-file /Users/admin/builder/spi-builder-workspace/.derivedData/Build/Intermediates.noindex/AppViewUtilits.build/Debug-watchos/AppViewUtilits.build/Objects-normal/armv7k/AppViewUtilits.SwiftFileList
WriteAuxiliaryFile /Users/admin/builder/spi-builder-workspace/.derivedData/Build/Intermediates.noindex/AppViewUtilits.build/Debug-watchos/AppViewUtilits.build/Objects-normal/arm64/AppViewUtilits-OutputFileMap.json (in target 'AppViewUtilits' from project 'AppViewUtilits')
    cd /Users/admin/builder/spi-builder-workspace/.dependencies/checkouts/AppViewUtilits
    write-file /Users/admin/builder/spi-builder-workspace/.derivedData/Build/Intermediates.noindex/AppViewUtilits.build/Debug-watchos/AppViewUtilits.build/Objects-normal/arm64/AppViewUtilits-OutputFileMap.json
WriteAuxiliaryFile /Users/admin/builder/spi-builder-workspace/.derivedData/Build/Intermediates.noindex/AppViewUtilits.build/Debug-watchos/AppViewUtilits.build/Objects-normal/arm64/AppViewUtilits_const_extract_protocols.json (in target 'AppViewUtilits' from project 'AppViewUtilits')
    cd /Users/admin/builder/spi-builder-workspace/.dependencies/checkouts/AppViewUtilits
    write-file /Users/admin/builder/spi-builder-workspace/.derivedData/Build/Intermediates.noindex/AppViewUtilits.build/Debug-watchos/AppViewUtilits.build/Objects-normal/arm64/AppViewUtilits_const_extract_protocols.json
WriteAuxiliaryFile /Users/admin/builder/spi-builder-workspace/.derivedData/Build/Intermediates.noindex/AppViewUtilits.build/Debug-watchos/AppViewUtilits.build/Objects-normal/armv7k/AppViewUtilits.SwiftConstValuesFileList (in target 'AppViewUtilits' from project 'AppViewUtilits')
    cd /Users/admin/builder/spi-builder-workspace/.dependencies/checkouts/AppViewUtilits
    write-file /Users/admin/builder/spi-builder-workspace/.derivedData/Build/Intermediates.noindex/AppViewUtilits.build/Debug-watchos/AppViewUtilits.build/Objects-normal/armv7k/AppViewUtilits.SwiftConstValuesFileList
WriteAuxiliaryFile /Users/admin/builder/spi-builder-workspace/.derivedData/Build/Intermediates.noindex/AppViewUtilits.build/Debug-watchos/AppViewUtilits.build/Objects-normal/arm64_32/AppViewUtilits.SwiftFileList (in target 'AppViewUtilits' from project 'AppViewUtilits')
    cd /Users/admin/builder/spi-builder-workspace/.dependencies/checkouts/AppViewUtilits
    write-file /Users/admin/builder/spi-builder-workspace/.derivedData/Build/Intermediates.noindex/AppViewUtilits.build/Debug-watchos/AppViewUtilits.build/Objects-normal/arm64_32/AppViewUtilits.SwiftFileList
WriteAuxiliaryFile /Users/admin/builder/spi-builder-workspace/.derivedData/Build/Intermediates.noindex/AppViewUtilits.build/Debug-watchos/AppViewUtilits.build/Objects-normal/arm64_32/AppViewUtilits.SwiftConstValuesFileList (in target 'AppViewUtilits' from project 'AppViewUtilits')
    cd /Users/admin/builder/spi-builder-workspace/.dependencies/checkouts/AppViewUtilits
    write-file /Users/admin/builder/spi-builder-workspace/.derivedData/Build/Intermediates.noindex/AppViewUtilits.build/Debug-watchos/AppViewUtilits.build/Objects-normal/arm64_32/AppViewUtilits.SwiftConstValuesFileList
WriteAuxiliaryFile /Users/admin/builder/spi-builder-workspace/.derivedData/Build/Intermediates.noindex/AppViewUtilits.build/Debug-watchos/AppViewUtilits.build/Objects-normal/arm64_32/AppViewUtilits.LinkFileList (in target 'AppViewUtilits' from project 'AppViewUtilits')
    cd /Users/admin/builder/spi-builder-workspace/.dependencies/checkouts/AppViewUtilits
    write-file /Users/admin/builder/spi-builder-workspace/.derivedData/Build/Intermediates.noindex/AppViewUtilits.build/Debug-watchos/AppViewUtilits.build/Objects-normal/arm64_32/AppViewUtilits.LinkFileList
WriteAuxiliaryFile /Users/admin/builder/spi-builder-workspace/.derivedData/Build/Intermediates.noindex/AppViewUtilits.build/Debug-watchos/AppViewUtilits.build/Objects-normal/arm64/AppViewUtilits.SwiftConstValuesFileList (in target 'AppViewUtilits' from project 'AppViewUtilits')
    cd /Users/admin/builder/spi-builder-workspace/.dependencies/checkouts/AppViewUtilits
    write-file /Users/admin/builder/spi-builder-workspace/.derivedData/Build/Intermediates.noindex/AppViewUtilits.build/Debug-watchos/AppViewUtilits.build/Objects-normal/arm64/AppViewUtilits.SwiftConstValuesFileList
WriteAuxiliaryFile /Users/admin/builder/spi-builder-workspace/.derivedData/Build/Intermediates.noindex/AppViewUtilits.build/Debug-watchos/AppViewUtilits.build/Objects-normal/arm64/AppViewUtilits.SwiftFileList (in target 'AppViewUtilits' from project 'AppViewUtilits')
    cd /Users/admin/builder/spi-builder-workspace/.dependencies/checkouts/AppViewUtilits
    write-file /Users/admin/builder/spi-builder-workspace/.derivedData/Build/Intermediates.noindex/AppViewUtilits.build/Debug-watchos/AppViewUtilits.build/Objects-normal/arm64/AppViewUtilits.SwiftFileList
WriteAuxiliaryFile /Users/admin/builder/spi-builder-workspace/.derivedData/Build/Intermediates.noindex/AppViewUtilits.build/Debug-watchos/AppViewUtilits.build/Objects-normal/arm64/AppViewUtilits.LinkFileList (in target 'AppViewUtilits' from project 'AppViewUtilits')
    cd /Users/admin/builder/spi-builder-workspace/.dependencies/checkouts/AppViewUtilits
    write-file /Users/admin/builder/spi-builder-workspace/.derivedData/Build/Intermediates.noindex/AppViewUtilits.build/Debug-watchos/AppViewUtilits.build/Objects-normal/arm64/AppViewUtilits.LinkFileList
WriteAuxiliaryFile /Users/admin/builder/spi-builder-workspace/.derivedData/Build/Intermediates.noindex/AppViewUtilits.build/Debug-watchos/AppViewUtilits.build/AppViewUtilits.DependencyStaticMetadataFileList (in target 'AppViewUtilits' from project 'AppViewUtilits')
    cd /Users/admin/builder/spi-builder-workspace/.dependencies/checkouts/AppViewUtilits
    write-file /Users/admin/builder/spi-builder-workspace/.derivedData/Build/Intermediates.noindex/AppViewUtilits.build/Debug-watchos/AppViewUtilits.build/AppViewUtilits.DependencyStaticMetadataFileList
WriteAuxiliaryFile /Users/admin/builder/spi-builder-workspace/.derivedData/Build/Intermediates.noindex/AppViewUtilits.build/Debug-watchos/AppViewUtilits.build/AppViewUtilits.DependencyMetadataFileList (in target 'AppViewUtilits' from project 'AppViewUtilits')
    cd /Users/admin/builder/spi-builder-workspace/.dependencies/checkouts/AppViewUtilits
    write-file /Users/admin/builder/spi-builder-workspace/.derivedData/Build/Intermediates.noindex/AppViewUtilits.build/Debug-watchos/AppViewUtilits.build/AppViewUtilits.DependencyMetadataFileList
Copy /Users/admin/builder/spi-builder-workspace/.derivedData/Build/Intermediates.noindex/GeneratedModuleMaps-watchos/AppViewUtilits.modulemap /Users/admin/builder/spi-builder-workspace/.derivedData/Build/Intermediates.noindex/AppViewUtilits.build/Debug-watchos/AppViewUtilits.build/AppViewUtilits.modulemap (in target 'AppViewUtilits' from project 'AppViewUtilits')
    cd /Users/admin/builder/spi-builder-workspace/.dependencies/checkouts/AppViewUtilits
    builtin-copy -exclude .DS_Store -exclude CVS -exclude .svn -exclude .git -exclude .hg -resolve-src-symlinks /Users/admin/builder/spi-builder-workspace/.derivedData/Build/Intermediates.noindex/AppViewUtilits.build/Debug-watchos/AppViewUtilits.build/AppViewUtilits.modulemap /Users/admin/builder/spi-builder-workspace/.derivedData/Build/Intermediates.noindex/GeneratedModuleMaps-watchos
WriteAuxiliaryFile /Users/admin/builder/spi-builder-workspace/.derivedData/Build/Intermediates.noindex/AVPlayerWrapper.build/Debug-watchos/AVPlayerWrapper.build/Objects-normal/armv7k/AVPlayerWrapper_const_extract_protocols.json (in target 'AVPlayerWrapper' from project 'AVPlayerWrapper')
    cd /Users/admin/builder/spi-builder-workspace
    write-file /Users/admin/builder/spi-builder-workspace/.derivedData/Build/Intermediates.noindex/AVPlayerWrapper.build/Debug-watchos/AVPlayerWrapper.build/Objects-normal/armv7k/AVPlayerWrapper_const_extract_protocols.json
WriteAuxiliaryFile /Users/admin/builder/spi-builder-workspace/.derivedData/Build/Intermediates.noindex/AVPlayerWrapper.build/Debug-watchos/AVPlayerWrapper.build/Objects-normal/armv7k/AVPlayerWrapper.SwiftConstValuesFileList (in target 'AVPlayerWrapper' from project 'AVPlayerWrapper')
    cd /Users/admin/builder/spi-builder-workspace
    write-file /Users/admin/builder/spi-builder-workspace/.derivedData/Build/Intermediates.noindex/AVPlayerWrapper.build/Debug-watchos/AVPlayerWrapper.build/Objects-normal/armv7k/AVPlayerWrapper.SwiftConstValuesFileList
WriteAuxiliaryFile /Users/admin/builder/spi-builder-workspace/.derivedData/Build/Intermediates.noindex/AVPlayerWrapper.build/Debug-watchos/AVPlayerWrapper.build/Objects-normal/armv7k/AVPlayerWrapper.LinkFileList (in target 'AVPlayerWrapper' from project 'AVPlayerWrapper')
    cd /Users/admin/builder/spi-builder-workspace
    write-file /Users/admin/builder/spi-builder-workspace/.derivedData/Build/Intermediates.noindex/AVPlayerWrapper.build/Debug-watchos/AVPlayerWrapper.build/Objects-normal/armv7k/AVPlayerWrapper.LinkFileList
WriteAuxiliaryFile /Users/admin/builder/spi-builder-workspace/.derivedData/Build/Intermediates.noindex/AVPlayerWrapper.build/Debug-watchos/AVPlayerWrapper.build/Objects-normal/armv7k/AVPlayerWrapper.SwiftFileList (in target 'AVPlayerWrapper' from project 'AVPlayerWrapper')
    cd /Users/admin/builder/spi-builder-workspace
    write-file /Users/admin/builder/spi-builder-workspace/.derivedData/Build/Intermediates.noindex/AVPlayerWrapper.build/Debug-watchos/AVPlayerWrapper.build/Objects-normal/armv7k/AVPlayerWrapper.SwiftFileList
WriteAuxiliaryFile /Users/admin/builder/spi-builder-workspace/.derivedData/Build/Intermediates.noindex/AVPlayerWrapper.build/Debug-watchos/AVPlayerWrapper.build/Objects-normal/armv7k/AVPlayerWrapper-OutputFileMap.json (in target 'AVPlayerWrapper' from project 'AVPlayerWrapper')
    cd /Users/admin/builder/spi-builder-workspace
    write-file /Users/admin/builder/spi-builder-workspace/.derivedData/Build/Intermediates.noindex/AVPlayerWrapper.build/Debug-watchos/AVPlayerWrapper.build/Objects-normal/armv7k/AVPlayerWrapper-OutputFileMap.json
WriteAuxiliaryFile /Users/admin/builder/spi-builder-workspace/.derivedData/Build/Intermediates.noindex/AVPlayerWrapper.build/Debug-watchos/AVPlayerWrapper.build/Objects-normal/arm64_32/AVPlayerWrapper.SwiftFileList (in target 'AVPlayerWrapper' from project 'AVPlayerWrapper')
    cd /Users/admin/builder/spi-builder-workspace
    write-file /Users/admin/builder/spi-builder-workspace/.derivedData/Build/Intermediates.noindex/AVPlayerWrapper.build/Debug-watchos/AVPlayerWrapper.build/Objects-normal/arm64_32/AVPlayerWrapper.SwiftFileList
WriteAuxiliaryFile /Users/admin/builder/spi-builder-workspace/.derivedData/Build/Intermediates.noindex/AVPlayerWrapper.build/Debug-watchos/AVPlayerWrapper.build/Objects-normal/arm64_32/AVPlayerWrapper_const_extract_protocols.json (in target 'AVPlayerWrapper' from project 'AVPlayerWrapper')
    cd /Users/admin/builder/spi-builder-workspace
    write-file /Users/admin/builder/spi-builder-workspace/.derivedData/Build/Intermediates.noindex/AVPlayerWrapper.build/Debug-watchos/AVPlayerWrapper.build/Objects-normal/arm64_32/AVPlayerWrapper_const_extract_protocols.json
WriteAuxiliaryFile /Users/admin/builder/spi-builder-workspace/.derivedData/Build/Intermediates.noindex/AVPlayerWrapper.build/Debug-watchos/AVPlayerWrapper.build/Objects-normal/arm64_32/AVPlayerWrapper.SwiftConstValuesFileList (in target 'AVPlayerWrapper' from project 'AVPlayerWrapper')
    cd /Users/admin/builder/spi-builder-workspace
    write-file /Users/admin/builder/spi-builder-workspace/.derivedData/Build/Intermediates.noindex/AVPlayerWrapper.build/Debug-watchos/AVPlayerWrapper.build/Objects-normal/arm64_32/AVPlayerWrapper.SwiftConstValuesFileList
WriteAuxiliaryFile /Users/admin/builder/spi-builder-workspace/.derivedData/Build/Intermediates.noindex/AVPlayerWrapper.build/Debug-watchos/AVPlayerWrapper.build/Objects-normal/arm64_32/AVPlayerWrapper.LinkFileList (in target 'AVPlayerWrapper' from project 'AVPlayerWrapper')
    cd /Users/admin/builder/spi-builder-workspace
    write-file /Users/admin/builder/spi-builder-workspace/.derivedData/Build/Intermediates.noindex/AVPlayerWrapper.build/Debug-watchos/AVPlayerWrapper.build/Objects-normal/arm64_32/AVPlayerWrapper.LinkFileList
WriteAuxiliaryFile /Users/admin/builder/spi-builder-workspace/.derivedData/Build/Intermediates.noindex/AVPlayerWrapper.build/Debug-watchos/AVPlayerWrapper.build/Objects-normal/arm64_32/AVPlayerWrapper-OutputFileMap.json (in target 'AVPlayerWrapper' from project 'AVPlayerWrapper')
    cd /Users/admin/builder/spi-builder-workspace
    write-file /Users/admin/builder/spi-builder-workspace/.derivedData/Build/Intermediates.noindex/AVPlayerWrapper.build/Debug-watchos/AVPlayerWrapper.build/Objects-normal/arm64_32/AVPlayerWrapper-OutputFileMap.json
WriteAuxiliaryFile /Users/admin/builder/spi-builder-workspace/.derivedData/Build/Intermediates.noindex/AVPlayerWrapper.build/Debug-watchos/AVPlayerWrapper.build/Objects-normal/arm64/AVPlayerWrapper.SwiftFileList (in target 'AVPlayerWrapper' from project 'AVPlayerWrapper')
    cd /Users/admin/builder/spi-builder-workspace
    write-file /Users/admin/builder/spi-builder-workspace/.derivedData/Build/Intermediates.noindex/AVPlayerWrapper.build/Debug-watchos/AVPlayerWrapper.build/Objects-normal/arm64/AVPlayerWrapper.SwiftFileList
WriteAuxiliaryFile /Users/admin/builder/spi-builder-workspace/.derivedData/Build/Intermediates.noindex/AVPlayerWrapper.build/Debug-watchos/AVPlayerWrapper.build/Objects-normal/arm64/AVPlayerWrapper_const_extract_protocols.json (in target 'AVPlayerWrapper' from project 'AVPlayerWrapper')
    cd /Users/admin/builder/spi-builder-workspace
    write-file /Users/admin/builder/spi-builder-workspace/.derivedData/Build/Intermediates.noindex/AVPlayerWrapper.build/Debug-watchos/AVPlayerWrapper.build/Objects-normal/arm64/AVPlayerWrapper_const_extract_protocols.json
WriteAuxiliaryFile /Users/admin/builder/spi-builder-workspace/.derivedData/Build/Intermediates.noindex/AVPlayerWrapper.build/Debug-watchos/AVPlayerWrapper.build/Objects-normal/arm64/AVPlayerWrapper.SwiftConstValuesFileList (in target 'AVPlayerWrapper' from project 'AVPlayerWrapper')
    cd /Users/admin/builder/spi-builder-workspace
    write-file /Users/admin/builder/spi-builder-workspace/.derivedData/Build/Intermediates.noindex/AVPlayerWrapper.build/Debug-watchos/AVPlayerWrapper.build/Objects-normal/arm64/AVPlayerWrapper.SwiftConstValuesFileList
WriteAuxiliaryFile /Users/admin/builder/spi-builder-workspace/.derivedData/Build/Intermediates.noindex/AVPlayerWrapper.build/Debug-watchos/AVPlayerWrapper.build/Objects-normal/arm64/AVPlayerWrapper.LinkFileList (in target 'AVPlayerWrapper' from project 'AVPlayerWrapper')
    cd /Users/admin/builder/spi-builder-workspace
    write-file /Users/admin/builder/spi-builder-workspace/.derivedData/Build/Intermediates.noindex/AVPlayerWrapper.build/Debug-watchos/AVPlayerWrapper.build/Objects-normal/arm64/AVPlayerWrapper.LinkFileList
WriteAuxiliaryFile /Users/admin/builder/spi-builder-workspace/.derivedData/Build/Intermediates.noindex/AVPlayerWrapper.build/Debug-watchos/AVPlayerWrapper.build/Objects-normal/arm64/AVPlayerWrapper-OutputFileMap.json (in target 'AVPlayerWrapper' from project 'AVPlayerWrapper')
    cd /Users/admin/builder/spi-builder-workspace
    write-file /Users/admin/builder/spi-builder-workspace/.derivedData/Build/Intermediates.noindex/AVPlayerWrapper.build/Debug-watchos/AVPlayerWrapper.build/Objects-normal/arm64/AVPlayerWrapper-OutputFileMap.json
WriteAuxiliaryFile /Users/admin/builder/spi-builder-workspace/.derivedData/Build/Intermediates.noindex/AVPlayerWrapper.build/Debug-watchos/AVPlayerWrapper.build/AVPlayerWrapper.modulemap (in target 'AVPlayerWrapper' from project 'AVPlayerWrapper')
    cd /Users/admin/builder/spi-builder-workspace
    write-file /Users/admin/builder/spi-builder-workspace/.derivedData/Build/Intermediates.noindex/AVPlayerWrapper.build/Debug-watchos/AVPlayerWrapper.build/AVPlayerWrapper.modulemap
WriteAuxiliaryFile /Users/admin/builder/spi-builder-workspace/.derivedData/Build/Intermediates.noindex/AVPlayerWrapper.build/Debug-watchos/AVPlayerWrapper.build/AVPlayerWrapper.DependencyStaticMetadataFileList (in target 'AVPlayerWrapper' from project 'AVPlayerWrapper')
    cd /Users/admin/builder/spi-builder-workspace
    write-file /Users/admin/builder/spi-builder-workspace/.derivedData/Build/Intermediates.noindex/AVPlayerWrapper.build/Debug-watchos/AVPlayerWrapper.build/AVPlayerWrapper.DependencyStaticMetadataFileList
WriteAuxiliaryFile /Users/admin/builder/spi-builder-workspace/.derivedData/Build/Intermediates.noindex/AVPlayerWrapper.build/Debug-watchos/AVPlayerWrapper.build/AVPlayerWrapper.DependencyMetadataFileList (in target 'AVPlayerWrapper' from project 'AVPlayerWrapper')
    cd /Users/admin/builder/spi-builder-workspace
    write-file /Users/admin/builder/spi-builder-workspace/.derivedData/Build/Intermediates.noindex/AVPlayerWrapper.build/Debug-watchos/AVPlayerWrapper.build/AVPlayerWrapper.DependencyMetadataFileList
Copy /Users/admin/builder/spi-builder-workspace/.derivedData/Build/Intermediates.noindex/GeneratedModuleMaps-watchos/AVPlayerWrapper.modulemap /Users/admin/builder/spi-builder-workspace/.derivedData/Build/Intermediates.noindex/AVPlayerWrapper.build/Debug-watchos/AVPlayerWrapper.build/AVPlayerWrapper.modulemap (in target 'AVPlayerWrapper' from project 'AVPlayerWrapper')
    cd /Users/admin/builder/spi-builder-workspace
    builtin-copy -exclude .DS_Store -exclude CVS -exclude .svn -exclude .git -exclude .hg -resolve-src-symlinks /Users/admin/builder/spi-builder-workspace/.derivedData/Build/Intermediates.noindex/AVPlayerWrapper.build/Debug-watchos/AVPlayerWrapper.build/AVPlayerWrapper.modulemap /Users/admin/builder/spi-builder-workspace/.derivedData/Build/Intermediates.noindex/GeneratedModuleMaps-watchos
SwiftDriver AppViewUtilits normal arm64 com.apple.xcode.tools.swift.compiler (in target 'AppViewUtilits' from project 'AppViewUtilits')
    cd /Users/admin/builder/spi-builder-workspace/.swiftpm/xcode
    builtin-SwiftDriver -- /Applications/Xcode-26.3.0.app/Contents/Developer/Toolchains/XcodeDefault.xctoolchain/usr/bin/swiftc -module-name AppViewUtilits -Onone -enforce-exclusivity\=checked @/Users/admin/builder/spi-builder-workspace/.derivedData/Build/Intermediates.noindex/AppViewUtilits.build/Debug-watchos/AppViewUtilits.build/Objects-normal/arm64/AppViewUtilits.SwiftFileList -DSWIFT_PACKAGE -DDEBUG -DSWIFT_MODULE_RESOURCE_BUNDLE_UNAVAILABLE -DXcode -plugin-path /Applications/Xcode-26.3.0.app/Contents/Developer/Toolchains/XcodeDefault.xctoolchain/usr/lib/swift/host/plugins/testing -enable-experimental-feature DebugDescriptionMacro -sdk /Applications/Xcode-26.3.0.app/Contents/Developer/Platforms/WatchOS.platform/Developer/SDKs/WatchOS26.2.sdk -target arm64-apple-watchos5.0 -g -module-cache-path /Users/admin/builder/spi-builder-workspace/.derivedData/ModuleCache.noindex -Xfrontend -serialize-debugging-options -profile-coverage-mapping -profile-generate -enable-testing -suppress-warnings -index-store-path /Users/admin/builder/spi-builder-workspace/.derivedData/Index.noindex/DataStore -Xcc -D_LIBCPP_HARDENING_MODE\=_LIBCPP_HARDENING_MODE_DEBUG -swift-version 5 -I /Users/admin/builder/spi-builder-workspace/.derivedData/Build/Products/Debug-watchos -Isystem /Applications/Xcode-26.3.0.app/Contents/Developer/Platforms/WatchOS.platform/Developer/usr/lib -F /Users/admin/builder/spi-builder-workspace/.derivedData/Build/Products/Debug-watchos -F /Applications/Xcode-26.3.0.app/Contents/Developer/Platforms/WatchOS.platform/Developer/Library/Frameworks -F /Applications/Xcode-26.3.0.app/Contents/Developer/Platforms/WatchOS.platform/Developer/SDKs/WatchOS26.2.sdk/Developer/Library/Frameworks -c -j10 -enable-batch-mode -incremental -Xcc -ivfsstatcache -Xcc /Users/admin/builder/spi-builder-workspace/.derivedData/SDKStatCaches.noindex/watchos26.2-23S303-dc75598d0054f22ec865fa860f139d721753b489057de6bda919edfa1c59a62b.sdkstatcache -output-file-map /Users/admin/builder/spi-builder-workspace/.derivedData/Build/Intermediates.noindex/AppViewUtilits.build/Debug-watchos/AppViewUtilits.build/Objects-normal/arm64/AppViewUtilits-OutputFileMap.json -use-frontend-parseable-output -save-temps -no-color-diagnostics -explicit-module-build -module-cache-path /Users/admin/builder/spi-builder-workspace/.derivedData/Build/Intermediates.noindex/SwiftExplicitPrecompiledModules -clang-scanner-module-cache-path /Users/admin/builder/spi-builder-workspace/.derivedData/ModuleCache.noindex -sdk-module-cache-path /Users/admin/builder/spi-builder-workspace/.derivedData/ModuleCache.noindex -serialize-diagnostics -emit-dependencies -emit-module -emit-module-path /Users/admin/builder/spi-builder-workspace/.derivedData/Build/Intermediates.noindex/AppViewUtilits.build/Debug-watchos/AppViewUtilits.build/Objects-normal/arm64/AppViewUtilits.swiftmodule -validate-clang-modules-once -clang-build-session-file /Users/admin/builder/spi-builder-workspace/.derivedData/ModuleCache.noindex/Session.modulevalidation -Xcc -I/Users/admin/builder/spi-builder-workspace/.derivedData/Build/Intermediates.noindex/AppViewUtilits.build/Debug-watchos/AppViewUtilits.build/swift-overrides.hmap -emit-const-values -Xfrontend -const-gather-protocols-file -Xfrontend /Users/admin/builder/spi-builder-workspace/.derivedData/Build/Intermediates.noindex/AppViewUtilits.build/Debug-watchos/AppViewUtilits.build/Objects-normal/arm64/AppViewUtilits_const_extract_protocols.json -Xcc -I/Users/admin/builder/spi-builder-workspace/.derivedData/Build/Products/Debug-watchos/include -Xcc -I/Users/admin/builder/spi-builder-workspace/.derivedData/Build/Intermediates.noindex/AppViewUtilits.build/Debug-watchos/AppViewUtilits.build/DerivedSources-normal/arm64 -Xcc -I/Users/admin/builder/spi-builder-workspace/.derivedData/Build/Intermediates.noindex/AppViewUtilits.build/Debug-watchos/AppViewUtilits.build/DerivedSources/arm64 -Xcc -I/Users/admin/builder/spi-builder-workspace/.derivedData/Build/Intermediates.noindex/AppViewUtilits.build/Debug-watchos/AppViewUtilits.build/DerivedSources -Xcc -DSWIFT_PACKAGE -Xcc -DDEBUG\=1 -emit-objc-header -emit-objc-header-path /Users/admin/builder/spi-builder-workspace/.derivedData/Build/Intermediates.noindex/AppViewUtilits.build/Debug-watchos/AppViewUtilits.build/Objects-normal/arm64/AppViewUtilits-Swift.h -working-directory /Users/admin/builder/spi-builder-workspace/.swiftpm/xcode -experimental-emit-module-separately -disable-cmo
/Users/admin/builder/spi-builder-workspace/.dependencies/checkouts/AppViewUtilits/Sources/AppViewUtilits/Helpers/Reachability.swift:8:8: error: Unable to find module dependency: 'SystemConfiguration'
import SystemConfiguration
       ^ (in target 'AppViewUtilits' from project 'AppViewUtilits')
/Users/admin/builder/spi-builder-workspace/.dependencies/checkouts/AppViewUtilits/Sources/AppViewUtilits/Helpers/Reachability.swift:8:8: note: A dependency of main module 'AppViewUtilits'
import SystemConfiguration
       ^ (in target 'AppViewUtilits' from project 'AppViewUtilits')
SwiftDriver AppViewUtilits normal armv7k com.apple.xcode.tools.swift.compiler (in target 'AppViewUtilits' from project 'AppViewUtilits')
    cd /Users/admin/builder/spi-builder-workspace/.swiftpm/xcode
    builtin-SwiftDriver -- /Applications/Xcode-26.3.0.app/Contents/Developer/Toolchains/XcodeDefault.xctoolchain/usr/bin/swiftc -module-name AppViewUtilits -Onone -enforce-exclusivity\=checked @/Users/admin/builder/spi-builder-workspace/.derivedData/Build/Intermediates.noindex/AppViewUtilits.build/Debug-watchos/AppViewUtilits.build/Objects-normal/armv7k/AppViewUtilits.SwiftFileList -DSWIFT_PACKAGE -DDEBUG -DSWIFT_MODULE_RESOURCE_BUNDLE_UNAVAILABLE -DXcode -plugin-path /Applications/Xcode-26.3.0.app/Contents/Developer/Toolchains/XcodeDefault.xctoolchain/usr/lib/swift/host/plugins/testing -enable-experimental-feature DebugDescriptionMacro -sdk /Applications/Xcode-26.3.0.app/Contents/Developer/Platforms/WatchOS.platform/Developer/SDKs/WatchOS26.2.sdk -target armv7k-apple-watchos5.0 -g -module-cache-path /Users/admin/builder/spi-builder-workspace/.derivedData/ModuleCache.noindex -Xfrontend -serialize-debugging-options -profile-coverage-mapping -profile-generate -enable-testing -suppress-warnings -index-store-path /Users/admin/builder/spi-builder-workspace/.derivedData/Index.noindex/DataStore -Xcc -D_LIBCPP_HARDENING_MODE\=_LIBCPP_HARDENING_MODE_DEBUG -swift-version 5 -I /Users/admin/builder/spi-builder-workspace/.derivedData/Build/Products/Debug-watchos -Isystem /Applications/Xcode-26.3.0.app/Contents/Developer/Platforms/WatchOS.platform/Developer/usr/lib -F /Users/admin/builder/spi-builder-workspace/.derivedData/Build/Products/Debug-watchos -F /Applications/Xcode-26.3.0.app/Contents/Developer/Platforms/WatchOS.platform/Developer/Library/Frameworks -F /Applications/Xcode-26.3.0.app/Contents/Developer/Platforms/WatchOS.platform/Developer/SDKs/WatchOS26.2.sdk/Developer/Library/Frameworks -c -j10 -enable-batch-mode -incremental -Xcc -ivfsstatcache -Xcc /Users/admin/builder/spi-builder-workspace/.derivedData/SDKStatCaches.noindex/watchos26.2-23S303-dc75598d0054f22ec865fa860f139d721753b489057de6bda919edfa1c59a62b.sdkstatcache -output-file-map /Users/admin/builder/spi-builder-workspace/.derivedData/Build/Intermediates.noindex/AppViewUtilits.build/Debug-watchos/AppViewUtilits.build/Objects-normal/armv7k/AppViewUtilits-OutputFileMap.json -use-frontend-parseable-output -save-temps -no-color-diagnostics -explicit-module-build -module-cache-path /Users/admin/builder/spi-builder-workspace/.derivedData/Build/Intermediates.noindex/SwiftExplicitPrecompiledModules -clang-scanner-module-cache-path /Users/admin/builder/spi-builder-workspace/.derivedData/ModuleCache.noindex -sdk-module-cache-path /Users/admin/builder/spi-builder-workspace/.derivedData/ModuleCache.noindex -serialize-diagnostics -emit-dependencies -emit-module -emit-module-path /Users/admin/builder/spi-builder-workspace/.derivedData/Build/Intermediates.noindex/AppViewUtilits.build/Debug-watchos/AppViewUtilits.build/Objects-normal/armv7k/AppViewUtilits.swiftmodule -validate-clang-modules-once -clang-build-session-file /Users/admin/builder/spi-builder-workspace/.derivedData/ModuleCache.noindex/Session.modulevalidation -Xcc -I/Users/admin/builder/spi-builder-workspace/.derivedData/Build/Intermediates.noindex/AppViewUtilits.build/Debug-watchos/AppViewUtilits.build/swift-overrides.hmap -emit-const-values -Xfrontend -const-gather-protocols-file -Xfrontend /Users/admin/builder/spi-builder-workspace/.derivedData/Build/Intermediates.noindex/AppViewUtilits.build/Debug-watchos/AppViewUtilits.build/Objects-normal/armv7k/AppViewUtilits_const_extract_protocols.json -Xcc -I/Users/admin/builder/spi-builder-workspace/.derivedData/Build/Products/Debug-watchos/include -Xcc -I/Users/admin/builder/spi-builder-workspace/.derivedData/Build/Intermediates.noindex/AppViewUtilits.build/Debug-watchos/AppViewUtilits.build/DerivedSources-normal/armv7k -Xcc -I/Users/admin/builder/spi-builder-workspace/.derivedData/Build/Intermediates.noindex/AppViewUtilits.build/Debug-watchos/AppViewUtilits.build/DerivedSources/armv7k -Xcc -I/Users/admin/builder/spi-builder-workspace/.derivedData/Build/Intermediates.noindex/AppViewUtilits.build/Debug-watchos/AppViewUtilits.build/DerivedSources -Xcc -DSWIFT_PACKAGE -Xcc -DDEBUG\=1 -emit-objc-header -emit-objc-header-path /Users/admin/builder/spi-builder-workspace/.derivedData/Build/Intermediates.noindex/AppViewUtilits.build/Debug-watchos/AppViewUtilits.build/Objects-normal/armv7k/AppViewUtilits-Swift.h -working-directory /Users/admin/builder/spi-builder-workspace/.swiftpm/xcode -experimental-emit-module-separately -disable-cmo
/Users/admin/builder/spi-builder-workspace/.dependencies/checkouts/AppViewUtilits/Sources/AppViewUtilits/Helpers/Reachability.swift:8:8: error: Unable to find module dependency: 'SystemConfiguration'
import SystemConfiguration
       ^ (in target 'AppViewUtilits' from project 'AppViewUtilits')
/Users/admin/builder/spi-builder-workspace/.dependencies/checkouts/AppViewUtilits/Sources/AppViewUtilits/Helpers/Reachability.swift:8:8: note: A dependency of main module 'AppViewUtilits'
import SystemConfiguration
       ^ (in target 'AppViewUtilits' from project 'AppViewUtilits')
SwiftDriver AppViewUtilits normal arm64_32 com.apple.xcode.tools.swift.compiler (in target 'AppViewUtilits' from project 'AppViewUtilits')
    cd /Users/admin/builder/spi-builder-workspace/.swiftpm/xcode
    builtin-SwiftDriver -- /Applications/Xcode-26.3.0.app/Contents/Developer/Toolchains/XcodeDefault.xctoolchain/usr/bin/swiftc -module-name AppViewUtilits -Onone -enforce-exclusivity\=checked @/Users/admin/builder/spi-builder-workspace/.derivedData/Build/Intermediates.noindex/AppViewUtilits.build/Debug-watchos/AppViewUtilits.build/Objects-normal/arm64_32/AppViewUtilits.SwiftFileList -DSWIFT_PACKAGE -DDEBUG -DSWIFT_MODULE_RESOURCE_BUNDLE_UNAVAILABLE -DXcode -plugin-path /Applications/Xcode-26.3.0.app/Contents/Developer/Toolchains/XcodeDefault.xctoolchain/usr/lib/swift/host/plugins/testing -enable-experimental-feature DebugDescriptionMacro -sdk /Applications/Xcode-26.3.0.app/Contents/Developer/Platforms/WatchOS.platform/Developer/SDKs/WatchOS26.2.sdk -target arm64_32-apple-watchos5.0 -g -module-cache-path /Users/admin/builder/spi-builder-workspace/.derivedData/ModuleCache.noindex -Xfrontend -serialize-debugging-options -profile-coverage-mapping -profile-generate -enable-testing -suppress-warnings -index-store-path /Users/admin/builder/spi-builder-workspace/.derivedData/Index.noindex/DataStore -Xcc -D_LIBCPP_HARDENING_MODE\=_LIBCPP_HARDENING_MODE_DEBUG -swift-version 5 -I /Users/admin/builder/spi-builder-workspace/.derivedData/Build/Products/Debug-watchos -Isystem /Applications/Xcode-26.3.0.app/Contents/Developer/Platforms/WatchOS.platform/Developer/usr/lib -F /Users/admin/builder/spi-builder-workspace/.derivedData/Build/Products/Debug-watchos -F /Applications/Xcode-26.3.0.app/Contents/Developer/Platforms/WatchOS.platform/Developer/Library/Frameworks -F /Applications/Xcode-26.3.0.app/Contents/Developer/Platforms/WatchOS.platform/Developer/SDKs/WatchOS26.2.sdk/Developer/Library/Frameworks -c -j10 -enable-batch-mode -incremental -Xcc -ivfsstatcache -Xcc /Users/admin/builder/spi-builder-workspace/.derivedData/SDKStatCaches.noindex/watchos26.2-23S303-dc75598d0054f22ec865fa860f139d721753b489057de6bda919edfa1c59a62b.sdkstatcache -output-file-map /Users/admin/builder/spi-builder-workspace/.derivedData/Build/Intermediates.noindex/AppViewUtilits.build/Debug-watchos/AppViewUtilits.build/Objects-normal/arm64_32/AppViewUtilits-OutputFileMap.json -use-frontend-parseable-output -save-temps -no-color-diagnostics -explicit-module-build -module-cache-path /Users/admin/builder/spi-builder-workspace/.derivedData/Build/Intermediates.noindex/SwiftExplicitPrecompiledModules -clang-scanner-module-cache-path /Users/admin/builder/spi-builder-workspace/.derivedData/ModuleCache.noindex -sdk-module-cache-path /Users/admin/builder/spi-builder-workspace/.derivedData/ModuleCache.noindex -serialize-diagnostics -emit-dependencies -emit-module -emit-module-path /Users/admin/builder/spi-builder-workspace/.derivedData/Build/Intermediates.noindex/AppViewUtilits.build/Debug-watchos/AppViewUtilits.build/Objects-normal/arm64_32/AppViewUtilits.swiftmodule -validate-clang-modules-once -clang-build-session-file /Users/admin/builder/spi-builder-workspace/.derivedData/ModuleCache.noindex/Session.modulevalidation -Xcc -I/Users/admin/builder/spi-builder-workspace/.derivedData/Build/Intermediates.noindex/AppViewUtilits.build/Debug-watchos/AppViewUtilits.build/swift-overrides.hmap -emit-const-values -Xfrontend -const-gather-protocols-file -Xfrontend /Users/admin/builder/spi-builder-workspace/.derivedData/Build/Intermediates.noindex/AppViewUtilits.build/Debug-watchos/AppViewUtilits.build/Objects-normal/arm64_32/AppViewUtilits_const_extract_protocols.json -Xcc -I/Users/admin/builder/spi-builder-workspace/.derivedData/Build/Products/Debug-watchos/include -Xcc -I/Users/admin/builder/spi-builder-workspace/.derivedData/Build/Intermediates.noindex/AppViewUtilits.build/Debug-watchos/AppViewUtilits.build/DerivedSources-normal/arm64_32 -Xcc -I/Users/admin/builder/spi-builder-workspace/.derivedData/Build/Intermediates.noindex/AppViewUtilits.build/Debug-watchos/AppViewUtilits.build/DerivedSources/arm64_32 -Xcc -I/Users/admin/builder/spi-builder-workspace/.derivedData/Build/Intermediates.noindex/AppViewUtilits.build/Debug-watchos/AppViewUtilits.build/DerivedSources -Xcc -DSWIFT_PACKAGE -Xcc -DDEBUG\=1 -emit-objc-header -emit-objc-header-path /Users/admin/builder/spi-builder-workspace/.derivedData/Build/Intermediates.noindex/AppViewUtilits.build/Debug-watchos/AppViewUtilits.build/Objects-normal/arm64_32/AppViewUtilits-Swift.h -working-directory /Users/admin/builder/spi-builder-workspace/.swiftpm/xcode -experimental-emit-module-separately -disable-cmo
/Users/admin/builder/spi-builder-workspace/.dependencies/checkouts/AppViewUtilits/Sources/AppViewUtilits/Helpers/Reachability.swift:8:8: error: Unable to find module dependency: 'SystemConfiguration'
import SystemConfiguration
       ^ (in target 'AppViewUtilits' from project 'AppViewUtilits')
/Users/admin/builder/spi-builder-workspace/.dependencies/checkouts/AppViewUtilits/Sources/AppViewUtilits/Helpers/Reachability.swift:8:8: note: A dependency of main module 'AppViewUtilits'
import SystemConfiguration
       ^ (in target 'AppViewUtilits' from project 'AppViewUtilits')
2026-08-11 11:43:51.864 xcodebuild[726:4487] [MT] IDERunDestination: Supported platforms for the buildables in the current scheme is empty.
/Users/admin/builder/spi-builder-workspace/.dependencies/checkouts/AppViewUtilits/Sources/AppViewUtilits/Helpers/Reachability.swift:8:8: error: Unable to find module dependency: 'SystemConfiguration'
import SystemConfiguration
       ^
/Users/admin/builder/spi-builder-workspace/.dependencies/checkouts/AppViewUtilits/Sources/AppViewUtilits/Helpers/Reachability.swift:8:8: note: a dependency of main module 'AppViewUtilits'
import SystemConfiguration
       ^
/Users/admin/builder/spi-builder-workspace/.dependencies/checkouts/AppViewUtilits/Sources/AppViewUtilits/Helpers/Reachability.swift:8:8: error: Unable to find module dependency: 'SystemConfiguration'
import SystemConfiguration
       ^
/Users/admin/builder/spi-builder-workspace/.dependencies/checkouts/AppViewUtilits/Sources/AppViewUtilits/Helpers/Reachability.swift:8:8: note: a dependency of main module 'AppViewUtilits'
import SystemConfiguration
       ^
/Users/admin/builder/spi-builder-workspace/.dependencies/checkouts/AppViewUtilits/Sources/AppViewUtilits/Helpers/Reachability.swift:8:8: error: Unable to find module dependency: 'SystemConfiguration'
import SystemConfiguration
       ^
/Users/admin/builder/spi-builder-workspace/.dependencies/checkouts/AppViewUtilits/Sources/AppViewUtilits/Helpers/Reachability.swift:8:8: note: a dependency of main module 'AppViewUtilits'
import SystemConfiguration
       ^
** BUILD FAILED **
The following build commands failed:
	SwiftDriver AppViewUtilits normal arm64 com.apple.xcode.tools.swift.compiler (in target 'AppViewUtilits' from project 'AppViewUtilits')
	SwiftDriver AppViewUtilits normal armv7k com.apple.xcode.tools.swift.compiler (in target 'AppViewUtilits' from project 'AppViewUtilits')
	SwiftDriver AppViewUtilits normal arm64_32 com.apple.xcode.tools.swift.compiler (in target 'AppViewUtilits' from project 'AppViewUtilits')
	Building workspace spi-builder-workspace with scheme AVPlayerWrapper
(4 failures)
Command line invocation:
    /Applications/Xcode-26.3.0.app/Contents/Developer/usr/bin/xcodebuild -IDEClonedSourcePackagesDirPathOverride=/Users/admin/builder/spi-builder-workspace/.dependencies -resolvePackageDependencies
Resolve Package Graph
Resolved source packages:
  AVPlayerWrapper: /Users/admin/builder/spi-builder-workspace
  AppViewUtilits: https://github.com/moslienko/AppViewUtilits.git @ 1.3.1
resolved source packages: AVPlayerWrapper, AppViewUtilits
2026-08-11 11:43:56.785 xcodebuild[750:4882] [MT] IDERunDestination: Supported platforms for the buildables in the current scheme is empty.
{
  "dependencies" : [
    {
      "identity" : "appviewutilits",
      "requirement" : {
        "range" : [
          {
            "lower_bound" : "1.3.1",
            "upper_bound" : "2.0.0"
          }
        ]
      },
      "type" : "sourceControl",
      "url" : "https://github.com/moslienko/AppViewUtilits.git"
    }
  ],
  "manifest_display_name" : "AVPlayerWrapper",
  "name" : "AVPlayerWrapper",
  "path" : "/Users/admin/builder/spi-builder-workspace",
  "platforms" : [
    {
      "name" : "ios",
      "version" : "12.0"
    },
    {
      "name" : "macos",
      "version" : "10.13"
    }
  ],
  "products" : [
    {
      "name" : "AVPlayerWrapper",
      "targets" : [
        "AVPlayerWrapper"
      ],
      "type" : {
        "library" : [
          "automatic"
        ]
      }
    }
  ],
  "targets" : [
    {
      "c99name" : "AVPlayerWrapperTests",
      "module_type" : "SwiftTarget",
      "name" : "AVPlayerWrapperTests",
      "path" : "Tests/AVPlayerWrapperTests",
      "sources" : [
        "AVPlayerWrapperTests.swift"
      ],
      "target_dependencies" : [
        "AVPlayerWrapper"
      ],
      "type" : "test"
    },
    {
      "c99name" : "AVPlayerWrapper",
      "module_type" : "SwiftTarget",
      "name" : "AVPlayerWrapper",
      "path" : "Sources/AVPlayerWrapper",
      "product_dependencies" : [
        "AppViewUtilits"
      ],
      "product_memberships" : [
        "AVPlayerWrapper"
      ],
      "sources" : [
        "Data/AVAssetTime.swift",
        "Data/AVPlayerAfterAutoStopAction.swift",
        "Data/AVPlayerAutoStopType.swift",
        "Data/AVPlayerLoopType.swift",
        "Data/AVPlayerWrapperMediaFile.swift",
        "Data/Options/AVPlayerOptions.swift",
        "Data/Options/AVSession.swift",
        "Extensions/Extension+Bundle.swift",
        "Service/AVPlayerAutoStopService.swift",
        "Service/AVPlayerWrapper.swift",
        "Service/NowPlayingService.swift"
      ],
      "type" : "library"
    }
  ],
  "tools_version" : "5.9"
}
{
  "workspace" : {
    "name" : "spi-builder-workspace",
    "schemes" : [
      "AVPlayerWrapper"
    ]
  }
}
2026-08-11 11:43:57.825 xcodebuild[758:4957] [MT] IDERunDestination: Supported platforms for the buildables in the current scheme is empty.
Running build ...
env DEVELOPER_DIR=/Applications/Xcode-26.3.0.app xcrun xcodebuild -IDEClonedSourcePackagesDirPathOverride=$PWD/.dependencies -skipMacroValidation -skipPackagePluginValidation -derivedDataPath $PWD/.derivedData build -scheme AVPlayerWrapper -destination generic/platform=watchOS
Command line invocation:
    /Applications/Xcode-26.3.0.app/Contents/Developer/usr/bin/xcodebuild -IDEClonedSourcePackagesDirPathOverride=/Users/admin/builder/spi-builder-workspace/.dependencies -skipMacroValidation -skipPackagePluginValidation -derivedDataPath /Users/admin/builder/spi-builder-workspace/.derivedData build -scheme AVPlayerWrapper -destination generic/platform=watchOS
Resolve Package Graph
Resolved source packages:
  AVPlayerWrapper: /Users/admin/builder/spi-builder-workspace
  AppViewUtilits: https://github.com/moslienko/AppViewUtilits.git @ 1.3.1
ComputePackagePrebuildTargetDependencyGraph
Prepare packages
CreateBuildRequest
SendProjectDescription
CreateBuildOperation
ComputeTargetDependencyGraph
note: Building targets in dependency order
note: Target dependency graph (4 targets)
    Target 'AVPlayerWrapper' in project 'AVPlayerWrapper'
        ➜ Explicit dependency on target 'AVPlayerWrapper' in project 'AVPlayerWrapper'
        ➜ Explicit dependency on target 'AppViewUtilits' in project 'AppViewUtilits'
    Target 'AVPlayerWrapper' in project 'AVPlayerWrapper'
        ➜ Explicit dependency on target 'AppViewUtilits' in project 'AppViewUtilits'
    Target 'AppViewUtilits' in project 'AppViewUtilits'
        ➜ Explicit dependency on target 'AppViewUtilits' in project 'AppViewUtilits'
    Target 'AppViewUtilits' in project 'AppViewUtilits' (no dependencies)
GatherProvisioningInputs
CreateBuildDescription
ClangStatCache /Applications/Xcode-26.3.0.app/Contents/Developer/Toolchains/XcodeDefault.xctoolchain/usr/bin/clang-stat-cache /Applications/Xcode-26.3.0.app/Contents/Developer/Platforms/WatchOS.platform/Developer/SDKs/WatchOS26.2.sdk /Users/admin/builder/spi-builder-workspace/.derivedData/SDKStatCaches.noindex/watchos26.2-23S303-dc75598d0054f22ec865fa860f139d721753b489057de6bda919edfa1c59a62b.sdkstatcache
    cd /Users/admin/builder/spi-builder-workspace/.swiftpm/xcode
    /Applications/Xcode-26.3.0.app/Contents/Developer/Toolchains/XcodeDefault.xctoolchain/usr/bin/clang-stat-cache /Applications/Xcode-26.3.0.app/Contents/Developer/Platforms/WatchOS.platform/Developer/SDKs/WatchOS26.2.sdk -o /Users/admin/builder/spi-builder-workspace/.derivedData/SDKStatCaches.noindex/watchos26.2-23S303-dc75598d0054f22ec865fa860f139d721753b489057de6bda919edfa1c59a62b.sdkstatcache
SwiftDriver AppViewUtilits normal arm64_32 com.apple.xcode.tools.swift.compiler (in target 'AppViewUtilits' from project 'AppViewUtilits')
    cd /Users/admin/builder/spi-builder-workspace/.swiftpm/xcode
    builtin-SwiftDriver -- /Applications/Xcode-26.3.0.app/Contents/Developer/Toolchains/XcodeDefault.xctoolchain/usr/bin/swiftc -module-name AppViewUtilits -Onone -enforce-exclusivity\=checked @/Users/admin/builder/spi-builder-workspace/.derivedData/Build/Intermediates.noindex/AppViewUtilits.build/Debug-watchos/AppViewUtilits.build/Objects-normal/arm64_32/AppViewUtilits.SwiftFileList -DSWIFT_PACKAGE -DDEBUG -DSWIFT_MODULE_RESOURCE_BUNDLE_UNAVAILABLE -DXcode -plugin-path /Applications/Xcode-26.3.0.app/Contents/Developer/Toolchains/XcodeDefault.xctoolchain/usr/lib/swift/host/plugins/testing -enable-experimental-feature DebugDescriptionMacro -sdk /Applications/Xcode-26.3.0.app/Contents/Developer/Platforms/WatchOS.platform/Developer/SDKs/WatchOS26.2.sdk -target arm64_32-apple-watchos5.0 -g -module-cache-path /Users/admin/builder/spi-builder-workspace/.derivedData/ModuleCache.noindex -Xfrontend -serialize-debugging-options -profile-coverage-mapping -profile-generate -enable-testing -suppress-warnings -index-store-path /Users/admin/builder/spi-builder-workspace/.derivedData/Index.noindex/DataStore -Xcc -D_LIBCPP_HARDENING_MODE\=_LIBCPP_HARDENING_MODE_DEBUG -swift-version 5 -I /Users/admin/builder/spi-builder-workspace/.derivedData/Build/Products/Debug-watchos -Isystem /Applications/Xcode-26.3.0.app/Contents/Developer/Platforms/WatchOS.platform/Developer/usr/lib -F /Users/admin/builder/spi-builder-workspace/.derivedData/Build/Products/Debug-watchos -F /Applications/Xcode-26.3.0.app/Contents/Developer/Platforms/WatchOS.platform/Developer/Library/Frameworks -F /Applications/Xcode-26.3.0.app/Contents/Developer/Platforms/WatchOS.platform/Developer/SDKs/WatchOS26.2.sdk/Developer/Library/Frameworks -c -j10 -enable-batch-mode -incremental -Xcc -ivfsstatcache -Xcc /Users/admin/builder/spi-builder-workspace/.derivedData/SDKStatCaches.noindex/watchos26.2-23S303-dc75598d0054f22ec865fa860f139d721753b489057de6bda919edfa1c59a62b.sdkstatcache -output-file-map /Users/admin/builder/spi-builder-workspace/.derivedData/Build/Intermediates.noindex/AppViewUtilits.build/Debug-watchos/AppViewUtilits.build/Objects-normal/arm64_32/AppViewUtilits-OutputFileMap.json -use-frontend-parseable-output -save-temps -no-color-diagnostics -explicit-module-build -module-cache-path /Users/admin/builder/spi-builder-workspace/.derivedData/Build/Intermediates.noindex/SwiftExplicitPrecompiledModules -clang-scanner-module-cache-path /Users/admin/builder/spi-builder-workspace/.derivedData/ModuleCache.noindex -sdk-module-cache-path /Users/admin/builder/spi-builder-workspace/.derivedData/ModuleCache.noindex -serialize-diagnostics -emit-dependencies -emit-module -emit-module-path /Users/admin/builder/spi-builder-workspace/.derivedData/Build/Intermediates.noindex/AppViewUtilits.build/Debug-watchos/AppViewUtilits.build/Objects-normal/arm64_32/AppViewUtilits.swiftmodule -validate-clang-modules-once -clang-build-session-file /Users/admin/builder/spi-builder-workspace/.derivedData/ModuleCache.noindex/Session.modulevalidation -Xcc -I/Users/admin/builder/spi-builder-workspace/.derivedData/Build/Intermediates.noindex/AppViewUtilits.build/Debug-watchos/AppViewUtilits.build/swift-overrides.hmap -emit-const-values -Xfrontend -const-gather-protocols-file -Xfrontend /Users/admin/builder/spi-builder-workspace/.derivedData/Build/Intermediates.noindex/AppViewUtilits.build/Debug-watchos/AppViewUtilits.build/Objects-normal/arm64_32/AppViewUtilits_const_extract_protocols.json -Xcc -I/Users/admin/builder/spi-builder-workspace/.derivedData/Build/Products/Debug-watchos/include -Xcc -I/Users/admin/builder/spi-builder-workspace/.derivedData/Build/Intermediates.noindex/AppViewUtilits.build/Debug-watchos/AppViewUtilits.build/DerivedSources-normal/arm64_32 -Xcc -I/Users/admin/builder/spi-builder-workspace/.derivedData/Build/Intermediates.noindex/AppViewUtilits.build/Debug-watchos/AppViewUtilits.build/DerivedSources/arm64_32 -Xcc -I/Users/admin/builder/spi-builder-workspace/.derivedData/Build/Intermediates.noindex/AppViewUtilits.build/Debug-watchos/AppViewUtilits.build/DerivedSources -Xcc -DSWIFT_PACKAGE -Xcc -DDEBUG\=1 -emit-objc-header -emit-objc-header-path /Users/admin/builder/spi-builder-workspace/.derivedData/Build/Intermediates.noindex/AppViewUtilits.build/Debug-watchos/AppViewUtilits.build/Objects-normal/arm64_32/AppViewUtilits-Swift.h -working-directory /Users/admin/builder/spi-builder-workspace/.swiftpm/xcode -experimental-emit-module-separately -disable-cmo
/Users/admin/builder/spi-builder-workspace/.dependencies/checkouts/AppViewUtilits/Sources/AppViewUtilits/Helpers/Reachability.swift:8:8: error: Unable to find module dependency: 'SystemConfiguration'
import SystemConfiguration
       ^ (in target 'AppViewUtilits' from project 'AppViewUtilits')
/Users/admin/builder/spi-builder-workspace/.dependencies/checkouts/AppViewUtilits/Sources/AppViewUtilits/Helpers/Reachability.swift:8:8: note: A dependency of main module 'AppViewUtilits'
import SystemConfiguration
       ^ (in target 'AppViewUtilits' from project 'AppViewUtilits')
SwiftDriver AppViewUtilits normal armv7k com.apple.xcode.tools.swift.compiler (in target 'AppViewUtilits' from project 'AppViewUtilits')
    cd /Users/admin/builder/spi-builder-workspace/.swiftpm/xcode
    builtin-SwiftDriver -- /Applications/Xcode-26.3.0.app/Contents/Developer/Toolchains/XcodeDefault.xctoolchain/usr/bin/swiftc -module-name AppViewUtilits -Onone -enforce-exclusivity\=checked @/Users/admin/builder/spi-builder-workspace/.derivedData/Build/Intermediates.noindex/AppViewUtilits.build/Debug-watchos/AppViewUtilits.build/Objects-normal/armv7k/AppViewUtilits.SwiftFileList -DSWIFT_PACKAGE -DDEBUG -DSWIFT_MODULE_RESOURCE_BUNDLE_UNAVAILABLE -DXcode -plugin-path /Applications/Xcode-26.3.0.app/Contents/Developer/Toolchains/XcodeDefault.xctoolchain/usr/lib/swift/host/plugins/testing -enable-experimental-feature DebugDescriptionMacro -sdk /Applications/Xcode-26.3.0.app/Contents/Developer/Platforms/WatchOS.platform/Developer/SDKs/WatchOS26.2.sdk -target armv7k-apple-watchos5.0 -g -module-cache-path /Users/admin/builder/spi-builder-workspace/.derivedData/ModuleCache.noindex -Xfrontend -serialize-debugging-options -profile-coverage-mapping -profile-generate -enable-testing -suppress-warnings -index-store-path /Users/admin/builder/spi-builder-workspace/.derivedData/Index.noindex/DataStore -Xcc -D_LIBCPP_HARDENING_MODE\=_LIBCPP_HARDENING_MODE_DEBUG -swift-version 5 -I /Users/admin/builder/spi-builder-workspace/.derivedData/Build/Products/Debug-watchos -Isystem /Applications/Xcode-26.3.0.app/Contents/Developer/Platforms/WatchOS.platform/Developer/usr/lib -F /Users/admin/builder/spi-builder-workspace/.derivedData/Build/Products/Debug-watchos -F /Applications/Xcode-26.3.0.app/Contents/Developer/Platforms/WatchOS.platform/Developer/Library/Frameworks -F /Applications/Xcode-26.3.0.app/Contents/Developer/Platforms/WatchOS.platform/Developer/SDKs/WatchOS26.2.sdk/Developer/Library/Frameworks -c -j10 -enable-batch-mode -incremental -Xcc -ivfsstatcache -Xcc /Users/admin/builder/spi-builder-workspace/.derivedData/SDKStatCaches.noindex/watchos26.2-23S303-dc75598d0054f22ec865fa860f139d721753b489057de6bda919edfa1c59a62b.sdkstatcache -output-file-map /Users/admin/builder/spi-builder-workspace/.derivedData/Build/Intermediates.noindex/AppViewUtilits.build/Debug-watchos/AppViewUtilits.build/Objects-normal/armv7k/AppViewUtilits-OutputFileMap.json -use-frontend-parseable-output -save-temps -no-color-diagnostics -explicit-module-build -module-cache-path /Users/admin/builder/spi-builder-workspace/.derivedData/Build/Intermediates.noindex/SwiftExplicitPrecompiledModules -clang-scanner-module-cache-path /Users/admin/builder/spi-builder-workspace/.derivedData/ModuleCache.noindex -sdk-module-cache-path /Users/admin/builder/spi-builder-workspace/.derivedData/ModuleCache.noindex -serialize-diagnostics -emit-dependencies -emit-module -emit-module-path /Users/admin/builder/spi-builder-workspace/.derivedData/Build/Intermediates.noindex/AppViewUtilits.build/Debug-watchos/AppViewUtilits.build/Objects-normal/armv7k/AppViewUtilits.swiftmodule -validate-clang-modules-once -clang-build-session-file /Users/admin/builder/spi-builder-workspace/.derivedData/ModuleCache.noindex/Session.modulevalidation -Xcc -I/Users/admin/builder/spi-builder-workspace/.derivedData/Build/Intermediates.noindex/AppViewUtilits.build/Debug-watchos/AppViewUtilits.build/swift-overrides.hmap -emit-const-values -Xfrontend -const-gather-protocols-file -Xfrontend /Users/admin/builder/spi-builder-workspace/.derivedData/Build/Intermediates.noindex/AppViewUtilits.build/Debug-watchos/AppViewUtilits.build/Objects-normal/armv7k/AppViewUtilits_const_extract_protocols.json -Xcc -I/Users/admin/builder/spi-builder-workspace/.derivedData/Build/Products/Debug-watchos/include -Xcc -I/Users/admin/builder/spi-builder-workspace/.derivedData/Build/Intermediates.noindex/AppViewUtilits.build/Debug-watchos/AppViewUtilits.build/DerivedSources-normal/armv7k -Xcc -I/Users/admin/builder/spi-builder-workspace/.derivedData/Build/Intermediates.noindex/AppViewUtilits.build/Debug-watchos/AppViewUtilits.build/DerivedSources/armv7k -Xcc -I/Users/admin/builder/spi-builder-workspace/.derivedData/Build/Intermediates.noindex/AppViewUtilits.build/Debug-watchos/AppViewUtilits.build/DerivedSources -Xcc -DSWIFT_PACKAGE -Xcc -DDEBUG\=1 -emit-objc-header -emit-objc-header-path /Users/admin/builder/spi-builder-workspace/.derivedData/Build/Intermediates.noindex/AppViewUtilits.build/Debug-watchos/AppViewUtilits.build/Objects-normal/armv7k/AppViewUtilits-Swift.h -working-directory /Users/admin/builder/spi-builder-workspace/.swiftpm/xcode -experimental-emit-module-separately -disable-cmo
/Users/admin/builder/spi-builder-workspace/.dependencies/checkouts/AppViewUtilits/Sources/AppViewUtilits/Helpers/Reachability.swift:8:8: error: Unable to find module dependency: 'SystemConfiguration'
import SystemConfiguration
       ^ (in target 'AppViewUtilits' from project 'AppViewUtilits')
/Users/admin/builder/spi-builder-workspace/.dependencies/checkouts/AppViewUtilits/Sources/AppViewUtilits/Helpers/Reachability.swift:8:8: note: A dependency of main module 'AppViewUtilits'
import SystemConfiguration
       ^ (in target 'AppViewUtilits' from project 'AppViewUtilits')
SwiftDriver AppViewUtilits normal arm64 com.apple.xcode.tools.swift.compiler (in target 'AppViewUtilits' from project 'AppViewUtilits')
    cd /Users/admin/builder/spi-builder-workspace/.swiftpm/xcode
    builtin-SwiftDriver -- /Applications/Xcode-26.3.0.app/Contents/Developer/Toolchains/XcodeDefault.xctoolchain/usr/bin/swiftc -module-name AppViewUtilits -Onone -enforce-exclusivity\=checked @/Users/admin/builder/spi-builder-workspace/.derivedData/Build/Intermediates.noindex/AppViewUtilits.build/Debug-watchos/AppViewUtilits.build/Objects-normal/arm64/AppViewUtilits.SwiftFileList -DSWIFT_PACKAGE -DDEBUG -DSWIFT_MODULE_RESOURCE_BUNDLE_UNAVAILABLE -DXcode -plugin-path /Applications/Xcode-26.3.0.app/Contents/Developer/Toolchains/XcodeDefault.xctoolchain/usr/lib/swift/host/plugins/testing -enable-experimental-feature DebugDescriptionMacro -sdk /Applications/Xcode-26.3.0.app/Contents/Developer/Platforms/WatchOS.platform/Developer/SDKs/WatchOS26.2.sdk -target arm64-apple-watchos5.0 -g -module-cache-path /Users/admin/builder/spi-builder-workspace/.derivedData/ModuleCache.noindex -Xfrontend -serialize-debugging-options -profile-coverage-mapping -profile-generate -enable-testing -suppress-warnings -index-store-path /Users/admin/builder/spi-builder-workspace/.derivedData/Index.noindex/DataStore -Xcc -D_LIBCPP_HARDENING_MODE\=_LIBCPP_HARDENING_MODE_DEBUG -swift-version 5 -I /Users/admin/builder/spi-builder-workspace/.derivedData/Build/Products/Debug-watchos -Isystem /Applications/Xcode-26.3.0.app/Contents/Developer/Platforms/WatchOS.platform/Developer/usr/lib -F /Users/admin/builder/spi-builder-workspace/.derivedData/Build/Products/Debug-watchos -F /Applications/Xcode-26.3.0.app/Contents/Developer/Platforms/WatchOS.platform/Developer/Library/Frameworks -F /Applications/Xcode-26.3.0.app/Contents/Developer/Platforms/WatchOS.platform/Developer/SDKs/WatchOS26.2.sdk/Developer/Library/Frameworks -c -j10 -enable-batch-mode -incremental -Xcc -ivfsstatcache -Xcc /Users/admin/builder/spi-builder-workspace/.derivedData/SDKStatCaches.noindex/watchos26.2-23S303-dc75598d0054f22ec865fa860f139d721753b489057de6bda919edfa1c59a62b.sdkstatcache -output-file-map /Users/admin/builder/spi-builder-workspace/.derivedData/Build/Intermediates.noindex/AppViewUtilits.build/Debug-watchos/AppViewUtilits.build/Objects-normal/arm64/AppViewUtilits-OutputFileMap.json -use-frontend-parseable-output -save-temps -no-color-diagnostics -explicit-module-build -module-cache-path /Users/admin/builder/spi-builder-workspace/.derivedData/Build/Intermediates.noindex/SwiftExplicitPrecompiledModules -clang-scanner-module-cache-path /Users/admin/builder/spi-builder-workspace/.derivedData/ModuleCache.noindex -sdk-module-cache-path /Users/admin/builder/spi-builder-workspace/.derivedData/ModuleCache.noindex -serialize-diagnostics -emit-dependencies -emit-module -emit-module-path /Users/admin/builder/spi-builder-workspace/.derivedData/Build/Intermediates.noindex/AppViewUtilits.build/Debug-watchos/AppViewUtilits.build/Objects-normal/arm64/AppViewUtilits.swiftmodule -validate-clang-modules-once -clang-build-session-file /Users/admin/builder/spi-builder-workspace/.derivedData/ModuleCache.noindex/Session.modulevalidation -Xcc -I/Users/admin/builder/spi-builder-workspace/.derivedData/Build/Intermediates.noindex/AppViewUtilits.build/Debug-watchos/AppViewUtilits.build/swift-overrides.hmap -emit-const-values -Xfrontend -const-gather-protocols-file -Xfrontend /Users/admin/builder/spi-builder-workspace/.derivedData/Build/Intermediates.noindex/AppViewUtilits.build/Debug-watchos/AppViewUtilits.build/Objects-normal/arm64/AppViewUtilits_const_extract_protocols.json -Xcc -I/Users/admin/builder/spi-builder-workspace/.derivedData/Build/Products/Debug-watchos/include -Xcc -I/Users/admin/builder/spi-builder-workspace/.derivedData/Build/Intermediates.noindex/AppViewUtilits.build/Debug-watchos/AppViewUtilits.build/DerivedSources-normal/arm64 -Xcc -I/Users/admin/builder/spi-builder-workspace/.derivedData/Build/Intermediates.noindex/AppViewUtilits.build/Debug-watchos/AppViewUtilits.build/DerivedSources/arm64 -Xcc -I/Users/admin/builder/spi-builder-workspace/.derivedData/Build/Intermediates.noindex/AppViewUtilits.build/Debug-watchos/AppViewUtilits.build/DerivedSources -Xcc -DSWIFT_PACKAGE -Xcc -DDEBUG\=1 -emit-objc-header -emit-objc-header-path /Users/admin/builder/spi-builder-workspace/.derivedData/Build/Intermediates.noindex/AppViewUtilits.build/Debug-watchos/AppViewUtilits.build/Objects-normal/arm64/AppViewUtilits-Swift.h -working-directory /Users/admin/builder/spi-builder-workspace/.swiftpm/xcode -experimental-emit-module-separately -disable-cmo
/Users/admin/builder/spi-builder-workspace/.dependencies/checkouts/AppViewUtilits/Sources/AppViewUtilits/Helpers/Reachability.swift:8:8: error: Unable to find module dependency: 'SystemConfiguration'
import SystemConfiguration
       ^ (in target 'AppViewUtilits' from project 'AppViewUtilits')
/Users/admin/builder/spi-builder-workspace/.dependencies/checkouts/AppViewUtilits/Sources/AppViewUtilits/Helpers/Reachability.swift:8:8: note: A dependency of main module 'AppViewUtilits'
import SystemConfiguration
       ^ (in target 'AppViewUtilits' from project 'AppViewUtilits')
2026-08-11 11:43:58.661 xcodebuild[760:4989] [MT] IDERunDestination: Supported platforms for the buildables in the current scheme is empty.
/Users/admin/builder/spi-builder-workspace/.dependencies/checkouts/AppViewUtilits/Sources/AppViewUtilits/Helpers/Reachability.swift:8:8: error: Unable to find module dependency: 'SystemConfiguration'
import SystemConfiguration
       ^
/Users/admin/builder/spi-builder-workspace/.dependencies/checkouts/AppViewUtilits/Sources/AppViewUtilits/Helpers/Reachability.swift:8:8: note: a dependency of main module 'AppViewUtilits'
import SystemConfiguration
       ^
/Users/admin/builder/spi-builder-workspace/.dependencies/checkouts/AppViewUtilits/Sources/AppViewUtilits/Helpers/Reachability.swift:8:8: error: Unable to find module dependency: 'SystemConfiguration'
import SystemConfiguration
       ^
/Users/admin/builder/spi-builder-workspace/.dependencies/checkouts/AppViewUtilits/Sources/AppViewUtilits/Helpers/Reachability.swift:8:8: note: a dependency of main module 'AppViewUtilits'
import SystemConfiguration
       ^
/Users/admin/builder/spi-builder-workspace/.dependencies/checkouts/AppViewUtilits/Sources/AppViewUtilits/Helpers/Reachability.swift:8:8: error: Unable to find module dependency: 'SystemConfiguration'
import SystemConfiguration
       ^
/Users/admin/builder/spi-builder-workspace/.dependencies/checkouts/AppViewUtilits/Sources/AppViewUtilits/Helpers/Reachability.swift:8:8: note: a dependency of main module 'AppViewUtilits'
import SystemConfiguration
       ^
** BUILD FAILED **
The following build commands failed:
	SwiftDriver AppViewUtilits normal arm64_32 com.apple.xcode.tools.swift.compiler (in target 'AppViewUtilits' from project 'AppViewUtilits')
	SwiftDriver AppViewUtilits normal armv7k com.apple.xcode.tools.swift.compiler (in target 'AppViewUtilits' from project 'AppViewUtilits')
	SwiftDriver AppViewUtilits normal arm64 com.apple.xcode.tools.swift.compiler (in target 'AppViewUtilits' from project 'AppViewUtilits')
	Building workspace spi-builder-workspace with scheme AVPlayerWrapper
(4 failures)
BUILD FAILURE 6.2 watchOS