Build Information
Failed to build DSFAppKitBuilder, reference main (d188d6), with Swift 6.4 for watchOS using Xcode 27.0 on 21 Sep 2026 07:08:01 UTC.
Build Command
env DEVELOPER_DIR=/Applications/Xcode-27.0.0-Release.Candidate.app xcrun xcodebuild -IDEClonedSourcePackagesDirPathOverride=$PWD/.dependencies -skipMacroValidation -skipPackagePluginValidation -derivedDataPath $PWD/.derivedData build -scheme DSFAppKitBuilder-Package -destination generic/platform=watchOSBuild Log
cd /Users/admin/builder/spi-builder-workspace/.dependencies/checkouts/DSFAppearanceManager
write-file /Users/admin/builder/spi-builder-workspace/.derivedData/Build/Intermediates.noindex/DSFAppearanceManager.build/Debug-watchos/DSFAppearanceManager-t.build/Objects-normal/arm64_32/DSFAppearanceManager-OutputFileMap.json
WriteAuxiliaryFile /Users/admin/builder/spi-builder-workspace/.derivedData/Build/Intermediates.noindex/DSFAppearanceManager.build/Debug-watchos/DSFAppearanceManager-t.build/Objects-normal/arm64/DSFAppearanceManager_const_extract_protocols.json (in target 'DSFAppearanceManager' from project 'DSFAppearanceManager')
cd /Users/admin/builder/spi-builder-workspace/.dependencies/checkouts/DSFAppearanceManager
write-file /Users/admin/builder/spi-builder-workspace/.derivedData/Build/Intermediates.noindex/DSFAppearanceManager.build/Debug-watchos/DSFAppearanceManager-t.build/Objects-normal/arm64/DSFAppearanceManager_const_extract_protocols.json
WriteAuxiliaryFile /Users/admin/builder/spi-builder-workspace/.derivedData/Build/Intermediates.noindex/DSFAppearanceManager.build/Debug-watchos/DSFAppearanceManager-t.build/Objects-normal/arm64/DSFAppearanceManager.SwiftFileList (in target 'DSFAppearanceManager' from project 'DSFAppearanceManager')
cd /Users/admin/builder/spi-builder-workspace/.dependencies/checkouts/DSFAppearanceManager
write-file /Users/admin/builder/spi-builder-workspace/.derivedData/Build/Intermediates.noindex/DSFAppearanceManager.build/Debug-watchos/DSFAppearanceManager-t.build/Objects-normal/arm64/DSFAppearanceManager.SwiftFileList
WriteAuxiliaryFile /Users/admin/builder/spi-builder-workspace/.derivedData/Build/Intermediates.noindex/DSFAppearanceManager.build/Debug-watchos/DSFAppearanceManager-t.build/Objects-normal/arm64/DSFAppearanceManager.SwiftConstValuesFileList (in target 'DSFAppearanceManager' from project 'DSFAppearanceManager')
cd /Users/admin/builder/spi-builder-workspace/.dependencies/checkouts/DSFAppearanceManager
write-file /Users/admin/builder/spi-builder-workspace/.derivedData/Build/Intermediates.noindex/DSFAppearanceManager.build/Debug-watchos/DSFAppearanceManager-t.build/Objects-normal/arm64/DSFAppearanceManager.SwiftConstValuesFileList
WriteAuxiliaryFile /Users/admin/builder/spi-builder-workspace/.derivedData/Build/Intermediates.noindex/DSFAppearanceManager.build/Debug-watchos/DSFAppearanceManager-t.build/Objects-normal/arm64/DSFAppearanceManager.LinkFileList (in target 'DSFAppearanceManager' from project 'DSFAppearanceManager')
cd /Users/admin/builder/spi-builder-workspace/.dependencies/checkouts/DSFAppearanceManager
write-file /Users/admin/builder/spi-builder-workspace/.derivedData/Build/Intermediates.noindex/DSFAppearanceManager.build/Debug-watchos/DSFAppearanceManager-t.build/Objects-normal/arm64/DSFAppearanceManager.LinkFileList
WriteAuxiliaryFile /Users/admin/builder/spi-builder-workspace/.derivedData/Build/Intermediates.noindex/DSFAppearanceManager.build/Debug-watchos/DSFAppearanceManager-t.build/Objects-normal/arm64/DSFAppearanceManager-OutputFileMap.json (in target 'DSFAppearanceManager' from project 'DSFAppearanceManager')
cd /Users/admin/builder/spi-builder-workspace/.dependencies/checkouts/DSFAppearanceManager
write-file /Users/admin/builder/spi-builder-workspace/.derivedData/Build/Intermediates.noindex/DSFAppearanceManager.build/Debug-watchos/DSFAppearanceManager-t.build/Objects-normal/arm64/DSFAppearanceManager-OutputFileMap.json
WriteAuxiliaryFile /Users/admin/builder/spi-builder-workspace/.derivedData/Build/Intermediates.noindex/DSFAppearanceManager.build/Debug-watchos/DSFAppearanceManager-t.build/DSFAppearanceManager.modulemap (in target 'DSFAppearanceManager' from project 'DSFAppearanceManager')
cd /Users/admin/builder/spi-builder-workspace/.dependencies/checkouts/DSFAppearanceManager
write-file /Users/admin/builder/spi-builder-workspace/.derivedData/Build/Intermediates.noindex/DSFAppearanceManager.build/Debug-watchos/DSFAppearanceManager-t.build/DSFAppearanceManager.modulemap
WriteAuxiliaryFile /Users/admin/builder/spi-builder-workspace/.derivedData/Build/Intermediates.noindex/DSFAppearanceManager.build/Debug-watchos/DSFAppearanceManager-t.build/DSFAppearanceManager.DependencyStaticMetadataFileList (in target 'DSFAppearanceManager' from project 'DSFAppearanceManager')
cd /Users/admin/builder/spi-builder-workspace/.dependencies/checkouts/DSFAppearanceManager
write-file /Users/admin/builder/spi-builder-workspace/.derivedData/Build/Intermediates.noindex/DSFAppearanceManager.build/Debug-watchos/DSFAppearanceManager-t.build/DSFAppearanceManager.DependencyStaticMetadataFileList
WriteAuxiliaryFile /Users/admin/builder/spi-builder-workspace/.derivedData/Build/Intermediates.noindex/DSFAppearanceManager.build/Debug-watchos/DSFAppearanceManager-t.build/DSFAppearanceManager.DependencyMetadataFileList (in target 'DSFAppearanceManager' from project 'DSFAppearanceManager')
cd /Users/admin/builder/spi-builder-workspace/.dependencies/checkouts/DSFAppearanceManager
write-file /Users/admin/builder/spi-builder-workspace/.derivedData/Build/Intermediates.noindex/DSFAppearanceManager.build/Debug-watchos/DSFAppearanceManager-t.build/DSFAppearanceManager.DependencyMetadataFileList
WriteAuxiliaryFile /Users/admin/builder/spi-builder-workspace/.derivedData/Build/Intermediates.noindex/DSFAppKitBuilder.build/Debug-watchos/DSFAppKitBuilder-t.build/Objects-normal/arm64_32/DSFAppKitBuilder_const_extract_protocols.json (in target 'DSFAppKitBuilder' from project 'DSFAppKitBuilder')
cd /Users/admin/builder/spi-builder-workspace
write-file /Users/admin/builder/spi-builder-workspace/.derivedData/Build/Intermediates.noindex/DSFAppKitBuilder.build/Debug-watchos/DSFAppKitBuilder-t.build/Objects-normal/arm64_32/DSFAppKitBuilder_const_extract_protocols.json
WriteAuxiliaryFile /Users/admin/builder/spi-builder-workspace/.derivedData/Build/Intermediates.noindex/DSFAppKitBuilder.build/Debug-watchos/DSFAppKitBuilder-t.build/Objects-normal/arm64_32/DSFAppKitBuilder.SwiftFileList (in target 'DSFAppKitBuilder' from project 'DSFAppKitBuilder')
cd /Users/admin/builder/spi-builder-workspace
write-file /Users/admin/builder/spi-builder-workspace/.derivedData/Build/Intermediates.noindex/DSFAppKitBuilder.build/Debug-watchos/DSFAppKitBuilder-t.build/Objects-normal/arm64_32/DSFAppKitBuilder.SwiftFileList
WriteAuxiliaryFile /Users/admin/builder/spi-builder-workspace/.derivedData/Build/Intermediates.noindex/DSFAppKitBuilder.build/Debug-watchos/DSFAppKitBuilder-t.build/Objects-normal/arm64_32/DSFAppKitBuilder.SwiftConstValuesFileList (in target 'DSFAppKitBuilder' from project 'DSFAppKitBuilder')
cd /Users/admin/builder/spi-builder-workspace
write-file /Users/admin/builder/spi-builder-workspace/.derivedData/Build/Intermediates.noindex/DSFAppKitBuilder.build/Debug-watchos/DSFAppKitBuilder-t.build/Objects-normal/arm64_32/DSFAppKitBuilder.SwiftConstValuesFileList
WriteAuxiliaryFile /Users/admin/builder/spi-builder-workspace/.derivedData/Build/Intermediates.noindex/DSFAppKitBuilder.build/Debug-watchos/DSFAppKitBuilder-t.build/Objects-normal/arm64_32/DSFAppKitBuilder.LinkFileList (in target 'DSFAppKitBuilder' from project 'DSFAppKitBuilder')
cd /Users/admin/builder/spi-builder-workspace
write-file /Users/admin/builder/spi-builder-workspace/.derivedData/Build/Intermediates.noindex/DSFAppKitBuilder.build/Debug-watchos/DSFAppKitBuilder-t.build/Objects-normal/arm64_32/DSFAppKitBuilder.LinkFileList
WriteAuxiliaryFile /Users/admin/builder/spi-builder-workspace/.derivedData/Build/Intermediates.noindex/DSFAppKitBuilder.build/Debug-watchos/DSFAppKitBuilder-t.build/Objects-normal/arm64_32/DSFAppKitBuilder-OutputFileMap.json (in target 'DSFAppKitBuilder' from project 'DSFAppKitBuilder')
cd /Users/admin/builder/spi-builder-workspace
write-file /Users/admin/builder/spi-builder-workspace/.derivedData/Build/Intermediates.noindex/DSFAppKitBuilder.build/Debug-watchos/DSFAppKitBuilder-t.build/Objects-normal/arm64_32/DSFAppKitBuilder-OutputFileMap.json
WriteAuxiliaryFile /Users/admin/builder/spi-builder-workspace/.derivedData/Build/Intermediates.noindex/DSFAppKitBuilder.build/Debug-watchos/DSFAppKitBuilder-t.build/Objects-normal/arm64/DSFAppKitBuilder_const_extract_protocols.json (in target 'DSFAppKitBuilder' from project 'DSFAppKitBuilder')
cd /Users/admin/builder/spi-builder-workspace
write-file /Users/admin/builder/spi-builder-workspace/.derivedData/Build/Intermediates.noindex/DSFAppKitBuilder.build/Debug-watchos/DSFAppKitBuilder-t.build/Objects-normal/arm64/DSFAppKitBuilder_const_extract_protocols.json
WriteAuxiliaryFile /Users/admin/builder/spi-builder-workspace/.derivedData/Build/Intermediates.noindex/DSFAppKitBuilder.build/Debug-watchos/DSFAppKitBuilder-t.build/Objects-normal/arm64/DSFAppKitBuilder.SwiftFileList (in target 'DSFAppKitBuilder' from project 'DSFAppKitBuilder')
cd /Users/admin/builder/spi-builder-workspace
write-file /Users/admin/builder/spi-builder-workspace/.derivedData/Build/Intermediates.noindex/DSFAppKitBuilder.build/Debug-watchos/DSFAppKitBuilder-t.build/Objects-normal/arm64/DSFAppKitBuilder.SwiftFileList
Copy /Users/admin/builder/spi-builder-workspace/.derivedData/Build/Intermediates.noindex/GeneratedModuleMaps-watchos/DSFAppearanceManager.modulemap /Users/admin/builder/spi-builder-workspace/.derivedData/Build/Intermediates.noindex/DSFAppearanceManager.build/Debug-watchos/DSFAppearanceManager-t.build/DSFAppearanceManager.modulemap (in target 'DSFAppearanceManager' from project 'DSFAppearanceManager')
cd /Users/admin/builder/spi-builder-workspace/.dependencies/checkouts/DSFAppearanceManager
builtin-copy -exclude .DS_Store -exclude CVS -exclude .svn -exclude .git -exclude .hg -resolve-src-symlinks /Users/admin/builder/spi-builder-workspace/.derivedData/Build/Intermediates.noindex/DSFAppearanceManager.build/Debug-watchos/DSFAppearanceManager-t.build/DSFAppearanceManager.modulemap /Users/admin/builder/spi-builder-workspace/.derivedData/Build/Intermediates.noindex/GeneratedModuleMaps-watchos
WriteAuxiliaryFile /Users/admin/builder/spi-builder-workspace/.derivedData/Build/Intermediates.noindex/DSFAppKitBuilder.build/Debug-watchos/DSFAppKitBuilder-t.build/Objects-normal/arm64/DSFAppKitBuilder.SwiftConstValuesFileList (in target 'DSFAppKitBuilder' from project 'DSFAppKitBuilder')
cd /Users/admin/builder/spi-builder-workspace
write-file /Users/admin/builder/spi-builder-workspace/.derivedData/Build/Intermediates.noindex/DSFAppKitBuilder.build/Debug-watchos/DSFAppKitBuilder-t.build/Objects-normal/arm64/DSFAppKitBuilder.SwiftConstValuesFileList
WriteAuxiliaryFile /Users/admin/builder/spi-builder-workspace/.derivedData/Build/Intermediates.noindex/DSFAppKitBuilder.build/Debug-watchos/DSFAppKitBuilder-t.build/Objects-normal/arm64/DSFAppKitBuilder.LinkFileList (in target 'DSFAppKitBuilder' from project 'DSFAppKitBuilder')
cd /Users/admin/builder/spi-builder-workspace
write-file /Users/admin/builder/spi-builder-workspace/.derivedData/Build/Intermediates.noindex/DSFAppKitBuilder.build/Debug-watchos/DSFAppKitBuilder-t.build/Objects-normal/arm64/DSFAppKitBuilder.LinkFileList
WriteAuxiliaryFile /Users/admin/builder/spi-builder-workspace/.derivedData/Build/Intermediates.noindex/DSFAppKitBuilder.build/Debug-watchos/DSFAppKitBuilder-t.build/Objects-normal/arm64/DSFAppKitBuilder-OutputFileMap.json (in target 'DSFAppKitBuilder' from project 'DSFAppKitBuilder')
cd /Users/admin/builder/spi-builder-workspace
write-file /Users/admin/builder/spi-builder-workspace/.derivedData/Build/Intermediates.noindex/DSFAppKitBuilder.build/Debug-watchos/DSFAppKitBuilder-t.build/Objects-normal/arm64/DSFAppKitBuilder-OutputFileMap.json
WriteAuxiliaryFile /Users/admin/builder/spi-builder-workspace/.derivedData/Build/Intermediates.noindex/DSFAppKitBuilder.build/Debug-watchos/DSFAppKitBuilder-t.build/DSFAppKitBuilder.modulemap (in target 'DSFAppKitBuilder' from project 'DSFAppKitBuilder')
cd /Users/admin/builder/spi-builder-workspace
write-file /Users/admin/builder/spi-builder-workspace/.derivedData/Build/Intermediates.noindex/DSFAppKitBuilder.build/Debug-watchos/DSFAppKitBuilder-t.build/DSFAppKitBuilder.modulemap
WriteAuxiliaryFile /Users/admin/builder/spi-builder-workspace/.derivedData/Build/Intermediates.noindex/DSFAppKitBuilder.build/Debug-watchos/DSFAppKitBuilder-t.build/DSFAppKitBuilder.DependencyStaticMetadataFileList (in target 'DSFAppKitBuilder' from project 'DSFAppKitBuilder')
cd /Users/admin/builder/spi-builder-workspace
write-file /Users/admin/builder/spi-builder-workspace/.derivedData/Build/Intermediates.noindex/DSFAppKitBuilder.build/Debug-watchos/DSFAppKitBuilder-t.build/DSFAppKitBuilder.DependencyStaticMetadataFileList
WriteAuxiliaryFile /Users/admin/builder/spi-builder-workspace/.derivedData/Build/Intermediates.noindex/DSFAppKitBuilder.build/Debug-watchos/DSFAppKitBuilder-t.build/DSFAppKitBuilder.DependencyMetadataFileList (in target 'DSFAppKitBuilder' from project 'DSFAppKitBuilder')
cd /Users/admin/builder/spi-builder-workspace
write-file /Users/admin/builder/spi-builder-workspace/.derivedData/Build/Intermediates.noindex/DSFAppKitBuilder.build/Debug-watchos/DSFAppKitBuilder-t.build/DSFAppKitBuilder.DependencyMetadataFileList
Copy /Users/admin/builder/spi-builder-workspace/.derivedData/Build/Intermediates.noindex/GeneratedModuleMaps-watchos/DSFAppKitBuilder.modulemap /Users/admin/builder/spi-builder-workspace/.derivedData/Build/Intermediates.noindex/DSFAppKitBuilder.build/Debug-watchos/DSFAppKitBuilder-t.build/DSFAppKitBuilder.modulemap (in target 'DSFAppKitBuilder' from project 'DSFAppKitBuilder')
cd /Users/admin/builder/spi-builder-workspace
builtin-copy -exclude .DS_Store -exclude CVS -exclude .svn -exclude .git -exclude .hg -resolve-src-symlinks /Users/admin/builder/spi-builder-workspace/.derivedData/Build/Intermediates.noindex/DSFAppKitBuilder.build/Debug-watchos/DSFAppKitBuilder-t.build/DSFAppKitBuilder.modulemap /Users/admin/builder/spi-builder-workspace/.derivedData/Build/Intermediates.noindex/GeneratedModuleMaps-watchos
ProcessInfoPlistFile /Users/admin/builder/spi-builder-workspace/.derivedData/Build/Products/Debug-watchos/DSFStepperView_DSFStepperView.bundle/Info.plist /Users/admin/builder/spi-builder-workspace/.derivedData/Build/Intermediates.noindex/DSFStepperView.build/Debug-watchos/DSFStepperView_DSFStepperView-b.build/empty-DSFStepperView_DSFStepperView.plist (in target 'DSFStepperView_DSFStepperView' from project 'DSFStepperView')
cd /Users/admin/builder/spi-builder-workspace/.dependencies/checkouts/DSFStepperView
builtin-infoPlistUtility /Users/admin/builder/spi-builder-workspace/.derivedData/Build/Intermediates.noindex/DSFStepperView.build/Debug-watchos/DSFStepperView_DSFStepperView-b.build/empty-DSFStepperView_DSFStepperView.plist -producttype com.apple.product-type.bundle -expandbuildsettings -format binary -platform watchos -o /Users/admin/builder/spi-builder-workspace/.derivedData/Build/Products/Debug-watchos/DSFStepperView_DSFStepperView.bundle/Info.plist
CpResource /Users/admin/builder/spi-builder-workspace/.derivedData/Build/Products/Debug-watchos/DSFStepperView_DSFStepperView.bundle/PrivacyInfo.xcprivacy /Users/admin/builder/spi-builder-workspace/.dependencies/checkouts/DSFStepperView/Sources/DSFStepperView/PrivacyInfo.xcprivacy (in target 'DSFStepperView_DSFStepperView' from project 'DSFStepperView')
cd /Users/admin/builder/spi-builder-workspace/.dependencies/checkouts/DSFStepperView
builtin-copy -exclude .DS_Store -exclude CVS -exclude .svn -exclude .git -exclude .hg -resolve-src-symlinks /Users/admin/builder/spi-builder-workspace/.dependencies/checkouts/DSFStepperView/Sources/DSFStepperView/PrivacyInfo.xcprivacy /Users/admin/builder/spi-builder-workspace/.derivedData/Build/Products/Debug-watchos/DSFStepperView_DSFStepperView.bundle
ProcessInfoPlistFile /Users/admin/builder/spi-builder-workspace/.derivedData/Build/Products/Debug-watchos/DSFSearchField_DSFSearchField.bundle/Info.plist /Users/admin/builder/spi-builder-workspace/.derivedData/Build/Intermediates.noindex/DSFSearchField.build/Debug-watchos/DSFSearchField_DSFSearchField-b.build/empty-DSFSearchField_DSFSearchField.plist (in target 'DSFSearchField_DSFSearchField' from project 'DSFSearchField')
cd /Users/admin/builder/spi-builder-workspace/.dependencies/checkouts/DSFSearchField
builtin-infoPlistUtility /Users/admin/builder/spi-builder-workspace/.derivedData/Build/Intermediates.noindex/DSFSearchField.build/Debug-watchos/DSFSearchField_DSFSearchField-b.build/empty-DSFSearchField_DSFSearchField.plist -producttype com.apple.product-type.bundle -expandbuildsettings -format binary -platform watchos -o /Users/admin/builder/spi-builder-workspace/.derivedData/Build/Products/Debug-watchos/DSFSearchField_DSFSearchField.bundle/Info.plist
CpResource /Users/admin/builder/spi-builder-workspace/.derivedData/Build/Products/Debug-watchos/DSFSearchField_DSFSearchField.bundle/en.lproj/Localizable.strings /Users/admin/builder/spi-builder-workspace/.dependencies/checkouts/DSFSearchField/Sources/DSFSearchField/localizations/en.lproj/Localizable.strings (in target 'DSFSearchField_DSFSearchField' from project 'DSFSearchField')
cd /Users/admin/builder/spi-builder-workspace/.dependencies/checkouts/DSFSearchField
builtin-copy -exclude .DS_Store -exclude CVS -exclude .svn -exclude .git -exclude .hg -resolve-src-symlinks /Users/admin/builder/spi-builder-workspace/.dependencies/checkouts/DSFSearchField/Sources/DSFSearchField/localizations/en.lproj/Localizable.strings /Users/admin/builder/spi-builder-workspace/.derivedData/Build/Products/Debug-watchos/DSFSearchField_DSFSearchField.bundle/en.lproj
RegisterExecutionPolicyException /Users/admin/builder/spi-builder-workspace/.derivedData/Build/Products/Debug-watchos/DSFSearchField_DSFSearchField.bundle (in target 'DSFSearchField_DSFSearchField' from project 'DSFSearchField')
cd /Users/admin/builder/spi-builder-workspace/.dependencies/checkouts/DSFSearchField
builtin-RegisterExecutionPolicyException /Users/admin/builder/spi-builder-workspace/.derivedData/Build/Products/Debug-watchos/DSFSearchField_DSFSearchField.bundle
RegisterExecutionPolicyException /Users/admin/builder/spi-builder-workspace/.derivedData/Build/Products/Debug-watchos/DSFStepperView_DSFStepperView.bundle (in target 'DSFStepperView_DSFStepperView' from project 'DSFStepperView')
cd /Users/admin/builder/spi-builder-workspace/.dependencies/checkouts/DSFStepperView
builtin-RegisterExecutionPolicyException /Users/admin/builder/spi-builder-workspace/.derivedData/Build/Products/Debug-watchos/DSFStepperView_DSFStepperView.bundle
Touch /Users/admin/builder/spi-builder-workspace/.derivedData/Build/Products/Debug-watchos/DSFSearchField_DSFSearchField.bundle (in target 'DSFSearchField_DSFSearchField' from project 'DSFSearchField')
cd /Users/admin/builder/spi-builder-workspace/.dependencies/checkouts/DSFSearchField
/usr/bin/touch -c /Users/admin/builder/spi-builder-workspace/.derivedData/Build/Products/Debug-watchos/DSFSearchField_DSFSearchField.bundle
Touch /Users/admin/builder/spi-builder-workspace/.derivedData/Build/Products/Debug-watchos/DSFStepperView_DSFStepperView.bundle (in target 'DSFStepperView_DSFStepperView' from project 'DSFStepperView')
cd /Users/admin/builder/spi-builder-workspace/.dependencies/checkouts/DSFStepperView
/usr/bin/touch -c /Users/admin/builder/spi-builder-workspace/.derivedData/Build/Products/Debug-watchos/DSFStepperView_DSFStepperView.bundle
SwiftDriver DSFComboButton normal arm64 com.apple.xcode.tools.swift.compiler (in target 'DSFComboButton' from project 'DSFComboButton')
cd /Users/admin/builder/spi-builder-workspace/.swiftpm/xcode
builtin-SwiftDriver -- /Applications/Xcode-27.0.0-Release.Candidate.app/Contents/Developer/Toolchains/XcodeDefault.xctoolchain/usr/bin/swiftc -parse-as-library -module-name DSFComboButton -Onone @/Users/admin/builder/spi-builder-workspace/.derivedData/Build/Intermediates.noindex/DSFComboButton.build/Debug-watchos/DSFComboButton-t.build/Objects-normal/arm64/DSFComboButton.SwiftFileList -DSWIFT_PACKAGE -DDEBUG -DSWIFT_MODULE_RESOURCE_BUNDLE_UNAVAILABLE -DXcode -plugin-path /Applications/Xcode-27.0.0-Release.Candidate.app/Contents/Developer/Toolchains/XcodeDefault.xctoolchain/usr/lib/swift/host/plugins/testing -enable-experimental-feature DebugDescriptionMacro -sdk /Applications/Xcode-27.0.0-Release.Candidate.app/Contents/Developer/Platforms/WatchOS.platform/Developer/SDKs/WatchOS27.0.sdk -target arm64-apple-watchos9.0 -g -module-cache-path /Users/admin/builder/spi-builder-workspace/.derivedData/ModuleCache.noindex -Xfrontend -serialize-debugging-options -profile-coverage-mapping -profile-generate -enable-testing -suppress-warnings -index-store-path /Users/admin/builder/spi-builder-workspace/.derivedData/Index.noindex/DataStore -Xcc -D_LIBCPP_HARDENING_MODE\=_LIBCPP_HARDENING_MODE_DEBUG -swift-version 5 -I /Users/admin/builder/spi-builder-workspace/.derivedData/Build/Products/Debug-watchos -Isystem /Applications/Xcode-27.0.0-Release.Candidate.app/Contents/Developer/Platforms/WatchOS.platform/Developer/usr/lib -F /Users/admin/builder/spi-builder-workspace/.derivedData/Build/Products/Debug-watchos -F /Applications/Xcode-27.0.0-Release.Candidate.app/Contents/Developer/Platforms/WatchOS.platform/Developer/Library/Frameworks -F /Applications/Xcode-27.0.0-Release.Candidate.app/Contents/Developer/Platforms/WatchOS.platform/Developer/SDKs/WatchOS27.0.sdk/Developer/Library/Frameworks -c -j10 -enable-batch-mode -incremental -Xcc -ivfsstatcache -Xcc /Users/admin/builder/spi-builder-workspace/.derivedData/SDKStatCaches.noindex/watchos27.0-24R360-e829b21a6f8c9b70876ba0858053c04477534ef55a1706bf4c1112bbb242f0a2.sdkstatcache -output-file-map /Users/admin/builder/spi-builder-workspace/.derivedData/Build/Intermediates.noindex/DSFComboButton.build/Debug-watchos/DSFComboButton-t.build/Objects-normal/arm64/DSFComboButton-OutputFileMap.json -save-temps -no-color-diagnostics -explicit-module-build -module-cache-path /Users/admin/builder/spi-builder-workspace/.derivedData/Build/Intermediates.noindex/SwiftExplicitPrecompiledModules -clang-scanner-module-cache-path /Users/admin/builder/spi-builder-workspace/.derivedData/ModuleCache.noindex -sdk-module-cache-path /Users/admin/builder/spi-builder-workspace/.derivedData/SDKExplicitPrecompiledModules -emit-dependencies -emit-module -emit-module-path /Users/admin/builder/spi-builder-workspace/.derivedData/Build/Intermediates.noindex/DSFComboButton.build/Debug-watchos/DSFComboButton-t.build/Objects-normal/arm64/DSFComboButton.swiftmodule -serialize-diagnostics -dependency-scan-serialize-diagnostics-path /Users/admin/builder/spi-builder-workspace/.derivedData/Build/Intermediates.noindex/DSFComboButton.build/Debug-watchos/DSFComboButton-t.build/Objects-normal/arm64/DSFComboButton-dependency-scan.dia -validate-clang-modules-once -clang-build-session-file /Users/admin/builder/spi-builder-workspace/.derivedData/ModuleCache.noindex/Session.modulevalidation -Xcc -fmodules-prune-interval\=86400 -Xcc -fmodules-prune-after\=345600 -emit-const-values -const-gather-protocols-list /Users/admin/builder/spi-builder-workspace/.derivedData/Build/Intermediates.noindex/DSFComboButton.build/Debug-watchos/DSFComboButton-t.build/Objects-normal/arm64/DSFComboButton_const_extract_protocols.json -Xcc -I/Users/admin/builder/spi-builder-workspace/.derivedData/Build/Products/Debug-watchos/include -Xcc -I/Users/admin/builder/spi-builder-workspace/.derivedData/Build/Intermediates.noindex/DSFComboButton.build/Debug-watchos/DSFComboButton-t.build/DerivedSources-normal/arm64 -Xcc -I/Users/admin/builder/spi-builder-workspace/.derivedData/Build/Intermediates.noindex/DSFComboButton.build/Debug-watchos/DSFComboButton-t.build/DerivedSources/arm64 -Xcc -I/Users/admin/builder/spi-builder-workspace/.derivedData/Build/Intermediates.noindex/DSFComboButton.build/Debug-watchos/DSFComboButton-t.build/DerivedSources -Xcc -DSWIFT_PACKAGE -Xcc -DDEBUG\=1 -emit-objc-header -emit-objc-header-path /Users/admin/builder/spi-builder-workspace/.derivedData/Build/Intermediates.noindex/DSFComboButton.build/Debug-watchos/DSFComboButton-t.build/Objects-normal/arm64/DSFComboButton-Swift.h -working-directory /Users/admin/builder/spi-builder-workspace/.swiftpm/xcode -experimental-emit-module-separately -disable-cmo
SwiftDriver DSFMenuBuilder normal arm64 com.apple.xcode.tools.swift.compiler (in target 'DSFMenuBuilder' from project 'DSFMenuBuilder')
cd /Users/admin/builder/spi-builder-workspace/.swiftpm/xcode
builtin-SwiftDriver -- /Applications/Xcode-27.0.0-Release.Candidate.app/Contents/Developer/Toolchains/XcodeDefault.xctoolchain/usr/bin/swiftc -parse-as-library -module-name DSFMenuBuilder -Onone @/Users/admin/builder/spi-builder-workspace/.derivedData/Build/Intermediates.noindex/DSFMenuBuilder.build/Debug-watchos/DSFMenuBuilder-t.build/Objects-normal/arm64/DSFMenuBuilder.SwiftFileList -DSWIFT_PACKAGE -DDEBUG -DSWIFT_MODULE_RESOURCE_BUNDLE_UNAVAILABLE -DXcode -plugin-path /Applications/Xcode-27.0.0-Release.Candidate.app/Contents/Developer/Toolchains/XcodeDefault.xctoolchain/usr/lib/swift/host/plugins/testing -enable-experimental-feature DebugDescriptionMacro -sdk /Applications/Xcode-27.0.0-Release.Candidate.app/Contents/Developer/Platforms/WatchOS.platform/Developer/SDKs/WatchOS27.0.sdk -target arm64-apple-watchos9.0 -g -module-cache-path /Users/admin/builder/spi-builder-workspace/.derivedData/ModuleCache.noindex -Xfrontend -serialize-debugging-options -profile-coverage-mapping -profile-generate -enable-testing -suppress-warnings -index-store-path /Users/admin/builder/spi-builder-workspace/.derivedData/Index.noindex/DataStore -Xcc -D_LIBCPP_HARDENING_MODE\=_LIBCPP_HARDENING_MODE_DEBUG -swift-version 5 -I /Users/admin/builder/spi-builder-workspace/.derivedData/Build/Products/Debug-watchos -Isystem /Applications/Xcode-27.0.0-Release.Candidate.app/Contents/Developer/Platforms/WatchOS.platform/Developer/usr/lib -F /Users/admin/builder/spi-builder-workspace/.derivedData/Build/Products/Debug-watchos -F /Applications/Xcode-27.0.0-Release.Candidate.app/Contents/Developer/Platforms/WatchOS.platform/Developer/Library/Frameworks -F /Applications/Xcode-27.0.0-Release.Candidate.app/Contents/Developer/Platforms/WatchOS.platform/Developer/SDKs/WatchOS27.0.sdk/Developer/Library/Frameworks -c -j10 -enable-batch-mode -incremental -Xcc -ivfsstatcache -Xcc /Users/admin/builder/spi-builder-workspace/.derivedData/SDKStatCaches.noindex/watchos27.0-24R360-e829b21a6f8c9b70876ba0858053c04477534ef55a1706bf4c1112bbb242f0a2.sdkstatcache -output-file-map /Users/admin/builder/spi-builder-workspace/.derivedData/Build/Intermediates.noindex/DSFMenuBuilder.build/Debug-watchos/DSFMenuBuilder-t.build/Objects-normal/arm64/DSFMenuBuilder-OutputFileMap.json -save-temps -no-color-diagnostics -explicit-module-build -module-cache-path /Users/admin/builder/spi-builder-workspace/.derivedData/Build/Intermediates.noindex/SwiftExplicitPrecompiledModules -clang-scanner-module-cache-path /Users/admin/builder/spi-builder-workspace/.derivedData/ModuleCache.noindex -sdk-module-cache-path /Users/admin/builder/spi-builder-workspace/.derivedData/SDKExplicitPrecompiledModules -emit-dependencies -emit-module -emit-module-path /Users/admin/builder/spi-builder-workspace/.derivedData/Build/Intermediates.noindex/DSFMenuBuilder.build/Debug-watchos/DSFMenuBuilder-t.build/Objects-normal/arm64/DSFMenuBuilder.swiftmodule -serialize-diagnostics -dependency-scan-serialize-diagnostics-path /Users/admin/builder/spi-builder-workspace/.derivedData/Build/Intermediates.noindex/DSFMenuBuilder.build/Debug-watchos/DSFMenuBuilder-t.build/Objects-normal/arm64/DSFMenuBuilder-dependency-scan.dia -validate-clang-modules-once -clang-build-session-file /Users/admin/builder/spi-builder-workspace/.derivedData/ModuleCache.noindex/Session.modulevalidation -Xcc -fmodules-prune-interval\=86400 -Xcc -fmodules-prune-after\=345600 -emit-const-values -const-gather-protocols-list /Users/admin/builder/spi-builder-workspace/.derivedData/Build/Intermediates.noindex/DSFMenuBuilder.build/Debug-watchos/DSFMenuBuilder-t.build/Objects-normal/arm64/DSFMenuBuilder_const_extract_protocols.json -Xcc -I/Users/admin/builder/spi-builder-workspace/.derivedData/Build/Products/Debug-watchos/include -Xcc -I/Users/admin/builder/spi-builder-workspace/.derivedData/Build/Intermediates.noindex/DSFMenuBuilder.build/Debug-watchos/DSFMenuBuilder-t.build/DerivedSources-normal/arm64 -Xcc -I/Users/admin/builder/spi-builder-workspace/.derivedData/Build/Intermediates.noindex/DSFMenuBuilder.build/Debug-watchos/DSFMenuBuilder-t.build/DerivedSources/arm64 -Xcc -I/Users/admin/builder/spi-builder-workspace/.derivedData/Build/Intermediates.noindex/DSFMenuBuilder.build/Debug-watchos/DSFMenuBuilder-t.build/DerivedSources -Xcc -DSWIFT_PACKAGE -Xcc -DDEBUG\=1 -emit-objc-header -emit-objc-header-path /Users/admin/builder/spi-builder-workspace/.derivedData/Build/Intermediates.noindex/DSFMenuBuilder.build/Debug-watchos/DSFMenuBuilder-t.build/Objects-normal/arm64/DSFMenuBuilder-Swift.h -working-directory /Users/admin/builder/spi-builder-workspace/.swiftpm/xcode -experimental-emit-module-separately -disable-cmo
/Users/admin/builder/spi-builder-workspace/.dependencies/checkouts/DSFMenuBuilder/Sources/DSFMenuBuilder/Menu.swift:27:8: error: Unable to resolve module dependency: 'AppKit' (in target 'DSFMenuBuilder' from project 'DSFMenuBuilder')
note: A dependency of main module 'DSFMenuBuilder'
/Users/admin/builder/spi-builder-workspace/.dependencies/checkouts/DSFMenuBuilder/Sources/DSFMenuBuilder/MenuStateImage.swift:27:8: note: Also imported here
/Users/admin/builder/spi-builder-workspace/.dependencies/checkouts/DSFMenuBuilder/Sources/DSFMenuBuilder/NSMenu+extensions.swift:27:8: note: Also imported here
/Users/admin/builder/spi-builder-workspace/.dependencies/checkouts/DSFMenuBuilder/Sources/DSFMenuBuilder/menu-item-types/MenuItem.swift:27:8: note: Also imported here
/Users/admin/builder/spi-builder-workspace/.dependencies/checkouts/DSFMenuBuilder/Sources/DSFMenuBuilder/menu-item-types/MenuItemCollection.swift:27:8: note: Also imported here
/Users/admin/builder/spi-builder-workspace/.dependencies/checkouts/DSFMenuBuilder/Sources/DSFMenuBuilder/menu-item-types/SeparatorItem.swift:27:8: note: Also imported here
/Users/admin/builder/spi-builder-workspace/.dependencies/checkouts/DSFMenuBuilder/Sources/DSFMenuBuilder/menu-item-types/ViewItem+NSViewController.swift:27:8: note: Also imported here
/Users/admin/builder/spi-builder-workspace/.dependencies/checkouts/DSFMenuBuilder/Sources/DSFMenuBuilder/menu-item-types/ViewItem.swift:27:8: note: Also imported here
/Users/admin/builder/spi-builder-workspace/.dependencies/checkouts/DSFMenuBuilder/Sources/DSFMenuBuilder/private/AnyMenuItem.swift:27:8: note: Also imported here
/Users/admin/builder/spi-builder-workspace/.dependencies/checkouts/DSFMenuBuilder/Sources/DSFMenuBuilder/private/MenuItemTarget.swift:27:8: note: Also imported here
/Users/admin/builder/spi-builder-workspace/.dependencies/checkouts/DSFMenuBuilder/Sources/DSFMenuBuilder/Menu.swift:27:8: note: A dependency of main module 'DSFMenuBuilder'
import AppKit
^ (in target 'DSFMenuBuilder' from project 'DSFMenuBuilder')
/Users/admin/builder/spi-builder-workspace/.dependencies/checkouts/DSFMenuBuilder/Sources/DSFMenuBuilder/MenuStateImage.swift:27:8: note: Also imported here
import AppKit
^ (in target 'DSFMenuBuilder' from project 'DSFMenuBuilder')
/Users/admin/builder/spi-builder-workspace/.dependencies/checkouts/DSFMenuBuilder/Sources/DSFMenuBuilder/NSMenu+extensions.swift:27:8: note: Also imported here
import AppKit
^ (in target 'DSFMenuBuilder' from project 'DSFMenuBuilder')
/Users/admin/builder/spi-builder-workspace/.dependencies/checkouts/DSFMenuBuilder/Sources/DSFMenuBuilder/menu-item-types/MenuItem.swift:27:8: note: Also imported here
import AppKit
^ (in target 'DSFMenuBuilder' from project 'DSFMenuBuilder')
/Users/admin/builder/spi-builder-workspace/.dependencies/checkouts/DSFMenuBuilder/Sources/DSFMenuBuilder/menu-item-types/MenuItemCollection.swift:27:8: note: Also imported here
import AppKit
^ (in target 'DSFMenuBuilder' from project 'DSFMenuBuilder')
/Users/admin/builder/spi-builder-workspace/.dependencies/checkouts/DSFMenuBuilder/Sources/DSFMenuBuilder/menu-item-types/SeparatorItem.swift:27:8: note: Also imported here
import AppKit
^ (in target 'DSFMenuBuilder' from project 'DSFMenuBuilder')
/Users/admin/builder/spi-builder-workspace/.dependencies/checkouts/DSFMenuBuilder/Sources/DSFMenuBuilder/menu-item-types/ViewItem+NSViewController.swift:27:8: note: Also imported here
import AppKit
^ (in target 'DSFMenuBuilder' from project 'DSFMenuBuilder')
/Users/admin/builder/spi-builder-workspace/.dependencies/checkouts/DSFMenuBuilder/Sources/DSFMenuBuilder/menu-item-types/ViewItem.swift:27:8: note: Also imported here
import AppKit
^ (in target 'DSFMenuBuilder' from project 'DSFMenuBuilder')
/Users/admin/builder/spi-builder-workspace/.dependencies/checkouts/DSFMenuBuilder/Sources/DSFMenuBuilder/private/AnyMenuItem.swift:27:8: note: Also imported here
import AppKit
^ (in target 'DSFMenuBuilder' from project 'DSFMenuBuilder')
/Users/admin/builder/spi-builder-workspace/.dependencies/checkouts/DSFMenuBuilder/Sources/DSFMenuBuilder/private/MenuItemTarget.swift:27:8: note: Also imported here
import AppKit
^ (in target 'DSFMenuBuilder' from project 'DSFMenuBuilder')
SwiftDriver DSFComboButton normal arm64_32 com.apple.xcode.tools.swift.compiler (in target 'DSFComboButton' from project 'DSFComboButton')
cd /Users/admin/builder/spi-builder-workspace/.swiftpm/xcode
builtin-SwiftDriver -- /Applications/Xcode-27.0.0-Release.Candidate.app/Contents/Developer/Toolchains/XcodeDefault.xctoolchain/usr/bin/swiftc -parse-as-library -module-name DSFComboButton -Onone @/Users/admin/builder/spi-builder-workspace/.derivedData/Build/Intermediates.noindex/DSFComboButton.build/Debug-watchos/DSFComboButton-t.build/Objects-normal/arm64_32/DSFComboButton.SwiftFileList -DSWIFT_PACKAGE -DDEBUG -DSWIFT_MODULE_RESOURCE_BUNDLE_UNAVAILABLE -DXcode -plugin-path /Applications/Xcode-27.0.0-Release.Candidate.app/Contents/Developer/Toolchains/XcodeDefault.xctoolchain/usr/lib/swift/host/plugins/testing -enable-experimental-feature DebugDescriptionMacro -sdk /Applications/Xcode-27.0.0-Release.Candidate.app/Contents/Developer/Platforms/WatchOS.platform/Developer/SDKs/WatchOS27.0.sdk -target arm64_32-apple-watchos9.0 -g -module-cache-path /Users/admin/builder/spi-builder-workspace/.derivedData/ModuleCache.noindex -Xfrontend -serialize-debugging-options -profile-coverage-mapping -profile-generate -enable-testing -suppress-warnings -index-store-path /Users/admin/builder/spi-builder-workspace/.derivedData/Index.noindex/DataStore -Xcc -D_LIBCPP_HARDENING_MODE\=_LIBCPP_HARDENING_MODE_DEBUG -swift-version 5 -I /Users/admin/builder/spi-builder-workspace/.derivedData/Build/Products/Debug-watchos -Isystem /Applications/Xcode-27.0.0-Release.Candidate.app/Contents/Developer/Platforms/WatchOS.platform/Developer/usr/lib -F /Users/admin/builder/spi-builder-workspace/.derivedData/Build/Products/Debug-watchos -F /Applications/Xcode-27.0.0-Release.Candidate.app/Contents/Developer/Platforms/WatchOS.platform/Developer/Library/Frameworks -F /Applications/Xcode-27.0.0-Release.Candidate.app/Contents/Developer/Platforms/WatchOS.platform/Developer/SDKs/WatchOS27.0.sdk/Developer/Library/Frameworks -c -j10 -enable-batch-mode -incremental -Xcc -ivfsstatcache -Xcc /Users/admin/builder/spi-builder-workspace/.derivedData/SDKStatCaches.noindex/watchos27.0-24R360-e829b21a6f8c9b70876ba0858053c04477534ef55a1706bf4c1112bbb242f0a2.sdkstatcache -output-file-map /Users/admin/builder/spi-builder-workspace/.derivedData/Build/Intermediates.noindex/DSFComboButton.build/Debug-watchos/DSFComboButton-t.build/Objects-normal/arm64_32/DSFComboButton-OutputFileMap.json -save-temps -no-color-diagnostics -explicit-module-build -module-cache-path /Users/admin/builder/spi-builder-workspace/.derivedData/Build/Intermediates.noindex/SwiftExplicitPrecompiledModules -clang-scanner-module-cache-path /Users/admin/builder/spi-builder-workspace/.derivedData/ModuleCache.noindex -sdk-module-cache-path /Users/admin/builder/spi-builder-workspace/.derivedData/SDKExplicitPrecompiledModules -emit-dependencies -emit-module -emit-module-path /Users/admin/builder/spi-builder-workspace/.derivedData/Build/Intermediates.noindex/DSFComboButton.build/Debug-watchos/DSFComboButton-t.build/Objects-normal/arm64_32/DSFComboButton.swiftmodule -serialize-diagnostics -dependency-scan-serialize-diagnostics-path /Users/admin/builder/spi-builder-workspace/.derivedData/Build/Intermediates.noindex/DSFComboButton.build/Debug-watchos/DSFComboButton-t.build/Objects-normal/arm64_32/DSFComboButton-dependency-scan.dia -validate-clang-modules-once -clang-build-session-file /Users/admin/builder/spi-builder-workspace/.derivedData/ModuleCache.noindex/Session.modulevalidation -Xcc -fmodules-prune-interval\=86400 -Xcc -fmodules-prune-after\=345600 -emit-const-values -const-gather-protocols-list /Users/admin/builder/spi-builder-workspace/.derivedData/Build/Intermediates.noindex/DSFComboButton.build/Debug-watchos/DSFComboButton-t.build/Objects-normal/arm64_32/DSFComboButton_const_extract_protocols.json -Xcc -I/Users/admin/builder/spi-builder-workspace/.derivedData/Build/Products/Debug-watchos/include -Xcc -I/Users/admin/builder/spi-builder-workspace/.derivedData/Build/Intermediates.noindex/DSFComboButton.build/Debug-watchos/DSFComboButton-t.build/DerivedSources-normal/arm64_32 -Xcc -I/Users/admin/builder/spi-builder-workspace/.derivedData/Build/Intermediates.noindex/DSFComboButton.build/Debug-watchos/DSFComboButton-t.build/DerivedSources/arm64_32 -Xcc -I/Users/admin/builder/spi-builder-workspace/.derivedData/Build/Intermediates.noindex/DSFComboButton.build/Debug-watchos/DSFComboButton-t.build/DerivedSources -Xcc -DSWIFT_PACKAGE -Xcc -DDEBUG\=1 -emit-objc-header -emit-objc-header-path /Users/admin/builder/spi-builder-workspace/.derivedData/Build/Intermediates.noindex/DSFComboButton.build/Debug-watchos/DSFComboButton-t.build/Objects-normal/arm64_32/DSFComboButton-Swift.h -working-directory /Users/admin/builder/spi-builder-workspace/.swiftpm/xcode -experimental-emit-module-separately -disable-cmo
SwiftDriver DSFMenuBuilder normal arm64_32 com.apple.xcode.tools.swift.compiler (in target 'DSFMenuBuilder' from project 'DSFMenuBuilder')
cd /Users/admin/builder/spi-builder-workspace/.swiftpm/xcode
builtin-SwiftDriver -- /Applications/Xcode-27.0.0-Release.Candidate.app/Contents/Developer/Toolchains/XcodeDefault.xctoolchain/usr/bin/swiftc -parse-as-library -module-name DSFMenuBuilder -Onone @/Users/admin/builder/spi-builder-workspace/.derivedData/Build/Intermediates.noindex/DSFMenuBuilder.build/Debug-watchos/DSFMenuBuilder-t.build/Objects-normal/arm64_32/DSFMenuBuilder.SwiftFileList -DSWIFT_PACKAGE -DDEBUG -DSWIFT_MODULE_RESOURCE_BUNDLE_UNAVAILABLE -DXcode -plugin-path /Applications/Xcode-27.0.0-Release.Candidate.app/Contents/Developer/Toolchains/XcodeDefault.xctoolchain/usr/lib/swift/host/plugins/testing -enable-experimental-feature DebugDescriptionMacro -sdk /Applications/Xcode-27.0.0-Release.Candidate.app/Contents/Developer/Platforms/WatchOS.platform/Developer/SDKs/WatchOS27.0.sdk -target arm64_32-apple-watchos9.0 -g -module-cache-path /Users/admin/builder/spi-builder-workspace/.derivedData/ModuleCache.noindex -Xfrontend -serialize-debugging-options -profile-coverage-mapping -profile-generate -enable-testing -suppress-warnings -index-store-path /Users/admin/builder/spi-builder-workspace/.derivedData/Index.noindex/DataStore -Xcc -D_LIBCPP_HARDENING_MODE\=_LIBCPP_HARDENING_MODE_DEBUG -swift-version 5 -I /Users/admin/builder/spi-builder-workspace/.derivedData/Build/Products/Debug-watchos -Isystem /Applications/Xcode-27.0.0-Release.Candidate.app/Contents/Developer/Platforms/WatchOS.platform/Developer/usr/lib -F /Users/admin/builder/spi-builder-workspace/.derivedData/Build/Products/Debug-watchos -F /Applications/Xcode-27.0.0-Release.Candidate.app/Contents/Developer/Platforms/WatchOS.platform/Developer/Library/Frameworks -F /Applications/Xcode-27.0.0-Release.Candidate.app/Contents/Developer/Platforms/WatchOS.platform/Developer/SDKs/WatchOS27.0.sdk/Developer/Library/Frameworks -c -j10 -enable-batch-mode -incremental -Xcc -ivfsstatcache -Xcc /Users/admin/builder/spi-builder-workspace/.derivedData/SDKStatCaches.noindex/watchos27.0-24R360-e829b21a6f8c9b70876ba0858053c04477534ef55a1706bf4c1112bbb242f0a2.sdkstatcache -output-file-map /Users/admin/builder/spi-builder-workspace/.derivedData/Build/Intermediates.noindex/DSFMenuBuilder.build/Debug-watchos/DSFMenuBuilder-t.build/Objects-normal/arm64_32/DSFMenuBuilder-OutputFileMap.json -save-temps -no-color-diagnostics -explicit-module-build -module-cache-path /Users/admin/builder/spi-builder-workspace/.derivedData/Build/Intermediates.noindex/SwiftExplicitPrecompiledModules -clang-scanner-module-cache-path /Users/admin/builder/spi-builder-workspace/.derivedData/ModuleCache.noindex -sdk-module-cache-path /Users/admin/builder/spi-builder-workspace/.derivedData/SDKExplicitPrecompiledModules -emit-dependencies -emit-module -emit-module-path /Users/admin/builder/spi-builder-workspace/.derivedData/Build/Intermediates.noindex/DSFMenuBuilder.build/Debug-watchos/DSFMenuBuilder-t.build/Objects-normal/arm64_32/DSFMenuBuilder.swiftmodule -serialize-diagnostics -dependency-scan-serialize-diagnostics-path /Users/admin/builder/spi-builder-workspace/.derivedData/Build/Intermediates.noindex/DSFMenuBuilder.build/Debug-watchos/DSFMenuBuilder-t.build/Objects-normal/arm64_32/DSFMenuBuilder-dependency-scan.dia -validate-clang-modules-once -clang-build-session-file /Users/admin/builder/spi-builder-workspace/.derivedData/ModuleCache.noindex/Session.modulevalidation -Xcc -fmodules-prune-interval\=86400 -Xcc -fmodules-prune-after\=345600 -emit-const-values -const-gather-protocols-list /Users/admin/builder/spi-builder-workspace/.derivedData/Build/Intermediates.noindex/DSFMenuBuilder.build/Debug-watchos/DSFMenuBuilder-t.build/Objects-normal/arm64_32/DSFMenuBuilder_const_extract_protocols.json -Xcc -I/Users/admin/builder/spi-builder-workspace/.derivedData/Build/Products/Debug-watchos/include -Xcc -I/Users/admin/builder/spi-builder-workspace/.derivedData/Build/Intermediates.noindex/DSFMenuBuilder.build/Debug-watchos/DSFMenuBuilder-t.build/DerivedSources-normal/arm64_32 -Xcc -I/Users/admin/builder/spi-builder-workspace/.derivedData/Build/Intermediates.noindex/DSFMenuBuilder.build/Debug-watchos/DSFMenuBuilder-t.build/DerivedSources/arm64_32 -Xcc -I/Users/admin/builder/spi-builder-workspace/.derivedData/Build/Intermediates.noindex/DSFMenuBuilder.build/Debug-watchos/DSFMenuBuilder-t.build/DerivedSources -Xcc -DSWIFT_PACKAGE -Xcc -DDEBUG\=1 -emit-objc-header -emit-objc-header-path /Users/admin/builder/spi-builder-workspace/.derivedData/Build/Intermediates.noindex/DSFMenuBuilder.build/Debug-watchos/DSFMenuBuilder-t.build/Objects-normal/arm64_32/DSFMenuBuilder-Swift.h -working-directory /Users/admin/builder/spi-builder-workspace/.swiftpm/xcode -experimental-emit-module-separately -disable-cmo
/Users/admin/builder/spi-builder-workspace/.dependencies/checkouts/DSFMenuBuilder/Sources/DSFMenuBuilder/Menu.swift:27:8: error: Unable to resolve module dependency: 'AppKit' (in target 'DSFMenuBuilder' from project 'DSFMenuBuilder')
note: A dependency of main module 'DSFMenuBuilder'
/Users/admin/builder/spi-builder-workspace/.dependencies/checkouts/DSFMenuBuilder/Sources/DSFMenuBuilder/MenuStateImage.swift:27:8: note: Also imported here
/Users/admin/builder/spi-builder-workspace/.dependencies/checkouts/DSFMenuBuilder/Sources/DSFMenuBuilder/NSMenu+extensions.swift:27:8: note: Also imported here
/Users/admin/builder/spi-builder-workspace/.dependencies/checkouts/DSFMenuBuilder/Sources/DSFMenuBuilder/menu-item-types/MenuItem.swift:27:8: note: Also imported here
/Users/admin/builder/spi-builder-workspace/.dependencies/checkouts/DSFMenuBuilder/Sources/DSFMenuBuilder/menu-item-types/MenuItemCollection.swift:27:8: note: Also imported here
/Users/admin/builder/spi-builder-workspace/.dependencies/checkouts/DSFMenuBuilder/Sources/DSFMenuBuilder/menu-item-types/SeparatorItem.swift:27:8: note: Also imported here
/Users/admin/builder/spi-builder-workspace/.dependencies/checkouts/DSFMenuBuilder/Sources/DSFMenuBuilder/menu-item-types/ViewItem+NSViewController.swift:27:8: note: Also imported here
/Users/admin/builder/spi-builder-workspace/.dependencies/checkouts/DSFMenuBuilder/Sources/DSFMenuBuilder/menu-item-types/ViewItem.swift:27:8: note: Also imported here
/Users/admin/builder/spi-builder-workspace/.dependencies/checkouts/DSFMenuBuilder/Sources/DSFMenuBuilder/private/AnyMenuItem.swift:27:8: note: Also imported here
/Users/admin/builder/spi-builder-workspace/.dependencies/checkouts/DSFMenuBuilder/Sources/DSFMenuBuilder/private/MenuItemTarget.swift:27:8: note: Also imported here
/Users/admin/builder/spi-builder-workspace/.dependencies/checkouts/DSFMenuBuilder/Sources/DSFMenuBuilder/Menu.swift:27:8: note: A dependency of main module 'DSFMenuBuilder'
import AppKit
^ (in target 'DSFMenuBuilder' from project 'DSFMenuBuilder')
/Users/admin/builder/spi-builder-workspace/.dependencies/checkouts/DSFMenuBuilder/Sources/DSFMenuBuilder/MenuStateImage.swift:27:8: note: Also imported here
import AppKit
^ (in target 'DSFMenuBuilder' from project 'DSFMenuBuilder')
/Users/admin/builder/spi-builder-workspace/.dependencies/checkouts/DSFMenuBuilder/Sources/DSFMenuBuilder/NSMenu+extensions.swift:27:8: note: Also imported here
import AppKit
^ (in target 'DSFMenuBuilder' from project 'DSFMenuBuilder')
/Users/admin/builder/spi-builder-workspace/.dependencies/checkouts/DSFMenuBuilder/Sources/DSFMenuBuilder/menu-item-types/MenuItem.swift:27:8: note: Also imported here
import AppKit
^ (in target 'DSFMenuBuilder' from project 'DSFMenuBuilder')
/Users/admin/builder/spi-builder-workspace/.dependencies/checkouts/DSFMenuBuilder/Sources/DSFMenuBuilder/menu-item-types/MenuItemCollection.swift:27:8: note: Also imported here
import AppKit
^ (in target 'DSFMenuBuilder' from project 'DSFMenuBuilder')
/Users/admin/builder/spi-builder-workspace/.dependencies/checkouts/DSFMenuBuilder/Sources/DSFMenuBuilder/menu-item-types/SeparatorItem.swift:27:8: note: Also imported here
import AppKit
^ (in target 'DSFMenuBuilder' from project 'DSFMenuBuilder')
/Users/admin/builder/spi-builder-workspace/.dependencies/checkouts/DSFMenuBuilder/Sources/DSFMenuBuilder/menu-item-types/ViewItem+NSViewController.swift:27:8: note: Also imported here
import AppKit
^ (in target 'DSFMenuBuilder' from project 'DSFMenuBuilder')
/Users/admin/builder/spi-builder-workspace/.dependencies/checkouts/DSFMenuBuilder/Sources/DSFMenuBuilder/menu-item-types/ViewItem.swift:27:8: note: Also imported here
import AppKit
^ (in target 'DSFMenuBuilder' from project 'DSFMenuBuilder')
/Users/admin/builder/spi-builder-workspace/.dependencies/checkouts/DSFMenuBuilder/Sources/DSFMenuBuilder/private/AnyMenuItem.swift:27:8: note: Also imported here
import AppKit
^ (in target 'DSFMenuBuilder' from project 'DSFMenuBuilder')
/Users/admin/builder/spi-builder-workspace/.dependencies/checkouts/DSFMenuBuilder/Sources/DSFMenuBuilder/private/MenuItemTarget.swift:27:8: note: Also imported here
import AppKit
^ (in target 'DSFMenuBuilder' from project 'DSFMenuBuilder')
SwiftDriver DSFValueBinders normal arm64 com.apple.xcode.tools.swift.compiler (in target 'DSFValueBinders' from project 'DSFValueBinders')
cd /Users/admin/builder/spi-builder-workspace/.swiftpm/xcode
builtin-SwiftDriver -- /Applications/Xcode-27.0.0-Release.Candidate.app/Contents/Developer/Toolchains/XcodeDefault.xctoolchain/usr/bin/swiftc -parse-as-library -module-name DSFValueBinders -Onone @/Users/admin/builder/spi-builder-workspace/.derivedData/Build/Intermediates.noindex/DSFValueBinders.build/Debug-watchos/DSFValueBinders-t.build/Objects-normal/arm64/DSFValueBinders.SwiftFileList -DSWIFT_PACKAGE -DDEBUG -DSWIFT_MODULE_RESOURCE_BUNDLE_UNAVAILABLE -DXcode -plugin-path /Applications/Xcode-27.0.0-Release.Candidate.app/Contents/Developer/Toolchains/XcodeDefault.xctoolchain/usr/lib/swift/host/plugins/testing -enable-experimental-feature DebugDescriptionMacro -sdk /Applications/Xcode-27.0.0-Release.Candidate.app/Contents/Developer/Platforms/WatchOS.platform/Developer/SDKs/WatchOS27.0.sdk -target arm64-apple-watchos9.0 -g -module-cache-path /Users/admin/builder/spi-builder-workspace/.derivedData/ModuleCache.noindex -Xfrontend -serialize-debugging-options -profile-coverage-mapping -profile-generate -enable-testing -suppress-warnings -index-store-path /Users/admin/builder/spi-builder-workspace/.derivedData/Index.noindex/DataStore -Xcc -D_LIBCPP_HARDENING_MODE\=_LIBCPP_HARDENING_MODE_DEBUG -swift-version 5 -I /Users/admin/builder/spi-builder-workspace/.derivedData/Build/Products/Debug-watchos -Isystem /Applications/Xcode-27.0.0-Release.Candidate.app/Contents/Developer/Platforms/WatchOS.platform/Developer/usr/lib -F /Users/admin/builder/spi-builder-workspace/.derivedData/Build/Products/Debug-watchos -F /Applications/Xcode-27.0.0-Release.Candidate.app/Contents/Developer/Platforms/WatchOS.platform/Developer/Library/Frameworks -F /Applications/Xcode-27.0.0-Release.Candidate.app/Contents/Developer/Platforms/WatchOS.platform/Developer/SDKs/WatchOS27.0.sdk/Developer/Library/Frameworks -c -j10 -enable-batch-mode -incremental -Xcc -ivfsstatcache -Xcc /Users/admin/builder/spi-builder-workspace/.derivedData/SDKStatCaches.noindex/watchos27.0-24R360-e829b21a6f8c9b70876ba0858053c04477534ef55a1706bf4c1112bbb242f0a2.sdkstatcache -output-file-map /Users/admin/builder/spi-builder-workspace/.derivedData/Build/Intermediates.noindex/DSFValueBinders.build/Debug-watchos/DSFValueBinders-t.build/Objects-normal/arm64/DSFValueBinders-OutputFileMap.json -save-temps -no-color-diagnostics -explicit-module-build -module-cache-path /Users/admin/builder/spi-builder-workspace/.derivedData/Build/Intermediates.noindex/SwiftExplicitPrecompiledModules -clang-scanner-module-cache-path /Users/admin/builder/spi-builder-workspace/.derivedData/ModuleCache.noindex -sdk-module-cache-path /Users/admin/builder/spi-builder-workspace/.derivedData/SDKExplicitPrecompiledModules -emit-dependencies -emit-module -emit-module-path /Users/admin/builder/spi-builder-workspace/.derivedData/Build/Intermediates.noindex/DSFValueBinders.build/Debug-watchos/DSFValueBinders-t.build/Objects-normal/arm64/DSFValueBinders.swiftmodule -serialize-diagnostics -dependency-scan-serialize-diagnostics-path /Users/admin/builder/spi-builder-workspace/.derivedData/Build/Intermediates.noindex/DSFValueBinders.build/Debug-watchos/DSFValueBinders-t.build/Objects-normal/arm64/DSFValueBinders-dependency-scan.dia -validate-clang-modules-once -clang-build-session-file /Users/admin/builder/spi-builder-workspace/.derivedData/ModuleCache.noindex/Session.modulevalidation -Xcc -fmodules-prune-interval\=86400 -Xcc -fmodules-prune-after\=345600 -emit-const-values -const-gather-protocols-list /Users/admin/builder/spi-builder-workspace/.derivedData/Build/Intermediates.noindex/DSFValueBinders.build/Debug-watchos/DSFValueBinders-t.build/Objects-normal/arm64/DSFValueBinders_const_extract_protocols.json -Xcc -I/Users/admin/builder/spi-builder-workspace/.derivedData/Build/Products/Debug-watchos/include -Xcc -I/Users/admin/builder/spi-builder-workspace/.derivedData/Build/Intermediates.noindex/DSFValueBinders.build/Debug-watchos/DSFValueBinders-t.build/DerivedSources-normal/arm64 -Xcc -I/Users/admin/builder/spi-builder-workspace/.derivedData/Build/Intermediates.noindex/DSFValueBinders.build/Debug-watchos/DSFValueBinders-t.build/DerivedSources/arm64 -Xcc -I/Users/admin/builder/spi-builder-workspace/.derivedData/Build/Intermediates.noindex/DSFValueBinders.build/Debug-watchos/DSFValueBinders-t.build/DerivedSources -Xcc -DSWIFT_PACKAGE -Xcc -DDEBUG\=1 -emit-objc-header -emit-objc-header-path /Users/admin/builder/spi-builder-workspace/.derivedData/Build/Intermediates.noindex/DSFValueBinders.build/Debug-watchos/DSFValueBinders-t.build/Objects-normal/arm64/DSFValueBinders-Swift.h -working-directory /Users/admin/builder/spi-builder-workspace/.swiftpm/xcode -experimental-emit-module-separately -disable-cmo
SwiftDriver DSFAppearanceManager normal arm64_32 com.apple.xcode.tools.swift.compiler (in target 'DSFAppearanceManager' from project 'DSFAppearanceManager')
cd /Users/admin/builder/spi-builder-workspace/.swiftpm/xcode
builtin-SwiftDriver -- /Applications/Xcode-27.0.0-Release.Candidate.app/Contents/Developer/Toolchains/XcodeDefault.xctoolchain/usr/bin/swiftc -parse-as-library -module-name DSFAppearanceManager -Onone @/Users/admin/builder/spi-builder-workspace/.derivedData/Build/Intermediates.noindex/DSFAppearanceManager.build/Debug-watchos/DSFAppearanceManager-t.build/Objects-normal/arm64_32/DSFAppearanceManager.SwiftFileList -DSWIFT_PACKAGE -DDEBUG -DSWIFT_MODULE_RESOURCE_BUNDLE_UNAVAILABLE -DXcode -plugin-path /Applications/Xcode-27.0.0-Release.Candidate.app/Contents/Developer/Toolchains/XcodeDefault.xctoolchain/usr/lib/swift/host/plugins/testing -enable-experimental-feature DebugDescriptionMacro -sdk /Applications/Xcode-27.0.0-Release.Candidate.app/Contents/Developer/Platforms/WatchOS.platform/Developer/SDKs/WatchOS27.0.sdk -target arm64_32-apple-watchos9.0 -g -module-cache-path /Users/admin/builder/spi-builder-workspace/.derivedData/ModuleCache.noindex -Xfrontend -serialize-debugging-options -profile-coverage-mapping -profile-generate -enable-testing -suppress-warnings -index-store-path /Users/admin/builder/spi-builder-workspace/.derivedData/Index.noindex/DataStore -Xcc -D_LIBCPP_HARDENING_MODE\=_LIBCPP_HARDENING_MODE_DEBUG -swift-version 5 -I /Users/admin/builder/spi-builder-workspace/.derivedData/Build/Products/Debug-watchos -Isystem /Applications/Xcode-27.0.0-Release.Candidate.app/Contents/Developer/Platforms/WatchOS.platform/Developer/usr/lib -F /Users/admin/builder/spi-builder-workspace/.derivedData/Build/Products/Debug-watchos -F /Applications/Xcode-27.0.0-Release.Candidate.app/Contents/Developer/Platforms/WatchOS.platform/Developer/Library/Frameworks -F /Applications/Xcode-27.0.0-Release.Candidate.app/Contents/Developer/Platforms/WatchOS.platform/Developer/SDKs/WatchOS27.0.sdk/Developer/Library/Frameworks -c -j10 -enable-batch-mode -incremental -Xcc -ivfsstatcache -Xcc /Users/admin/builder/spi-builder-workspace/.derivedData/SDKStatCaches.noindex/watchos27.0-24R360-e829b21a6f8c9b70876ba0858053c04477534ef55a1706bf4c1112bbb242f0a2.sdkstatcache -output-file-map /Users/admin/builder/spi-builder-workspace/.derivedData/Build/Intermediates.noindex/DSFAppearanceManager.build/Debug-watchos/DSFAppearanceManager-t.build/Objects-normal/arm64_32/DSFAppearanceManager-OutputFileMap.json -save-temps -no-color-diagnostics -explicit-module-build -module-cache-path /Users/admin/builder/spi-builder-workspace/.derivedData/Build/Intermediates.noindex/SwiftExplicitPrecompiledModules -clang-scanner-module-cache-path /Users/admin/builder/spi-builder-workspace/.derivedData/ModuleCache.noindex -sdk-module-cache-path /Users/admin/builder/spi-builder-workspace/.derivedData/SDKExplicitPrecompiledModules -emit-dependencies -emit-module -emit-module-path /Users/admin/builder/spi-builder-workspace/.derivedData/Build/Intermediates.noindex/DSFAppearanceManager.build/Debug-watchos/DSFAppearanceManager-t.build/Objects-normal/arm64_32/DSFAppearanceManager.swiftmodule -serialize-diagnostics -dependency-scan-serialize-diagnostics-path /Users/admin/builder/spi-builder-workspace/.derivedData/Build/Intermediates.noindex/DSFAppearanceManager.build/Debug-watchos/DSFAppearanceManager-t.build/Objects-normal/arm64_32/DSFAppearanceManager-dependency-scan.dia -validate-clang-modules-once -clang-build-session-file /Users/admin/builder/spi-builder-workspace/.derivedData/ModuleCache.noindex/Session.modulevalidation -Xcc -fmodules-prune-interval\=86400 -Xcc -fmodules-prune-after\=345600 -emit-const-values -const-gather-protocols-list /Users/admin/builder/spi-builder-workspace/.derivedData/Build/Intermediates.noindex/DSFAppearanceManager.build/Debug-watchos/DSFAppearanceManager-t.build/Objects-normal/arm64_32/DSFAppearanceManager_const_extract_protocols.json -Xcc -I/Users/admin/builder/spi-builder-workspace/.derivedData/Build/Products/Debug-watchos/include -Xcc -I/Users/admin/builder/spi-builder-workspace/.derivedData/Build/Intermediates.noindex/DSFAppearanceManager.build/Debug-watchos/DSFAppearanceManager-t.build/DerivedSources-normal/arm64_32 -Xcc -I/Users/admin/builder/spi-builder-workspace/.derivedData/Build/Intermediates.noindex/DSFAppearanceManager.build/Debug-watchos/DSFAppearanceManager-t.build/DerivedSources/arm64_32 -Xcc -I/Users/admin/builder/spi-builder-workspace/.derivedData/Build/Intermediates.noindex/DSFAppearanceManager.build/Debug-watchos/DSFAppearanceManager-t.build/DerivedSources -Xcc -DSWIFT_PACKAGE -Xcc -DDEBUG\=1 -emit-objc-header -emit-objc-header-path /Users/admin/builder/spi-builder-workspace/.derivedData/Build/Intermediates.noindex/DSFAppearanceManager.build/Debug-watchos/DSFAppearanceManager-t.build/Objects-normal/arm64_32/DSFAppearanceManager-Swift.h -working-directory /Users/admin/builder/spi-builder-workspace/.swiftpm/xcode -experimental-emit-module-separately -disable-cmo
SwiftDriver DSFValueBinders normal arm64_32 com.apple.xcode.tools.swift.compiler (in target 'DSFValueBinders' from project 'DSFValueBinders')
cd /Users/admin/builder/spi-builder-workspace/.swiftpm/xcode
builtin-SwiftDriver -- /Applications/Xcode-27.0.0-Release.Candidate.app/Contents/Developer/Toolchains/XcodeDefault.xctoolchain/usr/bin/swiftc -parse-as-library -module-name DSFValueBinders -Onone @/Users/admin/builder/spi-builder-workspace/.derivedData/Build/Intermediates.noindex/DSFValueBinders.build/Debug-watchos/DSFValueBinders-t.build/Objects-normal/arm64_32/DSFValueBinders.SwiftFileList -DSWIFT_PACKAGE -DDEBUG -DSWIFT_MODULE_RESOURCE_BUNDLE_UNAVAILABLE -DXcode -plugin-path /Applications/Xcode-27.0.0-Release.Candidate.app/Contents/Developer/Toolchains/XcodeDefault.xctoolchain/usr/lib/swift/host/plugins/testing -enable-experimental-feature DebugDescriptionMacro -sdk /Applications/Xcode-27.0.0-Release.Candidate.app/Contents/Developer/Platforms/WatchOS.platform/Developer/SDKs/WatchOS27.0.sdk -target arm64_32-apple-watchos9.0 -g -module-cache-path /Users/admin/builder/spi-builder-workspace/.derivedData/ModuleCache.noindex -Xfrontend -serialize-debugging-options -profile-coverage-mapping -profile-generate -enable-testing -suppress-warnings -index-store-path /Users/admin/builder/spi-builder-workspace/.derivedData/Index.noindex/DataStore -Xcc -D_LIBCPP_HARDENING_MODE\=_LIBCPP_HARDENING_MODE_DEBUG -swift-version 5 -I /Users/admin/builder/spi-builder-workspace/.derivedData/Build/Products/Debug-watchos -Isystem /Applications/Xcode-27.0.0-Release.Candidate.app/Contents/Developer/Platforms/WatchOS.platform/Developer/usr/lib -F /Users/admin/builder/spi-builder-workspace/.derivedData/Build/Products/Debug-watchos -F /Applications/Xcode-27.0.0-Release.Candidate.app/Contents/Developer/Platforms/WatchOS.platform/Developer/Library/Frameworks -F /Applications/Xcode-27.0.0-Release.Candidate.app/Contents/Developer/Platforms/WatchOS.platform/Developer/SDKs/WatchOS27.0.sdk/Developer/Library/Frameworks -c -j10 -enable-batch-mode -incremental -Xcc -ivfsstatcache -Xcc /Users/admin/builder/spi-builder-workspace/.derivedData/SDKStatCaches.noindex/watchos27.0-24R360-e829b21a6f8c9b70876ba0858053c04477534ef55a1706bf4c1112bbb242f0a2.sdkstatcache -output-file-map /Users/admin/builder/spi-builder-workspace/.derivedData/Build/Intermediates.noindex/DSFValueBinders.build/Debug-watchos/DSFValueBinders-t.build/Objects-normal/arm64_32/DSFValueBinders-OutputFileMap.json -save-temps -no-color-diagnostics -explicit-module-build -module-cache-path /Users/admin/builder/spi-builder-workspace/.derivedData/Build/Intermediates.noindex/SwiftExplicitPrecompiledModules -clang-scanner-module-cache-path /Users/admin/builder/spi-builder-workspace/.derivedData/ModuleCache.noindex -sdk-module-cache-path /Users/admin/builder/spi-builder-workspace/.derivedData/SDKExplicitPrecompiledModules -emit-dependencies -emit-module -emit-module-path /Users/admin/builder/spi-builder-workspace/.derivedData/Build/Intermediates.noindex/DSFValueBinders.build/Debug-watchos/DSFValueBinders-t.build/Objects-normal/arm64_32/DSFValueBinders.swiftmodule -serialize-diagnostics -dependency-scan-serialize-diagnostics-path /Users/admin/builder/spi-builder-workspace/.derivedData/Build/Intermediates.noindex/DSFValueBinders.build/Debug-watchos/DSFValueBinders-t.build/Objects-normal/arm64_32/DSFValueBinders-dependency-scan.dia -validate-clang-modules-once -clang-build-session-file /Users/admin/builder/spi-builder-workspace/.derivedData/ModuleCache.noindex/Session.modulevalidation -Xcc -fmodules-prune-interval\=86400 -Xcc -fmodules-prune-after\=345600 -emit-const-values -const-gather-protocols-list /Users/admin/builder/spi-builder-workspace/.derivedData/Build/Intermediates.noindex/DSFValueBinders.build/Debug-watchos/DSFValueBinders-t.build/Objects-normal/arm64_32/DSFValueBinders_const_extract_protocols.json -Xcc -I/Users/admin/builder/spi-builder-workspace/.derivedData/Build/Products/Debug-watchos/include -Xcc -I/Users/admin/builder/spi-builder-workspace/.derivedData/Build/Intermediates.noindex/DSFValueBinders.build/Debug-watchos/DSFValueBinders-t.build/DerivedSources-normal/arm64_32 -Xcc -I/Users/admin/builder/spi-builder-workspace/.derivedData/Build/Intermediates.noindex/DSFValueBinders.build/Debug-watchos/DSFValueBinders-t.build/DerivedSources/arm64_32 -Xcc -I/Users/admin/builder/spi-builder-workspace/.derivedData/Build/Intermediates.noindex/DSFValueBinders.build/Debug-watchos/DSFValueBinders-t.build/DerivedSources -Xcc -DSWIFT_PACKAGE -Xcc -DDEBUG\=1 -emit-objc-header -emit-objc-header-path /Users/admin/builder/spi-builder-workspace/.derivedData/Build/Intermediates.noindex/DSFValueBinders.build/Debug-watchos/DSFValueBinders-t.build/Objects-normal/arm64_32/DSFValueBinders-Swift.h -working-directory /Users/admin/builder/spi-builder-workspace/.swiftpm/xcode -experimental-emit-module-separately -disable-cmo
SwiftDriver DSFSearchField normal arm64_32 com.apple.xcode.tools.swift.compiler (in target 'DSFSearchField' from project 'DSFSearchField')
cd /Users/admin/builder/spi-builder-workspace/.swiftpm/xcode
builtin-SwiftDriver -- /Applications/Xcode-27.0.0-Release.Candidate.app/Contents/Developer/Toolchains/XcodeDefault.xctoolchain/usr/bin/swiftc -parse-as-library -module-name DSFSearchField -Onone @/Users/admin/builder/spi-builder-workspace/.derivedData/Build/Intermediates.noindex/DSFSearchField.build/Debug-watchos/DSFSearchField-t.build/Objects-normal/arm64_32/DSFSearchField.SwiftFileList -DSWIFT_PACKAGE -DDEBUG -DSWIFT_MODULE_RESOURCE_BUNDLE_AVAILABLE -DXcode -plugin-path /Applications/Xcode-27.0.0-Release.Candidate.app/Contents/Developer/Toolchains/XcodeDefault.xctoolchain/usr/lib/swift/host/plugins/testing -enable-experimental-feature DebugDescriptionMacro -sdk /Applications/Xcode-27.0.0-Release.Candidate.app/Contents/Developer/Platforms/WatchOS.platform/Developer/SDKs/WatchOS27.0.sdk -target arm64_32-apple-watchos9.0 -g -module-cache-path /Users/admin/builder/spi-builder-workspace/.derivedData/ModuleCache.noindex -Xfrontend -serialize-debugging-options -profile-coverage-mapping -profile-generate -enable-testing -suppress-warnings -index-store-path /Users/admin/builder/spi-builder-workspace/.derivedData/Index.noindex/DataStore -Xcc -D_LIBCPP_HARDENING_MODE\=_LIBCPP_HARDENING_MODE_DEBUG -swift-version 5 -I /Users/admin/builder/spi-builder-workspace/.derivedData/Build/Products/Debug-watchos -Isystem /Applications/Xcode-27.0.0-Release.Candidate.app/Contents/Developer/Platforms/WatchOS.platform/Developer/usr/lib -F /Users/admin/builder/spi-builder-workspace/.derivedData/Build/Products/Debug-watchos -F /Applications/Xcode-27.0.0-Release.Candidate.app/Contents/Developer/Platforms/WatchOS.platform/Developer/Library/Frameworks -F /Applications/Xcode-27.0.0-Release.Candidate.app/Contents/Developer/Platforms/WatchOS.platform/Developer/SDKs/WatchOS27.0.sdk/Developer/Library/Frameworks -emit-localized-strings -emit-localized-strings-path /Users/admin/builder/spi-builder-workspace/.derivedData/Build/Intermediates.noindex/DSFSearchField.build/Debug-watchos/DSFSearchField-t.build/Objects-normal/arm64_32 -c -j10 -enable-batch-mode -incremental -Xcc -ivfsstatcache -Xcc /Users/admin/builder/spi-builder-workspace/.derivedData/SDKStatCaches.noindex/watchos27.0-24R360-e829b21a6f8c9b70876ba0858053c04477534ef55a1706bf4c1112bbb242f0a2.sdkstatcache -output-file-map /Users/admin/builder/spi-builder-workspace/.derivedData/Build/Intermediates.noindex/DSFSearchField.build/Debug-watchos/DSFSearchField-t.build/Objects-normal/arm64_32/DSFSearchField-OutputFileMap.json -save-temps -no-color-diagnostics -explicit-module-build -module-cache-path /Users/admin/builder/spi-builder-workspace/.derivedData/Build/Intermediates.noindex/SwiftExplicitPrecompiledModules -clang-scanner-module-cache-path /Users/admin/builder/spi-builder-workspace/.derivedData/ModuleCache.noindex -sdk-module-cache-path /Users/admin/builder/spi-builder-workspace/.derivedData/SDKExplicitPrecompiledModules -emit-dependencies -emit-module -emit-module-path /Users/admin/builder/spi-builder-workspace/.derivedData/Build/Intermediates.noindex/DSFSearchField.build/Debug-watchos/DSFSearchField-t.build/Objects-normal/arm64_32/DSFSearchField.swiftmodule -serialize-diagnostics -dependency-scan-serialize-diagnostics-path /Users/admin/builder/spi-builder-workspace/.derivedData/Build/Intermediates.noindex/DSFSearchField.build/Debug-watchos/DSFSearchField-t.build/Objects-normal/arm64_32/DSFSearchField-dependency-scan.dia -validate-clang-modules-once -clang-build-session-file /Users/admin/builder/spi-builder-workspace/.derivedData/ModuleCache.noindex/Session.modulevalidation -Xcc -fmodules-prune-interval\=86400 -Xcc -fmodules-prune-after\=345600 -emit-const-values -const-gather-protocols-list /Users/admin/builder/spi-builder-workspace/.derivedData/Build/Intermediates.noindex/DSFSearchField.build/Debug-watchos/DSFSearchField-t.build/Objects-normal/arm64_32/DSFSearchField_const_extract_protocols.json -Xcc -I/Users/admin/builder/spi-builder-workspace/.derivedData/Build/Products/Debug-watchos/include -Xcc -I/Users/admin/builder/spi-builder-workspace/.derivedData/Build/Intermediates.noindex/DSFSearchField.build/Debug-watchos/DSFSearchField-t.build/DerivedSources-normal/arm64_32 -Xcc -I/Users/admin/builder/spi-builder-workspace/.derivedData/Build/Intermediates.noindex/DSFSearchField.build/Debug-watchos/DSFSearchField-t.build/DerivedSources/arm64_32 -Xcc -I/Users/admin/builder/spi-builder-workspace/.derivedData/Build/Intermediates.noindex/DSFSearchField.build/Debug-watchos/DSFSearchField-t.build/DerivedSources -Xcc -DSWIFT_PACKAGE -Xcc -DDEBUG\=1 -emit-objc-header -emit-objc-header-path /Users/admin/builder/spi-builder-workspace/.derivedData/Build/Intermediates.noindex/DSFSearchField.build/Debug-watchos/DSFSearchField-t.build/Objects-normal/arm64_32/DSFSearchField-Swift.h -working-directory /Users/admin/builder/spi-builder-workspace/.swiftpm/xcode -experimental-emit-module-separately -disable-cmo
SwiftDriver DSFAppearanceManager normal arm64 com.apple.xcode.tools.swift.compiler (in target 'DSFAppearanceManager' from project 'DSFAppearanceManager')
cd /Users/admin/builder/spi-builder-workspace/.swiftpm/xcode
builtin-SwiftDriver -- /Applications/Xcode-27.0.0-Release.Candidate.app/Contents/Developer/Toolchains/XcodeDefault.xctoolchain/usr/bin/swiftc -parse-as-library -module-name DSFAppearanceManager -Onone @/Users/admin/builder/spi-builder-workspace/.derivedData/Build/Intermediates.noindex/DSFAppearanceManager.build/Debug-watchos/DSFAppearanceManager-t.build/Objects-normal/arm64/DSFAppearanceManager.SwiftFileList -DSWIFT_PACKAGE -DDEBUG -DSWIFT_MODULE_RESOURCE_BUNDLE_UNAVAILABLE -DXcode -plugin-path /Applications/Xcode-27.0.0-Release.Candidate.app/Contents/Developer/Toolchains/XcodeDefault.xctoolchain/usr/lib/swift/host/plugins/testing -enable-experimental-feature DebugDescriptionMacro -sdk /Applications/Xcode-27.0.0-Release.Candidate.app/Contents/Developer/Platforms/WatchOS.platform/Developer/SDKs/WatchOS27.0.sdk -target arm64-apple-watchos9.0 -g -module-cache-path /Users/admin/builder/spi-builder-workspace/.derivedData/ModuleCache.noindex -Xfrontend -serialize-debugging-options -profile-coverage-mapping -profile-generate -enable-testing -suppress-warnings -index-store-path /Users/admin/builder/spi-builder-workspace/.derivedData/Index.noindex/DataStore -Xcc -D_LIBCPP_HARDENING_MODE\=_LIBCPP_HARDENING_MODE_DEBUG -swift-version 5 -I /Users/admin/builder/spi-builder-workspace/.derivedData/Build/Products/Debug-watchos -Isystem /Applications/Xcode-27.0.0-Release.Candidate.app/Contents/Developer/Platforms/WatchOS.platform/Developer/usr/lib -F /Users/admin/builder/spi-builder-workspace/.derivedData/Build/Products/Debug-watchos -F /Applications/Xcode-27.0.0-Release.Candidate.app/Contents/Developer/Platforms/WatchOS.platform/Developer/Library/Frameworks -F /Applications/Xcode-27.0.0-Release.Candidate.app/Contents/Developer/Platforms/WatchOS.platform/Developer/SDKs/WatchOS27.0.sdk/Developer/Library/Frameworks -c -j10 -enable-batch-mode -incremental -Xcc -ivfsstatcache -Xcc /Users/admin/builder/spi-builder-workspace/.derivedData/SDKStatCaches.noindex/watchos27.0-24R360-e829b21a6f8c9b70876ba0858053c04477534ef55a1706bf4c1112bbb242f0a2.sdkstatcache -output-file-map /Users/admin/builder/spi-builder-workspace/.derivedData/Build/Intermediates.noindex/DSFAppearanceManager.build/Debug-watchos/DSFAppearanceManager-t.build/Objects-normal/arm64/DSFAppearanceManager-OutputFileMap.json -save-temps -no-color-diagnostics -explicit-module-build -module-cache-path /Users/admin/builder/spi-builder-workspace/.derivedData/Build/Intermediates.noindex/SwiftExplicitPrecompiledModules -clang-scanner-module-cache-path /Users/admin/builder/spi-builder-workspace/.derivedData/ModuleCache.noindex -sdk-module-cache-path /Users/admin/builder/spi-builder-workspace/.derivedData/SDKExplicitPrecompiledModules -emit-dependencies -emit-module -emit-module-path /Users/admin/builder/spi-builder-workspace/.derivedData/Build/Intermediates.noindex/DSFAppearanceManager.build/Debug-watchos/DSFAppearanceManager-t.build/Objects-normal/arm64/DSFAppearanceManager.swiftmodule -serialize-diagnostics -dependency-scan-serialize-diagnostics-path /Users/admin/builder/spi-builder-workspace/.derivedData/Build/Intermediates.noindex/DSFAppearanceManager.build/Debug-watchos/DSFAppearanceManager-t.build/Objects-normal/arm64/DSFAppearanceManager-dependency-scan.dia -validate-clang-modules-once -clang-build-session-file /Users/admin/builder/spi-builder-workspace/.derivedData/ModuleCache.noindex/Session.modulevalidation -Xcc -fmodules-prune-interval\=86400 -Xcc -fmodules-prune-after\=345600 -emit-const-values -const-gather-protocols-list /Users/admin/builder/spi-builder-workspace/.derivedData/Build/Intermediates.noindex/DSFAppearanceManager.build/Debug-watchos/DSFAppearanceManager-t.build/Objects-normal/arm64/DSFAppearanceManager_const_extract_protocols.json -Xcc -I/Users/admin/builder/spi-builder-workspace/.derivedData/Build/Products/Debug-watchos/include -Xcc -I/Users/admin/builder/spi-builder-workspace/.derivedData/Build/Intermediates.noindex/DSFAppearanceManager.build/Debug-watchos/DSFAppearanceManager-t.build/DerivedSources-normal/arm64 -Xcc -I/Users/admin/builder/spi-builder-workspace/.derivedData/Build/Intermediates.noindex/DSFAppearanceManager.build/Debug-watchos/DSFAppearanceManager-t.build/DerivedSources/arm64 -Xcc -I/Users/admin/builder/spi-builder-workspace/.derivedData/Build/Intermediates.noindex/DSFAppearanceManager.build/Debug-watchos/DSFAppearanceManager-t.build/DerivedSources -Xcc -DSWIFT_PACKAGE -Xcc -DDEBUG\=1 -emit-objc-header -emit-objc-header-path /Users/admin/builder/spi-builder-workspace/.derivedData/Build/Intermediates.noindex/DSFAppearanceManager.build/Debug-watchos/DSFAppearanceManager-t.build/Objects-normal/arm64/DSFAppearanceManager-Swift.h -working-directory /Users/admin/builder/spi-builder-workspace/.swiftpm/xcode -experimental-emit-module-separately -disable-cmo
SwiftDriver DSFSearchField normal arm64 com.apple.xcode.tools.swift.compiler (in target 'DSFSearchField' from project 'DSFSearchField')
cd /Users/admin/builder/spi-builder-workspace/.swiftpm/xcode
builtin-SwiftDriver -- /Applications/Xcode-27.0.0-Release.Candidate.app/Contents/Developer/Toolchains/XcodeDefault.xctoolchain/usr/bin/swiftc -parse-as-library -module-name DSFSearchField -Onone @/Users/admin/builder/spi-builder-workspace/.derivedData/Build/Intermediates.noindex/DSFSearchField.build/Debug-watchos/DSFSearchField-t.build/Objects-normal/arm64/DSFSearchField.SwiftFileList -DSWIFT_PACKAGE -DDEBUG -DSWIFT_MODULE_RESOURCE_BUNDLE_AVAILABLE -DXcode -plugin-path /Applications/Xcode-27.0.0-Release.Candidate.app/Contents/Developer/Toolchains/XcodeDefault.xctoolchain/usr/lib/swift/host/plugins/testing -enable-experimental-feature DebugDescriptionMacro -sdk /Applications/Xcode-27.0.0-Release.Candidate.app/Contents/Developer/Platforms/WatchOS.platform/Developer/SDKs/WatchOS27.0.sdk -target arm64-apple-watchos9.0 -g -module-cache-path /Users/admin/builder/spi-builder-workspace/.derivedData/ModuleCache.noindex -Xfrontend -serialize-debugging-options -profile-coverage-mapping -profile-generate -enable-testing -suppress-warnings -index-store-path /Users/admin/builder/spi-builder-workspace/.derivedData/Index.noindex/DataStore -Xcc -D_LIBCPP_HARDENING_MODE\=_LIBCPP_HARDENING_MODE_DEBUG -swift-version 5 -I /Users/admin/builder/spi-builder-workspace/.derivedData/Build/Products/Debug-watchos -Isystem /Applications/Xcode-27.0.0-Release.Candidate.app/Contents/Developer/Platforms/WatchOS.platform/Developer/usr/lib -F /Users/admin/builder/spi-builder-workspace/.derivedData/Build/Products/Debug-watchos -F /Applications/Xcode-27.0.0-Release.Candidate.app/Contents/Developer/Platforms/WatchOS.platform/Developer/Library/Frameworks -F /Applications/Xcode-27.0.0-Release.Candidate.app/Contents/Developer/Platforms/WatchOS.platform/Developer/SDKs/WatchOS27.0.sdk/Developer/Library/Frameworks -emit-localized-strings -emit-localized-strings-path /Users/admin/builder/spi-builder-workspace/.derivedData/Build/Intermediates.noindex/DSFSearchField.build/Debug-watchos/DSFSearchField-t.build/Objects-normal/arm64 -c -j10 -enable-batch-mode -incremental -Xcc -ivfsstatcache -Xcc /Users/admin/builder/spi-builder-workspace/.derivedData/SDKStatCaches.noindex/watchos27.0-24R360-e829b21a6f8c9b70876ba0858053c04477534ef55a1706bf4c1112bbb242f0a2.sdkstatcache -output-file-map /Users/admin/builder/spi-builder-workspace/.derivedData/Build/Intermediates.noindex/DSFSearchField.build/Debug-watchos/DSFSearchField-t.build/Objects-normal/arm64/DSFSearchField-OutputFileMap.json -save-temps -no-color-diagnostics -explicit-module-build -module-cache-path /Users/admin/builder/spi-builder-workspace/.derivedData/Build/Intermediates.noindex/SwiftExplicitPrecompiledModules -clang-scanner-module-cache-path /Users/admin/builder/spi-builder-workspace/.derivedData/ModuleCache.noindex -sdk-module-cache-path /Users/admin/builder/spi-builder-workspace/.derivedData/SDKExplicitPrecompiledModules -emit-dependencies -emit-module -emit-module-path /Users/admin/builder/spi-builder-workspace/.derivedData/Build/Intermediates.noindex/DSFSearchField.build/Debug-watchos/DSFSearchField-t.build/Objects-normal/arm64/DSFSearchField.swiftmodule -serialize-diagnostics -dependency-scan-serialize-diagnostics-path /Users/admin/builder/spi-builder-workspace/.derivedData/Build/Intermediates.noindex/DSFSearchField.build/Debug-watchos/DSFSearchField-t.build/Objects-normal/arm64/DSFSearchField-dependency-scan.dia -validate-clang-modules-once -clang-build-session-file /Users/admin/builder/spi-builder-workspace/.derivedData/ModuleCache.noindex/Session.modulevalidation -Xcc -fmodules-prune-interval\=86400 -Xcc -fmodules-prune-after\=345600 -emit-const-values -const-gather-protocols-list /Users/admin/builder/spi-builder-workspace/.derivedData/Build/Intermediates.noindex/DSFSearchField.build/Debug-watchos/DSFSearchField-t.build/Objects-normal/arm64/DSFSearchField_const_extract_protocols.json -Xcc -I/Users/admin/builder/spi-builder-workspace/.derivedData/Build/Products/Debug-watchos/include -Xcc -I/Users/admin/builder/spi-builder-workspace/.derivedData/Build/Intermediates.noindex/DSFSearchField.build/Debug-watchos/DSFSearchField-t.build/DerivedSources-normal/arm64 -Xcc -I/Users/admin/builder/spi-builder-workspace/.derivedData/Build/Intermediates.noindex/DSFSearchField.build/Debug-watchos/DSFSearchField-t.build/DerivedSources/arm64 -Xcc -I/Users/admin/builder/spi-builder-workspace/.derivedData/Build/Intermediates.noindex/DSFSearchField.build/Debug-watchos/DSFSearchField-t.build/DerivedSources -Xcc -DSWIFT_PACKAGE -Xcc -DDEBUG\=1 -emit-objc-header -emit-objc-header-path /Users/admin/builder/spi-builder-workspace/.derivedData/Build/Intermediates.noindex/DSFSearchField.build/Debug-watchos/DSFSearchField-t.build/Objects-normal/arm64/DSFSearchField-Swift.h -working-directory /Users/admin/builder/spi-builder-workspace/.swiftpm/xcode -experimental-emit-module-separately -disable-cmo
SwiftExplicitDependencyGeneratePcm arm64_32 /Users/admin/builder/spi-builder-workspace/.derivedData/SDKExplicitPrecompiledModules/SwiftShims-9CQQGWTSNTN9EB5NSHDWUJICH.pcm
SwiftExplicitDependencyGeneratePcm arm64_32 /Users/admin/builder/spi-builder-workspace/.derivedData/SDKExplicitPrecompiledModules/_SwiftConcurrencyShims-6RTBPQ03V7BM9SPRK8SUE055H.pcm
SwiftExplicitDependencyGeneratePcm arm64 /Users/admin/builder/spi-builder-workspace/.derivedData/SDKExplicitPrecompiledModules/_SwiftConcurrencyShims-659N52XSKR5F0QSB880BH2FJR.pcm
SwiftExplicitDependencyGeneratePcm arm64 /Users/admin/builder/spi-builder-workspace/.derivedData/SDKExplicitPrecompiledModules/SwiftShims-4MXFZPV6FEB0XBYXCGPWAMQGL.pcm
SwiftEmitModule normal arm64_32 Emitting\ module\ for\ DSFComboButton (in target 'DSFComboButton' from project 'DSFComboButton')
SwiftCompile normal arm64_32 (in target 'DSFComboButton' from project 'DSFComboButton')
cd /Users/admin/builder/spi-builder-workspace/.swiftpm/xcode
SwiftCompile normal arm64_32 Compiling\ DelayedMenuButton.swift /Users/admin/builder/spi-builder-workspace/.dependencies/checkouts/DSFComboButton/Sources/DSFComboButton/private/DelayedMenuButton.swift (in target 'DSFComboButton' from project 'DSFComboButton')
SwiftCompile normal arm64_32 /Users/admin/builder/spi-builder-workspace/.dependencies/checkouts/DSFComboButton/Sources/DSFComboButton/private/DelayedMenuButton.swift (in target 'DSFComboButton' from project 'DSFComboButton')
cd /Users/admin/builder/spi-builder-workspace/.swiftpm/xcode
builtin-SwiftPerFileCompile DelayedMenuButton.swift
SwiftEmitModule normal arm64 Emitting\ module\ for\ DSFComboButton (in target 'DSFComboButton' from project 'DSFComboButton')
SwiftCompile normal arm64 (in target 'DSFComboButton' from project 'DSFComboButton')
cd /Users/admin/builder/spi-builder-workspace/.swiftpm/xcode
SwiftDriverJobDiscovery normal arm64_32 Emitting module for DSFComboButton (in target 'DSFComboButton' from project 'DSFComboButton')
SwiftDriver\ Compilation\ Requirements DSFComboButton normal arm64_32 com.apple.xcode.tools.swift.compiler (in target 'DSFComboButton' from project 'DSFComboButton')
cd /Users/admin/builder/spi-builder-workspace/.swiftpm/xcode
builtin-Swift-Compilation-Requirements -- /Applications/Xcode-27.0.0-Release.Candidate.app/Contents/Developer/Toolchains/XcodeDefault.xctoolchain/usr/bin/swiftc -parse-as-library -module-name DSFComboButton -Onone @/Users/admin/builder/spi-builder-workspace/.derivedData/Build/Intermediates.noindex/DSFComboButton.build/Debug-watchos/DSFComboButton-t.build/Objects-normal/arm64_32/DSFComboButton.SwiftFileList -DSWIFT_PACKAGE -DDEBUG -DSWIFT_MODULE_RESOURCE_BUNDLE_UNAVAILABLE -DXcode -plugin-path /Applications/Xcode-27.0.0-Release.Candidate.app/Contents/Developer/Toolchains/XcodeDefault.xctoolchain/usr/lib/swift/host/plugins/testing -enable-experimental-feature DebugDescriptionMacro -sdk /Applications/Xcode-27.0.0-Release.Candidate.app/Contents/Developer/Platforms/WatchOS.platform/Developer/SDKs/WatchOS27.0.sdk -target arm64_32-apple-watchos9.0 -g -module-cache-path /Users/admin/builder/spi-builder-workspace/.derivedData/ModuleCache.noindex -Xfrontend -serialize-debugging-options -profile-coverage-mapping -profile-generate -enable-testing -suppress-warnings -index-store-path /Users/admin/builder/spi-builder-workspace/.derivedData/Index.noindex/DataStore -Xcc -D_LIBCPP_HARDENING_MODE\=_LIBCPP_HARDENING_MODE_DEBUG -swift-version 5 -I /Users/admin/builder/spi-builder-workspace/.derivedData/Build/Products/Debug-watchos -Isystem /Applications/Xcode-27.0.0-Release.Candidate.app/Contents/Developer/Platforms/WatchOS.platform/Developer/usr/lib -F /Users/admin/builder/spi-builder-workspace/.derivedData/Build/Products/Debug-watchos -F /Applications/Xcode-27.0.0-Release.Candidate.app/Contents/Developer/Platforms/WatchOS.platform/Developer/Library/Frameworks -F /Applications/Xcode-27.0.0-Release.Candidate.app/Contents/Developer/Platforms/WatchOS.platform/Developer/SDKs/WatchOS27.0.sdk/Developer/Library/Frameworks -c -j10 -enable-batch-mode -incremental -Xcc -ivfsstatcache -Xcc /Users/admin/builder/spi-builder-workspace/.derivedData/SDKStatCaches.noindex/watchos27.0-24R360-e829b21a6f8c9b70876ba0858053c04477534ef55a1706bf4c1112bbb242f0a2.sdkstatcache -output-file-map /Users/admin/builder/spi-builder-workspace/.derivedData/Build/Intermediates.noindex/DSFComboButton.build/Debug-watchos/DSFComboButton-t.build/Objects-normal/arm64_32/DSFComboButton-OutputFileMap.json -save-temps -no-color-diagnostics -explicit-module-build -module-cache-path /Users/admin/builder/spi-builder-workspace/.derivedData/Build/Intermediates.noindex/SwiftExplicitPrecompiledModules -clang-scanner-module-cache-path /Users/admin/builder/spi-builder-workspace/.derivedData/ModuleCache.noindex -sdk-module-cache-path /Users/admin/builder/spi-builder-workspace/.derivedData/SDKExplicitPrecompiledModules -emit-dependencies -emit-module -emit-module-path /Users/admin/builder/spi-builder-workspace/.derivedData/Build/Intermediates.noindex/DSFComboButton.build/Debug-watchos/DSFComboButton-t.build/Objects-normal/arm64_32/DSFComboButton.swiftmodule -serialize-diagnostics -dependency-scan-serialize-diagnostics-path /Users/admin/builder/spi-builder-workspace/.derivedData/Build/Intermediates.noindex/DSFComboButton.build/Debug-watchos/DSFComboButton-t.build/Objects-normal/arm64_32/DSFComboButton-dependency-scan.dia -validate-clang-modules-once -clang-build-session-file /Users/admin/builder/spi-builder-workspace/.derivedData/ModuleCache.noindex/Session.modulevalidation -Xcc -fmodules-prune-interval\=86400 -Xcc -fmodules-prune-after\=345600 -emit-const-values -const-gather-protocols-list /Users/admin/builder/spi-builder-workspace/.derivedData/Build/Intermediates.noindex/DSFComboButton.build/Debug-watchos/DSFComboButton-t.build/Objects-normal/arm64_32/DSFComboButton_const_extract_protocols.json -Xcc -I/Users/admin/builder/spi-builder-workspace/.derivedData/Build/Products/Debug-watchos/include -Xcc -I/Users/admin/builder/spi-builder-workspace/.derivedData/Build/Intermediates.noindex/DSFComboButton.build/Debug-watchos/DSFComboButton-t.build/DerivedSources-normal/arm64_32 -Xcc -I/Users/admin/builder/spi-builder-workspace/.derivedData/Build/Intermediates.noindex/DSFComboButton.build/Debug-watchos/DSFComboButton-t.build/DerivedSources/arm64_32 -Xcc -I/Users/admin/builder/spi-builder-workspace/.derivedData/Build/Intermediates.noindex/DSFComboButton.build/Debug-watchos/DSFComboButton-t.build/DerivedSources -Xcc -DSWIFT_PACKAGE -Xcc -DDEBUG\=1 -emit-objc-header -emit-objc-header-path /Users/admin/builder/spi-builder-workspace/.derivedData/Build/Intermediates.noindex/DSFComboButton.build/Debug-watchos/DSFComboButton-t.build/Objects-normal/arm64_32/DSFComboButton-Swift.h -working-directory /Users/admin/builder/spi-builder-workspace/.swiftpm/xcode -experimental-emit-module-separately -disable-cmo
SwiftDriverJobDiscovery normal arm64 Emitting module for DSFComboButton (in target 'DSFComboButton' from project 'DSFComboButton')
SwiftDriver\ Compilation\ Requirements DSFComboButton normal arm64 com.apple.xcode.tools.swift.compiler (in target 'DSFComboButton' from project 'DSFComboButton')
cd /Users/admin/builder/spi-builder-workspace/.swiftpm/xcode
builtin-Swift-Compilation-Requirements -- /Applications/Xcode-27.0.0-Release.Candidate.app/Contents/Developer/Toolchains/XcodeDefault.xctoolchain/usr/bin/swiftc -parse-as-library -module-name DSFComboButton -Onone @/Users/admin/builder/spi-builder-workspace/.derivedData/Build/Intermediates.noindex/DSFComboButton.build/Debug-watchos/DSFComboButton-t.build/Objects-normal/arm64/DSFComboButton.SwiftFileList -DSWIFT_PACKAGE -DDEBUG -DSWIFT_MODULE_RESOURCE_BUNDLE_UNAVAILABLE -DXcode -plugin-path /Applications/Xcode-27.0.0-Release.Candidate.app/Contents/Developer/Toolchains/XcodeDefault.xctoolchain/usr/lib/swift/host/plugins/testing -enable-experimental-feature DebugDescriptionMacro -sdk /Applications/Xcode-27.0.0-Release.Candidate.app/Contents/Developer/Platforms/WatchOS.platform/Developer/SDKs/WatchOS27.0.sdk -target arm64-apple-watchos9.0 -g -module-cache-path /Users/admin/builder/spi-builder-workspace/.derivedData/ModuleCache.noindex -Xfrontend -serialize-debugging-options -profile-coverage-mapping -profile-generate -enable-testing -suppress-warnings -index-store-path /Users/admin/builder/spi-builder-workspace/.derivedData/Index.noindex/DataStore -Xcc -D_LIBCPP_HARDENING_MODE\=_LIBCPP_HARDENING_MODE_DEBUG -swift-version 5 -I /Users/admin/builder/spi-builder-workspace/.derivedData/Build/Products/Debug-watchos -Isystem /Applications/Xcode-27.0.0-Release.Candidate.app/Contents/Developer/Platforms/WatchOS.platform/Developer/usr/lib -F /Users/admin/builder/spi-builder-workspace/.derivedData/Build/Products/Debug-watchos -F /Applications/Xcode-27.0.0-Release.Candidate.app/Contents/Developer/Platforms/WatchOS.platform/Developer/Library/Frameworks -F /Applications/Xcode-27.0.0-Release.Candidate.app/Contents/Developer/Platforms/WatchOS.platform/Developer/SDKs/WatchOS27.0.sdk/Developer/Library/Frameworks -c -j10 -enable-batch-mode -incremental -Xcc -ivfsstatcache -Xcc /Users/admin/builder/spi-builder-workspace/.derivedData/SDKStatCaches.noindex/watchos27.0-24R360-e829b21a6f8c9b70876ba0858053c04477534ef55a1706bf4c1112bbb242f0a2.sdkstatcache -output-file-map /Users/admin/builder/spi-builder-workspace/.derivedData/Build/Intermediates.noindex/DSFComboButton.build/Debug-watchos/DSFComboButton-t.build/Objects-normal/arm64/DSFComboButton-OutputFileMap.json -save-temps -no-color-diagnostics -explicit-module-build -module-cache-path /Users/admin/builder/spi-builder-workspace/.derivedData/Build/Intermediates.noindex/SwiftExplicitPrecompiledModules -clang-scanner-module-cache-path /Users/admin/builder/spi-builder-workspace/.derivedData/ModuleCache.noindex -sdk-module-cache-path /Users/admin/builder/spi-builder-workspace/.derivedData/SDKExplicitPrecompiledModules -emit-dependencies -emit-module -emit-module-path /Users/admin/builder/spi-builder-workspace/.derivedData/Build/Intermediates.noindex/DSFComboButton.build/Debug-watchos/DSFComboButton-t.build/Objects-normal/arm64/DSFComboButton.swiftmodule -serialize-diagnostics -dependency-scan-serialize-diagnostics-path /Users/admin/builder/spi-builder-workspace/.derivedData/Build/Intermediates.noindex/DSFComboButton.build/Debug-watchos/DSFComboButton-t.build/Objects-normal/arm64/DSFComboButton-dependency-scan.dia -validate-clang-modules-once -clang-build-session-file /Users/admin/builder/spi-builder-workspace/.derivedData/ModuleCache.noindex/Session.modulevalidation -Xcc -fmodules-prune-interval\=86400 -Xcc -fmodules-prune-after\=345600 -emit-const-values -const-gather-protocols-list /Users/admin/builder/spi-builder-workspace/.derivedData/Build/Intermediates.noindex/DSFComboButton.build/Debug-watchos/DSFComboButton-t.build/Objects-normal/arm64/DSFComboButton_const_extract_protocols.json -Xcc -I/Users/admin/builder/spi-builder-workspace/.derivedData/Build/Products/Debug-watchos/include -Xcc -I/Users/admin/builder/spi-builder-workspace/.derivedData/Build/Intermediates.noindex/DSFComboButton.build/Debug-watchos/DSFComboButton-t.build/DerivedSources-normal/arm64 -Xcc -I/Users/admin/builder/spi-builder-workspace/.derivedData/Build/Intermediates.noindex/DSFComboButton.build/Debug-watchos/DSFComboButton-t.build/DerivedSources/arm64 -Xcc -I/Users/admin/builder/spi-builder-workspace/.derivedData/Build/Intermediates.noindex/DSFComboButton.build/Debug-watchos/DSFComboButton-t.build/DerivedSources -Xcc -DSWIFT_PACKAGE -Xcc -DDEBUG\=1 -emit-objc-header -emit-objc-header-path /Users/admin/builder/spi-builder-workspace/.derivedData/Build/Intermediates.noindex/DSFComboButton.build/Debug-watchos/DSFComboButton-t.build/Objects-normal/arm64/DSFComboButton-Swift.h -working-directory /Users/admin/builder/spi-builder-workspace/.swiftpm/xcode -experimental-emit-module-separately -disable-cmo
Copy /Users/admin/builder/spi-builder-workspace/.derivedData/Build/Products/Debug-watchos/DSFComboButton.swiftmodule/arm64_32-apple-watchos.swiftmodule /Users/admin/builder/spi-builder-workspace/.derivedData/Build/Intermediates.noindex/DSFComboButton.build/Debug-watchos/DSFComboButton-t.build/Objects-normal/arm64_32/DSFComboButton.swiftmodule (in target 'DSFComboButton' from project 'DSFComboButton')
cd /Users/admin/builder/spi-builder-workspace/.dependencies/checkouts/DSFComboButton
builtin-copy -exclude .DS_Store -exclude CVS -exclude .svn -exclude .git -exclude .hg -resolve-src-symlinks -rename /Users/admin/builder/spi-builder-workspace/.derivedData/Build/Intermediates.noindex/DSFComboButton.build/Debug-watchos/DSFComboButton-t.build/Objects-normal/arm64_32/DSFComboButton.swiftmodule /Users/admin/builder/spi-builder-workspace/.derivedData/Build/Products/Debug-watchos/DSFComboButton.swiftmodule/arm64_32-apple-watchos.swiftmodule
SwiftMergeGeneratedHeaders /Users/admin/builder/spi-builder-workspace/.derivedData/Build/Intermediates.noindex/GeneratedModuleMaps-watchos/DSFComboButton-Swift.h /Users/admin/builder/spi-builder-workspace/.derivedData/Build/Intermediates.noindex/DSFComboButton.build/Debug-watchos/DSFComboButton-t.build/Objects-normal/arm64/DSFComboButton-Swift.h /Users/admin/builder/spi-builder-workspace/.derivedData/Build/Intermediates.noindex/DSFComboButton.build/Debug-watchos/DSFComboButton-t.build/Objects-normal/arm64_32/DSFComboButton-Swift.h (in target 'DSFComboButton' from project 'DSFComboButton')
cd /Users/admin/builder/spi-builder-workspace/.dependencies/checkouts/DSFComboButton
builtin-swiftHeaderTool -arch arm64 /Users/admin/builder/spi-builder-workspace/.derivedData/Build/Intermediates.noindex/DSFComboButton.build/Debug-watchos/DSFComboButton-t.build/Objects-normal/arm64/DSFComboButton-Swift.h -arch arm64_32 /Users/admin/builder/spi-builder-workspace/.derivedData/Build/Intermediates.noindex/DSFComboButton.build/Debug-watchos/DSFComboButton-t.build/Objects-normal/arm64_32/DSFComboButton-Swift.h -o /Users/admin/builder/spi-builder-workspace/.derivedData/Build/Intermediates.noindex/GeneratedModuleMaps-watchos/DSFComboButton-Swift.h
Copy /Users/admin/builder/spi-builder-workspace/.derivedData/Build/Products/Debug-watchos/DSFComboButton.swiftmodule/arm64_32-apple-watchos.swiftdoc /Users/admin/builder/spi-builder-workspace/.derivedData/Build/Intermediates.noindex/DSFComboButton.build/Debug-watchos/DSFComboButton-t.build/Objects-normal/arm64_32/DSFComboButton.swiftdoc (in target 'DSFComboButton' from project 'DSFComboButton')
cd /Users/admin/builder/spi-builder-workspace/.dependencies/checkouts/DSFComboButton
builtin-copy -exclude .DS_Store -exclude CVS -exclude .svn -exclude .git -exclude .hg -resolve-src-symlinks -rename /Users/admin/builder/spi-builder-workspace/.derivedData/Build/Intermediates.noindex/DSFComboButton.build/Debug-watchos/DSFComboButton-t.build/Objects-normal/arm64_32/DSFComboButton.swiftdoc /Users/admin/builder/spi-builder-workspace/.derivedData/Build/Products/Debug-watchos/DSFComboButton.swiftmodule/arm64_32-apple-watchos.swiftdoc
Copy /Users/admin/builder/spi-builder-workspace/.derivedData/Build/Products/Debug-watchos/DSFComboButton.swiftmodule/arm64_32-apple-watchos.abi.json /Users/admin/builder/spi-builder-workspace/.derivedData/Build/Intermediates.noindex/DSFComboButton.build/Debug-watchos/DSFComboButton-t.build/Objects-normal/arm64_32/DSFComboButton.abi.json (in target 'DSFComboButton' from project 'DSFComboButton')
cd /Users/admin/builder/spi-builder-workspace/.dependencies/checkouts/DSFComboButton
builtin-copy -exclude .DS_Store -exclude CVS -exclude .svn -exclude .git -exclude .hg -resolve-src-symlinks -rename /Users/admin/builder/spi-builder-workspace/.derivedData/Build/Intermediates.noindex/DSFComboButton.build/Debug-watchos/DSFComboButton-t.build/Objects-normal/arm64_32/DSFComboButton.abi.json /Users/admin/builder/spi-builder-workspace/.derivedData/Build/Products/Debug-watchos/DSFComboButton.swiftmodule/arm64_32-apple-watchos.abi.json
Copy /Users/admin/builder/spi-builder-workspace/.derivedData/Build/Products/Debug-watchos/DSFComboButton.swiftmodule/arm64-apple-watchos.swiftmodule /Users/admin/builder/spi-builder-workspace/.derivedData/Build/Intermediates.noindex/DSFComboButton.build/Debug-watchos/DSFComboButton-t.build/Objects-normal/arm64/DSFComboButton.swiftmodule (in target 'DSFComboButton' from project 'DSFComboButton')
cd /Users/admin/builder/spi-builder-workspace/.dependencies/checkouts/DSFComboButton
builtin-copy -exclude .DS_Store -exclude CVS -exclude .svn -exclude .git -exclude .hg -resolve-src-symlinks -rename /Users/admin/builder/spi-builder-workspace/.derivedData/Build/Intermediates.noindex/DSFComboButton.build/Debug-watchos/DSFComboButton-t.build/Objects-normal/arm64/DSFComboButton.swiftmodule /Users/admin/builder/spi-builder-workspace/.derivedData/Build/Products/Debug-watchos/DSFComboButton.swiftmodule/arm64-apple-watchos.swiftmodule
Copy /Users/admin/builder/spi-builder-workspace/.derivedData/Build/Products/Debug-watchos/DSFComboButton.swiftmodule/arm64-apple-watchos.swiftdoc /Users/admin/builder/spi-builder-workspace/.derivedData/Build/Intermediates.noindex/DSFComboButton.build/Debug-watchos/DSFComboButton-t.build/Objects-normal/arm64/DSFComboButton.swiftdoc (in target 'DSFComboButton' from project 'DSFComboButton')
cd /Users/admin/builder/spi-builder-workspace/.dependencies/checkouts/DSFComboButton
builtin-copy -exclude .DS_Store -exclude CVS -exclude .svn -exclude .git -exclude .hg -resolve-src-symlinks -rename /Users/admin/builder/spi-builder-workspace/.derivedData/Build/Intermediates.noindex/DSFComboButton.build/Debug-watchos/DSFComboButton-t.build/Objects-normal/arm64/DSFComboButton.swiftdoc /Users/admin/builder/spi-builder-workspace/.derivedData/Build/Products/Debug-watchos/DSFComboButton.swiftmodule/arm64-apple-watchos.swiftdoc
Copy /Users/admin/builder/spi-builder-workspace/.derivedData/Build/Products/Debug-watchos/DSFComboButton.swiftmodule/arm64-apple-watchos.abi.json /Users/admin/builder/spi-builder-workspace/.derivedData/Build/Intermediates.noindex/DSFComboButton.build/Debug-watchos/DSFComboButton-t.build/Objects-normal/arm64/DSFComboButton.abi.json (in target 'DSFComboButton' from project 'DSFComboButton')
cd /Users/admin/builder/spi-builder-workspace/.dependencies/checkouts/DSFComboButton
builtin-copy -exclude .DS_Store -exclude CVS -exclude .svn -exclude .git -exclude .hg -resolve-src-symlinks -rename /Users/admin/builder/spi-builder-workspace/.derivedData/Build/Intermediates.noindex/DSFComboButton.build/Debug-watchos/DSFComboButton-t.build/Objects-normal/arm64/DSFComboButton.abi.json /Users/admin/builder/spi-builder-workspace/.derivedData/Build/Products/Debug-watchos/DSFComboButton.swiftmodule/arm64-apple-watchos.abi.json
Copy /Users/admin/builder/spi-builder-workspace/.derivedData/Build/Products/Debug-watchos/DSFComboButton.swiftmodule/Project/arm64_32-apple-watchos.swiftsourceinfo /Users/admin/builder/spi-builder-workspace/.derivedData/Build/Intermediates.noindex/DSFComboButton.build/Debug-watchos/DSFComboButton-t.build/Objects-normal/arm64_32/DSFComboButton.swiftsourceinfo (in target 'DSFComboButton' from project 'DSFComboButton')
cd /Users/admin/builder/spi-builder-workspace/.dependencies/checkouts/DSFComboButton
builtin-copy -exclude .DS_Store -exclude CVS -exclude .svn -exclude .git -exclude .hg -resolve-src-symlinks -rename /Users/admin/builder/spi-builder-workspace/.derivedData/Build/Intermediates.noindex/DSFComboButton.build/Debug-watchos/DSFComboButton-t.build/Objects-normal/arm64_32/DSFComboButton.swiftsourceinfo /Users/admin/builder/spi-builder-workspace/.derivedData/Build/Products/Debug-watchos/DSFComboButton.swiftmodule/Project/arm64_32-apple-watchos.swiftsourceinfo
Copy /Users/admin/builder/spi-builder-workspace/.derivedData/Build/Products/Debug-watchos/DSFComboButton.swiftmodule/Project/arm64-apple-watchos.swiftsourceinfo /Users/admin/builder/spi-builder-workspace/.derivedData/Build/Intermediates.noindex/DSFComboButton.build/Debug-watchos/DSFComboButton-t.build/Objects-normal/arm64/DSFComboButton.swiftsourceinfo (in target 'DSFComboButton' from project 'DSFComboButton')
cd /Users/admin/builder/spi-builder-workspace/.dependencies/checkouts/DSFComboButton
builtin-copy -exclude .DS_Store -exclude CVS -exclude .svn -exclude .git -exclude .hg -resolve-src-symlinks -rename /Users/admin/builder/spi-builder-workspace/.derivedData/Build/Intermediates.noindex/DSFComboButton.build/Debug-watchos/DSFComboButton-t.build/Objects-normal/arm64/DSFComboButton.swiftsourceinfo /Users/admin/builder/spi-builder-workspace/.derivedData/Build/Products/Debug-watchos/DSFComboButton.swiftmodule/Project/arm64-apple-watchos.swiftsourceinfo
SwiftCompile normal arm64 Compiling\ DSFComboButton+private.swift /Users/admin/builder/spi-builder-workspace/.dependencies/checkouts/DSFComboButton/Sources/DSFComboButton/private/DSFComboButton+private.swift (in target 'DSFComboButton' from project 'DSFComboButton')
SwiftCompile normal arm64 /Users/admin/builder/spi-builder-workspace/.dependencies/checkouts/DSFComboButton/Sources/DSFComboButton/private/DSFComboButton+private.swift (in target 'DSFComboButton' from project 'DSFComboButton')
cd /Users/admin/builder/spi-builder-workspace/.swiftpm/xcode
builtin-SwiftPerFileCompile DSFComboButton+private.swift
SwiftCompile normal arm64 Compiling\ DSFComboButton.swift /Users/admin/builder/spi-builder-workspace/.dependencies/checkouts/DSFComboButton/Sources/DSFComboButton/DSFComboButton.swift (in target 'DSFComboButton' from project 'DSFComboButton')
SwiftCompile normal arm64 /Users/admin/builder/spi-builder-workspace/.dependencies/checkouts/DSFComboButton/Sources/DSFComboButton/DSFComboButton.swift (in target 'DSFComboButton' from project 'DSFComboButton')
cd /Users/admin/builder/spi-builder-workspace/.swiftpm/xcode
builtin-SwiftPerFileCompile DSFComboButton.swift
SwiftCompile normal arm64 Compiling\ DelayedMenuButton.swift /Users/admin/builder/spi-builder-workspace/.dependencies/checkouts/DSFComboButton/Sources/DSFComboButton/private/DelayedMenuButton.swift (in target 'DSFComboButton' from project 'DSFComboButton')
SwiftCompile normal arm64 /Users/admin/builder/spi-builder-workspace/.dependencies/checkouts/DSFComboButton/Sources/DSFComboButton/private/DelayedMenuButton.swift (in target 'DSFComboButton' from project 'DSFComboButton')
cd /Users/admin/builder/spi-builder-workspace/.swiftpm/xcode
builtin-SwiftPerFileCompile DelayedMenuButton.swift
SwiftCompile normal arm64_32 Compiling\ DSFComboButton+private.swift /Users/admin/builder/spi-builder-workspace/.dependencies/checkouts/DSFComboButton/Sources/DSFComboButton/private/DSFComboButton+private.swift (in target 'DSFComboButton' from project 'DSFComboButton')
SwiftCompile normal arm64_32 /Users/admin/builder/spi-builder-workspace/.dependencies/checkouts/DSFComboButton/Sources/DSFComboButton/private/DSFComboButton+private.swift (in target 'DSFComboButton' from project 'DSFComboButton')
cd /Users/admin/builder/spi-builder-workspace/.swiftpm/xcode
builtin-SwiftPerFileCompile DSFComboButton+private.swift
SwiftCompile normal arm64_32 Compiling\ DSFComboButton.swift /Users/admin/builder/spi-builder-workspace/.dependencies/checkouts/DSFComboButton/Sources/DSFComboButton/DSFComboButton.swift (in target 'DSFComboButton' from project 'DSFComboButton')
SwiftCompile normal arm64_32 /Users/admin/builder/spi-builder-workspace/.dependencies/checkouts/DSFComboButton/Sources/DSFComboButton/DSFComboButton.swift (in target 'DSFComboButton' from project 'DSFComboButton')
cd /Users/admin/builder/spi-builder-workspace/.swiftpm/xcode
builtin-SwiftPerFileCompile DSFComboButton.swift
SwiftExplicitDependencyGeneratePcm arm64_32 /Users/admin/builder/spi-builder-workspace/.derivedData/SDKExplicitPrecompiledModules/ptrauth-BFXF358ME5AK535N5A9Z766WU.pcm
SwiftExplicitDependencyGeneratePcm arm64_32 /Users/admin/builder/spi-builder-workspace/.derivedData/SDKExplicitPrecompiledModules/_Builtin_float-6KO8O3PEWRCA4WC6PPLOYO6WJ.pcm
SwiftExplicitDependencyGeneratePcm arm64 /Users/admin/builder/spi-builder-workspace/.derivedData/SDKExplicitPrecompiledModules/_Builtin_stdarg-A7UU8LE6MP85SM26YO7PBZNUQ.pcm
SwiftExplicitDependencyGeneratePcm arm64 /Users/admin/builder/spi-builder-workspace/.derivedData/SDKExplicitPrecompiledModules/_AvailabilityInternal-BUNV3UXM65NT37THI4W1AM0SF.pcm
SwiftExplicitDependencyGeneratePcm arm64_32 /Users/admin/builder/spi-builder-workspace/.derivedData/SDKExplicitPrecompiledModules/_Builtin_stdbool-A967K8W8YUYEC9SN52KJ7OO88.pcm
SwiftExplicitDependencyGeneratePcm arm64_32 /Users/admin/builder/spi-builder-workspace/.derivedData/SDKExplicitPrecompiledModules/_AvailabilityInternal-244WAN3Z1QBT7PIA64EZEFY1R.pcm
SwiftExplicitDependencyGeneratePcm arm64_32 /Users/admin/builder/spi-builder-workspace/.derivedData/SDKExplicitPrecompiledModules/_Builtin_stddef-H44EFHQX6XSS5MZ7QP6YJZ76.pcm
SwiftExplicitDependencyGeneratePcm arm64_32 /Users/admin/builder/spi-builder-workspace/.derivedData/SDKExplicitPrecompiledModules/_Builtin_stdarg-D305JG44A2WPI6CJY37X3QJE8.pcm
SwiftExplicitDependencyGeneratePcm arm64 /Users/admin/builder/spi-builder-workspace/.derivedData/SDKExplicitPrecompiledModules/ptrcheck-AIF0NDOYZ8ORBNHQAQR5NNB8M.pcm
SwiftExplicitDependencyGeneratePcm arm64 /Users/admin/builder/spi-builder-workspace/.derivedData/SDKExplicitPrecompiledModules/_Builtin_float-C0CW5Q4HGBQYKE77TC42IAFB5.pcm
SwiftExplicitDependencyGeneratePcm arm64 /Users/admin/builder/spi-builder-workspace/.derivedData/SDKExplicitPrecompiledModules/ptrauth-3TZ9WJCGLYD25HQPWH4968ONX.pcm
SwiftDriverJobDiscovery normal arm64_32 Compiling DelayedMenuButton.swift (in target 'DSFComboButton' from project 'DSFComboButton')
SwiftExplicitDependencyGeneratePcm arm64 /Users/admin/builder/spi-builder-workspace/.derivedData/SDKExplicitPrecompiledModules/_Builtin_stddef-1FU30Y8SWFB7OUUHMJQH5J6FM.pcm
SwiftExplicitDependencyGeneratePcm arm64_32 /Users/admin/builder/spi-builder-workspace/.derivedData/SDKExplicitPrecompiledModules/ptrcheck-7ELIH9BTIGVKX3UBITM9N72WD.pcm
SwiftExplicitDependencyGeneratePcm arm64 /Users/admin/builder/spi-builder-workspace/.derivedData/SDKExplicitPrecompiledModules/_DarwinFoundation1-7SPX3MD0HMP55E4OLNCPNDQ53.pcm
SwiftExplicitDependencyGeneratePcm arm64 /Users/admin/builder/spi-builder-workspace/.derivedData/SDKExplicitPrecompiledModules/_Builtin_stdbool-83J96QSOFE9VX04AAS6310UAE.pcm
SwiftExplicitDependencyGeneratePcm arm64_32 /Users/admin/builder/spi-builder-workspace/.derivedData/SDKExplicitPrecompiledModules/_DarwinFoundation1-2GWF9RFMPLQW4PDHS3NARVI3G.pcm
SwiftDriverJobDiscovery normal arm64_32 Compiling DSFComboButton+private.swift (in target 'DSFComboButton' from project 'DSFComboButton')
SwiftDriverJobDiscovery normal arm64_32 Compiling DSFComboButton.swift (in target 'DSFComboButton' from project 'DSFComboButton')
SwiftDriverJobDiscovery normal arm64 Compiling DelayedMenuButton.swift (in target 'DSFComboButton' from project 'DSFComboButton')
SwiftDriver\ Compilation DSFComboButton normal arm64_32 com.apple.xcode.tools.swift.compiler (in target 'DSFComboButton' from project 'DSFComboButton')
cd /Users/admin/builder/spi-builder-workspace/.swiftpm/xcode
builtin-Swift-Compilation -- /Applications/Xcode-27.0.0-Release.Candidate.app/Contents/Developer/Toolchains/XcodeDefault.xctoolchain/usr/bin/swiftc -parse-as-library -module-name DSFComboButton -Onone @/Users/admin/builder/spi-builder-workspace/.derivedData/Build/Intermediates.noindex/DSFComboButton.build/Debug-watchos/DSFComboButton-t.build/Objects-normal/arm64_32/DSFComboButton.SwiftFileList -DSWIFT_PACKAGE -DDEBUG -DSWIFT_MODULE_RESOURCE_BUNDLE_UNAVAILABLE -DXcode -plugin-path /Applications/Xcode-27.0.0-Release.Candidate.app/Contents/Developer/Toolchains/XcodeDefault.xctoolchain/usr/lib/swift/host/plugins/testing -enable-experimental-feature DebugDescriptionMacro -sdk /Applications/Xcode-27.0.0-Release.Candidate.app/Contents/Developer/Platforms/WatchOS.platform/Developer/SDKs/WatchOS27.0.sdk -target arm64_32-apple-watchos9.0 -g -module-cache-path /Users/admin/builder/spi-builder-workspace/.derivedData/ModuleCache.noindex -Xfrontend -serialize-debugging-options -profile-coverage-mapping -profile-generate -enable-testing -suppress-warnings -index-store-path /Users/admin/builder/spi-builder-workspace/.derivedData/Index.noindex/DataStore -Xcc -D_LIBCPP_HARDENING_MODE\=_LIBCPP_HARDENING_MODE_DEBUG -swift-version 5 -I /Users/admin/builder/spi-builder-workspace/.derivedData/Build/Products/Debug-watchos -Isystem /Applications/Xcode-27.0.0-Release.Candidate.app/Contents/Developer/Platforms/WatchOS.platform/Developer/usr/lib -F /Users/admin/builder/spi-builder-workspace/.derivedData/Build/Products/Debug-watchos -F /Applications/Xcode-27.0.0-Release.Candidate.app/Contents/Developer/Platforms/WatchOS.platform/Developer/Library/Frameworks -F /Applications/Xcode-27.0.0-Release.Candidate.app/Contents/Developer/Platforms/WatchOS.platform/Developer/SDKs/WatchOS27.0.sdk/Developer/Library/Frameworks -c -j10 -enable-batch-mode -incremental -Xcc -ivfsstatcache -Xcc /Users/admin/builder/spi-builder-workspace/.derivedData/SDKStatCaches.noindex/watchos27.0-24R360-e829b21a6f8c9b70876ba0858053c04477534ef55a1706bf4c1112bbb242f0a2.sdkstatcache -output-file-map /Users/admin/builder/spi-builder-workspace/.derivedData/Build/Intermediates.noindex/DSFComboButton.build/Debug-watchos/DSFComboButton-t.build/Objects-normal/arm64_32/DSFComboButton-OutputFileMap.json -save-temps -no-color-diagnostics -explicit-module-build -module-cache-path /Users/admin/builder/spi-builder-workspace/.derivedData/Build/Intermediates.noindex/SwiftExplicitPrecompiledModules -clang-scanner-module-cache-path /Users/admin/builder/spi-builder-workspace/.derivedData/ModuleCache.noindex -sdk-module-cache-path /Users/admin/builder/spi-builder-workspace/.derivedData/SDKExplicitPrecompiledModules -emit-dependencies -emit-module -emit-module-path /Users/admin/builder/spi-builder-workspace/.derivedData/Build/Intermediates.noindex/DSFComboButton.build/Debug-watchos/DSFComboButton-t.build/Objects-normal/arm64_32/DSFComboButton.swiftmodule -serialize-diagnostics -dependency-scan-serialize-diagnostics-path /Users/admin/builder/spi-builder-workspace/.derivedData/Build/Intermediates.noindex/DSFComboButton.build/Debug-watchos/DSFComboButton-t.build/Objects-normal/arm64_32/DSFComboButton-dependency-scan.dia -validate-clang-modules-once -clang-build-session-file /Users/admin/builder/spi-builder-workspace/.derivedData/ModuleCache.noindex/Session.modulevalidation -Xcc -fmodules-prune-interval\=86400 -Xcc -fmodules-prune-after\=345600 -emit-const-values -const-gather-protocols-list /Users/admin/builder/spi-builder-workspace/.derivedData/Build/Intermediates.noindex/DSFComboButton.build/Debug-watchos/DSFComboButton-t.build/Objects-normal/arm64_32/DSFComboButton_const_extract_protocols.json -Xcc -I/Users/admin/builder/spi-builder-workspace/.derivedData/Build/Products/Debug-watchos/include -Xcc -I/Users/admin/builder/spi-builder-workspace/.derivedData/Build/Intermediates.noindex/DSFComboButton.build/Debug-watchos/DSFComboButton-t.build/DerivedSources-normal/arm64_32 -Xcc -I/Users/admin/builder/spi-builder-workspace/.derivedData/Build/Intermediates.noindex/DSFComboButton.build/Debug-watchos/DSFComboButton-t.build/DerivedSources/arm64_32 -Xcc -I/Users/admin/builder/spi-builder-workspace/.derivedData/Build/Intermediates.noindex/DSFComboButton.build/Debug-watchos/DSFComboButton-t.build/DerivedSources -Xcc -DSWIFT_PACKAGE -Xcc -DDEBUG\=1 -emit-objc-header -emit-objc-header-path /Users/admin/builder/spi-builder-workspace/.derivedData/Build/Intermediates.noindex/DSFComboButton.build/Debug-watchos/DSFComboButton-t.build/Objects-normal/arm64_32/DSFComboButton-Swift.h -working-directory /Users/admin/builder/spi-builder-workspace/.swiftpm/xcode -experimental-emit-module-separately -disable-cmo
Ld /Users/admin/builder/spi-builder-workspace/.derivedData/Build/Intermediates.noindex/DSFComboButton.build/Debug-watchos/DSFComboButton-t.build/Objects-normal/arm64_32/Binary/DSFComboButton.o normal arm64_32 (in target 'DSFComboButton' from project 'DSFComboButton')
cd /Users/admin/builder/spi-builder-workspace/.dependencies/checkouts/DSFComboButton
/Applications/Xcode-27.0.0-Release.Candidate.app/Contents/Developer/Toolchains/XcodeDefault.xctoolchain/usr/bin/clang -Xlinker -reproducible -target arm64_32-apple-watchos9.0 -r -isysroot /Applications/Xcode-27.0.0-Release.Candidate.app/Contents/Developer/Platforms/WatchOS.platform/Developer/SDKs/WatchOS27.0.sdk -O0 -w -Xlinker -no_warn_duplicate_libraries -F/Users/admin/builder/spi-builder-workspace/.derivedData/Build/Intermediates.noindex/EagerLinkingTBDs/Debug-watchos -F/Users/admin/builder/spi-builder-workspace/.derivedData/Build/Products/Debug-watchos -iframework /Applications/Xcode-27.0.0-Release.Candidate.app/Contents/Developer/Platforms/WatchOS.platform/Developer/Library/Frameworks -iframework /Applications/Xcode-27.0.0-Release.Candidate.app/Contents/Developer/Platforms/WatchOS.platform/Developer/SDKs/WatchOS27.0.sdk/Developer/Library/Frameworks -filelist /Users/admin/builder/spi-builder-workspace/.derivedData/Build/Intermediates.noindex/DSFComboButton.build/Debug-watchos/DSFComboButton-t.build/Objects-normal/arm64_32/DSFComboButton.LinkFileList -nostdlib -Xlinker -object_path_lto -Xlinker /Users/admin/builder/spi-builder-workspace/.derivedData/Build/Intermediates.noindex/DSFComboButton.build/Debug-watchos/DSFComboButton-t.build/Objects-normal/arm64_32/DSFComboButton_lto.o -Xlinker -no_deduplicate -Xlinker -debug_variant -Xlinker -dependency_info -Xlinker /Users/admin/builder/spi-builder-workspace/.derivedData/Build/Intermediates.noindex/DSFComboButton.build/Debug-watchos/DSFComboButton-t.build/Objects-normal/arm64_32/DSFComboButton_dependency_info.dat -fobjc-link-runtime -L/Applications/Xcode-27.0.0-Release.Candidate.app/Contents/Developer/Toolchains/XcodeDefault.xctoolchain/usr/lib/swift/watchos -L/usr/lib/swift -Xlinker -add_ast_path -Xlinker /Users/admin/builder/spi-builder-workspace/.derivedData/Build/Intermediates.noindex/DSFComboButton.build/Debug-watchos/DSFComboButton-t.build/Objects-normal/arm64_32/DSFComboButton.swiftmodule -o /Users/admin/builder/spi-builder-workspace/.derivedData/Build/Intermediates.noindex/DSFComboButton.build/Debug-watchos/DSFComboButton-t.build/Objects-normal/arm64_32/Binary/DSFComboButton.o
SwiftDriverJobDiscovery normal arm64 Compiling DSFComboButton+private.swift (in target 'DSFComboButton' from project 'DSFComboButton')
SwiftExplicitDependencyGeneratePcm arm64 /Users/admin/builder/spi-builder-workspace/.derivedData/SDKExplicitPrecompiledModules/_Builtin_limits-9GWPA2B0H20DYUNYHYCWKABJG.pcm
SwiftExplicitDependencyGeneratePcm arm64 /Users/admin/builder/spi-builder-workspace/.derivedData/SDKExplicitPrecompiledModules/_DarwinFoundation2-D0XAPJU49S5E9XMKYOFGSTB1Q.pcm
SwiftDriverJobDiscovery normal arm64 Compiling DSFComboButton.swift (in target 'DSFComboButton' from project 'DSFComboButton')
SwiftDriver\ Compilation DSFComboButton normal arm64 com.apple.xcode.tools.swift.compiler (in target 'DSFComboButton' from project 'DSFComboButton')
cd /Users/admin/builder/spi-builder-workspace/.swiftpm/xcode
builtin-Swift-Compilation -- /Applications/Xcode-27.0.0-Release.Candidate.app/Contents/Developer/Toolchains/XcodeDefault.xctoolchain/usr/bin/swiftc -parse-as-library -module-name DSFComboButton -Onone @/Users/admin/builder/spi-builder-workspace/.derivedData/Build/Intermediates.noindex/DSFComboButton.build/Debug-watchos/DSFComboButton-t.build/Objects-normal/arm64/DSFComboButton.SwiftFileList -DSWIFT_PACKAGE -DDEBUG -DSWIFT_MODULE_RESOURCE_BUNDLE_UNAVAILABLE -DXcode -plugin-path /Applications/Xcode-27.0.0-Release.Candidate.app/Contents/Developer/Toolchains/XcodeDefault.xctoolchain/usr/lib/swift/host/plugins/testing -enable-experimental-feature DebugDescriptionMacro -sdk /Applications/Xcode-27.0.0-Release.Candidate.app/Contents/Developer/Platforms/WatchOS.platform/Developer/SDKs/WatchOS27.0.sdk -target arm64-apple-watchos9.0 -g -module-cache-path /Users/admin/builder/spi-builder-workspace/.derivedData/ModuleCache.noindex -Xfrontend -serialize-debugging-options -profile-coverage-mapping -profile-generate -enable-testing -suppress-warnings -index-store-path /Users/admin/builder/spi-builder-workspace/.derivedData/Index.noindex/DataStore -Xcc -D_LIBCPP_HARDENING_MODE\=_LIBCPP_HARDENING_MODE_DEBUG -swift-version 5 -I /Users/admin/builder/spi-builder-workspace/.derivedData/Build/Products/Debug-watchos -Isystem /Applications/Xcode-27.0.0-Release.Candidate.app/Contents/Developer/Platforms/WatchOS.platform/Developer/usr/lib -F /Users/admin/builder/spi-builder-workspace/.derivedData/Build/Products/Debug-watchos -F /Applications/Xcode-27.0.0-Release.Candidate.app/Contents/Developer/Platforms/WatchOS.platform/Developer/Library/Frameworks -F /Applications/Xcode-27.0.0-Release.Candidate.app/Contents/Developer/Platforms/WatchOS.platform/Developer/SDKs/WatchOS27.0.sdk/Developer/Library/Frameworks -c -j10 -enable-batch-mode -incremental -Xcc -ivfsstatcache -Xcc /Users/admin/builder/spi-builder-workspace/.derivedData/SDKStatCaches.noindex/watchos27.0-24R360-e829b21a6f8c9b70876ba0858053c04477534ef55a1706bf4c1112bbb242f0a2.sdkstatcache -output-file-map /Users/admin/builder/spi-builder-workspace/.derivedData/Build/Intermediates.noindex/DSFComboButton.build/Debug-watchos/DSFComboButton-t.build/Objects-normal/arm64/DSFComboButton-OutputFileMap.json -save-temps -no-color-diagnostics -explicit-module-build -module-cache-path /Users/admin/builder/spi-builder-workspace/.derivedData/Build/Intermediates.noindex/SwiftExplicitPrecompiledModules -clang-scanner-module-cache-path /Users/admin/builder/spi-builder-workspace/.derivedData/ModuleCache.noindex -sdk-module-cache-path /Users/admin/builder/spi-builder-workspace/.derivedData/SDKExplicitPrecompiledModules -emit-dependencies -emit-module -emit-module-path /Users/admin/builder/spi-builder-workspace/.derivedData/Build/Intermediates.noindex/DSFComboButton.build/Debug-watchos/DSFComboButton-t.build/Objects-normal/arm64/DSFComboButton.swiftmodule -serialize-diagnostics -dependency-scan-serialize-diagnostics-path /Users/admin/builder/spi-builder-workspace/.derivedData/Build/Intermediates.noindex/DSFComboButton.build/Debug-watchos/DSFComboButton-t.build/Objects-normal/arm64/DSFComboButton-dependency-scan.dia -validate-clang-modules-once -clang-build-session-file /Users/admin/builder/spi-builder-workspace/.derivedData/ModuleCache.noindex/Session.modulevalidation -Xcc -fmodules-prune-interval\=86400 -Xcc -fmodules-prune-after\=345600 -emit-const-values -const-gather-protocols-list /Users/admin/builder/spi-builder-workspace/.derivedData/Build/Intermediates.noindex/DSFComboButton.build/Debug-watchos/DSFComboButton-t.build/Objects-normal/arm64/DSFComboButton_const_extract_protocols.json -Xcc -I/Users/admin/builder/spi-builder-workspace/.derivedData/Build/Products/Debug-watchos/include -Xcc -I/Users/admin/builder/spi-builder-workspace/.derivedData/Build/Intermediates.noindex/DSFComboButton.build/Debug-watchos/DSFComboButton-t.build/DerivedSources-normal/arm64 -Xcc -I/Users/admin/builder/spi-builder-workspace/.derivedData/Build/Intermediates.noindex/DSFComboButton.build/Debug-watchos/DSFComboButton-t.build/DerivedSources/arm64 -Xcc -I/Users/admin/builder/spi-builder-workspace/.derivedData/Build/Intermediates.noindex/DSFComboButton.build/Debug-watchos/DSFComboButton-t.build/DerivedSources -Xcc -DSWIFT_PACKAGE -Xcc -DDEBUG\=1 -emit-objc-header -emit-objc-header-path /Users/admin/builder/spi-builder-workspace/.derivedData/Build/Intermediates.noindex/DSFComboButton.build/Debug-watchos/DSFComboButton-t.build/Objects-normal/arm64/DSFComboButton-Swift.h -working-directory /Users/admin/builder/spi-builder-workspace/.swiftpm/xcode -experimental-emit-module-separately -disable-cmo
Ld /Users/admin/builder/spi-builder-workspace/.derivedData/Build/Intermediates.noindex/DSFComboButton.build/Debug-watchos/DSFComboButton-t.build/Objects-normal/arm64/Binary/DSFComboButton.o normal arm64 (in target 'DSFComboButton' from project 'DSFComboButton')
cd /Users/admin/builder/spi-builder-workspace/.dependencies/checkouts/DSFComboButton
/Applications/Xcode-27.0.0-Release.Candidate.app/Contents/Developer/Toolchains/XcodeDefault.xctoolchain/usr/bin/clang -Xlinker -reproducible -target arm64-apple-watchos9.0 -r -isysroot /Applications/Xcode-27.0.0-Release.Candidate.app/Contents/Developer/Platforms/WatchOS.platform/Developer/SDKs/WatchOS27.0.sdk -O0 -w -Xlinker -no_warn_duplicate_libraries -F/Users/admin/builder/spi-builder-workspace/.derivedData/Build/Intermediates.noindex/EagerLinkingTBDs/Debug-watchos -F/Users/admin/builder/spi-builder-workspace/.derivedData/Build/Products/Debug-watchos -iframework /Applications/Xcode-27.0.0-Release.Candidate.app/Contents/Developer/Platforms/WatchOS.platform/Developer/Library/Frameworks -iframework /Applications/Xcode-27.0.0-Release.Candidate.app/Contents/Developer/Platforms/WatchOS.platform/Developer/SDKs/WatchOS27.0.sdk/Developer/Library/Frameworks -filelist /Users/admin/builder/spi-builder-workspace/.derivedData/Build/Intermediates.noindex/DSFComboButton.build/Debug-watchos/DSFComboButton-t.build/Objects-normal/arm64/DSFComboButton.LinkFileList -nostdlib -Xlinker -object_path_lto -Xlinker /Users/admin/builder/spi-builder-workspace/.derivedData/Build/Intermediates.noindex/DSFComboButton.build/Debug-watchos/DSFComboButton-t.build/Objects-normal/arm64/DSFComboButton_lto.o -Xlinker -no_deduplicate -Xlinker -debug_variant -Xlinker -dependency_info -Xlinker /Users/admin/builder/spi-builder-workspace/.derivedData/Build/Intermediates.noindex/DSFComboButton.build/Debug-watchos/DSFComboButton-t.build/Objects-normal/arm64/DSFComboButton_dependency_info.dat -fobjc-link-runtime -L/Applications/Xcode-27.0.0-Release.Candidate.app/Contents/Developer/Toolchains/XcodeDefault.xctoolchain/usr/lib/swift/watchos -L/usr/lib/swift -Xlinker -add_ast_path -Xlinker /Users/admin/builder/spi-builder-workspace/.derivedData/Build/Intermediates.noindex/DSFComboButton.build/Debug-watchos/DSFComboButton-t.build/Objects-normal/arm64/DSFComboButton.swiftmodule -o /Users/admin/builder/spi-builder-workspace/.derivedData/Build/Intermediates.noindex/DSFComboButton.build/Debug-watchos/DSFComboButton-t.build/Objects-normal/arm64/Binary/DSFComboButton.o
SwiftExplicitDependencyGeneratePcm arm64_32 /Users/admin/builder/spi-builder-workspace/.derivedData/SDKExplicitPrecompiledModules/_DarwinFoundation2-9MY8GOSYRO0M9MKNXF6D3MBNK.pcm
SwiftExplicitDependencyGeneratePcm arm64_32 /Users/admin/builder/spi-builder-workspace/.derivedData/SDKExplicitPrecompiledModules/_Builtin_limits-3VKBU2AFTD65PAJZ5CJ3LHFM2.pcm
CreateUniversalBinary /Users/admin/builder/spi-builder-workspace/.derivedData/Build/Products/Debug-watchos/DSFComboButton.o normal arm64\ arm64_32 (in target 'DSFComboButton' from project 'DSFComboButton')
cd /Users/admin/builder/spi-builder-workspace/.dependencies/checkouts/DSFComboButton
/Applications/Xcode-27.0.0-Release.Candidate.app/Contents/Developer/Toolchains/XcodeDefault.xctoolchain/usr/bin/lipo -create /Users/admin/builder/spi-builder-workspace/.derivedData/Build/Intermediates.noindex/DSFComboButton.build/Debug-watchos/DSFComboButton-t.build/Objects-normal/arm64/Binary/DSFComboButton.o /Users/admin/builder/spi-builder-workspace/.derivedData/Build/Intermediates.noindex/DSFComboButton.build/Debug-watchos/DSFComboButton-t.build/Objects-normal/arm64_32/Binary/DSFComboButton.o -output /Users/admin/builder/spi-builder-workspace/.derivedData/Build/Products/Debug-watchos/DSFComboButton.o
ExtractAppIntentsMetadata (in target 'DSFComboButton' from project 'DSFComboButton')
cd /Users/admin/builder/spi-builder-workspace/.dependencies/checkouts/DSFComboButton
/Applications/Xcode-27.0.0-Release.Candidate.app/Contents/Developer/Toolchains/XcodeDefault.xctoolchain/usr/bin/appintentsmetadataprocessor --toolchain-dir /var/run/com.apple.security.cryptexd/mnt/com.apple.MobileAsset.MetalToolchain-v27.1.266.1.JcDImA/Metal.xctoolchain --module-name DSFComboButton --sdk-root /Applications/Xcode-27.0.0-Release.Candidate.app/Contents/Developer/Platforms/WatchOS.platform/Developer/SDKs/WatchOS27.0.sdk --xcode-version 27A266a --platform-family watchOS --deployment-target 9.0 --bundle-identifier dsfcombobutton.DSFComboButton --output /Users/admin/builder/spi-builder-workspace/.derivedData/Build/Products/Debug-watchos/DSFComboButton.appintents --target-triple arm64-apple-watchos9.0 --target-triple arm64_32-apple-watchos9.0 --binary-file /Users/admin/builder/spi-builder-workspace/.derivedData/Build/Products/Debug-watchos/DSFComboButton.o --dependency-file /Users/admin/builder/spi-builder-workspace/.derivedData/Build/Intermediates.noindex/DSFComboButton.build/Debug-watchos/DSFComboButton-t.build/Objects-normal/arm64/DSFComboButton_dependency_info.dat --dependency-file /Users/admin/builder/spi-builder-workspace/.derivedData/Build/Intermediates.noindex/DSFComboButton.build/Debug-watchos/DSFComboButton-t.build/Objects-normal/arm64_32/DSFComboButton_dependency_info.dat --stringsdata-file /Users/admin/builder/spi-builder-workspace/.derivedData/Build/Intermediates.noindex/DSFComboButton.build/Debug-watchos/DSFComboButton-t.build/Objects-normal/arm64/ExtractedAppShortcutsMetadata.stringsdata --stringsdata-file /Users/admin/builder/spi-builder-workspace/.derivedData/Build/Intermediates.noindex/DSFComboButton.build/Debug-watchos/DSFComboButton-t.build/Objects-normal/arm64_32/ExtractedAppShortcutsMetadata.stringsdata --source-file-list /Users/admin/builder/spi-builder-workspace/.derivedData/Build/Intermediates.noindex/DSFComboButton.build/Debug-watchos/DSFComboButton-t.build/Objects-normal/arm64/DSFComboButton.SwiftFileList --source-file-list /Users/admin/builder/spi-builder-workspace/.derivedData/Build/Intermediates.noindex/DSFComboButton.build/Debug-watchos/DSFComboButton-t.build/Objects-normal/arm64_32/DSFComboButton.SwiftFileList --metadata-file-list /Users/admin/builder/spi-builder-workspace/.derivedData/Build/Intermediates.noindex/DSFComboButton.build/Debug-watchos/DSFComboButton-t.build/DSFComboButton.DependencyMetadataFileList --static-metadata-file-list /Users/admin/builder/spi-builder-workspace/.derivedData/Build/Intermediates.noindex/DSFComboButton.build/Debug-watchos/DSFComboButton-t.build/DSFComboButton.DependencyStaticMetadataFileList --swift-const-vals-list /Users/admin/builder/spi-builder-workspace/.derivedData/Build/Intermediates.noindex/DSFComboButton.build/Debug-watchos/DSFComboButton-t.build/Objects-normal/arm64/DSFComboButton.SwiftConstValuesFileList --swift-const-vals-list /Users/admin/builder/spi-builder-workspace/.derivedData/Build/Intermediates.noindex/DSFComboButton.build/Debug-watchos/DSFComboButton-t.build/Objects-normal/arm64_32/DSFComboButton.SwiftConstValuesFileList --force --compile-time-extraction --deployment-aware-processing --no-app-shortcuts-localization
2026-09-21 03:07:55.476 appintentsmetadataprocessor[1149:6705] Starting appintentsmetadataprocessor export
SwiftExplicitDependencyGeneratePcm arm64 /Users/admin/builder/spi-builder-workspace/.derivedData/SDKExplicitPrecompiledModules/sys_types-2KXQLI78OUCDP779AE68GZJ2.pcm
SwiftExplicitDependencyGeneratePcm arm64 /Users/admin/builder/spi-builder-workspace/.derivedData/SDKExplicitPrecompiledModules/_Builtin_stdint-8XMILLJZEGRN2XG7XZUXZ5RLX.pcm
SwiftExplicitDependencyGeneratePcm arm64 /Users/admin/builder/spi-builder-workspace/.derivedData/SDKExplicitPrecompiledModules/string_h-E6PRXK75PHIPCZFWOFCQ3QBMK.pcm
PruneExplicitPrecompiledModules /Users/admin/builder/spi-builder-workspace/.derivedData/Build/Intermediates.noindex/SwiftExplicitPrecompiledModules
PruneExplicitPrecompiledModules /Users/admin/builder/spi-builder-workspace/.derivedData/SDKExplicitPrecompiledModules
PruneExplicitPrecompiledModules /Users/admin/builder/spi-builder-workspace/.derivedData/Build/Intermediates.noindex/ExplicitPrecompiledModules
2026-09-21 03:07:51.675 xcodebuild[1031:5795] [MT] IDERunDestination: Supported platforms for the buildables in the current scheme is empty.
** BUILD FAILED **
The following build commands failed:
SwiftDriver DSFMenuBuilder normal arm64 com.apple.xcode.tools.swift.compiler (in target 'DSFMenuBuilder' from project 'DSFMenuBuilder')
SwiftDriver DSFMenuBuilder normal arm64_32 com.apple.xcode.tools.swift.compiler (in target 'DSFMenuBuilder' from project 'DSFMenuBuilder')
Building workspace DSFAppKitBuilder with scheme DSFAppKitBuilder-Package
(3 failures)
Command line invocation:
/Applications/Xcode-27.0.0-Release.Candidate.app/Contents/Developer/usr/bin/xcodebuild -IDEClonedSourcePackagesDirPathOverride=/Users/admin/builder/spi-builder-workspace/.dependencies -resolvePackageDependencies
Resolve Package Graph
Resolved source packages:
DSFAppKitBuilder: /Users/admin/builder/spi-builder-workspace
DSFPagerControl: https://github.com/dagronf/DSFPagerControl @ 2.5.2
DSFStepperView: https://github.com/dagronf/DSFStepperView @ 4.4.0
DSFAppearanceManager: https://github.com/dagronf/DSFAppearanceManager @ 3.5.1
DSFSearchField: https://github.com/dagronf/DSFSearchField @ 2.2.2
DSFMenuBuilder: https://github.com/dagronf/DSFMenuBuilder @ 1.2.1
DSFValueBinders: https://github.com/dagronf/DSFValueBinders @ 1.0.1
DSFToggleButton: https://github.com/dagronf/DSFToggleButton @ 7.1.0
DSFComboButton: https://github.com/dagronf/DSFComboButton @ 1.0.0
resolved source packages: DSFAppKitBuilder, DSFPagerControl, DSFStepperView, DSFAppearanceManager, DSFSearchField, DSFMenuBuilder, DSFValueBinders, DSFToggleButton, DSFComboButton
2026-09-21 03:07:56.729 xcodebuild[1153:6727] [MT] IDERunDestination: Supported platforms for the buildables in the current scheme is empty.
{
"dependencies" : [
{
"identity" : "dsfpagercontrol",
"requirement" : {
"range" : [
{
"lower_bound" : "2.5.2",
"upper_bound" : "3.0.0"
}
]
},
"type" : "sourceControl",
"url" : "https://github.com/dagronf/DSFPagerControl"
},
{
"identity" : "dsfmenubuilder",
"requirement" : {
"range" : [
{
"lower_bound" : "1.2.1",
"upper_bound" : "2.0.0"
}
]
},
"type" : "sourceControl",
"url" : "https://github.com/dagronf/DSFMenuBuilder"
},
{
"identity" : "dsfvaluebinders",
"requirement" : {
"range" : [
{
"lower_bound" : "1.0.0",
"upper_bound" : "1.1.0"
}
]
},
"type" : "sourceControl",
"url" : "https://github.com/dagronf/DSFValueBinders"
},
{
"identity" : "dsfcombobutton",
"requirement" : {
"range" : [
{
"lower_bound" : "1.0.0",
"upper_bound" : "2.0.0"
}
]
},
"type" : "sourceControl",
"url" : "https://github.com/dagronf/DSFComboButton"
},
{
"identity" : "dsftogglebutton",
"requirement" : {
"range" : [
{
"lower_bound" : "7.1.0",
"upper_bound" : "8.0.0"
}
]
},
"type" : "sourceControl",
"url" : "https://github.com/dagronf/DSFToggleButton"
},
{
"identity" : "dsfstepperview",
"requirement" : {
"range" : [
{
"lower_bound" : "4.3.0",
"upper_bound" : "5.0.0"
}
]
},
"type" : "sourceControl",
"url" : "https://github.com/dagronf/DSFStepperView"
},
{
"identity" : "dsfsearchfield",
"requirement" : {
"range" : [
{
"lower_bound" : "2.2.2",
"upper_bound" : "3.0.0"
}
]
},
"type" : "sourceControl",
"url" : "https://github.com/dagronf/DSFSearchField"
}
],
"manifest_display_name" : "DSFAppKitBuilder",
"name" : "DSFAppKitBuilder",
"path" : "/Users/admin/builder/spi-builder-workspace",
"platforms" : [
{
"name" : "macos",
"version" : "10.13"
}
],
"products" : [
{
"name" : "DSFAppKitBuilder",
"targets" : [
"DSFAppKitBuilder"
],
"type" : {
"library" : [
"automatic"
]
}
},
{
"name" : "DSFAppKitBuilder-static",
"targets" : [
"DSFAppKitBuilder"
],
"type" : {
"library" : [
"static"
]
}
},
{
"name" : "DSFAppKitBuilder-shared",
"targets" : [
"DSFAppKitBuilder"
],
"type" : {
"library" : [
"dynamic"
]
}
}
],
"targets" : [
{
"c99name" : "DSFAppKitBuilderTests",
"module_type" : "SwiftTarget",
"name" : "DSFAppKitBuilderTests",
"path" : "Tests/DSFAppKitBuilderTests",
"sources" : [
"DSFAppKitDSLTests.swift"
],
"target_dependencies" : [
"DSFAppKitBuilder"
],
"type" : "test"
},
{
"c99name" : "DSFAppKitBuilder",
"module_type" : "SwiftTarget",
"name" : "DSFAppKitBuilder",
"path" : "Sources/DSFAppKitBuilder",
"product_dependencies" : [
"DSFMenuBuilder",
"DSFPagerControl",
"DSFValueBinders",
"DSFComboButton",
"DSFToggleButton",
"DSFStepperView",
"DSFSearchField"
],
"product_memberships" : [
"DSFAppKitBuilder",
"DSFAppKitBuilder-static",
"DSFAppKitBuilder-shared"
],
"sources" : [
"DSFAppKitBuilder.swift",
"DSFAppKitBuilderViewHandler.swift",
"binders/DoubleStringBinder.swift",
"binders/ElementBinder.swift",
"binders/WindowBinder.swift",
"components/Accessibility.swift",
"components/AttributedString.swift",
"components/AutoLayout.swift",
"components/Box.swift",
"components/Button+radio.swift",
"components/Button.swift",
"components/ButtonStyle.swift",
"components/CheckBox.swift",
"components/ColorWell.swift",
"components/ComboBox.swift",
"components/ComboButton.swift",
"components/Control.swift",
"components/DatePicker.swift",
"components/DisclosureGroup.swift",
"components/DisclosureView.swift",
"components/Divider.swift",
"components/DynamicElement.swift",
"components/EmptyView.swift",
"components/FlatButton.swift",
"components/Flow.swift",
"components/ForEach.swift",
"components/Form.swift",
"components/Grid.swift",
"components/Group.swift",
"components/IfElse.swift",
"components/Image.swift",
"components/ImageView.swift",
"components/Label.swift",
"components/LabelStyle.swift",
"components/LevelIndicator.swift",
"components/Link.swift",
"components/List.swift",
"components/ManagedWindow.swift",
"components/Maybe.swift",
"components/Nothing.swift",
"components/OneOf.swift",
"components/Pager.swift",
"components/PathControl.swift",
"components/PlainTextView.swift",
"components/PopupButton.swift",
"components/ProgressBar.swift",
"components/RadioGroup.swift",
"components/ScrollView.swift",
"components/SecureTextField.swift",
"components/Segmented.swift",
"components/Shape.swift",
"components/Slider.swift",
"components/SplitView.swift",
"components/Stack.swift",
"components/StackStyle.swift",
"components/Stepper.swift",
"components/StepperView.swift",
"components/Switch.swift",
"components/TabView.swift",
"components/Toggle.swift",
"components/View+SwiftUI.swift",
"components/View.swift",
"components/VisualEffectView.swift",
"components/Window.swift",
"components/ZStack.swift",
"components/ZoomableScrollView.swift",
"components/element/Element+Alert.swift",
"components/element/Element+Change.swift",
"components/element/Element+Gestures.swift",
"components/element/Element+Panel.swift",
"components/element/Element+Popover.swift",
"components/element/Element+Sheet.swift",
"components/element/Element+Size.swift",
"components/element/Element.swift",
"components/text-field/NumberField.swift",
"components/text-field/SearchField.swift",
"components/text-field/TextField.swift",
"components/text-field/TokenField.swift",
"fonts/DynamicFont.swift",
"fonts/DynamicFontService.swift",
"fonts/Font.swift",
"presentation/DSFAppKitBuilderAssignableViewController.swift",
"presentation/DSFAppKitBuilderView.swift",
"presentation/DSFAppKitBuilderViewController.swift",
"presentation/SwiftUIPreviews.swift",
"utils/Animations.swift",
"utils/Autolayout+helpers.swift",
"utils/BindingBag.swift",
"utils/CGColor+extensions.swift",
"utils/CGSize+extensions.swift",
"utils/CSFlatButton.swift",
"utils/CenteringClipView.swift",
"utils/CustomValueTransformers.swift",
"utils/EmbeddedLayoutType.swift",
"utils/Logging.swift",
"utils/NSBezierPath+extensions.swift",
"utils/NSColor+extensions.swift",
"utils/NSGestureRecognizer+actionblock.swift",
"utils/NumberFormatter+extensions.swift",
"utils/PaddableTextField.swift",
"utils/ProtectedLock.swift",
"utils/RangeComponentBinder.swift",
"utils/ScrollableTextView.swift",
"utils/Shadow.swift",
"utils/TrackingArea.swift",
"utils/Utilities.swift",
"utils/VerticalSizingTokenField.swift"
],
"type" : "library"
}
],
"tools_version" : "5.5"
}
{
"workspace" : {
"name" : "DSFAppKitBuilder",
"schemes" : [
"DSFAppKitBuilder",
"DSFAppKitBuilder-Package",
"DSFAppKitBuilder-shared",
"DSFAppKitBuilder-static",
"DSFMenuBuilder",
"DSFMenuBuilder-Package",
"DSFMenuBuilderDynamic",
"DSFValueBinders",
"DSFValueBinders-Package",
"DSFValueBinders-shared"
]
}
}
2026-09-21 03:07:58.176 xcodebuild[1161:6790] [MT] IDERunDestination: Supported platforms for the buildables in the current scheme is empty.
Running build ...
env DEVELOPER_DIR=/Applications/Xcode-27.0.0-Release.Candidate.app xcrun xcodebuild -IDEClonedSourcePackagesDirPathOverride=$PWD/.dependencies -skipMacroValidation -skipPackagePluginValidation -derivedDataPath $PWD/.derivedData build -scheme DSFAppKitBuilder-Package -destination generic/platform=watchOS
Command line invocation:
/Applications/Xcode-27.0.0-Release.Candidate.app/Contents/Developer/usr/bin/xcodebuild -IDEClonedSourcePackagesDirPathOverride=/Users/admin/builder/spi-builder-workspace/.dependencies -skipMacroValidation -skipPackagePluginValidation -derivedDataPath /Users/admin/builder/spi-builder-workspace/.derivedData build -scheme DSFAppKitBuilder-Package -destination generic/platform=watchOS
Resolve Package Graph
Resolved source packages:
DSFSearchField: https://github.com/dagronf/DSFSearchField @ 2.2.2
DSFAppearanceManager: https://github.com/dagronf/DSFAppearanceManager @ 3.5.1
DSFMenuBuilder: https://github.com/dagronf/DSFMenuBuilder @ 1.2.1
DSFToggleButton: https://github.com/dagronf/DSFToggleButton @ 7.1.0
DSFValueBinders: https://github.com/dagronf/DSFValueBinders @ 1.0.1
DSFAppKitBuilder: /Users/admin/builder/spi-builder-workspace
DSFComboButton: https://github.com/dagronf/DSFComboButton @ 1.0.0
DSFPagerControl: https://github.com/dagronf/DSFPagerControl @ 2.5.2
DSFStepperView: https://github.com/dagronf/DSFStepperView @ 4.4.0
ComputePackagePrebuildTargetDependencyGraph
Prepare packages
CreateBuildRequest
SendProjectDescription
CreateBuildOperation
ComputeTargetDependencyGraph
note: Building targets in dependency order
note: Target dependency graph (22 targets)
Target 'DSFAppKitBuilder-shared-product' in project 'DSFAppKitBuilder'
➜ Explicit dependency on target 'DSFAppKitBuilder' in project 'DSFAppKitBuilder'
➜ Explicit dependency on target 'DSFMenuBuilder-product' in project 'DSFMenuBuilder'
➜ Explicit dependency on target 'DSFPagerControl-product' in project 'DSFPagerControl'
➜ Explicit dependency on target 'DSFValueBinders-product' in project 'DSFValueBinders'
➜ Explicit dependency on target 'DSFComboButton-product' in project 'DSFComboButton'
➜ Explicit dependency on target 'DSFToggleButton-product' in project 'DSFToggleButton'
➜ Explicit dependency on target 'DSFStepperView-product' in project 'DSFStepperView'
➜ Explicit dependency on target 'DSFSearchField-product' in project 'DSFSearchField'
Target 'DSFAppKitBuilder-static-product' in project 'DSFAppKitBuilder'
➜ Explicit dependency on target 'DSFAppKitBuilder' in project 'DSFAppKitBuilder'
➜ Explicit dependency on target 'DSFMenuBuilder-product' in project 'DSFMenuBuilder'
➜ Explicit dependency on target 'DSFPagerControl-product' in project 'DSFPagerControl'
➜ Explicit dependency on target 'DSFValueBinders-product' in project 'DSFValueBinders'
➜ Explicit dependency on target 'DSFComboButton-product' in project 'DSFComboButton'
➜ Explicit dependency on target 'DSFToggleButton-product' in project 'DSFToggleButton'
➜ Explicit dependency on target 'DSFStepperView-product' in project 'DSFStepperView'
➜ Explicit dependency on target 'DSFSearchField-product' in project 'DSFSearchField'
Target 'DSFAppKitBuilder-product' in project 'DSFAppKitBuilder'
➜ Explicit dependency on target 'DSFAppKitBuilder' in project 'DSFAppKitBuilder'
➜ Explicit dependency on target 'DSFMenuBuilder-product' in project 'DSFMenuBuilder'
➜ Explicit dependency on target 'DSFPagerControl-product' in project 'DSFPagerControl'
➜ Explicit dependency on target 'DSFValueBinders-product' in project 'DSFValueBinders'
➜ Explicit dependency on target 'DSFComboButton-product' in project 'DSFComboButton'
➜ Explicit dependency on target 'DSFToggleButton-product' in project 'DSFToggleButton'
➜ Explicit dependency on target 'DSFStepperView-product' in project 'DSFStepperView'
➜ Explicit dependency on target 'DSFSearchField-product' in project 'DSFSearchField'
Target 'DSFAppKitBuilder' in project 'DSFAppKitBuilder'
➜ Explicit dependency on target 'DSFMenuBuilder-product' in project 'DSFMenuBuilder'
➜ Explicit dependency on target 'DSFPagerControl-product' in project 'DSFPagerControl'
➜ Explicit dependency on target 'DSFValueBinders-product' in project 'DSFValueBinders'
➜ Explicit dependency on target 'DSFComboButton-product' in project 'DSFComboButton'
➜ Explicit dependency on target 'DSFToggleButton-product' in project 'DSFToggleButton'
➜ Explicit dependency on target 'DSFStepperView-product' in project 'DSFStepperView'
➜ Explicit dependency on target 'DSFSearchField-product' in project 'DSFSearchField'
Target 'DSFSearchField-product' in project 'DSFSearchField'
➜ Explicit dependency on target 'DSFSearchField' in project 'DSFSearchField'
➜ Explicit dependency on target 'DSFSearchField_DSFSearchField' in project 'DSFSearchField'
Target 'DSFSearchField' in project 'DSFSearchField'
➜ Explicit dependency on target 'DSFSearchField_DSFSearchField' in project 'DSFSearchField'
Target 'DSFSearchField_DSFSearchField' in project 'DSFSearchField' (no dependencies)
Target 'DSFStepperView-product' in project 'DSFStepperView'
➜ Explicit dependency on target 'DSFStepperView' in project 'DSFStepperView'
➜ Explicit dependency on target 'DSFStepperView_DSFStepperView' in project 'DSFStepperView'
➜ Explicit dependency on target 'DSFAppearanceManager-product' in project 'DSFAppearanceManager'
Target 'DSFStepperView' in project 'DSFStepperView'
➜ Explicit dependency on target 'DSFStepperView_DSFStepperView' in project 'DSFStepperView'
➜ Explicit dependency on target 'DSFAppearanceManager-product' in project 'DSFAppearanceManager'
Target 'DSFStepperView_DSFStepperView' in project 'DSFStepperView' (no dependencies)
Target 'DSFToggleButton-product' in project 'DSFToggleButton'
➜ Explicit dependency on target 'DSFToggleButton' in project 'DSFToggleButton'
➜ Explicit dependency on target 'DSFAppearanceManager-product' in project 'DSFAppearanceManager'
Target 'DSFToggleButton' in project 'DSFToggleButton'
➜ Explicit dependency on target 'DSFAppearanceManager-product' in project 'DSFAppearanceManager'
Target 'DSFComboButton-product' in project 'DSFComboButton'
➜ Explicit dependency on target 'DSFComboButton' in project 'DSFComboButton'
Target 'DSFComboButton' in project 'DSFComboButton' (no dependencies)
Target 'DSFValueBinders-product' in project 'DSFValueBinders'
➜ Explicit dependency on target 'DSFValueBinders' in project 'DSFValueBinders'
Target 'DSFValueBinders' in project 'DSFValueBinders' (no dependencies)
Target 'DSFPagerControl-product' in project 'DSFPagerControl'
➜ Explicit dependency on target 'DSFPagerControl' in project 'DSFPagerControl'
➜ Explicit dependency on target 'DSFAppearanceManager-product' in project 'DSFAppearanceManager'
Target 'DSFPagerControl' in project 'DSFPagerControl'
➜ Explicit dependency on target 'DSFAppearanceManager-product' in project 'DSFAppearanceManager'
Target 'DSFAppearanceManager-product' in project 'DSFAppearanceManager'
➜ Explicit dependency on target 'DSFAppearanceManager' in project 'DSFAppearanceManager'
Target 'DSFAppearanceManager' in project 'DSFAppearanceManager' (no dependencies)
Target 'DSFMenuBuilder-product' in project 'DSFMenuBuilder'
➜ Explicit dependency on target 'DSFMenuBuilder' in project 'DSFMenuBuilder'
Target 'DSFMenuBuilder' in project 'DSFMenuBuilder' (no dependencies)
GatherProvisioningInputs
CreateBuildDescription
ClangStatCache /Applications/Xcode-27.0.0-Release.Candidate.app/Contents/Developer/Toolchains/XcodeDefault.xctoolchain/usr/bin/clang-stat-cache /Applications/Xcode-27.0.0-Release.Candidate.app/Contents/Developer/Platforms/WatchOS.platform/Developer/SDKs/WatchOS27.0.sdk /Users/admin/builder/spi-builder-workspace/.derivedData/SDKStatCaches.noindex/watchos27.0-24R360-e829b21a6f8c9b70876ba0858053c04477534ef55a1706bf4c1112bbb242f0a2.sdkstatcache
cd /Users/admin/builder/spi-builder-workspace/.swiftpm/xcode
/Applications/Xcode-27.0.0-Release.Candidate.app/Contents/Developer/Toolchains/XcodeDefault.xctoolchain/usr/bin/clang-stat-cache /Applications/Xcode-27.0.0-Release.Candidate.app/Contents/Developer/Platforms/WatchOS.platform/Developer/SDKs/WatchOS27.0.sdk -o /Users/admin/builder/spi-builder-workspace/.derivedData/SDKStatCaches.noindex/watchos27.0-24R360-e829b21a6f8c9b70876ba0858053c04477534ef55a1706bf4c1112bbb242f0a2.sdkstatcache
ExtractAppIntentsMetadata (in target 'DSFComboButton' from project 'DSFComboButton')
cd /Users/admin/builder/spi-builder-workspace/.dependencies/checkouts/DSFComboButton
/Applications/Xcode-27.0.0-Release.Candidate.app/Contents/Developer/Toolchains/XcodeDefault.xctoolchain/usr/bin/appintentsmetadataprocessor --toolchain-dir /var/run/com.apple.security.cryptexd/mnt/com.apple.MobileAsset.MetalToolchain-v27.1.266.1.JcDImA/Metal.xctoolchain --module-name DSFComboButton --sdk-root /Applications/Xcode-27.0.0-Release.Candidate.app/Contents/Developer/Platforms/WatchOS.platform/Developer/SDKs/WatchOS27.0.sdk --xcode-version 27A266a --platform-family watchOS --deployment-target 9.0 --bundle-identifier dsfcombobutton.DSFComboButton --output /Users/admin/builder/spi-builder-workspace/.derivedData/Build/Products/Debug-watchos/DSFComboButton.appintents --target-triple arm64-apple-watchos9.0 --target-triple arm64_32-apple-watchos9.0 --binary-file /Users/admin/builder/spi-builder-workspace/.derivedData/Build/Products/Debug-watchos/DSFComboButton.o --dependency-file /Users/admin/builder/spi-builder-workspace/.derivedData/Build/Intermediates.noindex/DSFComboButton.build/Debug-watchos/DSFComboButton-t.build/Objects-normal/arm64/DSFComboButton_dependency_info.dat --dependency-file /Users/admin/builder/spi-builder-workspace/.derivedData/Build/Intermediates.noindex/DSFComboButton.build/Debug-watchos/DSFComboButton-t.build/Objects-normal/arm64_32/DSFComboButton_dependency_info.dat --stringsdata-file /Users/admin/builder/spi-builder-workspace/.derivedData/Build/Intermediates.noindex/DSFComboButton.build/Debug-watchos/DSFComboButton-t.build/Objects-normal/arm64/ExtractedAppShortcutsMetadata.stringsdata --stringsdata-file /Users/admin/builder/spi-builder-workspace/.derivedData/Build/Intermediates.noindex/DSFComboButton.build/Debug-watchos/DSFComboButton-t.build/Objects-normal/arm64_32/ExtractedAppShortcutsMetadata.stringsdata --source-file-list /Users/admin/builder/spi-builder-workspace/.derivedData/Build/Intermediates.noindex/DSFComboButton.build/Debug-watchos/DSFComboButton-t.build/Objects-normal/arm64/DSFComboButton.SwiftFileList --source-file-list /Users/admin/builder/spi-builder-workspace/.derivedData/Build/Intermediates.noindex/DSFComboButton.build/Debug-watchos/DSFComboButton-t.build/Objects-normal/arm64_32/DSFComboButton.SwiftFileList --metadata-file-list /Users/admin/builder/spi-builder-workspace/.derivedData/Build/Intermediates.noindex/DSFComboButton.build/Debug-watchos/DSFComboButton-t.build/DSFComboButton.DependencyMetadataFileList --static-metadata-file-list /Users/admin/builder/spi-builder-workspace/.derivedData/Build/Intermediates.noindex/DSFComboButton.build/Debug-watchos/DSFComboButton-t.build/DSFComboButton.DependencyStaticMetadataFileList --swift-const-vals-list /Users/admin/builder/spi-builder-workspace/.derivedData/Build/Intermediates.noindex/DSFComboButton.build/Debug-watchos/DSFComboButton-t.build/Objects-normal/arm64/DSFComboButton.SwiftConstValuesFileList --swift-const-vals-list /Users/admin/builder/spi-builder-workspace/.derivedData/Build/Intermediates.noindex/DSFComboButton.build/Debug-watchos/DSFComboButton-t.build/Objects-normal/arm64_32/DSFComboButton.SwiftConstValuesFileList --force --compile-time-extraction --deployment-aware-processing --no-app-shortcuts-localization
2026-09-21 03:08:00.569 appintentsmetadataprocessor[1165:6867] Starting appintentsmetadataprocessor export
2026-09-21 03:08:00.668 appintentsmetadataprocessor[1165:6867] Extracted no relevant App Intents symbols, skipping writing output
SwiftDriver DSFValueBinders normal arm64 com.apple.xcode.tools.swift.compiler (in target 'DSFValueBinders' from project 'DSFValueBinders')
cd /Users/admin/builder/spi-builder-workspace/.swiftpm/xcode
builtin-SwiftDriver -- /Applications/Xcode-27.0.0-Release.Candidate.app/Contents/Developer/Toolchains/XcodeDefault.xctoolchain/usr/bin/swiftc -parse-as-library -module-name DSFValueBinders -Onone @/Users/admin/builder/spi-builder-workspace/.derivedData/Build/Intermediates.noindex/DSFValueBinders.build/Debug-watchos/DSFValueBinders-t.build/Objects-normal/arm64/DSFValueBinders.SwiftFileList -DSWIFT_PACKAGE -DDEBUG -DSWIFT_MODULE_RESOURCE_BUNDLE_UNAVAILABLE -DXcode -plugin-path /Applications/Xcode-27.0.0-Release.Candidate.app/Contents/Developer/Toolchains/XcodeDefault.xctoolchain/usr/lib/swift/host/plugins/testing -enable-experimental-feature DebugDescriptionMacro -sdk /Applications/Xcode-27.0.0-Release.Candidate.app/Contents/Developer/Platforms/WatchOS.platform/Developer/SDKs/WatchOS27.0.sdk -target arm64-apple-watchos9.0 -g -module-cache-path /Users/admin/builder/spi-builder-workspace/.derivedData/ModuleCache.noindex -Xfrontend -serialize-debugging-options -profile-coverage-mapping -profile-generate -enable-testing -suppress-warnings -index-store-path /Users/admin/builder/spi-builder-workspace/.derivedData/Index.noindex/DataStore -Xcc -D_LIBCPP_HARDENING_MODE\=_LIBCPP_HARDENING_MODE_DEBUG -swift-version 5 -I /Users/admin/builder/spi-builder-workspace/.derivedData/Build/Products/Debug-watchos -Isystem /Applications/Xcode-27.0.0-Release.Candidate.app/Contents/Developer/Platforms/WatchOS.platform/Developer/usr/lib -F /Users/admin/builder/spi-builder-workspace/.derivedData/Build/Products/Debug-watchos -F /Applications/Xcode-27.0.0-Release.Candidate.app/Contents/Developer/Platforms/WatchOS.platform/Developer/Library/Frameworks -F /Applications/Xcode-27.0.0-Release.Candidate.app/Contents/Developer/Platforms/WatchOS.platform/Developer/SDKs/WatchOS27.0.sdk/Developer/Library/Frameworks -c -j10 -enable-batch-mode -incremental -Xcc -ivfsstatcache -Xcc /Users/admin/builder/spi-builder-workspace/.derivedData/SDKStatCaches.noindex/watchos27.0-24R360-e829b21a6f8c9b70876ba0858053c04477534ef55a1706bf4c1112bbb242f0a2.sdkstatcache -output-file-map /Users/admin/builder/spi-builder-workspace/.derivedData/Build/Intermediates.noindex/DSFValueBinders.build/Debug-watchos/DSFValueBinders-t.build/Objects-normal/arm64/DSFValueBinders-OutputFileMap.json -save-temps -no-color-diagnostics -explicit-module-build -module-cache-path /Users/admin/builder/spi-builder-workspace/.derivedData/Build/Intermediates.noindex/SwiftExplicitPrecompiledModules -clang-scanner-module-cache-path /Users/admin/builder/spi-builder-workspace/.derivedData/ModuleCache.noindex -sdk-module-cache-path /Users/admin/builder/spi-builder-workspace/.derivedData/SDKExplicitPrecompiledModules -emit-dependencies -emit-module -emit-module-path /Users/admin/builder/spi-builder-workspace/.derivedData/Build/Intermediates.noindex/DSFValueBinders.build/Debug-watchos/DSFValueBinders-t.build/Objects-normal/arm64/DSFValueBinders.swiftmodule -serialize-diagnostics -dependency-scan-serialize-diagnostics-path /Users/admin/builder/spi-builder-workspace/.derivedData/Build/Intermediates.noindex/DSFValueBinders.build/Debug-watchos/DSFValueBinders-t.build/Objects-normal/arm64/DSFValueBinders-dependency-scan.dia -validate-clang-modules-once -clang-build-session-file /Users/admin/builder/spi-builder-workspace/.derivedData/ModuleCache.noindex/Session.modulevalidation -Xcc -fmodules-prune-interval\=86400 -Xcc -fmodules-prune-after\=345600 -emit-const-values -const-gather-protocols-list /Users/admin/builder/spi-builder-workspace/.derivedData/Build/Intermediates.noindex/DSFValueBinders.build/Debug-watchos/DSFValueBinders-t.build/Objects-normal/arm64/DSFValueBinders_const_extract_protocols.json -Xcc -I/Users/admin/builder/spi-builder-workspace/.derivedData/Build/Products/Debug-watchos/include -Xcc -I/Users/admin/builder/spi-builder-workspace/.derivedData/Build/Intermediates.noindex/DSFValueBinders.build/Debug-watchos/DSFValueBinders-t.build/DerivedSources-normal/arm64 -Xcc -I/Users/admin/builder/spi-builder-workspace/.derivedData/Build/Intermediates.noindex/DSFValueBinders.build/Debug-watchos/DSFValueBinders-t.build/DerivedSources/arm64 -Xcc -I/Users/admin/builder/spi-builder-workspace/.derivedData/Build/Intermediates.noindex/DSFValueBinders.build/Debug-watchos/DSFValueBinders-t.build/DerivedSources -Xcc -DSWIFT_PACKAGE -Xcc -DDEBUG\=1 -emit-objc-header -emit-objc-header-path /Users/admin/builder/spi-builder-workspace/.derivedData/Build/Intermediates.noindex/DSFValueBinders.build/Debug-watchos/DSFValueBinders-t.build/Objects-normal/arm64/DSFValueBinders-Swift.h -working-directory /Users/admin/builder/spi-builder-workspace/.swiftpm/xcode -experimental-emit-module-separately -disable-cmo
SwiftDriver DSFValueBinders normal arm64_32 com.apple.xcode.tools.swift.compiler (in target 'DSFValueBinders' from project 'DSFValueBinders')
cd /Users/admin/builder/spi-builder-workspace/.swiftpm/xcode
builtin-SwiftDriver -- /Applications/Xcode-27.0.0-Release.Candidate.app/Contents/Developer/Toolchains/XcodeDefault.xctoolchain/usr/bin/swiftc -parse-as-library -module-name DSFValueBinders -Onone @/Users/admin/builder/spi-builder-workspace/.derivedData/Build/Intermediates.noindex/DSFValueBinders.build/Debug-watchos/DSFValueBinders-t.build/Objects-normal/arm64_32/DSFValueBinders.SwiftFileList -DSWIFT_PACKAGE -DDEBUG -DSWIFT_MODULE_RESOURCE_BUNDLE_UNAVAILABLE -DXcode -plugin-path /Applications/Xcode-27.0.0-Release.Candidate.app/Contents/Developer/Toolchains/XcodeDefault.xctoolchain/usr/lib/swift/host/plugins/testing -enable-experimental-feature DebugDescriptionMacro -sdk /Applications/Xcode-27.0.0-Release.Candidate.app/Contents/Developer/Platforms/WatchOS.platform/Developer/SDKs/WatchOS27.0.sdk -target arm64_32-apple-watchos9.0 -g -module-cache-path /Users/admin/builder/spi-builder-workspace/.derivedData/ModuleCache.noindex -Xfrontend -serialize-debugging-options -profile-coverage-mapping -profile-generate -enable-testing -suppress-warnings -index-store-path /Users/admin/builder/spi-builder-workspace/.derivedData/Index.noindex/DataStore -Xcc -D_LIBCPP_HARDENING_MODE\=_LIBCPP_HARDENING_MODE_DEBUG -swift-version 5 -I /Users/admin/builder/spi-builder-workspace/.derivedData/Build/Products/Debug-watchos -Isystem /Applications/Xcode-27.0.0-Release.Candidate.app/Contents/Developer/Platforms/WatchOS.platform/Developer/usr/lib -F /Users/admin/builder/spi-builder-workspace/.derivedData/Build/Products/Debug-watchos -F /Applications/Xcode-27.0.0-Release.Candidate.app/Contents/Developer/Platforms/WatchOS.platform/Developer/Library/Frameworks -F /Applications/Xcode-27.0.0-Release.Candidate.app/Contents/Developer/Platforms/WatchOS.platform/Developer/SDKs/WatchOS27.0.sdk/Developer/Library/Frameworks -c -j10 -enable-batch-mode -incremental -Xcc -ivfsstatcache -Xcc /Users/admin/builder/spi-builder-workspace/.derivedData/SDKStatCaches.noindex/watchos27.0-24R360-e829b21a6f8c9b70876ba0858053c04477534ef55a1706bf4c1112bbb242f0a2.sdkstatcache -output-file-map /Users/admin/builder/spi-builder-workspace/.derivedData/Build/Intermediates.noindex/DSFValueBinders.build/Debug-watchos/DSFValueBinders-t.build/Objects-normal/arm64_32/DSFValueBinders-OutputFileMap.json -save-temps -no-color-diagnostics -explicit-module-build -module-cache-path /Users/admin/builder/spi-builder-workspace/.derivedData/Build/Intermediates.noindex/SwiftExplicitPrecompiledModules -clang-scanner-module-cache-path /Users/admin/builder/spi-builder-workspace/.derivedData/ModuleCache.noindex -sdk-module-cache-path /Users/admin/builder/spi-builder-workspace/.derivedData/SDKExplicitPrecompiledModules -emit-dependencies -emit-module -emit-module-path /Users/admin/builder/spi-builder-workspace/.derivedData/Build/Intermediates.noindex/DSFValueBinders.build/Debug-watchos/DSFValueBinders-t.build/Objects-normal/arm64_32/DSFValueBinders.swiftmodule -serialize-diagnostics -dependency-scan-serialize-diagnostics-path /Users/admin/builder/spi-builder-workspace/.derivedData/Build/Intermediates.noindex/DSFValueBinders.build/Debug-watchos/DSFValueBinders-t.build/Objects-normal/arm64_32/DSFValueBinders-dependency-scan.dia -validate-clang-modules-once -clang-build-session-file /Users/admin/builder/spi-builder-workspace/.derivedData/ModuleCache.noindex/Session.modulevalidation -Xcc -fmodules-prune-interval\=86400 -Xcc -fmodules-prune-after\=345600 -emit-const-values -const-gather-protocols-list /Users/admin/builder/spi-builder-workspace/.derivedData/Build/Intermediates.noindex/DSFValueBinders.build/Debug-watchos/DSFValueBinders-t.build/Objects-normal/arm64_32/DSFValueBinders_const_extract_protocols.json -Xcc -I/Users/admin/builder/spi-builder-workspace/.derivedData/Build/Products/Debug-watchos/include -Xcc -I/Users/admin/builder/spi-builder-workspace/.derivedData/Build/Intermediates.noindex/DSFValueBinders.build/Debug-watchos/DSFValueBinders-t.build/DerivedSources-normal/arm64_32 -Xcc -I/Users/admin/builder/spi-builder-workspace/.derivedData/Build/Intermediates.noindex/DSFValueBinders.build/Debug-watchos/DSFValueBinders-t.build/DerivedSources/arm64_32 -Xcc -I/Users/admin/builder/spi-builder-workspace/.derivedData/Build/Intermediates.noindex/DSFValueBinders.build/Debug-watchos/DSFValueBinders-t.build/DerivedSources -Xcc -DSWIFT_PACKAGE -Xcc -DDEBUG\=1 -emit-objc-header -emit-objc-header-path /Users/admin/builder/spi-builder-workspace/.derivedData/Build/Intermediates.noindex/DSFValueBinders.build/Debug-watchos/DSFValueBinders-t.build/Objects-normal/arm64_32/DSFValueBinders-Swift.h -working-directory /Users/admin/builder/spi-builder-workspace/.swiftpm/xcode -experimental-emit-module-separately -disable-cmo
SwiftDriver DSFSearchField normal arm64 com.apple.xcode.tools.swift.compiler (in target 'DSFSearchField' from project 'DSFSearchField')
cd /Users/admin/builder/spi-builder-workspace/.swiftpm/xcode
builtin-SwiftDriver -- /Applications/Xcode-27.0.0-Release.Candidate.app/Contents/Developer/Toolchains/XcodeDefault.xctoolchain/usr/bin/swiftc -parse-as-library -module-name DSFSearchField -Onone @/Users/admin/builder/spi-builder-workspace/.derivedData/Build/Intermediates.noindex/DSFSearchField.build/Debug-watchos/DSFSearchField-t.build/Objects-normal/arm64/DSFSearchField.SwiftFileList -DSWIFT_PACKAGE -DDEBUG -DSWIFT_MODULE_RESOURCE_BUNDLE_AVAILABLE -DXcode -plugin-path /Applications/Xcode-27.0.0-Release.Candidate.app/Contents/Developer/Toolchains/XcodeDefault.xctoolchain/usr/lib/swift/host/plugins/testing -enable-experimental-feature DebugDescriptionMacro -sdk /Applications/Xcode-27.0.0-Release.Candidate.app/Contents/Developer/Platforms/WatchOS.platform/Developer/SDKs/WatchOS27.0.sdk -target arm64-apple-watchos9.0 -g -module-cache-path /Users/admin/builder/spi-builder-workspace/.derivedData/ModuleCache.noindex -Xfrontend -serialize-debugging-options -profile-coverage-mapping -profile-generate -enable-testing -suppress-warnings -index-store-path /Users/admin/builder/spi-builder-workspace/.derivedData/Index.noindex/DataStore -Xcc -D_LIBCPP_HARDENING_MODE\=_LIBCPP_HARDENING_MODE_DEBUG -swift-version 5 -I /Users/admin/builder/spi-builder-workspace/.derivedData/Build/Products/Debug-watchos -Isystem /Applications/Xcode-27.0.0-Release.Candidate.app/Contents/Developer/Platforms/WatchOS.platform/Developer/usr/lib -F /Users/admin/builder/spi-builder-workspace/.derivedData/Build/Products/Debug-watchos -F /Applications/Xcode-27.0.0-Release.Candidate.app/Contents/Developer/Platforms/WatchOS.platform/Developer/Library/Frameworks -F /Applications/Xcode-27.0.0-Release.Candidate.app/Contents/Developer/Platforms/WatchOS.platform/Developer/SDKs/WatchOS27.0.sdk/Developer/Library/Frameworks -emit-localized-strings -emit-localized-strings-path /Users/admin/builder/spi-builder-workspace/.derivedData/Build/Intermediates.noindex/DSFSearchField.build/Debug-watchos/DSFSearchField-t.build/Objects-normal/arm64 -c -j10 -enable-batch-mode -incremental -Xcc -ivfsstatcache -Xcc /Users/admin/builder/spi-builder-workspace/.derivedData/SDKStatCaches.noindex/watchos27.0-24R360-e829b21a6f8c9b70876ba0858053c04477534ef55a1706bf4c1112bbb242f0a2.sdkstatcache -output-file-map /Users/admin/builder/spi-builder-workspace/.derivedData/Build/Intermediates.noindex/DSFSearchField.build/Debug-watchos/DSFSearchField-t.build/Objects-normal/arm64/DSFSearchField-OutputFileMap.json -save-temps -no-color-diagnostics -explicit-module-build -module-cache-path /Users/admin/builder/spi-builder-workspace/.derivedData/Build/Intermediates.noindex/SwiftExplicitPrecompiledModules -clang-scanner-module-cache-path /Users/admin/builder/spi-builder-workspace/.derivedData/ModuleCache.noindex -sdk-module-cache-path /Users/admin/builder/spi-builder-workspace/.derivedData/SDKExplicitPrecompiledModules -emit-dependencies -emit-module -emit-module-path /Users/admin/builder/spi-builder-workspace/.derivedData/Build/Intermediates.noindex/DSFSearchField.build/Debug-watchos/DSFSearchField-t.build/Objects-normal/arm64/DSFSearchField.swiftmodule -serialize-diagnostics -dependency-scan-serialize-diagnostics-path /Users/admin/builder/spi-builder-workspace/.derivedData/Build/Intermediates.noindex/DSFSearchField.build/Debug-watchos/DSFSearchField-t.build/Objects-normal/arm64/DSFSearchField-dependency-scan.dia -validate-clang-modules-once -clang-build-session-file /Users/admin/builder/spi-builder-workspace/.derivedData/ModuleCache.noindex/Session.modulevalidation -Xcc -fmodules-prune-interval\=86400 -Xcc -fmodules-prune-after\=345600 -emit-const-values -const-gather-protocols-list /Users/admin/builder/spi-builder-workspace/.derivedData/Build/Intermediates.noindex/DSFSearchField.build/Debug-watchos/DSFSearchField-t.build/Objects-normal/arm64/DSFSearchField_const_extract_protocols.json -Xcc -I/Users/admin/builder/spi-builder-workspace/.derivedData/Build/Products/Debug-watchos/include -Xcc -I/Users/admin/builder/spi-builder-workspace/.derivedData/Build/Intermediates.noindex/DSFSearchField.build/Debug-watchos/DSFSearchField-t.build/DerivedSources-normal/arm64 -Xcc -I/Users/admin/builder/spi-builder-workspace/.derivedData/Build/Intermediates.noindex/DSFSearchField.build/Debug-watchos/DSFSearchField-t.build/DerivedSources/arm64 -Xcc -I/Users/admin/builder/spi-builder-workspace/.derivedData/Build/Intermediates.noindex/DSFSearchField.build/Debug-watchos/DSFSearchField-t.build/DerivedSources -Xcc -DSWIFT_PACKAGE -Xcc -DDEBUG\=1 -emit-objc-header -emit-objc-header-path /Users/admin/builder/spi-builder-workspace/.derivedData/Build/Intermediates.noindex/DSFSearchField.build/Debug-watchos/DSFSearchField-t.build/Objects-normal/arm64/DSFSearchField-Swift.h -working-directory /Users/admin/builder/spi-builder-workspace/.swiftpm/xcode -experimental-emit-module-separately -disable-cmo
SwiftDriver DSFSearchField normal arm64_32 com.apple.xcode.tools.swift.compiler (in target 'DSFSearchField' from project 'DSFSearchField')
cd /Users/admin/builder/spi-builder-workspace/.swiftpm/xcode
builtin-SwiftDriver -- /Applications/Xcode-27.0.0-Release.Candidate.app/Contents/Developer/Toolchains/XcodeDefault.xctoolchain/usr/bin/swiftc -parse-as-library -module-name DSFSearchField -Onone @/Users/admin/builder/spi-builder-workspace/.derivedData/Build/Intermediates.noindex/DSFSearchField.build/Debug-watchos/DSFSearchField-t.build/Objects-normal/arm64_32/DSFSearchField.SwiftFileList -DSWIFT_PACKAGE -DDEBUG -DSWIFT_MODULE_RESOURCE_BUNDLE_AVAILABLE -DXcode -plugin-path /Applications/Xcode-27.0.0-Release.Candidate.app/Contents/Developer/Toolchains/XcodeDefault.xctoolchain/usr/lib/swift/host/plugins/testing -enable-experimental-feature DebugDescriptionMacro -sdk /Applications/Xcode-27.0.0-Release.Candidate.app/Contents/Developer/Platforms/WatchOS.platform/Developer/SDKs/WatchOS27.0.sdk -target arm64_32-apple-watchos9.0 -g -module-cache-path /Users/admin/builder/spi-builder-workspace/.derivedData/ModuleCache.noindex -Xfrontend -serialize-debugging-options -profile-coverage-mapping -profile-generate -enable-testing -suppress-warnings -index-store-path /Users/admin/builder/spi-builder-workspace/.derivedData/Index.noindex/DataStore -Xcc -D_LIBCPP_HARDENING_MODE\=_LIBCPP_HARDENING_MODE_DEBUG -swift-version 5 -I /Users/admin/builder/spi-builder-workspace/.derivedData/Build/Products/Debug-watchos -Isystem /Applications/Xcode-27.0.0-Release.Candidate.app/Contents/Developer/Platforms/WatchOS.platform/Developer/usr/lib -F /Users/admin/builder/spi-builder-workspace/.derivedData/Build/Products/Debug-watchos -F /Applications/Xcode-27.0.0-Release.Candidate.app/Contents/Developer/Platforms/WatchOS.platform/Developer/Library/Frameworks -F /Applications/Xcode-27.0.0-Release.Candidate.app/Contents/Developer/Platforms/WatchOS.platform/Developer/SDKs/WatchOS27.0.sdk/Developer/Library/Frameworks -emit-localized-strings -emit-localized-strings-path /Users/admin/builder/spi-builder-workspace/.derivedData/Build/Intermediates.noindex/DSFSearchField.build/Debug-watchos/DSFSearchField-t.build/Objects-normal/arm64_32 -c -j10 -enable-batch-mode -incremental -Xcc -ivfsstatcache -Xcc /Users/admin/builder/spi-builder-workspace/.derivedData/SDKStatCaches.noindex/watchos27.0-24R360-e829b21a6f8c9b70876ba0858053c04477534ef55a1706bf4c1112bbb242f0a2.sdkstatcache -output-file-map /Users/admin/builder/spi-builder-workspace/.derivedData/Build/Intermediates.noindex/DSFSearchField.build/Debug-watchos/DSFSearchField-t.build/Objects-normal/arm64_32/DSFSearchField-OutputFileMap.json -save-temps -no-color-diagnostics -explicit-module-build -module-cache-path /Users/admin/builder/spi-builder-workspace/.derivedData/Build/Intermediates.noindex/SwiftExplicitPrecompiledModules -clang-scanner-module-cache-path /Users/admin/builder/spi-builder-workspace/.derivedData/ModuleCache.noindex -sdk-module-cache-path /Users/admin/builder/spi-builder-workspace/.derivedData/SDKExplicitPrecompiledModules -emit-dependencies -emit-module -emit-module-path /Users/admin/builder/spi-builder-workspace/.derivedData/Build/Intermediates.noindex/DSFSearchField.build/Debug-watchos/DSFSearchField-t.build/Objects-normal/arm64_32/DSFSearchField.swiftmodule -serialize-diagnostics -dependency-scan-serialize-diagnostics-path /Users/admin/builder/spi-builder-workspace/.derivedData/Build/Intermediates.noindex/DSFSearchField.build/Debug-watchos/DSFSearchField-t.build/Objects-normal/arm64_32/DSFSearchField-dependency-scan.dia -validate-clang-modules-once -clang-build-session-file /Users/admin/builder/spi-builder-workspace/.derivedData/ModuleCache.noindex/Session.modulevalidation -Xcc -fmodules-prune-interval\=86400 -Xcc -fmodules-prune-after\=345600 -emit-const-values -const-gather-protocols-list /Users/admin/builder/spi-builder-workspace/.derivedData/Build/Intermediates.noindex/DSFSearchField.build/Debug-watchos/DSFSearchField-t.build/Objects-normal/arm64_32/DSFSearchField_const_extract_protocols.json -Xcc -I/Users/admin/builder/spi-builder-workspace/.derivedData/Build/Products/Debug-watchos/include -Xcc -I/Users/admin/builder/spi-builder-workspace/.derivedData/Build/Intermediates.noindex/DSFSearchField.build/Debug-watchos/DSFSearchField-t.build/DerivedSources-normal/arm64_32 -Xcc -I/Users/admin/builder/spi-builder-workspace/.derivedData/Build/Intermediates.noindex/DSFSearchField.build/Debug-watchos/DSFSearchField-t.build/DerivedSources/arm64_32 -Xcc -I/Users/admin/builder/spi-builder-workspace/.derivedData/Build/Intermediates.noindex/DSFSearchField.build/Debug-watchos/DSFSearchField-t.build/DerivedSources -Xcc -DSWIFT_PACKAGE -Xcc -DDEBUG\=1 -emit-objc-header -emit-objc-header-path /Users/admin/builder/spi-builder-workspace/.derivedData/Build/Intermediates.noindex/DSFSearchField.build/Debug-watchos/DSFSearchField-t.build/Objects-normal/arm64_32/DSFSearchField-Swift.h -working-directory /Users/admin/builder/spi-builder-workspace/.swiftpm/xcode -experimental-emit-module-separately -disable-cmo
SwiftDriver DSFMenuBuilder normal arm64_32 com.apple.xcode.tools.swift.compiler (in target 'DSFMenuBuilder' from project 'DSFMenuBuilder')
cd /Users/admin/builder/spi-builder-workspace/.swiftpm/xcode
builtin-SwiftDriver -- /Applications/Xcode-27.0.0-Release.Candidate.app/Contents/Developer/Toolchains/XcodeDefault.xctoolchain/usr/bin/swiftc -parse-as-library -module-name DSFMenuBuilder -Onone @/Users/admin/builder/spi-builder-workspace/.derivedData/Build/Intermediates.noindex/DSFMenuBuilder.build/Debug-watchos/DSFMenuBuilder-t.build/Objects-normal/arm64_32/DSFMenuBuilder.SwiftFileList -DSWIFT_PACKAGE -DDEBUG -DSWIFT_MODULE_RESOURCE_BUNDLE_UNAVAILABLE -DXcode -plugin-path /Applications/Xcode-27.0.0-Release.Candidate.app/Contents/Developer/Toolchains/XcodeDefault.xctoolchain/usr/lib/swift/host/plugins/testing -enable-experimental-feature DebugDescriptionMacro -sdk /Applications/Xcode-27.0.0-Release.Candidate.app/Contents/Developer/Platforms/WatchOS.platform/Developer/SDKs/WatchOS27.0.sdk -target arm64_32-apple-watchos9.0 -g -module-cache-path /Users/admin/builder/spi-builder-workspace/.derivedData/ModuleCache.noindex -Xfrontend -serialize-debugging-options -profile-coverage-mapping -profile-generate -enable-testing -suppress-warnings -index-store-path /Users/admin/builder/spi-builder-workspace/.derivedData/Index.noindex/DataStore -Xcc -D_LIBCPP_HARDENING_MODE\=_LIBCPP_HARDENING_MODE_DEBUG -swift-version 5 -I /Users/admin/builder/spi-builder-workspace/.derivedData/Build/Products/Debug-watchos -Isystem /Applications/Xcode-27.0.0-Release.Candidate.app/Contents/Developer/Platforms/WatchOS.platform/Developer/usr/lib -F /Users/admin/builder/spi-builder-workspace/.derivedData/Build/Products/Debug-watchos -F /Applications/Xcode-27.0.0-Release.Candidate.app/Contents/Developer/Platforms/WatchOS.platform/Developer/Library/Frameworks -F /Applications/Xcode-27.0.0-Release.Candidate.app/Contents/Developer/Platforms/WatchOS.platform/Developer/SDKs/WatchOS27.0.sdk/Developer/Library/Frameworks -c -j10 -enable-batch-mode -incremental -Xcc -ivfsstatcache -Xcc /Users/admin/builder/spi-builder-workspace/.derivedData/SDKStatCaches.noindex/watchos27.0-24R360-e829b21a6f8c9b70876ba0858053c04477534ef55a1706bf4c1112bbb242f0a2.sdkstatcache -output-file-map /Users/admin/builder/spi-builder-workspace/.derivedData/Build/Intermediates.noindex/DSFMenuBuilder.build/Debug-watchos/DSFMenuBuilder-t.build/Objects-normal/arm64_32/DSFMenuBuilder-OutputFileMap.json -save-temps -no-color-diagnostics -explicit-module-build -module-cache-path /Users/admin/builder/spi-builder-workspace/.derivedData/Build/Intermediates.noindex/SwiftExplicitPrecompiledModules -clang-scanner-module-cache-path /Users/admin/builder/spi-builder-workspace/.derivedData/ModuleCache.noindex -sdk-module-cache-path /Users/admin/builder/spi-builder-workspace/.derivedData/SDKExplicitPrecompiledModules -emit-dependencies -emit-module -emit-module-path /Users/admin/builder/spi-builder-workspace/.derivedData/Build/Intermediates.noindex/DSFMenuBuilder.build/Debug-watchos/DSFMenuBuilder-t.build/Objects-normal/arm64_32/DSFMenuBuilder.swiftmodule -serialize-diagnostics -dependency-scan-serialize-diagnostics-path /Users/admin/builder/spi-builder-workspace/.derivedData/Build/Intermediates.noindex/DSFMenuBuilder.build/Debug-watchos/DSFMenuBuilder-t.build/Objects-normal/arm64_32/DSFMenuBuilder-dependency-scan.dia -validate-clang-modules-once -clang-build-session-file /Users/admin/builder/spi-builder-workspace/.derivedData/ModuleCache.noindex/Session.modulevalidation -Xcc -fmodules-prune-interval\=86400 -Xcc -fmodules-prune-after\=345600 -emit-const-values -const-gather-protocols-list /Users/admin/builder/spi-builder-workspace/.derivedData/Build/Intermediates.noindex/DSFMenuBuilder.build/Debug-watchos/DSFMenuBuilder-t.build/Objects-normal/arm64_32/DSFMenuBuilder_const_extract_protocols.json -Xcc -I/Users/admin/builder/spi-builder-workspace/.derivedData/Build/Products/Debug-watchos/include -Xcc -I/Users/admin/builder/spi-builder-workspace/.derivedData/Build/Intermediates.noindex/DSFMenuBuilder.build/Debug-watchos/DSFMenuBuilder-t.build/DerivedSources-normal/arm64_32 -Xcc -I/Users/admin/builder/spi-builder-workspace/.derivedData/Build/Intermediates.noindex/DSFMenuBuilder.build/Debug-watchos/DSFMenuBuilder-t.build/DerivedSources/arm64_32 -Xcc -I/Users/admin/builder/spi-builder-workspace/.derivedData/Build/Intermediates.noindex/DSFMenuBuilder.build/Debug-watchos/DSFMenuBuilder-t.build/DerivedSources -Xcc -DSWIFT_PACKAGE -Xcc -DDEBUG\=1 -emit-objc-header -emit-objc-header-path /Users/admin/builder/spi-builder-workspace/.derivedData/Build/Intermediates.noindex/DSFMenuBuilder.build/Debug-watchos/DSFMenuBuilder-t.build/Objects-normal/arm64_32/DSFMenuBuilder-Swift.h -working-directory /Users/admin/builder/spi-builder-workspace/.swiftpm/xcode -experimental-emit-module-separately -disable-cmo
/Users/admin/builder/spi-builder-workspace/.dependencies/checkouts/DSFMenuBuilder/Sources/DSFMenuBuilder/Menu.swift:27:8: error: Unable to resolve module dependency: 'AppKit' (in target 'DSFMenuBuilder' from project 'DSFMenuBuilder')
note: A dependency of main module 'DSFMenuBuilder'
/Users/admin/builder/spi-builder-workspace/.dependencies/checkouts/DSFMenuBuilder/Sources/DSFMenuBuilder/MenuStateImage.swift:27:8: note: Also imported here
/Users/admin/builder/spi-builder-workspace/.dependencies/checkouts/DSFMenuBuilder/Sources/DSFMenuBuilder/NSMenu+extensions.swift:27:8: note: Also imported here
/Users/admin/builder/spi-builder-workspace/.dependencies/checkouts/DSFMenuBuilder/Sources/DSFMenuBuilder/menu-item-types/MenuItem.swift:27:8: note: Also imported here
/Users/admin/builder/spi-builder-workspace/.dependencies/checkouts/DSFMenuBuilder/Sources/DSFMenuBuilder/menu-item-types/MenuItemCollection.swift:27:8: note: Also imported here
/Users/admin/builder/spi-builder-workspace/.dependencies/checkouts/DSFMenuBuilder/Sources/DSFMenuBuilder/menu-item-types/SeparatorItem.swift:27:8: note: Also imported here
/Users/admin/builder/spi-builder-workspace/.dependencies/checkouts/DSFMenuBuilder/Sources/DSFMenuBuilder/menu-item-types/ViewItem+NSViewController.swift:27:8: note: Also imported here
/Users/admin/builder/spi-builder-workspace/.dependencies/checkouts/DSFMenuBuilder/Sources/DSFMenuBuilder/menu-item-types/ViewItem.swift:27:8: note: Also imported here
/Users/admin/builder/spi-builder-workspace/.dependencies/checkouts/DSFMenuBuilder/Sources/DSFMenuBuilder/private/AnyMenuItem.swift:27:8: note: Also imported here
/Users/admin/builder/spi-builder-workspace/.dependencies/checkouts/DSFMenuBuilder/Sources/DSFMenuBuilder/private/MenuItemTarget.swift:27:8: note: Also imported here
/Users/admin/builder/spi-builder-workspace/.dependencies/checkouts/DSFMenuBuilder/Sources/DSFMenuBuilder/Menu.swift:27:8: note: A dependency of main module 'DSFMenuBuilder'
import AppKit
^ (in target 'DSFMenuBuilder' from project 'DSFMenuBuilder')
/Users/admin/builder/spi-builder-workspace/.dependencies/checkouts/DSFMenuBuilder/Sources/DSFMenuBuilder/MenuStateImage.swift:27:8: note: Also imported here
import AppKit
^ (in target 'DSFMenuBuilder' from project 'DSFMenuBuilder')
/Users/admin/builder/spi-builder-workspace/.dependencies/checkouts/DSFMenuBuilder/Sources/DSFMenuBuilder/NSMenu+extensions.swift:27:8: note: Also imported here
import AppKit
^ (in target 'DSFMenuBuilder' from project 'DSFMenuBuilder')
/Users/admin/builder/spi-builder-workspace/.dependencies/checkouts/DSFMenuBuilder/Sources/DSFMenuBuilder/menu-item-types/MenuItem.swift:27:8: note: Also imported here
import AppKit
^ (in target 'DSFMenuBuilder' from project 'DSFMenuBuilder')
/Users/admin/builder/spi-builder-workspace/.dependencies/checkouts/DSFMenuBuilder/Sources/DSFMenuBuilder/menu-item-types/MenuItemCollection.swift:27:8: note: Also imported here
import AppKit
^ (in target 'DSFMenuBuilder' from project 'DSFMenuBuilder')
/Users/admin/builder/spi-builder-workspace/.dependencies/checkouts/DSFMenuBuilder/Sources/DSFMenuBuilder/menu-item-types/SeparatorItem.swift:27:8: note: Also imported here
import AppKit
^ (in target 'DSFMenuBuilder' from project 'DSFMenuBuilder')
/Users/admin/builder/spi-builder-workspace/.dependencies/checkouts/DSFMenuBuilder/Sources/DSFMenuBuilder/menu-item-types/ViewItem+NSViewController.swift:27:8: note: Also imported here
import AppKit
^ (in target 'DSFMenuBuilder' from project 'DSFMenuBuilder')
/Users/admin/builder/spi-builder-workspace/.dependencies/checkouts/DSFMenuBuilder/Sources/DSFMenuBuilder/menu-item-types/ViewItem.swift:27:8: note: Also imported here
import AppKit
^ (in target 'DSFMenuBuilder' from project 'DSFMenuBuilder')
/Users/admin/builder/spi-builder-workspace/.dependencies/checkouts/DSFMenuBuilder/Sources/DSFMenuBuilder/private/AnyMenuItem.swift:27:8: note: Also imported here
import AppKit
^ (in target 'DSFMenuBuilder' from project 'DSFMenuBuilder')
/Users/admin/builder/spi-builder-workspace/.dependencies/checkouts/DSFMenuBuilder/Sources/DSFMenuBuilder/private/MenuItemTarget.swift:27:8: note: Also imported here
import AppKit
^ (in target 'DSFMenuBuilder' from project 'DSFMenuBuilder')
SwiftDriver DSFMenuBuilder normal arm64 com.apple.xcode.tools.swift.compiler (in target 'DSFMenuBuilder' from project 'DSFMenuBuilder')
cd /Users/admin/builder/spi-builder-workspace/.swiftpm/xcode
builtin-SwiftDriver -- /Applications/Xcode-27.0.0-Release.Candidate.app/Contents/Developer/Toolchains/XcodeDefault.xctoolchain/usr/bin/swiftc -parse-as-library -module-name DSFMenuBuilder -Onone @/Users/admin/builder/spi-builder-workspace/.derivedData/Build/Intermediates.noindex/DSFMenuBuilder.build/Debug-watchos/DSFMenuBuilder-t.build/Objects-normal/arm64/DSFMenuBuilder.SwiftFileList -DSWIFT_PACKAGE -DDEBUG -DSWIFT_MODULE_RESOURCE_BUNDLE_UNAVAILABLE -DXcode -plugin-path /Applications/Xcode-27.0.0-Release.Candidate.app/Contents/Developer/Toolchains/XcodeDefault.xctoolchain/usr/lib/swift/host/plugins/testing -enable-experimental-feature DebugDescriptionMacro -sdk /Applications/Xcode-27.0.0-Release.Candidate.app/Contents/Developer/Platforms/WatchOS.platform/Developer/SDKs/WatchOS27.0.sdk -target arm64-apple-watchos9.0 -g -module-cache-path /Users/admin/builder/spi-builder-workspace/.derivedData/ModuleCache.noindex -Xfrontend -serialize-debugging-options -profile-coverage-mapping -profile-generate -enable-testing -suppress-warnings -index-store-path /Users/admin/builder/spi-builder-workspace/.derivedData/Index.noindex/DataStore -Xcc -D_LIBCPP_HARDENING_MODE\=_LIBCPP_HARDENING_MODE_DEBUG -swift-version 5 -I /Users/admin/builder/spi-builder-workspace/.derivedData/Build/Products/Debug-watchos -Isystem /Applications/Xcode-27.0.0-Release.Candidate.app/Contents/Developer/Platforms/WatchOS.platform/Developer/usr/lib -F /Users/admin/builder/spi-builder-workspace/.derivedData/Build/Products/Debug-watchos -F /Applications/Xcode-27.0.0-Release.Candidate.app/Contents/Developer/Platforms/WatchOS.platform/Developer/Library/Frameworks -F /Applications/Xcode-27.0.0-Release.Candidate.app/Contents/Developer/Platforms/WatchOS.platform/Developer/SDKs/WatchOS27.0.sdk/Developer/Library/Frameworks -c -j10 -enable-batch-mode -incremental -Xcc -ivfsstatcache -Xcc /Users/admin/builder/spi-builder-workspace/.derivedData/SDKStatCaches.noindex/watchos27.0-24R360-e829b21a6f8c9b70876ba0858053c04477534ef55a1706bf4c1112bbb242f0a2.sdkstatcache -output-file-map /Users/admin/builder/spi-builder-workspace/.derivedData/Build/Intermediates.noindex/DSFMenuBuilder.build/Debug-watchos/DSFMenuBuilder-t.build/Objects-normal/arm64/DSFMenuBuilder-OutputFileMap.json -save-temps -no-color-diagnostics -explicit-module-build -module-cache-path /Users/admin/builder/spi-builder-workspace/.derivedData/Build/Intermediates.noindex/SwiftExplicitPrecompiledModules -clang-scanner-module-cache-path /Users/admin/builder/spi-builder-workspace/.derivedData/ModuleCache.noindex -sdk-module-cache-path /Users/admin/builder/spi-builder-workspace/.derivedData/SDKExplicitPrecompiledModules -emit-dependencies -emit-module -emit-module-path /Users/admin/builder/spi-builder-workspace/.derivedData/Build/Intermediates.noindex/DSFMenuBuilder.build/Debug-watchos/DSFMenuBuilder-t.build/Objects-normal/arm64/DSFMenuBuilder.swiftmodule -serialize-diagnostics -dependency-scan-serialize-diagnostics-path /Users/admin/builder/spi-builder-workspace/.derivedData/Build/Intermediates.noindex/DSFMenuBuilder.build/Debug-watchos/DSFMenuBuilder-t.build/Objects-normal/arm64/DSFMenuBuilder-dependency-scan.dia -validate-clang-modules-once -clang-build-session-file /Users/admin/builder/spi-builder-workspace/.derivedData/ModuleCache.noindex/Session.modulevalidation -Xcc -fmodules-prune-interval\=86400 -Xcc -fmodules-prune-after\=345600 -emit-const-values -const-gather-protocols-list /Users/admin/builder/spi-builder-workspace/.derivedData/Build/Intermediates.noindex/DSFMenuBuilder.build/Debug-watchos/DSFMenuBuilder-t.build/Objects-normal/arm64/DSFMenuBuilder_const_extract_protocols.json -Xcc -I/Users/admin/builder/spi-builder-workspace/.derivedData/Build/Products/Debug-watchos/include -Xcc -I/Users/admin/builder/spi-builder-workspace/.derivedData/Build/Intermediates.noindex/DSFMenuBuilder.build/Debug-watchos/DSFMenuBuilder-t.build/DerivedSources-normal/arm64 -Xcc -I/Users/admin/builder/spi-builder-workspace/.derivedData/Build/Intermediates.noindex/DSFMenuBuilder.build/Debug-watchos/DSFMenuBuilder-t.build/DerivedSources/arm64 -Xcc -I/Users/admin/builder/spi-builder-workspace/.derivedData/Build/Intermediates.noindex/DSFMenuBuilder.build/Debug-watchos/DSFMenuBuilder-t.build/DerivedSources -Xcc -DSWIFT_PACKAGE -Xcc -DDEBUG\=1 -emit-objc-header -emit-objc-header-path /Users/admin/builder/spi-builder-workspace/.derivedData/Build/Intermediates.noindex/DSFMenuBuilder.build/Debug-watchos/DSFMenuBuilder-t.build/Objects-normal/arm64/DSFMenuBuilder-Swift.h -working-directory /Users/admin/builder/spi-builder-workspace/.swiftpm/xcode -experimental-emit-module-separately -disable-cmo
/Users/admin/builder/spi-builder-workspace/.dependencies/checkouts/DSFMenuBuilder/Sources/DSFMenuBuilder/Menu.swift:27:8: error: Unable to resolve module dependency: 'AppKit' (in target 'DSFMenuBuilder' from project 'DSFMenuBuilder')
note: A dependency of main module 'DSFMenuBuilder'
/Users/admin/builder/spi-builder-workspace/.dependencies/checkouts/DSFMenuBuilder/Sources/DSFMenuBuilder/MenuStateImage.swift:27:8: note: Also imported here
/Users/admin/builder/spi-builder-workspace/.dependencies/checkouts/DSFMenuBuilder/Sources/DSFMenuBuilder/NSMenu+extensions.swift:27:8: note: Also imported here
/Users/admin/builder/spi-builder-workspace/.dependencies/checkouts/DSFMenuBuilder/Sources/DSFMenuBuilder/menu-item-types/MenuItem.swift:27:8: note: Also imported here
/Users/admin/builder/spi-builder-workspace/.dependencies/checkouts/DSFMenuBuilder/Sources/DSFMenuBuilder/menu-item-types/MenuItemCollection.swift:27:8: note: Also imported here
/Users/admin/builder/spi-builder-workspace/.dependencies/checkouts/DSFMenuBuilder/Sources/DSFMenuBuilder/menu-item-types/SeparatorItem.swift:27:8: note: Also imported here
/Users/admin/builder/spi-builder-workspace/.dependencies/checkouts/DSFMenuBuilder/Sources/DSFMenuBuilder/menu-item-types/ViewItem+NSViewController.swift:27:8: note: Also imported here
/Users/admin/builder/spi-builder-workspace/.dependencies/checkouts/DSFMenuBuilder/Sources/DSFMenuBuilder/menu-item-types/ViewItem.swift:27:8: note: Also imported here
/Users/admin/builder/spi-builder-workspace/.dependencies/checkouts/DSFMenuBuilder/Sources/DSFMenuBuilder/private/AnyMenuItem.swift:27:8: note: Also imported here
/Users/admin/builder/spi-builder-workspace/.dependencies/checkouts/DSFMenuBuilder/Sources/DSFMenuBuilder/private/MenuItemTarget.swift:27:8: note: Also imported here
/Users/admin/builder/spi-builder-workspace/.dependencies/checkouts/DSFMenuBuilder/Sources/DSFMenuBuilder/Menu.swift:27:8: note: A dependency of main module 'DSFMenuBuilder'
import AppKit
^ (in target 'DSFMenuBuilder' from project 'DSFMenuBuilder')
/Users/admin/builder/spi-builder-workspace/.dependencies/checkouts/DSFMenuBuilder/Sources/DSFMenuBuilder/MenuStateImage.swift:27:8: note: Also imported here
import AppKit
^ (in target 'DSFMenuBuilder' from project 'DSFMenuBuilder')
/Users/admin/builder/spi-builder-workspace/.dependencies/checkouts/DSFMenuBuilder/Sources/DSFMenuBuilder/NSMenu+extensions.swift:27:8: note: Also imported here
import AppKit
^ (in target 'DSFMenuBuilder' from project 'DSFMenuBuilder')
/Users/admin/builder/spi-builder-workspace/.dependencies/checkouts/DSFMenuBuilder/Sources/DSFMenuBuilder/menu-item-types/MenuItem.swift:27:8: note: Also imported here
import AppKit
^ (in target 'DSFMenuBuilder' from project 'DSFMenuBuilder')
/Users/admin/builder/spi-builder-workspace/.dependencies/checkouts/DSFMenuBuilder/Sources/DSFMenuBuilder/menu-item-types/MenuItemCollection.swift:27:8: note: Also imported here
import AppKit
^ (in target 'DSFMenuBuilder' from project 'DSFMenuBuilder')
/Users/admin/builder/spi-builder-workspace/.dependencies/checkouts/DSFMenuBuilder/Sources/DSFMenuBuilder/menu-item-types/SeparatorItem.swift:27:8: note: Also imported here
import AppKit
^ (in target 'DSFMenuBuilder' from project 'DSFMenuBuilder')
/Users/admin/builder/spi-builder-workspace/.dependencies/checkouts/DSFMenuBuilder/Sources/DSFMenuBuilder/menu-item-types/ViewItem+NSViewController.swift:27:8: note: Also imported here
import AppKit
^ (in target 'DSFMenuBuilder' from project 'DSFMenuBuilder')
/Users/admin/builder/spi-builder-workspace/.dependencies/checkouts/DSFMenuBuilder/Sources/DSFMenuBuilder/menu-item-types/ViewItem.swift:27:8: note: Also imported here
import AppKit
^ (in target 'DSFMenuBuilder' from project 'DSFMenuBuilder')
/Users/admin/builder/spi-builder-workspace/.dependencies/checkouts/DSFMenuBuilder/Sources/DSFMenuBuilder/private/AnyMenuItem.swift:27:8: note: Also imported here
import AppKit
^ (in target 'DSFMenuBuilder' from project 'DSFMenuBuilder')
/Users/admin/builder/spi-builder-workspace/.dependencies/checkouts/DSFMenuBuilder/Sources/DSFMenuBuilder/private/MenuItemTarget.swift:27:8: note: Also imported here
import AppKit
^ (in target 'DSFMenuBuilder' from project 'DSFMenuBuilder')
SwiftDriver DSFAppearanceManager normal arm64_32 com.apple.xcode.tools.swift.compiler (in target 'DSFAppearanceManager' from project 'DSFAppearanceManager')
cd /Users/admin/builder/spi-builder-workspace/.swiftpm/xcode
builtin-SwiftDriver -- /Applications/Xcode-27.0.0-Release.Candidate.app/Contents/Developer/Toolchains/XcodeDefault.xctoolchain/usr/bin/swiftc -parse-as-library -module-name DSFAppearanceManager -Onone @/Users/admin/builder/spi-builder-workspace/.derivedData/Build/Intermediates.noindex/DSFAppearanceManager.build/Debug-watchos/DSFAppearanceManager-t.build/Objects-normal/arm64_32/DSFAppearanceManager.SwiftFileList -DSWIFT_PACKAGE -DDEBUG -DSWIFT_MODULE_RESOURCE_BUNDLE_UNAVAILABLE -DXcode -plugin-path /Applications/Xcode-27.0.0-Release.Candidate.app/Contents/Developer/Toolchains/XcodeDefault.xctoolchain/usr/lib/swift/host/plugins/testing -enable-experimental-feature DebugDescriptionMacro -sdk /Applications/Xcode-27.0.0-Release.Candidate.app/Contents/Developer/Platforms/WatchOS.platform/Developer/SDKs/WatchOS27.0.sdk -target arm64_32-apple-watchos9.0 -g -module-cache-path /Users/admin/builder/spi-builder-workspace/.derivedData/ModuleCache.noindex -Xfrontend -serialize-debugging-options -profile-coverage-mapping -profile-generate -enable-testing -suppress-warnings -index-store-path /Users/admin/builder/spi-builder-workspace/.derivedData/Index.noindex/DataStore -Xcc -D_LIBCPP_HARDENING_MODE\=_LIBCPP_HARDENING_MODE_DEBUG -swift-version 5 -I /Users/admin/builder/spi-builder-workspace/.derivedData/Build/Products/Debug-watchos -Isystem /Applications/Xcode-27.0.0-Release.Candidate.app/Contents/Developer/Platforms/WatchOS.platform/Developer/usr/lib -F /Users/admin/builder/spi-builder-workspace/.derivedData/Build/Products/Debug-watchos -F /Applications/Xcode-27.0.0-Release.Candidate.app/Contents/Developer/Platforms/WatchOS.platform/Developer/Library/Frameworks -F /Applications/Xcode-27.0.0-Release.Candidate.app/Contents/Developer/Platforms/WatchOS.platform/Developer/SDKs/WatchOS27.0.sdk/Developer/Library/Frameworks -c -j10 -enable-batch-mode -incremental -Xcc -ivfsstatcache -Xcc /Users/admin/builder/spi-builder-workspace/.derivedData/SDKStatCaches.noindex/watchos27.0-24R360-e829b21a6f8c9b70876ba0858053c04477534ef55a1706bf4c1112bbb242f0a2.sdkstatcache -output-file-map /Users/admin/builder/spi-builder-workspace/.derivedData/Build/Intermediates.noindex/DSFAppearanceManager.build/Debug-watchos/DSFAppearanceManager-t.build/Objects-normal/arm64_32/DSFAppearanceManager-OutputFileMap.json -save-temps -no-color-diagnostics -explicit-module-build -module-cache-path /Users/admin/builder/spi-builder-workspace/.derivedData/Build/Intermediates.noindex/SwiftExplicitPrecompiledModules -clang-scanner-module-cache-path /Users/admin/builder/spi-builder-workspace/.derivedData/ModuleCache.noindex -sdk-module-cache-path /Users/admin/builder/spi-builder-workspace/.derivedData/SDKExplicitPrecompiledModules -emit-dependencies -emit-module -emit-module-path /Users/admin/builder/spi-builder-workspace/.derivedData/Build/Intermediates.noindex/DSFAppearanceManager.build/Debug-watchos/DSFAppearanceManager-t.build/Objects-normal/arm64_32/DSFAppearanceManager.swiftmodule -serialize-diagnostics -dependency-scan-serialize-diagnostics-path /Users/admin/builder/spi-builder-workspace/.derivedData/Build/Intermediates.noindex/DSFAppearanceManager.build/Debug-watchos/DSFAppearanceManager-t.build/Objects-normal/arm64_32/DSFAppearanceManager-dependency-scan.dia -validate-clang-modules-once -clang-build-session-file /Users/admin/builder/spi-builder-workspace/.derivedData/ModuleCache.noindex/Session.modulevalidation -Xcc -fmodules-prune-interval\=86400 -Xcc -fmodules-prune-after\=345600 -emit-const-values -const-gather-protocols-list /Users/admin/builder/spi-builder-workspace/.derivedData/Build/Intermediates.noindex/DSFAppearanceManager.build/Debug-watchos/DSFAppearanceManager-t.build/Objects-normal/arm64_32/DSFAppearanceManager_const_extract_protocols.json -Xcc -I/Users/admin/builder/spi-builder-workspace/.derivedData/Build/Products/Debug-watchos/include -Xcc -I/Users/admin/builder/spi-builder-workspace/.derivedData/Build/Intermediates.noindex/DSFAppearanceManager.build/Debug-watchos/DSFAppearanceManager-t.build/DerivedSources-normal/arm64_32 -Xcc -I/Users/admin/builder/spi-builder-workspace/.derivedData/Build/Intermediates.noindex/DSFAppearanceManager.build/Debug-watchos/DSFAppearanceManager-t.build/DerivedSources/arm64_32 -Xcc -I/Users/admin/builder/spi-builder-workspace/.derivedData/Build/Intermediates.noindex/DSFAppearanceManager.build/Debug-watchos/DSFAppearanceManager-t.build/DerivedSources -Xcc -DSWIFT_PACKAGE -Xcc -DDEBUG\=1 -emit-objc-header -emit-objc-header-path /Users/admin/builder/spi-builder-workspace/.derivedData/Build/Intermediates.noindex/DSFAppearanceManager.build/Debug-watchos/DSFAppearanceManager-t.build/Objects-normal/arm64_32/DSFAppearanceManager-Swift.h -working-directory /Users/admin/builder/spi-builder-workspace/.swiftpm/xcode -experimental-emit-module-separately -disable-cmo
SwiftDriver DSFAppearanceManager normal arm64 com.apple.xcode.tools.swift.compiler (in target 'DSFAppearanceManager' from project 'DSFAppearanceManager')
cd /Users/admin/builder/spi-builder-workspace/.swiftpm/xcode
builtin-SwiftDriver -- /Applications/Xcode-27.0.0-Release.Candidate.app/Contents/Developer/Toolchains/XcodeDefault.xctoolchain/usr/bin/swiftc -parse-as-library -module-name DSFAppearanceManager -Onone @/Users/admin/builder/spi-builder-workspace/.derivedData/Build/Intermediates.noindex/DSFAppearanceManager.build/Debug-watchos/DSFAppearanceManager-t.build/Objects-normal/arm64/DSFAppearanceManager.SwiftFileList -DSWIFT_PACKAGE -DDEBUG -DSWIFT_MODULE_RESOURCE_BUNDLE_UNAVAILABLE -DXcode -plugin-path /Applications/Xcode-27.0.0-Release.Candidate.app/Contents/Developer/Toolchains/XcodeDefault.xctoolchain/usr/lib/swift/host/plugins/testing -enable-experimental-feature DebugDescriptionMacro -sdk /Applications/Xcode-27.0.0-Release.Candidate.app/Contents/Developer/Platforms/WatchOS.platform/Developer/SDKs/WatchOS27.0.sdk -target arm64-apple-watchos9.0 -g -module-cache-path /Users/admin/builder/spi-builder-workspace/.derivedData/ModuleCache.noindex -Xfrontend -serialize-debugging-options -profile-coverage-mapping -profile-generate -enable-testing -suppress-warnings -index-store-path /Users/admin/builder/spi-builder-workspace/.derivedData/Index.noindex/DataStore -Xcc -D_LIBCPP_HARDENING_MODE\=_LIBCPP_HARDENING_MODE_DEBUG -swift-version 5 -I /Users/admin/builder/spi-builder-workspace/.derivedData/Build/Products/Debug-watchos -Isystem /Applications/Xcode-27.0.0-Release.Candidate.app/Contents/Developer/Platforms/WatchOS.platform/Developer/usr/lib -F /Users/admin/builder/spi-builder-workspace/.derivedData/Build/Products/Debug-watchos -F /Applications/Xcode-27.0.0-Release.Candidate.app/Contents/Developer/Platforms/WatchOS.platform/Developer/Library/Frameworks -F /Applications/Xcode-27.0.0-Release.Candidate.app/Contents/Developer/Platforms/WatchOS.platform/Developer/SDKs/WatchOS27.0.sdk/Developer/Library/Frameworks -c -j10 -enable-batch-mode -incremental -Xcc -ivfsstatcache -Xcc /Users/admin/builder/spi-builder-workspace/.derivedData/SDKStatCaches.noindex/watchos27.0-24R360-e829b21a6f8c9b70876ba0858053c04477534ef55a1706bf4c1112bbb242f0a2.sdkstatcache -output-file-map /Users/admin/builder/spi-builder-workspace/.derivedData/Build/Intermediates.noindex/DSFAppearanceManager.build/Debug-watchos/DSFAppearanceManager-t.build/Objects-normal/arm64/DSFAppearanceManager-OutputFileMap.json -save-temps -no-color-diagnostics -explicit-module-build -module-cache-path /Users/admin/builder/spi-builder-workspace/.derivedData/Build/Intermediates.noindex/SwiftExplicitPrecompiledModules -clang-scanner-module-cache-path /Users/admin/builder/spi-builder-workspace/.derivedData/ModuleCache.noindex -sdk-module-cache-path /Users/admin/builder/spi-builder-workspace/.derivedData/SDKExplicitPrecompiledModules -emit-dependencies -emit-module -emit-module-path /Users/admin/builder/spi-builder-workspace/.derivedData/Build/Intermediates.noindex/DSFAppearanceManager.build/Debug-watchos/DSFAppearanceManager-t.build/Objects-normal/arm64/DSFAppearanceManager.swiftmodule -serialize-diagnostics -dependency-scan-serialize-diagnostics-path /Users/admin/builder/spi-builder-workspace/.derivedData/Build/Intermediates.noindex/DSFAppearanceManager.build/Debug-watchos/DSFAppearanceManager-t.build/Objects-normal/arm64/DSFAppearanceManager-dependency-scan.dia -validate-clang-modules-once -clang-build-session-file /Users/admin/builder/spi-builder-workspace/.derivedData/ModuleCache.noindex/Session.modulevalidation -Xcc -fmodules-prune-interval\=86400 -Xcc -fmodules-prune-after\=345600 -emit-const-values -const-gather-protocols-list /Users/admin/builder/spi-builder-workspace/.derivedData/Build/Intermediates.noindex/DSFAppearanceManager.build/Debug-watchos/DSFAppearanceManager-t.build/Objects-normal/arm64/DSFAppearanceManager_const_extract_protocols.json -Xcc -I/Users/admin/builder/spi-builder-workspace/.derivedData/Build/Products/Debug-watchos/include -Xcc -I/Users/admin/builder/spi-builder-workspace/.derivedData/Build/Intermediates.noindex/DSFAppearanceManager.build/Debug-watchos/DSFAppearanceManager-t.build/DerivedSources-normal/arm64 -Xcc -I/Users/admin/builder/spi-builder-workspace/.derivedData/Build/Intermediates.noindex/DSFAppearanceManager.build/Debug-watchos/DSFAppearanceManager-t.build/DerivedSources/arm64 -Xcc -I/Users/admin/builder/spi-builder-workspace/.derivedData/Build/Intermediates.noindex/DSFAppearanceManager.build/Debug-watchos/DSFAppearanceManager-t.build/DerivedSources -Xcc -DSWIFT_PACKAGE -Xcc -DDEBUG\=1 -emit-objc-header -emit-objc-header-path /Users/admin/builder/spi-builder-workspace/.derivedData/Build/Intermediates.noindex/DSFAppearanceManager.build/Debug-watchos/DSFAppearanceManager-t.build/Objects-normal/arm64/DSFAppearanceManager-Swift.h -working-directory /Users/admin/builder/spi-builder-workspace/.swiftpm/xcode -experimental-emit-module-separately -disable-cmo
SwiftExplicitDependencyGeneratePcm arm64_32 /Users/admin/builder/spi-builder-workspace/.derivedData/SDKExplicitPrecompiledModules/sys_types-8TLLMW08ZJWDGIIPKOYFGHHZW.pcm
SwiftExplicitDependencyGeneratePcm arm64_32 /Users/admin/builder/spi-builder-workspace/.derivedData/SDKExplicitPrecompiledModules/string_h-BFVLUQUSBZWYMLCU9QI7VZALW.pcm
SwiftExplicitDependencyGeneratePcm arm64_32 /Users/admin/builder/spi-builder-workspace/.derivedData/SDKExplicitPrecompiledModules/_Builtin_stdint-1HMXWI3V0V4TXHRWZOMZGZ80Y.pcm
SwiftExplicitDependencyGeneratePcm arm64 /Users/admin/builder/spi-builder-workspace/.derivedData/SDKExplicitPrecompiledModules/string_h-E6PRXK75PHIPCZFWOFCQ3QBMK.pcm
SwiftExplicitDependencyGeneratePcm arm64 /Users/admin/builder/spi-builder-workspace/.derivedData/SDKExplicitPrecompiledModules/_Builtin_stdint-8XMILLJZEGRN2XG7XZUXZ5RLX.pcm
SwiftExplicitDependencyGeneratePcm arm64 /Users/admin/builder/spi-builder-workspace/.derivedData/SDKExplicitPrecompiledModules/sys_types-2KXQLI78OUCDP779AE68GZJ2.pcm
SwiftExplicitDependencyGeneratePcm arm64_32 /Users/admin/builder/spi-builder-workspace/.derivedData/SDKExplicitPrecompiledModules/_DarwinFoundation3-3DUTYQDQSD9HUAAVY947NMWOI.pcm
SwiftExplicitDependencyGeneratePcm arm64 /Users/admin/builder/spi-builder-workspace/.derivedData/SDKExplicitPrecompiledModules/_DarwinFoundation3-B97LRG0E9GON2NUE65TVG81HU.pcm
PruneExplicitPrecompiledModules /Users/admin/builder/spi-builder-workspace/.derivedData/Build/Intermediates.noindex/ExplicitPrecompiledModules
PruneExplicitPrecompiledModules /Users/admin/builder/spi-builder-workspace/.derivedData/Build/Intermediates.noindex/SwiftExplicitPrecompiledModules
PruneExplicitPrecompiledModules /Users/admin/builder/spi-builder-workspace/.derivedData/SDKExplicitPrecompiledModules
2026-09-21 03:07:59.273 xcodebuild[1162:6817] [MT] IDERunDestination: Supported platforms for the buildables in the current scheme is empty.
** BUILD FAILED **
The following build commands failed:
SwiftDriver DSFMenuBuilder normal arm64_32 com.apple.xcode.tools.swift.compiler (in target 'DSFMenuBuilder' from project 'DSFMenuBuilder')
SwiftDriver DSFMenuBuilder normal arm64 com.apple.xcode.tools.swift.compiler (in target 'DSFMenuBuilder' from project 'DSFMenuBuilder')
Building workspace DSFAppKitBuilder with scheme DSFAppKitBuilder-Package
(3 failures)
BUILD FAILURE 6.4 watchOS