The Swift Package Index logo.Swift Package Index

Build Information

Failed to build SwiftUIScroll, reference main (94d197), with Swift 6.4 for watchOS using Xcode 27.0 on 18 Sep 2026 09:07:06 UTC.

Build Command

env DEVELOPER_DIR=/Applications/Xcode-27.0.0-Release.Candidate.app xcrun xcodebuild -IDEClonedSourcePackagesDirPathOverride=$PWD/.dependencies -skipMacroValidation -skipPackagePluginValidation -derivedDataPath $PWD/.derivedData build -scheme SwiftUIScroll -destination generic/platform=watchOS

Build Log

SwiftDriverJobDiscovery normal arm64 Compiling Double+Extensions.swift (in target 'SwiftFoundationExtensions' from project 'SwiftFoundationExtensions')
SwiftDriverJobDiscovery normal arm64 Compiling ErrorWithTrace.swift (in target 'SwiftFoundationExtensions' from project 'SwiftFoundationExtensions')
SwiftDriverJobDiscovery normal arm64 Compiling BundleInformation.swift (in target 'SwiftFoundationExtensions' from project 'SwiftFoundationExtensions')
SwiftCompile normal arm64_32 Compiling\ Comparable+Extensions.swift /Users/admin/builder/spi-builder-workspace/.dependencies/checkouts/SwiftFoundationExtensions/Sources/SwiftFoundationExtensions/Numeric/Comparable+Extensions.swift (in target 'SwiftFoundationExtensions' from project 'SwiftFoundationExtensions')
SwiftCompile normal arm64_32 /Users/admin/builder/spi-builder-workspace/.dependencies/checkouts/SwiftFoundationExtensions/Sources/SwiftFoundationExtensions/Numeric/Comparable+Extensions.swift (in target 'SwiftFoundationExtensions' from project 'SwiftFoundationExtensions')
    cd /Users/admin/builder/spi-builder-workspace/.swiftpm/xcode
    builtin-SwiftPerFileCompile Comparable+Extensions.swift
SwiftCompile normal arm64_32 Compiling\ Dictionary+Extensions.swift,\ EnumeratedSequence+Extensions.swift /Users/admin/builder/spi-builder-workspace/.dependencies/checkouts/SwiftFoundationExtensions/Sources/SwiftFoundationExtensions/Collections/Dictionary+Extensions.swift /Users/admin/builder/spi-builder-workspace/.dependencies/checkouts/SwiftFoundationExtensions/Sources/SwiftFoundationExtensions/Collections/EnumeratedSequence+Extensions.swift (in target 'SwiftFoundationExtensions' from project 'SwiftFoundationExtensions')
SwiftCompile normal arm64_32 /Users/admin/builder/spi-builder-workspace/.dependencies/checkouts/SwiftFoundationExtensions/Sources/SwiftFoundationExtensions/Collections/Dictionary+Extensions.swift (in target 'SwiftFoundationExtensions' from project 'SwiftFoundationExtensions')
    cd /Users/admin/builder/spi-builder-workspace/.swiftpm/xcode
    builtin-SwiftPerFileCompile Dictionary+Extensions.swift
SwiftCompile normal arm64_32 /Users/admin/builder/spi-builder-workspace/.dependencies/checkouts/SwiftFoundationExtensions/Sources/SwiftFoundationExtensions/Collections/EnumeratedSequence+Extensions.swift (in target 'SwiftFoundationExtensions' from project 'SwiftFoundationExtensions')
    cd /Users/admin/builder/spi-builder-workspace/.swiftpm/xcode
    builtin-SwiftPerFileCompile EnumeratedSequence+Extensions.swift
SwiftCompile normal arm64 Compiling\ Error+Extensions.swift /Users/admin/builder/spi-builder-workspace/.dependencies/checkouts/SwiftFoundationExtensions/Sources/SwiftFoundationExtensions/Logging/Error+Extensions.swift (in target 'SwiftFoundationExtensions' from project 'SwiftFoundationExtensions')
SwiftCompile normal arm64 /Users/admin/builder/spi-builder-workspace/.dependencies/checkouts/SwiftFoundationExtensions/Sources/SwiftFoundationExtensions/Logging/Error+Extensions.swift (in target 'SwiftFoundationExtensions' from project 'SwiftFoundationExtensions')
    cd /Users/admin/builder/spi-builder-workspace/.swiftpm/xcode
    builtin-SwiftPerFileCompile Error+Extensions.swift
SwiftDriverJobDiscovery normal arm64_32 Compiling ErrorWithTrace.swift (in target 'SwiftFoundationExtensions' from project 'SwiftFoundationExtensions')
SwiftDriverJobDiscovery normal arm64_32 Compiling ElapsedTimer.swift (in target 'SwiftFoundationExtensions' from project 'SwiftFoundationExtensions')
SwiftDriverJobDiscovery normal arm64 Compiling Logger+Extensions.swift (in target 'SwiftFoundationExtensions' from project 'SwiftFoundationExtensions')
SwiftDriver SwiftUIExtensions normal arm64_32 com.apple.xcode.tools.swift.compiler (in target 'SwiftUIExtensions' from project 'SwiftUIExtensions')
    cd /Users/admin/builder/spi-builder-workspace/.swiftpm/xcode
    builtin-SwiftDriver -- /Applications/Xcode-27.0.0-Release.Candidate.app/Contents/Developer/Toolchains/XcodeDefault.xctoolchain/usr/bin/swiftc -parse-as-library -module-name SwiftUIExtensions -Onone @/Users/admin/builder/spi-builder-workspace/.derivedData/Build/Intermediates.noindex/SwiftUIExtensions.build/Debug-watchos/SwiftUIExtensions-t.build/Objects-normal/arm64_32/SwiftUIExtensions.SwiftFileList -DSWIFT_PACKAGE -DDEBUG -DSWIFT_MODULE_RESOURCE_BUNDLE_UNAVAILABLE -DXcode -plugin-path /Applications/Xcode-27.0.0-Release.Candidate.app/Contents/Developer/Toolchains/XcodeDefault.xctoolchain/usr/lib/swift/host/plugins/testing -enable-experimental-feature DebugDescriptionMacro -sdk /Applications/Xcode-27.0.0-Release.Candidate.app/Contents/Developer/Platforms/WatchOS.platform/Developer/SDKs/WatchOS27.0.sdk -target arm64_32-apple-watchos9.0 -g -module-cache-path /Users/admin/builder/spi-builder-workspace/.derivedData/ModuleCache.noindex -Xfrontend -serialize-debugging-options -enable-testing -suppress-warnings -index-store-path /Users/admin/builder/spi-builder-workspace/.derivedData/Index.noindex/DataStore -Xcc -D_LIBCPP_HARDENING_MODE\=_LIBCPP_HARDENING_MODE_DEBUG -swift-version 5 -I /Users/admin/builder/spi-builder-workspace/.derivedData/Build/Products/Debug-watchos -Isystem /Applications/Xcode-27.0.0-Release.Candidate.app/Contents/Developer/Platforms/WatchOS.platform/Developer/usr/lib -F /Users/admin/builder/spi-builder-workspace/.derivedData/Build/Products/Debug-watchos/PackageFrameworks -F /Users/admin/builder/spi-builder-workspace/.derivedData/Build/Products/Debug-watchos -F /Applications/Xcode-27.0.0-Release.Candidate.app/Contents/Developer/Platforms/WatchOS.platform/Developer/Library/Frameworks -F /Applications/Xcode-27.0.0-Release.Candidate.app/Contents/Developer/Platforms/WatchOS.platform/Developer/SDKs/WatchOS27.0.sdk/Developer/Library/Frameworks -c -j10 -enable-batch-mode -incremental -Xcc -ivfsstatcache -Xcc /Users/admin/builder/spi-builder-workspace/.derivedData/SDKStatCaches.noindex/watchos27.0-24R360-e829b21a6f8c9b70876ba0858053c04477534ef55a1706bf4c1112bbb242f0a2.sdkstatcache -output-file-map /Users/admin/builder/spi-builder-workspace/.derivedData/Build/Intermediates.noindex/SwiftUIExtensions.build/Debug-watchos/SwiftUIExtensions-t.build/Objects-normal/arm64_32/SwiftUIExtensions-OutputFileMap.json -save-temps -no-color-diagnostics -explicit-module-build -module-cache-path /Users/admin/builder/spi-builder-workspace/.derivedData/Build/Intermediates.noindex/SwiftExplicitPrecompiledModules -clang-scanner-module-cache-path /Users/admin/builder/spi-builder-workspace/.derivedData/ModuleCache.noindex -sdk-module-cache-path /Users/admin/builder/spi-builder-workspace/.derivedData/SDKExplicitPrecompiledModules -emit-dependencies -emit-module -emit-module-path /Users/admin/builder/spi-builder-workspace/.derivedData/Build/Intermediates.noindex/SwiftUIExtensions.build/Debug-watchos/SwiftUIExtensions-t.build/Objects-normal/arm64_32/SwiftUIExtensions.swiftmodule -serialize-diagnostics -dependency-scan-serialize-diagnostics-path /Users/admin/builder/spi-builder-workspace/.derivedData/Build/Intermediates.noindex/SwiftUIExtensions.build/Debug-watchos/SwiftUIExtensions-t.build/Objects-normal/arm64_32/SwiftUIExtensions-dependency-scan.dia -validate-clang-modules-once -clang-build-session-file /Users/admin/builder/spi-builder-workspace/.derivedData/ModuleCache.noindex/Session.modulevalidation -Xcc -fmodules-prune-interval\=86400 -Xcc -fmodules-prune-after\=345600 -emit-const-values -const-gather-protocols-list /Users/admin/builder/spi-builder-workspace/.derivedData/Build/Intermediates.noindex/SwiftUIExtensions.build/Debug-watchos/SwiftUIExtensions-t.build/Objects-normal/arm64_32/SwiftUIExtensions_const_extract_protocols.json -Xcc -I/Users/admin/builder/spi-builder-workspace/.derivedData/Build/Products/Debug-watchos/include -Xcc -I/Users/admin/builder/spi-builder-workspace/.derivedData/Build/Intermediates.noindex/SwiftUIExtensions.build/Debug-watchos/SwiftUIExtensions-t.build/DerivedSources-normal/arm64_32 -Xcc -I/Users/admin/builder/spi-builder-workspace/.derivedData/Build/Intermediates.noindex/SwiftUIExtensions.build/Debug-watchos/SwiftUIExtensions-t.build/DerivedSources/arm64_32 -Xcc -I/Users/admin/builder/spi-builder-workspace/.derivedData/Build/Intermediates.noindex/SwiftUIExtensions.build/Debug-watchos/SwiftUIExtensions-t.build/DerivedSources -Xcc -DSWIFT_PACKAGE -Xcc -DDEBUG\=1 -emit-objc-header -emit-objc-header-path /Users/admin/builder/spi-builder-workspace/.derivedData/Build/Intermediates.noindex/SwiftUIExtensions.build/Debug-watchos/SwiftUIExtensions-t.build/Objects-normal/arm64_32/SwiftUIExtensions-Swift.h -working-directory /Users/admin/builder/spi-builder-workspace/.swiftpm/xcode -experimental-emit-module-separately -disable-cmo
SwiftDriver SwiftUIExtensions normal arm64 com.apple.xcode.tools.swift.compiler (in target 'SwiftUIExtensions' from project 'SwiftUIExtensions')
    cd /Users/admin/builder/spi-builder-workspace/.swiftpm/xcode
    builtin-SwiftDriver -- /Applications/Xcode-27.0.0-Release.Candidate.app/Contents/Developer/Toolchains/XcodeDefault.xctoolchain/usr/bin/swiftc -parse-as-library -module-name SwiftUIExtensions -Onone @/Users/admin/builder/spi-builder-workspace/.derivedData/Build/Intermediates.noindex/SwiftUIExtensions.build/Debug-watchos/SwiftUIExtensions-t.build/Objects-normal/arm64/SwiftUIExtensions.SwiftFileList -DSWIFT_PACKAGE -DDEBUG -DSWIFT_MODULE_RESOURCE_BUNDLE_UNAVAILABLE -DXcode -plugin-path /Applications/Xcode-27.0.0-Release.Candidate.app/Contents/Developer/Toolchains/XcodeDefault.xctoolchain/usr/lib/swift/host/plugins/testing -enable-experimental-feature DebugDescriptionMacro -sdk /Applications/Xcode-27.0.0-Release.Candidate.app/Contents/Developer/Platforms/WatchOS.platform/Developer/SDKs/WatchOS27.0.sdk -target arm64-apple-watchos9.0 -g -module-cache-path /Users/admin/builder/spi-builder-workspace/.derivedData/ModuleCache.noindex -Xfrontend -serialize-debugging-options -enable-testing -suppress-warnings -index-store-path /Users/admin/builder/spi-builder-workspace/.derivedData/Index.noindex/DataStore -Xcc -D_LIBCPP_HARDENING_MODE\=_LIBCPP_HARDENING_MODE_DEBUG -swift-version 5 -I /Users/admin/builder/spi-builder-workspace/.derivedData/Build/Products/Debug-watchos -Isystem /Applications/Xcode-27.0.0-Release.Candidate.app/Contents/Developer/Platforms/WatchOS.platform/Developer/usr/lib -F /Users/admin/builder/spi-builder-workspace/.derivedData/Build/Products/Debug-watchos/PackageFrameworks -F /Users/admin/builder/spi-builder-workspace/.derivedData/Build/Products/Debug-watchos -F /Applications/Xcode-27.0.0-Release.Candidate.app/Contents/Developer/Platforms/WatchOS.platform/Developer/Library/Frameworks -F /Applications/Xcode-27.0.0-Release.Candidate.app/Contents/Developer/Platforms/WatchOS.platform/Developer/SDKs/WatchOS27.0.sdk/Developer/Library/Frameworks -c -j10 -enable-batch-mode -incremental -Xcc -ivfsstatcache -Xcc /Users/admin/builder/spi-builder-workspace/.derivedData/SDKStatCaches.noindex/watchos27.0-24R360-e829b21a6f8c9b70876ba0858053c04477534ef55a1706bf4c1112bbb242f0a2.sdkstatcache -output-file-map /Users/admin/builder/spi-builder-workspace/.derivedData/Build/Intermediates.noindex/SwiftUIExtensions.build/Debug-watchos/SwiftUIExtensions-t.build/Objects-normal/arm64/SwiftUIExtensions-OutputFileMap.json -save-temps -no-color-diagnostics -explicit-module-build -module-cache-path /Users/admin/builder/spi-builder-workspace/.derivedData/Build/Intermediates.noindex/SwiftExplicitPrecompiledModules -clang-scanner-module-cache-path /Users/admin/builder/spi-builder-workspace/.derivedData/ModuleCache.noindex -sdk-module-cache-path /Users/admin/builder/spi-builder-workspace/.derivedData/SDKExplicitPrecompiledModules -emit-dependencies -emit-module -emit-module-path /Users/admin/builder/spi-builder-workspace/.derivedData/Build/Intermediates.noindex/SwiftUIExtensions.build/Debug-watchos/SwiftUIExtensions-t.build/Objects-normal/arm64/SwiftUIExtensions.swiftmodule -serialize-diagnostics -dependency-scan-serialize-diagnostics-path /Users/admin/builder/spi-builder-workspace/.derivedData/Build/Intermediates.noindex/SwiftUIExtensions.build/Debug-watchos/SwiftUIExtensions-t.build/Objects-normal/arm64/SwiftUIExtensions-dependency-scan.dia -validate-clang-modules-once -clang-build-session-file /Users/admin/builder/spi-builder-workspace/.derivedData/ModuleCache.noindex/Session.modulevalidation -Xcc -fmodules-prune-interval\=86400 -Xcc -fmodules-prune-after\=345600 -emit-const-values -const-gather-protocols-list /Users/admin/builder/spi-builder-workspace/.derivedData/Build/Intermediates.noindex/SwiftUIExtensions.build/Debug-watchos/SwiftUIExtensions-t.build/Objects-normal/arm64/SwiftUIExtensions_const_extract_protocols.json -Xcc -I/Users/admin/builder/spi-builder-workspace/.derivedData/Build/Products/Debug-watchos/include -Xcc -I/Users/admin/builder/spi-builder-workspace/.derivedData/Build/Intermediates.noindex/SwiftUIExtensions.build/Debug-watchos/SwiftUIExtensions-t.build/DerivedSources-normal/arm64 -Xcc -I/Users/admin/builder/spi-builder-workspace/.derivedData/Build/Intermediates.noindex/SwiftUIExtensions.build/Debug-watchos/SwiftUIExtensions-t.build/DerivedSources/arm64 -Xcc -I/Users/admin/builder/spi-builder-workspace/.derivedData/Build/Intermediates.noindex/SwiftUIExtensions.build/Debug-watchos/SwiftUIExtensions-t.build/DerivedSources -Xcc -DSWIFT_PACKAGE -Xcc -DDEBUG\=1 -emit-objc-header -emit-objc-header-path /Users/admin/builder/spi-builder-workspace/.derivedData/Build/Intermediates.noindex/SwiftUIExtensions.build/Debug-watchos/SwiftUIExtensions-t.build/Objects-normal/arm64/SwiftUIExtensions-Swift.h -working-directory /Users/admin/builder/spi-builder-workspace/.swiftpm/xcode -experimental-emit-module-separately -disable-cmo
SwiftDriverJobDiscovery normal arm64_32 Compiling Comparable+Extensions.swift (in target 'SwiftFoundationExtensions' from project 'SwiftFoundationExtensions')
SwiftDriverJobDiscovery normal arm64_32 Compiling Error+Extensions.swift (in target 'SwiftFoundationExtensions' from project 'SwiftFoundationExtensions')
SwiftDriverJobDiscovery normal arm64 Compiling Error+Extensions.swift (in target 'SwiftFoundationExtensions' from project 'SwiftFoundationExtensions')
SwiftDriver\ Compilation SwiftFoundationExtensions normal arm64 com.apple.xcode.tools.swift.compiler (in target 'SwiftFoundationExtensions' from project 'SwiftFoundationExtensions')
    cd /Users/admin/builder/spi-builder-workspace/.swiftpm/xcode
    builtin-Swift-Compilation -- /Applications/Xcode-27.0.0-Release.Candidate.app/Contents/Developer/Toolchains/XcodeDefault.xctoolchain/usr/bin/swiftc -parse-as-library -module-name SwiftFoundationExtensions -Onone @/Users/admin/builder/spi-builder-workspace/.derivedData/Build/Intermediates.noindex/SwiftFoundationExtensions.build/Debug-watchos/SwiftFoundationExtensions-t.build/Objects-normal/arm64/SwiftFoundationExtensions.SwiftFileList -DSWIFT_PACKAGE -DDEBUG -DSWIFT_MODULE_RESOURCE_BUNDLE_UNAVAILABLE -DXcode -plugin-path /Applications/Xcode-27.0.0-Release.Candidate.app/Contents/Developer/Toolchains/XcodeDefault.xctoolchain/usr/lib/swift/host/plugins/testing -enable-experimental-feature DebugDescriptionMacro -sdk /Applications/Xcode-27.0.0-Release.Candidate.app/Contents/Developer/Platforms/WatchOS.platform/Developer/SDKs/WatchOS27.0.sdk -target arm64-apple-watchos9.0 -g -module-cache-path /Users/admin/builder/spi-builder-workspace/.derivedData/ModuleCache.noindex -Xfrontend -serialize-debugging-options -enable-testing -suppress-warnings -index-store-path /Users/admin/builder/spi-builder-workspace/.derivedData/Index.noindex/DataStore -Xcc -D_LIBCPP_HARDENING_MODE\=_LIBCPP_HARDENING_MODE_DEBUG -swift-version 5 -I /Users/admin/builder/spi-builder-workspace/.derivedData/Build/Products/Debug-watchos -Isystem /Applications/Xcode-27.0.0-Release.Candidate.app/Contents/Developer/Platforms/WatchOS.platform/Developer/usr/lib -F /Users/admin/builder/spi-builder-workspace/.derivedData/Build/Products/Debug-watchos -F /Applications/Xcode-27.0.0-Release.Candidate.app/Contents/Developer/Platforms/WatchOS.platform/Developer/Library/Frameworks -F /Applications/Xcode-27.0.0-Release.Candidate.app/Contents/Developer/Platforms/WatchOS.platform/Developer/SDKs/WatchOS27.0.sdk/Developer/Library/Frameworks -c -j10 -enable-batch-mode -incremental -Xcc -ivfsstatcache -Xcc /Users/admin/builder/spi-builder-workspace/.derivedData/SDKStatCaches.noindex/watchos27.0-24R360-e829b21a6f8c9b70876ba0858053c04477534ef55a1706bf4c1112bbb242f0a2.sdkstatcache -output-file-map /Users/admin/builder/spi-builder-workspace/.derivedData/Build/Intermediates.noindex/SwiftFoundationExtensions.build/Debug-watchos/SwiftFoundationExtensions-t.build/Objects-normal/arm64/SwiftFoundationExtensions-OutputFileMap.json -save-temps -no-color-diagnostics -explicit-module-build -module-cache-path /Users/admin/builder/spi-builder-workspace/.derivedData/Build/Intermediates.noindex/SwiftExplicitPrecompiledModules -clang-scanner-module-cache-path /Users/admin/builder/spi-builder-workspace/.derivedData/ModuleCache.noindex -sdk-module-cache-path /Users/admin/builder/spi-builder-workspace/.derivedData/SDKExplicitPrecompiledModules -emit-dependencies -emit-module -emit-module-path /Users/admin/builder/spi-builder-workspace/.derivedData/Build/Intermediates.noindex/SwiftFoundationExtensions.build/Debug-watchos/SwiftFoundationExtensions-t.build/Objects-normal/arm64/SwiftFoundationExtensions.swiftmodule -serialize-diagnostics -dependency-scan-serialize-diagnostics-path /Users/admin/builder/spi-builder-workspace/.derivedData/Build/Intermediates.noindex/SwiftFoundationExtensions.build/Debug-watchos/SwiftFoundationExtensions-t.build/Objects-normal/arm64/SwiftFoundationExtensions-dependency-scan.dia -validate-clang-modules-once -clang-build-session-file /Users/admin/builder/spi-builder-workspace/.derivedData/ModuleCache.noindex/Session.modulevalidation -Xcc -fmodules-prune-interval\=86400 -Xcc -fmodules-prune-after\=345600 -emit-const-values -const-gather-protocols-list /Users/admin/builder/spi-builder-workspace/.derivedData/Build/Intermediates.noindex/SwiftFoundationExtensions.build/Debug-watchos/SwiftFoundationExtensions-t.build/Objects-normal/arm64/SwiftFoundationExtensions_const_extract_protocols.json -Xcc -I/Users/admin/builder/spi-builder-workspace/.derivedData/Build/Products/Debug-watchos/include -Xcc -I/Users/admin/builder/spi-builder-workspace/.derivedData/Build/Intermediates.noindex/SwiftFoundationExtensions.build/Debug-watchos/SwiftFoundationExtensions-t.build/DerivedSources-normal/arm64 -Xcc -I/Users/admin/builder/spi-builder-workspace/.derivedData/Build/Intermediates.noindex/SwiftFoundationExtensions.build/Debug-watchos/SwiftFoundationExtensions-t.build/DerivedSources/arm64 -Xcc -I/Users/admin/builder/spi-builder-workspace/.derivedData/Build/Intermediates.noindex/SwiftFoundationExtensions.build/Debug-watchos/SwiftFoundationExtensions-t.build/DerivedSources -Xcc -DSWIFT_PACKAGE -Xcc -DDEBUG\=1 -emit-objc-header -emit-objc-header-path /Users/admin/builder/spi-builder-workspace/.derivedData/Build/Intermediates.noindex/SwiftFoundationExtensions.build/Debug-watchos/SwiftFoundationExtensions-t.build/Objects-normal/arm64/SwiftFoundationExtensions-Swift.h -working-directory /Users/admin/builder/spi-builder-workspace/.swiftpm/xcode -experimental-emit-module-separately -disable-cmo
Ld /Users/admin/builder/spi-builder-workspace/.derivedData/Build/Intermediates.noindex/SwiftFoundationExtensions.build/Debug-watchos/SwiftFoundationExtensions-t.build/Objects-normal/arm64/Binary/SwiftFoundationExtensions.o normal arm64 (in target 'SwiftFoundationExtensions' from project 'SwiftFoundationExtensions')
    cd /Users/admin/builder/spi-builder-workspace/.dependencies/checkouts/SwiftFoundationExtensions
    /Applications/Xcode-27.0.0-Release.Candidate.app/Contents/Developer/Toolchains/XcodeDefault.xctoolchain/usr/bin/clang -Xlinker -reproducible -target arm64-apple-watchos9.0 -r -isysroot /Applications/Xcode-27.0.0-Release.Candidate.app/Contents/Developer/Platforms/WatchOS.platform/Developer/SDKs/WatchOS27.0.sdk -O0 -w -Xlinker -no_warn_duplicate_libraries -F/Users/admin/builder/spi-builder-workspace/.derivedData/Build/Intermediates.noindex/EagerLinkingTBDs/Debug-watchos -F/Users/admin/builder/spi-builder-workspace/.derivedData/Build/Products/Debug-watchos -iframework /Applications/Xcode-27.0.0-Release.Candidate.app/Contents/Developer/Platforms/WatchOS.platform/Developer/Library/Frameworks -iframework /Applications/Xcode-27.0.0-Release.Candidate.app/Contents/Developer/Platforms/WatchOS.platform/Developer/SDKs/WatchOS27.0.sdk/Developer/Library/Frameworks -filelist /Users/admin/builder/spi-builder-workspace/.derivedData/Build/Intermediates.noindex/SwiftFoundationExtensions.build/Debug-watchos/SwiftFoundationExtensions-t.build/Objects-normal/arm64/SwiftFoundationExtensions.LinkFileList -nostdlib -Xlinker -object_path_lto -Xlinker /Users/admin/builder/spi-builder-workspace/.derivedData/Build/Intermediates.noindex/SwiftFoundationExtensions.build/Debug-watchos/SwiftFoundationExtensions-t.build/Objects-normal/arm64/SwiftFoundationExtensions_lto.o -Xlinker -no_deduplicate -Xlinker -dependency_info -Xlinker /Users/admin/builder/spi-builder-workspace/.derivedData/Build/Intermediates.noindex/SwiftFoundationExtensions.build/Debug-watchos/SwiftFoundationExtensions-t.build/Objects-normal/arm64/SwiftFoundationExtensions_dependency_info.dat -fobjc-link-runtime -L/Applications/Xcode-27.0.0-Release.Candidate.app/Contents/Developer/Toolchains/XcodeDefault.xctoolchain/usr/lib/swift/watchos -L/usr/lib/swift -Xlinker -add_ast_path -Xlinker /Users/admin/builder/spi-builder-workspace/.derivedData/Build/Intermediates.noindex/SwiftFoundationExtensions.build/Debug-watchos/SwiftFoundationExtensions-t.build/Objects-normal/arm64/SwiftFoundationExtensions.swiftmodule -o /Users/admin/builder/spi-builder-workspace/.derivedData/Build/Intermediates.noindex/SwiftFoundationExtensions.build/Debug-watchos/SwiftFoundationExtensions-t.build/Objects-normal/arm64/Binary/SwiftFoundationExtensions.o
SwiftDriverJobDiscovery normal arm64_32 Compiling Double+Extensions.swift (in target 'SwiftFoundationExtensions' from project 'SwiftFoundationExtensions')
SwiftDriverJobDiscovery normal arm64_32 Compiling AsyncSequence+Extensions.swift, Collection+Extensions.swift (in target 'SwiftFoundationExtensions' from project 'SwiftFoundationExtensions')
SwiftDriverJobDiscovery normal arm64_32 Compiling BundleInformation.swift (in target 'SwiftFoundationExtensions' from project 'SwiftFoundationExtensions')
SwiftDriverJobDiscovery normal arm64_32 Compiling Sequence+Extensions.swift, Date+Extensions.swift (in target 'SwiftFoundationExtensions' from project 'SwiftFoundationExtensions')
SwiftDriverJobDiscovery normal arm64_32 Compiling Logger+Extensions.swift (in target 'SwiftFoundationExtensions' from project 'SwiftFoundationExtensions')
SwiftDriverJobDiscovery normal arm64_32 Compiling Dictionary+Extensions.swift, EnumeratedSequence+Extensions.swift (in target 'SwiftFoundationExtensions' from project 'SwiftFoundationExtensions')
SwiftDriver\ Compilation SwiftFoundationExtensions normal arm64_32 com.apple.xcode.tools.swift.compiler (in target 'SwiftFoundationExtensions' from project 'SwiftFoundationExtensions')
    cd /Users/admin/builder/spi-builder-workspace/.swiftpm/xcode
    builtin-Swift-Compilation -- /Applications/Xcode-27.0.0-Release.Candidate.app/Contents/Developer/Toolchains/XcodeDefault.xctoolchain/usr/bin/swiftc -parse-as-library -module-name SwiftFoundationExtensions -Onone @/Users/admin/builder/spi-builder-workspace/.derivedData/Build/Intermediates.noindex/SwiftFoundationExtensions.build/Debug-watchos/SwiftFoundationExtensions-t.build/Objects-normal/arm64_32/SwiftFoundationExtensions.SwiftFileList -DSWIFT_PACKAGE -DDEBUG -DSWIFT_MODULE_RESOURCE_BUNDLE_UNAVAILABLE -DXcode -plugin-path /Applications/Xcode-27.0.0-Release.Candidate.app/Contents/Developer/Toolchains/XcodeDefault.xctoolchain/usr/lib/swift/host/plugins/testing -enable-experimental-feature DebugDescriptionMacro -sdk /Applications/Xcode-27.0.0-Release.Candidate.app/Contents/Developer/Platforms/WatchOS.platform/Developer/SDKs/WatchOS27.0.sdk -target arm64_32-apple-watchos9.0 -g -module-cache-path /Users/admin/builder/spi-builder-workspace/.derivedData/ModuleCache.noindex -Xfrontend -serialize-debugging-options -enable-testing -suppress-warnings -index-store-path /Users/admin/builder/spi-builder-workspace/.derivedData/Index.noindex/DataStore -Xcc -D_LIBCPP_HARDENING_MODE\=_LIBCPP_HARDENING_MODE_DEBUG -swift-version 5 -I /Users/admin/builder/spi-builder-workspace/.derivedData/Build/Products/Debug-watchos -Isystem /Applications/Xcode-27.0.0-Release.Candidate.app/Contents/Developer/Platforms/WatchOS.platform/Developer/usr/lib -F /Users/admin/builder/spi-builder-workspace/.derivedData/Build/Products/Debug-watchos -F /Applications/Xcode-27.0.0-Release.Candidate.app/Contents/Developer/Platforms/WatchOS.platform/Developer/Library/Frameworks -F /Applications/Xcode-27.0.0-Release.Candidate.app/Contents/Developer/Platforms/WatchOS.platform/Developer/SDKs/WatchOS27.0.sdk/Developer/Library/Frameworks -c -j10 -enable-batch-mode -incremental -Xcc -ivfsstatcache -Xcc /Users/admin/builder/spi-builder-workspace/.derivedData/SDKStatCaches.noindex/watchos27.0-24R360-e829b21a6f8c9b70876ba0858053c04477534ef55a1706bf4c1112bbb242f0a2.sdkstatcache -output-file-map /Users/admin/builder/spi-builder-workspace/.derivedData/Build/Intermediates.noindex/SwiftFoundationExtensions.build/Debug-watchos/SwiftFoundationExtensions-t.build/Objects-normal/arm64_32/SwiftFoundationExtensions-OutputFileMap.json -save-temps -no-color-diagnostics -explicit-module-build -module-cache-path /Users/admin/builder/spi-builder-workspace/.derivedData/Build/Intermediates.noindex/SwiftExplicitPrecompiledModules -clang-scanner-module-cache-path /Users/admin/builder/spi-builder-workspace/.derivedData/ModuleCache.noindex -sdk-module-cache-path /Users/admin/builder/spi-builder-workspace/.derivedData/SDKExplicitPrecompiledModules -emit-dependencies -emit-module -emit-module-path /Users/admin/builder/spi-builder-workspace/.derivedData/Build/Intermediates.noindex/SwiftFoundationExtensions.build/Debug-watchos/SwiftFoundationExtensions-t.build/Objects-normal/arm64_32/SwiftFoundationExtensions.swiftmodule -serialize-diagnostics -dependency-scan-serialize-diagnostics-path /Users/admin/builder/spi-builder-workspace/.derivedData/Build/Intermediates.noindex/SwiftFoundationExtensions.build/Debug-watchos/SwiftFoundationExtensions-t.build/Objects-normal/arm64_32/SwiftFoundationExtensions-dependency-scan.dia -validate-clang-modules-once -clang-build-session-file /Users/admin/builder/spi-builder-workspace/.derivedData/ModuleCache.noindex/Session.modulevalidation -Xcc -fmodules-prune-interval\=86400 -Xcc -fmodules-prune-after\=345600 -emit-const-values -const-gather-protocols-list /Users/admin/builder/spi-builder-workspace/.derivedData/Build/Intermediates.noindex/SwiftFoundationExtensions.build/Debug-watchos/SwiftFoundationExtensions-t.build/Objects-normal/arm64_32/SwiftFoundationExtensions_const_extract_protocols.json -Xcc -I/Users/admin/builder/spi-builder-workspace/.derivedData/Build/Products/Debug-watchos/include -Xcc -I/Users/admin/builder/spi-builder-workspace/.derivedData/Build/Intermediates.noindex/SwiftFoundationExtensions.build/Debug-watchos/SwiftFoundationExtensions-t.build/DerivedSources-normal/arm64_32 -Xcc -I/Users/admin/builder/spi-builder-workspace/.derivedData/Build/Intermediates.noindex/SwiftFoundationExtensions.build/Debug-watchos/SwiftFoundationExtensions-t.build/DerivedSources/arm64_32 -Xcc -I/Users/admin/builder/spi-builder-workspace/.derivedData/Build/Intermediates.noindex/SwiftFoundationExtensions.build/Debug-watchos/SwiftFoundationExtensions-t.build/DerivedSources -Xcc -DSWIFT_PACKAGE -Xcc -DDEBUG\=1 -emit-objc-header -emit-objc-header-path /Users/admin/builder/spi-builder-workspace/.derivedData/Build/Intermediates.noindex/SwiftFoundationExtensions.build/Debug-watchos/SwiftFoundationExtensions-t.build/Objects-normal/arm64_32/SwiftFoundationExtensions-Swift.h -working-directory /Users/admin/builder/spi-builder-workspace/.swiftpm/xcode -experimental-emit-module-separately -disable-cmo
Ld /Users/admin/builder/spi-builder-workspace/.derivedData/Build/Intermediates.noindex/SwiftFoundationExtensions.build/Debug-watchos/SwiftFoundationExtensions-t.build/Objects-normal/arm64_32/Binary/SwiftFoundationExtensions.o normal arm64_32 (in target 'SwiftFoundationExtensions' from project 'SwiftFoundationExtensions')
    cd /Users/admin/builder/spi-builder-workspace/.dependencies/checkouts/SwiftFoundationExtensions
    /Applications/Xcode-27.0.0-Release.Candidate.app/Contents/Developer/Toolchains/XcodeDefault.xctoolchain/usr/bin/clang -Xlinker -reproducible -target arm64_32-apple-watchos9.0 -r -isysroot /Applications/Xcode-27.0.0-Release.Candidate.app/Contents/Developer/Platforms/WatchOS.platform/Developer/SDKs/WatchOS27.0.sdk -O0 -w -Xlinker -no_warn_duplicate_libraries -F/Users/admin/builder/spi-builder-workspace/.derivedData/Build/Intermediates.noindex/EagerLinkingTBDs/Debug-watchos -F/Users/admin/builder/spi-builder-workspace/.derivedData/Build/Products/Debug-watchos -iframework /Applications/Xcode-27.0.0-Release.Candidate.app/Contents/Developer/Platforms/WatchOS.platform/Developer/Library/Frameworks -iframework /Applications/Xcode-27.0.0-Release.Candidate.app/Contents/Developer/Platforms/WatchOS.platform/Developer/SDKs/WatchOS27.0.sdk/Developer/Library/Frameworks -filelist /Users/admin/builder/spi-builder-workspace/.derivedData/Build/Intermediates.noindex/SwiftFoundationExtensions.build/Debug-watchos/SwiftFoundationExtensions-t.build/Objects-normal/arm64_32/SwiftFoundationExtensions.LinkFileList -nostdlib -Xlinker -object_path_lto -Xlinker /Users/admin/builder/spi-builder-workspace/.derivedData/Build/Intermediates.noindex/SwiftFoundationExtensions.build/Debug-watchos/SwiftFoundationExtensions-t.build/Objects-normal/arm64_32/SwiftFoundationExtensions_lto.o -Xlinker -no_deduplicate -Xlinker -dependency_info -Xlinker /Users/admin/builder/spi-builder-workspace/.derivedData/Build/Intermediates.noindex/SwiftFoundationExtensions.build/Debug-watchos/SwiftFoundationExtensions-t.build/Objects-normal/arm64_32/SwiftFoundationExtensions_dependency_info.dat -fobjc-link-runtime -L/Applications/Xcode-27.0.0-Release.Candidate.app/Contents/Developer/Toolchains/XcodeDefault.xctoolchain/usr/lib/swift/watchos -L/usr/lib/swift -Xlinker -add_ast_path -Xlinker /Users/admin/builder/spi-builder-workspace/.derivedData/Build/Intermediates.noindex/SwiftFoundationExtensions.build/Debug-watchos/SwiftFoundationExtensions-t.build/Objects-normal/arm64_32/SwiftFoundationExtensions.swiftmodule -o /Users/admin/builder/spi-builder-workspace/.derivedData/Build/Intermediates.noindex/SwiftFoundationExtensions.build/Debug-watchos/SwiftFoundationExtensions-t.build/Objects-normal/arm64_32/Binary/SwiftFoundationExtensions.o
CreateUniversalBinary /Users/admin/builder/spi-builder-workspace/.derivedData/Build/Products/Debug-watchos/SwiftFoundationExtensions.o normal arm64\ arm64_32 (in target 'SwiftFoundationExtensions' from project 'SwiftFoundationExtensions')
    cd /Users/admin/builder/spi-builder-workspace/.dependencies/checkouts/SwiftFoundationExtensions
    /Applications/Xcode-27.0.0-Release.Candidate.app/Contents/Developer/Toolchains/XcodeDefault.xctoolchain/usr/bin/lipo -create /Users/admin/builder/spi-builder-workspace/.derivedData/Build/Intermediates.noindex/SwiftFoundationExtensions.build/Debug-watchos/SwiftFoundationExtensions-t.build/Objects-normal/arm64/Binary/SwiftFoundationExtensions.o /Users/admin/builder/spi-builder-workspace/.derivedData/Build/Intermediates.noindex/SwiftFoundationExtensions.build/Debug-watchos/SwiftFoundationExtensions-t.build/Objects-normal/arm64_32/Binary/SwiftFoundationExtensions.o -output /Users/admin/builder/spi-builder-workspace/.derivedData/Build/Products/Debug-watchos/SwiftFoundationExtensions.o
ExtractAppIntentsMetadata (in target 'SwiftFoundationExtensions' from project 'SwiftFoundationExtensions')
    cd /Users/admin/builder/spi-builder-workspace/.dependencies/checkouts/SwiftFoundationExtensions
    /Applications/Xcode-27.0.0-Release.Candidate.app/Contents/Developer/Toolchains/XcodeDefault.xctoolchain/usr/bin/appintentsmetadataprocessor --toolchain-dir /var/run/com.apple.security.cryptexd/mnt/com.apple.MobileAsset.MetalToolchain-v27.1.266.1.LzCUvR/Metal.xctoolchain --module-name SwiftFoundationExtensions --sdk-root /Applications/Xcode-27.0.0-Release.Candidate.app/Contents/Developer/Platforms/WatchOS.platform/Developer/SDKs/WatchOS27.0.sdk --xcode-version 27A266a --platform-family watchOS --deployment-target 9.0 --bundle-identifier swiftfoundationextensions.SwiftFoundationExtensions --output /Users/admin/builder/spi-builder-workspace/.derivedData/Build/Products/Debug-watchos/SwiftFoundationExtensions.appintents --target-triple arm64-apple-watchos9.0 --target-triple arm64_32-apple-watchos9.0 --binary-file /Users/admin/builder/spi-builder-workspace/.derivedData/Build/Products/Debug-watchos/SwiftFoundationExtensions.o --dependency-file /Users/admin/builder/spi-builder-workspace/.derivedData/Build/Intermediates.noindex/SwiftFoundationExtensions.build/Debug-watchos/SwiftFoundationExtensions-t.build/Objects-normal/arm64/SwiftFoundationExtensions_dependency_info.dat --dependency-file /Users/admin/builder/spi-builder-workspace/.derivedData/Build/Intermediates.noindex/SwiftFoundationExtensions.build/Debug-watchos/SwiftFoundationExtensions-t.build/Objects-normal/arm64_32/SwiftFoundationExtensions_dependency_info.dat --stringsdata-file /Users/admin/builder/spi-builder-workspace/.derivedData/Build/Intermediates.noindex/SwiftFoundationExtensions.build/Debug-watchos/SwiftFoundationExtensions-t.build/Objects-normal/arm64/ExtractedAppShortcutsMetadata.stringsdata --stringsdata-file /Users/admin/builder/spi-builder-workspace/.derivedData/Build/Intermediates.noindex/SwiftFoundationExtensions.build/Debug-watchos/SwiftFoundationExtensions-t.build/Objects-normal/arm64_32/ExtractedAppShortcutsMetadata.stringsdata --source-file-list /Users/admin/builder/spi-builder-workspace/.derivedData/Build/Intermediates.noindex/SwiftFoundationExtensions.build/Debug-watchos/SwiftFoundationExtensions-t.build/Objects-normal/arm64/SwiftFoundationExtensions.SwiftFileList --source-file-list /Users/admin/builder/spi-builder-workspace/.derivedData/Build/Intermediates.noindex/SwiftFoundationExtensions.build/Debug-watchos/SwiftFoundationExtensions-t.build/Objects-normal/arm64_32/SwiftFoundationExtensions.SwiftFileList --metadata-file-list /Users/admin/builder/spi-builder-workspace/.derivedData/Build/Intermediates.noindex/SwiftFoundationExtensions.build/Debug-watchos/SwiftFoundationExtensions-t.build/SwiftFoundationExtensions.DependencyMetadataFileList --static-metadata-file-list /Users/admin/builder/spi-builder-workspace/.derivedData/Build/Intermediates.noindex/SwiftFoundationExtensions.build/Debug-watchos/SwiftFoundationExtensions-t.build/SwiftFoundationExtensions.DependencyStaticMetadataFileList --swift-const-vals-list /Users/admin/builder/spi-builder-workspace/.derivedData/Build/Intermediates.noindex/SwiftFoundationExtensions.build/Debug-watchos/SwiftFoundationExtensions-t.build/Objects-normal/arm64/SwiftFoundationExtensions.SwiftConstValuesFileList --swift-const-vals-list /Users/admin/builder/spi-builder-workspace/.derivedData/Build/Intermediates.noindex/SwiftFoundationExtensions.build/Debug-watchos/SwiftFoundationExtensions-t.build/Objects-normal/arm64_32/SwiftFoundationExtensions.SwiftConstValuesFileList --force --compile-time-extraction --deployment-aware-processing --no-app-shortcuts-localization
2026-09-18 05:06:57.956 appintentsmetadataprocessor[834:5034] Starting appintentsmetadataprocessor export
2026-09-18 05:06:58.051 appintentsmetadataprocessor[834:5034] Extracted no relevant App Intents symbols, skipping writing output
SwiftExplicitDependencyGeneratePcm arm64_32 /Users/admin/builder/spi-builder-workspace/.derivedData/SDKExplicitPrecompiledModules/UIUtilities-9YFVNIMRC5HRVOIARNWHP1E3H.pcm
SwiftExplicitDependencyGeneratePcm arm64_32 /Users/admin/builder/spi-builder-workspace/.derivedData/SDKExplicitPrecompiledModules/UniformTypeIdentifiers-CJZ3NTHPSBH4XWX5EVOG56UZS.pcm
SwiftExplicitDependencyGeneratePcm arm64_32 /Users/admin/builder/spi-builder-workspace/.derivedData/SDKExplicitPrecompiledModules/OSLog-D9AVFY0KWO7RVBIQ73CBIJVCN.pcm
SwiftExplicitDependencyGeneratePcm arm64_32 /Users/admin/builder/spi-builder-workspace/.derivedData/SDKExplicitPrecompiledModules/UserNotifications-6TBN8TEAKO014N1T2QD926XED.pcm
SwiftExplicitDependencyGeneratePcm arm64_32 /Users/admin/builder/spi-builder-workspace/.derivedData/SDKExplicitPrecompiledModules/CoreTransferable-5D4IR6X37682FPHJ5CBPTKQV6.pcm
SwiftExplicitDependencyGeneratePcm arm64_32 /Users/admin/builder/spi-builder-workspace/.derivedData/SDKExplicitPrecompiledModules/CoreAudioTypes-9GVB1DHA32M46R4A9NWSI3I2K.pcm
SwiftExplicitDependencyGeneratePcm arm64_32 /Users/admin/builder/spi-builder-workspace/.derivedData/SDKExplicitPrecompiledModules/CoreData-7AU1AFQWUH88EAPDKVMLJPKVD.pcm
SwiftExplicitDependencyGeneratePcm arm64_32 /Users/admin/builder/spi-builder-workspace/.derivedData/SDKExplicitPrecompiledModules/DataDetection-U9BF7WHFVA6BZGFXXXP272PS.pcm
SwiftExplicitDependencyGeneratePcm arm64_32 /Users/admin/builder/spi-builder-workspace/.derivedData/SDKExplicitPrecompiledModules/CoreGraphics-9FDXYX6BKBUT6TJ2VF819E7T5.pcm
SwiftExplicitDependencyGeneratePcm arm64_32 /Users/admin/builder/spi-builder-workspace/.derivedData/SDKExplicitPrecompiledModules/_Builtin_tgmath-23PGCKURCQILXMK0MYZRYDCOU.pcm
SwiftExplicitDependencyGeneratePcm arm64_32 /Users/admin/builder/spi-builder-workspace/.derivedData/SDKExplicitPrecompiledModules/Symbols-1H97WMG76HU94F5VGJR19PXFY.pcm
SwiftExplicitDependencyGeneratePcm arm64 /Users/admin/builder/spi-builder-workspace/.derivedData/SDKExplicitPrecompiledModules/CoreData-9JFJC4UET8BAO5IPV2JU6W9V8.pcm
SwiftExplicitDependencyGeneratePcm arm64 /Users/admin/builder/spi-builder-workspace/.derivedData/SDKExplicitPrecompiledModules/DeveloperToolsSupport-E7CNISCB36UE8XQ9IOHK9XDX1.pcm
SwiftExplicitDependencyGeneratePcm arm64 /Users/admin/builder/spi-builder-workspace/.derivedData/SDKExplicitPrecompiledModules/_Builtin_tgmath-8NQ96OZ0YHXEC24JI95P01UF8.pcm
SwiftExplicitDependencyGeneratePcm arm64 /Users/admin/builder/spi-builder-workspace/.derivedData/SDKExplicitPrecompiledModules/_LocationEssentials-5ZZDGDXB6HLQUC72SJW7YJ7MK.pcm
SwiftExplicitDependencyGeneratePcm arm64 /Users/admin/builder/spi-builder-workspace/.derivedData/SDKExplicitPrecompiledModules/DataDetection-7BNVI1SZW5ISQL5SX4WL2X7I5.pcm
SwiftExplicitDependencyGeneratePcm arm64_32 /Users/admin/builder/spi-builder-workspace/.derivedData/SDKExplicitPrecompiledModules/CoreAudio-5W6MX6OUPWBMUR8VD5LHT1PZF.pcm
SwiftExplicitDependencyGeneratePcm arm64 /Users/admin/builder/spi-builder-workspace/.derivedData/SDKExplicitPrecompiledModules/OSLog-B7VGO357Y3GJG35TST7DKDSI3.pcm
SwiftExplicitDependencyGeneratePcm arm64 /Users/admin/builder/spi-builder-workspace/.derivedData/SDKExplicitPrecompiledModules/UIUtilities-IR7RNW23VAUKYI9MLCS9NL9A.pcm
SwiftExplicitDependencyGeneratePcm arm64_32 /Users/admin/builder/spi-builder-workspace/.derivedData/SDKExplicitPrecompiledModules/DeveloperToolsSupport-DZU5G1OCMNWU0AQRULIFHUJ1Z.pcm
SwiftExplicitDependencyGeneratePcm arm64_32 /Users/admin/builder/spi-builder-workspace/.derivedData/SDKExplicitPrecompiledModules/_Builtin_intrinsics-196IIAKDQVU42DLOZP9OQCV76.pcm
SwiftExplicitDependencyGeneratePcm arm64_32 /Users/admin/builder/spi-builder-workspace/.derivedData/SDKExplicitPrecompiledModules/Accessibility-F385OMZ5GYBUY5O4QAJB4NRII.pcm
SwiftExplicitDependencyGeneratePcm arm64_32 /Users/admin/builder/spi-builder-workspace/.derivedData/SDKExplicitPrecompiledModules/CoreVideo-2P8HI0403J99LBDPKNFJ5D4DL.pcm
SwiftExplicitDependencyGeneratePcm arm64_32 /Users/admin/builder/spi-builder-workspace/.derivedData/SDKExplicitPrecompiledModules/CoreText-C9X2REPZN2V5BSU4G80FCETDR.pcm
SwiftExplicitDependencyGeneratePcm arm64 /Users/admin/builder/spi-builder-workspace/.derivedData/SDKExplicitPrecompiledModules/CoreTransferable-9PPG3SLJ55T4LITIFYX2M0NOZ.pcm
SwiftExplicitDependencyGeneratePcm arm64 /Users/admin/builder/spi-builder-workspace/.derivedData/SDKExplicitPrecompiledModules/CoreLocation-ACKJ9K7ABI14F97Y46Y6SRR17.pcm
SwiftExplicitDependencyGeneratePcm arm64 /Users/admin/builder/spi-builder-workspace/.derivedData/SDKExplicitPrecompiledModules/UserNotifications-ARAH8MEQ0C2L0FBO39HITJMAO.pcm
SwiftExplicitDependencyGeneratePcm arm64 /Users/admin/builder/spi-builder-workspace/.derivedData/SDKExplicitPrecompiledModules/_Builtin_intrinsics-75960HIPCIYA06IUW8FIIPQT.pcm
SwiftExplicitDependencyGeneratePcm arm64 /Users/admin/builder/spi-builder-workspace/.derivedData/SDKExplicitPrecompiledModules/CoreGraphics-DWNZ73GEH98SBJXZ7DEXB420K.pcm
SwiftExplicitDependencyGeneratePcm arm64_32 /Users/admin/builder/spi-builder-workspace/.derivedData/SDKExplicitPrecompiledModules/_LocationEssentials-AQ1OL9QKC3LQLY5CNSRM1HB53.pcm
SwiftExplicitDependencyGeneratePcm arm64 /Users/admin/builder/spi-builder-workspace/.derivedData/SDKExplicitPrecompiledModules/CoreAudioTypes-A9MF7N5LT63G21HNFVM6BT14B.pcm
SwiftExplicitDependencyGeneratePcm arm64 /Users/admin/builder/spi-builder-workspace/.derivedData/SDKExplicitPrecompiledModules/Symbols-3EFABTJ9L5PQDJ7RQCYQWEJMM.pcm
SwiftExplicitDependencyGeneratePcm arm64 /Users/admin/builder/spi-builder-workspace/.derivedData/SDKExplicitPrecompiledModules/UniformTypeIdentifiers-8L08Q8DQJV8C4AW84YVGFGTRN.pcm
SwiftExplicitDependencyGeneratePcm arm64_32 /Users/admin/builder/spi-builder-workspace/.derivedData/SDKExplicitPrecompiledModules/CoreMedia-AO387T8CHWTTZODD1DGT0UAFA.pcm
SwiftExplicitDependencyGeneratePcm arm64_32 /Users/admin/builder/spi-builder-workspace/.derivedData/SDKExplicitPrecompiledModules/QuartzCore-6375NPYACK5NYVHPMC1QQ8MC2.pcm
SwiftExplicitDependencyGeneratePcm arm64 /Users/admin/builder/spi-builder-workspace/.derivedData/SDKExplicitPrecompiledModules/CoreMotion-6RD5K48QT1F4L9CATNFD2O7YB.pcm
SwiftExplicitDependencyGeneratePcm arm64_32 /Users/admin/builder/spi-builder-workspace/.derivedData/SDKExplicitPrecompiledModules/CoreLocation-8XU5YMYM4P11RQMYCQAG65ITK.pcm
SwiftExplicitDependencyGeneratePcm arm64 /Users/admin/builder/spi-builder-workspace/.derivedData/SDKExplicitPrecompiledModules/CoreAudio-1B79RJJTP71GE6UY9WLESAN3C.pcm
SwiftExplicitDependencyGeneratePcm arm64 /Users/admin/builder/spi-builder-workspace/.derivedData/SDKExplicitPrecompiledModules/CoreText-970YJN6NIYGK1316L35Z0O8QT.pcm
SwiftExplicitDependencyGeneratePcm arm64 /Users/admin/builder/spi-builder-workspace/.derivedData/SDKExplicitPrecompiledModules/CoreVideo-8MRR5MNWUOAW2DBPGUQ8FKK4.pcm
SwiftExplicitDependencyGeneratePcm arm64 /Users/admin/builder/spi-builder-workspace/.derivedData/SDKExplicitPrecompiledModules/Accessibility-27QMG6ZQ1NKYTNBYFPM1XKNFC.pcm
SwiftExplicitDependencyGeneratePcm arm64_32 /Users/admin/builder/spi-builder-workspace/.derivedData/SDKExplicitPrecompiledModules/CoreMotion-1XGTVTE5PP32UHME8AC63TL6.pcm
SwiftExplicitDependencyGeneratePcm arm64_32 /Users/admin/builder/spi-builder-workspace/.derivedData/SDKExplicitPrecompiledModules/SwiftUICore-3Q7WLRD8MR9R3NGIPUBQCP6F6.pcm
SwiftExplicitDependencyGeneratePcm arm64_32 /Users/admin/builder/spi-builder-workspace/.derivedData/SDKExplicitPrecompiledModules/simd-21UNWYOBUZI1LVSQ99S1XBLMO.pcm
SwiftExplicitDependencyGeneratePcm arm64 /Users/admin/builder/spi-builder-workspace/.derivedData/SDKExplicitPrecompiledModules/CoreMedia-1AJVCUZNAO74KIKMFVFUUHWDI.pcm
SwiftExplicitDependencyGeneratePcm arm64 /Users/admin/builder/spi-builder-workspace/.derivedData/SDKExplicitPrecompiledModules/QuartzCore-94KFMWNOU7ZLUZNB4T5DLZC9D.pcm
SwiftExplicitDependencyGeneratePcm arm64 /Users/admin/builder/spi-builder-workspace/.derivedData/SDKExplicitPrecompiledModules/simd-EH08NODU6574T74ZKU61VP9BW.pcm
SwiftExplicitDependencyGeneratePcm arm64_32 /Users/admin/builder/spi-builder-workspace/.derivedData/SDKExplicitPrecompiledModules/UIKit-6PPV7YPZ89CZPHYAP072QH8B6.pcm
SwiftExplicitDependencyGeneratePcm arm64 /Users/admin/builder/spi-builder-workspace/.derivedData/SDKExplicitPrecompiledModules/SwiftUICore-C1DST1IX2Z0PTH5SJJZ1IULRB.pcm
SwiftExplicitDependencyGeneratePcm arm64 /Users/admin/builder/spi-builder-workspace/.derivedData/SDKExplicitPrecompiledModules/UIKit-27R3P1YMV4C6JLDT661G3MRIA.pcm
SwiftExplicitDependencyGeneratePcm arm64_32 /Users/admin/builder/spi-builder-workspace/.derivedData/SDKExplicitPrecompiledModules/Spatial-CWVWNML3T0NXVHZDKVLD3X1YZ.pcm
SwiftExplicitDependencyGeneratePcm arm64_32 /Users/admin/builder/spi-builder-workspace/.derivedData/SDKExplicitPrecompiledModules/SceneKit-DKNLHKM5FJBQ79LSNMSSMBUBR.pcm
SwiftExplicitDependencyGeneratePcm arm64 /Users/admin/builder/spi-builder-workspace/.derivedData/SDKExplicitPrecompiledModules/SceneKit-5HZKIL7XETTTD8TOHYPN8JKRJ.pcm
SwiftExplicitDependencyGeneratePcm arm64 /Users/admin/builder/spi-builder-workspace/.derivedData/SDKExplicitPrecompiledModules/Spatial-44FJGYXFAT2AQAW9Z6T7YS02U.pcm
SwiftExplicitDependencyGeneratePcm arm64_32 /Users/admin/builder/spi-builder-workspace/.derivedData/SDKExplicitPrecompiledModules/MapKit-CWGB4YMP1VX1NYQN5FULFD5DR.pcm
SwiftExplicitDependencyGeneratePcm arm64_32 /Users/admin/builder/spi-builder-workspace/.derivedData/SDKExplicitPrecompiledModules/HomeKit-DUDZOMSN3UK8GNTNBNMPIWJRN.pcm
SwiftExplicitDependencyGeneratePcm arm64 /Users/admin/builder/spi-builder-workspace/.derivedData/SDKExplicitPrecompiledModules/MapKit-EJJWC7IL56MPLQMI93GJRE5OG.pcm
SwiftExplicitDependencyGeneratePcm arm64 /Users/admin/builder/spi-builder-workspace/.derivedData/SDKExplicitPrecompiledModules/HomeKit-DTS1N4AWILAL1URZ5IOXV5221.pcm
SwiftExplicitDependencyGeneratePcm arm64_32 /Users/admin/builder/spi-builder-workspace/.derivedData/SDKExplicitPrecompiledModules/WatchKit-FHF6WTKLC2APGK3LA2XJ6516.pcm
SwiftExplicitDependencyGeneratePcm arm64 /Users/admin/builder/spi-builder-workspace/.derivedData/SDKExplicitPrecompiledModules/WatchKit-3VT3K8YON6FJ6OWSUFJMFMP8J.pcm
SwiftExplicitDependencyGeneratePcm arm64_32 /Users/admin/builder/spi-builder-workspace/.derivedData/SDKExplicitPrecompiledModules/SwiftUI-9AYG9OCT5VOJK7V4MX1WYR86T.pcm
SwiftExplicitDependencyGeneratePcm arm64 /Users/admin/builder/spi-builder-workspace/.derivedData/SDKExplicitPrecompiledModules/SwiftUI-APXDH8ULYLM6FD17YRA73TULO.pcm
SwiftCompile normal arm64_32 Compiling\ View+Extensions.swift /Users/admin/builder/spi-builder-workspace/.dependencies/checkouts/SwiftUIExtensions/Sources/SwiftUIExtensions/View+Extensions.swift (in target 'SwiftUIExtensions' from project 'SwiftUIExtensions')
SwiftCompile normal arm64_32 /Users/admin/builder/spi-builder-workspace/.dependencies/checkouts/SwiftUIExtensions/Sources/SwiftUIExtensions/View+Extensions.swift (in target 'SwiftUIExtensions' from project 'SwiftUIExtensions')
    cd /Users/admin/builder/spi-builder-workspace/.swiftpm/xcode
    builtin-SwiftPerFileCompile View+Extensions.swift
SwiftCompile normal arm64_32 Compiling\ MomentarySwitch.swift /Users/admin/builder/spi-builder-workspace/.dependencies/checkouts/SwiftUIExtensions/Sources/SwiftUIExtensions/MomentarySwitch.swift (in target 'SwiftUIExtensions' from project 'SwiftUIExtensions')
SwiftCompile normal arm64_32 /Users/admin/builder/spi-builder-workspace/.dependencies/checkouts/SwiftUIExtensions/Sources/SwiftUIExtensions/MomentarySwitch.swift (in target 'SwiftUIExtensions' from project 'SwiftUIExtensions')
    cd /Users/admin/builder/spi-builder-workspace/.swiftpm/xcode
    builtin-SwiftPerFileCompile MomentarySwitch.swift
SwiftCompile normal arm64_32 Compiling\ iOSHelpers.swift /Users/admin/builder/spi-builder-workspace/.dependencies/checkouts/SwiftUIExtensions/Sources/SwiftUIExtensions/iOSHelpers.swift (in target 'SwiftUIExtensions' from project 'SwiftUIExtensions')
SwiftCompile normal arm64_32 /Users/admin/builder/spi-builder-workspace/.dependencies/checkouts/SwiftUIExtensions/Sources/SwiftUIExtensions/iOSHelpers.swift (in target 'SwiftUIExtensions' from project 'SwiftUIExtensions')
    cd /Users/admin/builder/spi-builder-workspace/.swiftpm/xcode
    builtin-SwiftPerFileCompile iOSHelpers.swift
SwiftCompile normal arm64_32 Compiling\ OnScenePhaseChangedModifier.swift /Users/admin/builder/spi-builder-workspace/.dependencies/checkouts/SwiftUIExtensions/Sources/SwiftUIExtensions/OnScenePhaseChangedModifier.swift (in target 'SwiftUIExtensions' from project 'SwiftUIExtensions')
SwiftCompile normal arm64_32 /Users/admin/builder/spi-builder-workspace/.dependencies/checkouts/SwiftUIExtensions/Sources/SwiftUIExtensions/OnScenePhaseChangedModifier.swift (in target 'SwiftUIExtensions' from project 'SwiftUIExtensions')
    cd /Users/admin/builder/spi-builder-workspace/.swiftpm/xcode
    builtin-SwiftPerFileCompile OnScenePhaseChangedModifier.swift
SwiftCompile normal arm64_32 Compiling\ UrlOpenHelpers+macOS.swift /Users/admin/builder/spi-builder-workspace/.dependencies/checkouts/SwiftUIExtensions/Sources/SwiftUIExtensions/UrlOpenHelpers+macOS.swift (in target 'SwiftUIExtensions' from project 'SwiftUIExtensions')
SwiftCompile normal arm64_32 /Users/admin/builder/spi-builder-workspace/.dependencies/checkouts/SwiftUIExtensions/Sources/SwiftUIExtensions/UrlOpenHelpers+macOS.swift (in target 'SwiftUIExtensions' from project 'SwiftUIExtensions')
    cd /Users/admin/builder/spi-builder-workspace/.swiftpm/xcode
    builtin-SwiftPerFileCompile UrlOpenHelpers+macOS.swift
SwiftCompile normal arm64_32 Compiling\ UrlOpenHelpers+iOS.swift /Users/admin/builder/spi-builder-workspace/.dependencies/checkouts/SwiftUIExtensions/Sources/SwiftUIExtensions/UrlOpenHelpers+iOS.swift (in target 'SwiftUIExtensions' from project 'SwiftUIExtensions')
SwiftCompile normal arm64_32 /Users/admin/builder/spi-builder-workspace/.dependencies/checkouts/SwiftUIExtensions/Sources/SwiftUIExtensions/UrlOpenHelpers+iOS.swift (in target 'SwiftUIExtensions' from project 'SwiftUIExtensions')
    cd /Users/admin/builder/spi-builder-workspace/.swiftpm/xcode
    builtin-SwiftPerFileCompile UrlOpenHelpers+iOS.swift
SwiftCompile normal arm64_32 Compiling\ DoWithoutAnimation.swift /Users/admin/builder/spi-builder-workspace/.dependencies/checkouts/SwiftUIExtensions/Sources/SwiftUIExtensions/DoWithoutAnimation.swift (in target 'SwiftUIExtensions' from project 'SwiftUIExtensions')
SwiftCompile normal arm64_32 /Users/admin/builder/spi-builder-workspace/.dependencies/checkouts/SwiftUIExtensions/Sources/SwiftUIExtensions/DoWithoutAnimation.swift (in target 'SwiftUIExtensions' from project 'SwiftUIExtensions')
    cd /Users/admin/builder/spi-builder-workspace/.swiftpm/xcode
    builtin-SwiftPerFileCompile DoWithoutAnimation.swift
SwiftEmitModule normal arm64_32 Emitting\ module\ for\ SwiftUIExtensions (in target 'SwiftUIExtensions' from project 'SwiftUIExtensions')
SwiftCompile normal arm64_32 (in target 'SwiftUIExtensions' from project 'SwiftUIExtensions')
    cd /Users/admin/builder/spi-builder-workspace/.swiftpm/xcode

SwiftCompile normal arm64_32 Compiling\ HiddenView.swift /Users/admin/builder/spi-builder-workspace/.dependencies/checkouts/SwiftUIExtensions/Sources/SwiftUIExtensions/HiddenView.swift (in target 'SwiftUIExtensions' from project 'SwiftUIExtensions')
SwiftCompile normal arm64_32 /Users/admin/builder/spi-builder-workspace/.dependencies/checkouts/SwiftUIExtensions/Sources/SwiftUIExtensions/HiddenView.swift (in target 'SwiftUIExtensions' from project 'SwiftUIExtensions')
    cd /Users/admin/builder/spi-builder-workspace/.swiftpm/xcode
    builtin-SwiftPerFileCompile HiddenView.swift
SwiftEmitModule normal arm64 Emitting\ module\ for\ SwiftUIExtensions (in target 'SwiftUIExtensions' from project 'SwiftUIExtensions')
SwiftCompile normal arm64 (in target 'SwiftUIExtensions' from project 'SwiftUIExtensions')
    cd /Users/admin/builder/spi-builder-workspace/.swiftpm/xcode

SwiftCompile normal arm64 Compiling\ HiddenView.swift /Users/admin/builder/spi-builder-workspace/.dependencies/checkouts/SwiftUIExtensions/Sources/SwiftUIExtensions/HiddenView.swift (in target 'SwiftUIExtensions' from project 'SwiftUIExtensions')
SwiftCompile normal arm64 /Users/admin/builder/spi-builder-workspace/.dependencies/checkouts/SwiftUIExtensions/Sources/SwiftUIExtensions/HiddenView.swift (in target 'SwiftUIExtensions' from project 'SwiftUIExtensions')
    cd /Users/admin/builder/spi-builder-workspace/.swiftpm/xcode
    builtin-SwiftPerFileCompile HiddenView.swift
SwiftCompile normal arm64 Compiling\ UrlOpenHelpers+macOS.swift /Users/admin/builder/spi-builder-workspace/.dependencies/checkouts/SwiftUIExtensions/Sources/SwiftUIExtensions/UrlOpenHelpers+macOS.swift (in target 'SwiftUIExtensions' from project 'SwiftUIExtensions')
SwiftCompile normal arm64 /Users/admin/builder/spi-builder-workspace/.dependencies/checkouts/SwiftUIExtensions/Sources/SwiftUIExtensions/UrlOpenHelpers+macOS.swift (in target 'SwiftUIExtensions' from project 'SwiftUIExtensions')
    cd /Users/admin/builder/spi-builder-workspace/.swiftpm/xcode
    builtin-SwiftPerFileCompile UrlOpenHelpers+macOS.swift
SwiftDriverJobDiscovery normal arm64_32 Compiling UrlOpenHelpers+iOS.swift (in target 'SwiftUIExtensions' from project 'SwiftUIExtensions')
SwiftCompile normal arm64 Compiling\ UrlOpenHelpers+iOS.swift /Users/admin/builder/spi-builder-workspace/.dependencies/checkouts/SwiftUIExtensions/Sources/SwiftUIExtensions/UrlOpenHelpers+iOS.swift (in target 'SwiftUIExtensions' from project 'SwiftUIExtensions')
SwiftCompile normal arm64 /Users/admin/builder/spi-builder-workspace/.dependencies/checkouts/SwiftUIExtensions/Sources/SwiftUIExtensions/UrlOpenHelpers+iOS.swift (in target 'SwiftUIExtensions' from project 'SwiftUIExtensions')
    cd /Users/admin/builder/spi-builder-workspace/.swiftpm/xcode
    builtin-SwiftPerFileCompile UrlOpenHelpers+iOS.swift
SwiftDriverJobDiscovery normal arm64_32 Compiling iOSHelpers.swift (in target 'SwiftUIExtensions' from project 'SwiftUIExtensions')
SwiftDriverJobDiscovery normal arm64_32 Compiling UrlOpenHelpers+macOS.swift (in target 'SwiftUIExtensions' from project 'SwiftUIExtensions')
SwiftCompile normal arm64 Compiling\ View+Extensions.swift /Users/admin/builder/spi-builder-workspace/.dependencies/checkouts/SwiftUIExtensions/Sources/SwiftUIExtensions/View+Extensions.swift (in target 'SwiftUIExtensions' from project 'SwiftUIExtensions')
SwiftCompile normal arm64 /Users/admin/builder/spi-builder-workspace/.dependencies/checkouts/SwiftUIExtensions/Sources/SwiftUIExtensions/View+Extensions.swift (in target 'SwiftUIExtensions' from project 'SwiftUIExtensions')
    cd /Users/admin/builder/spi-builder-workspace/.swiftpm/xcode
    builtin-SwiftPerFileCompile View+Extensions.swift
SwiftDriverJobDiscovery normal arm64_32 Emitting module for SwiftUIExtensions (in target 'SwiftUIExtensions' from project 'SwiftUIExtensions')
SwiftDriver\ Compilation\ Requirements SwiftUIExtensions normal arm64_32 com.apple.xcode.tools.swift.compiler (in target 'SwiftUIExtensions' from project 'SwiftUIExtensions')
    cd /Users/admin/builder/spi-builder-workspace/.swiftpm/xcode
    builtin-Swift-Compilation-Requirements -- /Applications/Xcode-27.0.0-Release.Candidate.app/Contents/Developer/Toolchains/XcodeDefault.xctoolchain/usr/bin/swiftc -parse-as-library -module-name SwiftUIExtensions -Onone @/Users/admin/builder/spi-builder-workspace/.derivedData/Build/Intermediates.noindex/SwiftUIExtensions.build/Debug-watchos/SwiftUIExtensions-t.build/Objects-normal/arm64_32/SwiftUIExtensions.SwiftFileList -DSWIFT_PACKAGE -DDEBUG -DSWIFT_MODULE_RESOURCE_BUNDLE_UNAVAILABLE -DXcode -plugin-path /Applications/Xcode-27.0.0-Release.Candidate.app/Contents/Developer/Toolchains/XcodeDefault.xctoolchain/usr/lib/swift/host/plugins/testing -enable-experimental-feature DebugDescriptionMacro -sdk /Applications/Xcode-27.0.0-Release.Candidate.app/Contents/Developer/Platforms/WatchOS.platform/Developer/SDKs/WatchOS27.0.sdk -target arm64_32-apple-watchos9.0 -g -module-cache-path /Users/admin/builder/spi-builder-workspace/.derivedData/ModuleCache.noindex -Xfrontend -serialize-debugging-options -enable-testing -suppress-warnings -index-store-path /Users/admin/builder/spi-builder-workspace/.derivedData/Index.noindex/DataStore -Xcc -D_LIBCPP_HARDENING_MODE\=_LIBCPP_HARDENING_MODE_DEBUG -swift-version 5 -I /Users/admin/builder/spi-builder-workspace/.derivedData/Build/Products/Debug-watchos -Isystem /Applications/Xcode-27.0.0-Release.Candidate.app/Contents/Developer/Platforms/WatchOS.platform/Developer/usr/lib -F /Users/admin/builder/spi-builder-workspace/.derivedData/Build/Products/Debug-watchos/PackageFrameworks -F /Users/admin/builder/spi-builder-workspace/.derivedData/Build/Products/Debug-watchos -F /Applications/Xcode-27.0.0-Release.Candidate.app/Contents/Developer/Platforms/WatchOS.platform/Developer/Library/Frameworks -F /Applications/Xcode-27.0.0-Release.Candidate.app/Contents/Developer/Platforms/WatchOS.platform/Developer/SDKs/WatchOS27.0.sdk/Developer/Library/Frameworks -c -j10 -enable-batch-mode -incremental -Xcc -ivfsstatcache -Xcc /Users/admin/builder/spi-builder-workspace/.derivedData/SDKStatCaches.noindex/watchos27.0-24R360-e829b21a6f8c9b70876ba0858053c04477534ef55a1706bf4c1112bbb242f0a2.sdkstatcache -output-file-map /Users/admin/builder/spi-builder-workspace/.derivedData/Build/Intermediates.noindex/SwiftUIExtensions.build/Debug-watchos/SwiftUIExtensions-t.build/Objects-normal/arm64_32/SwiftUIExtensions-OutputFileMap.json -save-temps -no-color-diagnostics -explicit-module-build -module-cache-path /Users/admin/builder/spi-builder-workspace/.derivedData/Build/Intermediates.noindex/SwiftExplicitPrecompiledModules -clang-scanner-module-cache-path /Users/admin/builder/spi-builder-workspace/.derivedData/ModuleCache.noindex -sdk-module-cache-path /Users/admin/builder/spi-builder-workspace/.derivedData/SDKExplicitPrecompiledModules -emit-dependencies -emit-module -emit-module-path /Users/admin/builder/spi-builder-workspace/.derivedData/Build/Intermediates.noindex/SwiftUIExtensions.build/Debug-watchos/SwiftUIExtensions-t.build/Objects-normal/arm64_32/SwiftUIExtensions.swiftmodule -serialize-diagnostics -dependency-scan-serialize-diagnostics-path /Users/admin/builder/spi-builder-workspace/.derivedData/Build/Intermediates.noindex/SwiftUIExtensions.build/Debug-watchos/SwiftUIExtensions-t.build/Objects-normal/arm64_32/SwiftUIExtensions-dependency-scan.dia -validate-clang-modules-once -clang-build-session-file /Users/admin/builder/spi-builder-workspace/.derivedData/ModuleCache.noindex/Session.modulevalidation -Xcc -fmodules-prune-interval\=86400 -Xcc -fmodules-prune-after\=345600 -emit-const-values -const-gather-protocols-list /Users/admin/builder/spi-builder-workspace/.derivedData/Build/Intermediates.noindex/SwiftUIExtensions.build/Debug-watchos/SwiftUIExtensions-t.build/Objects-normal/arm64_32/SwiftUIExtensions_const_extract_protocols.json -Xcc -I/Users/admin/builder/spi-builder-workspace/.derivedData/Build/Products/Debug-watchos/include -Xcc -I/Users/admin/builder/spi-builder-workspace/.derivedData/Build/Intermediates.noindex/SwiftUIExtensions.build/Debug-watchos/SwiftUIExtensions-t.build/DerivedSources-normal/arm64_32 -Xcc -I/Users/admin/builder/spi-builder-workspace/.derivedData/Build/Intermediates.noindex/SwiftUIExtensions.build/Debug-watchos/SwiftUIExtensions-t.build/DerivedSources/arm64_32 -Xcc -I/Users/admin/builder/spi-builder-workspace/.derivedData/Build/Intermediates.noindex/SwiftUIExtensions.build/Debug-watchos/SwiftUIExtensions-t.build/DerivedSources -Xcc -DSWIFT_PACKAGE -Xcc -DDEBUG\=1 -emit-objc-header -emit-objc-header-path /Users/admin/builder/spi-builder-workspace/.derivedData/Build/Intermediates.noindex/SwiftUIExtensions.build/Debug-watchos/SwiftUIExtensions-t.build/Objects-normal/arm64_32/SwiftUIExtensions-Swift.h -working-directory /Users/admin/builder/spi-builder-workspace/.swiftpm/xcode -experimental-emit-module-separately -disable-cmo
SwiftDriverJobDiscovery normal arm64_32 Compiling MomentarySwitch.swift (in target 'SwiftUIExtensions' from project 'SwiftUIExtensions')
SwiftCompile normal arm64 Compiling\ iOSHelpers.swift /Users/admin/builder/spi-builder-workspace/.dependencies/checkouts/SwiftUIExtensions/Sources/SwiftUIExtensions/iOSHelpers.swift (in target 'SwiftUIExtensions' from project 'SwiftUIExtensions')
SwiftCompile normal arm64 /Users/admin/builder/spi-builder-workspace/.dependencies/checkouts/SwiftUIExtensions/Sources/SwiftUIExtensions/iOSHelpers.swift (in target 'SwiftUIExtensions' from project 'SwiftUIExtensions')
    cd /Users/admin/builder/spi-builder-workspace/.swiftpm/xcode
    builtin-SwiftPerFileCompile iOSHelpers.swift
Copy /Users/admin/builder/spi-builder-workspace/.derivedData/Build/Products/Debug-watchos/SwiftUIExtensions.swiftmodule/arm64_32-apple-watchos.swiftmodule /Users/admin/builder/spi-builder-workspace/.derivedData/Build/Intermediates.noindex/SwiftUIExtensions.build/Debug-watchos/SwiftUIExtensions-t.build/Objects-normal/arm64_32/SwiftUIExtensions.swiftmodule (in target 'SwiftUIExtensions' from project 'SwiftUIExtensions')
    cd /Users/admin/builder/spi-builder-workspace/.dependencies/checkouts/SwiftUIExtensions
    builtin-copy -exclude .DS_Store -exclude CVS -exclude .svn -exclude .git -exclude .hg -resolve-src-symlinks -rename /Users/admin/builder/spi-builder-workspace/.derivedData/Build/Intermediates.noindex/SwiftUIExtensions.build/Debug-watchos/SwiftUIExtensions-t.build/Objects-normal/arm64_32/SwiftUIExtensions.swiftmodule /Users/admin/builder/spi-builder-workspace/.derivedData/Build/Products/Debug-watchos/SwiftUIExtensions.swiftmodule/arm64_32-apple-watchos.swiftmodule
SwiftDriverJobDiscovery normal arm64 Emitting module for SwiftUIExtensions (in target 'SwiftUIExtensions' from project 'SwiftUIExtensions')
SwiftDriver\ Compilation\ Requirements SwiftUIExtensions normal arm64 com.apple.xcode.tools.swift.compiler (in target 'SwiftUIExtensions' from project 'SwiftUIExtensions')
    cd /Users/admin/builder/spi-builder-workspace/.swiftpm/xcode
    builtin-Swift-Compilation-Requirements -- /Applications/Xcode-27.0.0-Release.Candidate.app/Contents/Developer/Toolchains/XcodeDefault.xctoolchain/usr/bin/swiftc -parse-as-library -module-name SwiftUIExtensions -Onone @/Users/admin/builder/spi-builder-workspace/.derivedData/Build/Intermediates.noindex/SwiftUIExtensions.build/Debug-watchos/SwiftUIExtensions-t.build/Objects-normal/arm64/SwiftUIExtensions.SwiftFileList -DSWIFT_PACKAGE -DDEBUG -DSWIFT_MODULE_RESOURCE_BUNDLE_UNAVAILABLE -DXcode -plugin-path /Applications/Xcode-27.0.0-Release.Candidate.app/Contents/Developer/Toolchains/XcodeDefault.xctoolchain/usr/lib/swift/host/plugins/testing -enable-experimental-feature DebugDescriptionMacro -sdk /Applications/Xcode-27.0.0-Release.Candidate.app/Contents/Developer/Platforms/WatchOS.platform/Developer/SDKs/WatchOS27.0.sdk -target arm64-apple-watchos9.0 -g -module-cache-path /Users/admin/builder/spi-builder-workspace/.derivedData/ModuleCache.noindex -Xfrontend -serialize-debugging-options -enable-testing -suppress-warnings -index-store-path /Users/admin/builder/spi-builder-workspace/.derivedData/Index.noindex/DataStore -Xcc -D_LIBCPP_HARDENING_MODE\=_LIBCPP_HARDENING_MODE_DEBUG -swift-version 5 -I /Users/admin/builder/spi-builder-workspace/.derivedData/Build/Products/Debug-watchos -Isystem /Applications/Xcode-27.0.0-Release.Candidate.app/Contents/Developer/Platforms/WatchOS.platform/Developer/usr/lib -F /Users/admin/builder/spi-builder-workspace/.derivedData/Build/Products/Debug-watchos/PackageFrameworks -F /Users/admin/builder/spi-builder-workspace/.derivedData/Build/Products/Debug-watchos -F /Applications/Xcode-27.0.0-Release.Candidate.app/Contents/Developer/Platforms/WatchOS.platform/Developer/Library/Frameworks -F /Applications/Xcode-27.0.0-Release.Candidate.app/Contents/Developer/Platforms/WatchOS.platform/Developer/SDKs/WatchOS27.0.sdk/Developer/Library/Frameworks -c -j10 -enable-batch-mode -incremental -Xcc -ivfsstatcache -Xcc /Users/admin/builder/spi-builder-workspace/.derivedData/SDKStatCaches.noindex/watchos27.0-24R360-e829b21a6f8c9b70876ba0858053c04477534ef55a1706bf4c1112bbb242f0a2.sdkstatcache -output-file-map /Users/admin/builder/spi-builder-workspace/.derivedData/Build/Intermediates.noindex/SwiftUIExtensions.build/Debug-watchos/SwiftUIExtensions-t.build/Objects-normal/arm64/SwiftUIExtensions-OutputFileMap.json -save-temps -no-color-diagnostics -explicit-module-build -module-cache-path /Users/admin/builder/spi-builder-workspace/.derivedData/Build/Intermediates.noindex/SwiftExplicitPrecompiledModules -clang-scanner-module-cache-path /Users/admin/builder/spi-builder-workspace/.derivedData/ModuleCache.noindex -sdk-module-cache-path /Users/admin/builder/spi-builder-workspace/.derivedData/SDKExplicitPrecompiledModules -emit-dependencies -emit-module -emit-module-path /Users/admin/builder/spi-builder-workspace/.derivedData/Build/Intermediates.noindex/SwiftUIExtensions.build/Debug-watchos/SwiftUIExtensions-t.build/Objects-normal/arm64/SwiftUIExtensions.swiftmodule -serialize-diagnostics -dependency-scan-serialize-diagnostics-path /Users/admin/builder/spi-builder-workspace/.derivedData/Build/Intermediates.noindex/SwiftUIExtensions.build/Debug-watchos/SwiftUIExtensions-t.build/Objects-normal/arm64/SwiftUIExtensions-dependency-scan.dia -validate-clang-modules-once -clang-build-session-file /Users/admin/builder/spi-builder-workspace/.derivedData/ModuleCache.noindex/Session.modulevalidation -Xcc -fmodules-prune-interval\=86400 -Xcc -fmodules-prune-after\=345600 -emit-const-values -const-gather-protocols-list /Users/admin/builder/spi-builder-workspace/.derivedData/Build/Intermediates.noindex/SwiftUIExtensions.build/Debug-watchos/SwiftUIExtensions-t.build/Objects-normal/arm64/SwiftUIExtensions_const_extract_protocols.json -Xcc -I/Users/admin/builder/spi-builder-workspace/.derivedData/Build/Products/Debug-watchos/include -Xcc -I/Users/admin/builder/spi-builder-workspace/.derivedData/Build/Intermediates.noindex/SwiftUIExtensions.build/Debug-watchos/SwiftUIExtensions-t.build/DerivedSources-normal/arm64 -Xcc -I/Users/admin/builder/spi-builder-workspace/.derivedData/Build/Intermediates.noindex/SwiftUIExtensions.build/Debug-watchos/SwiftUIExtensions-t.build/DerivedSources/arm64 -Xcc -I/Users/admin/builder/spi-builder-workspace/.derivedData/Build/Intermediates.noindex/SwiftUIExtensions.build/Debug-watchos/SwiftUIExtensions-t.build/DerivedSources -Xcc -DSWIFT_PACKAGE -Xcc -DDEBUG\=1 -emit-objc-header -emit-objc-header-path /Users/admin/builder/spi-builder-workspace/.derivedData/Build/Intermediates.noindex/SwiftUIExtensions.build/Debug-watchos/SwiftUIExtensions-t.build/Objects-normal/arm64/SwiftUIExtensions-Swift.h -working-directory /Users/admin/builder/spi-builder-workspace/.swiftpm/xcode -experimental-emit-module-separately -disable-cmo
Copy /Users/admin/builder/spi-builder-workspace/.derivedData/Build/Products/Debug-watchos/SwiftUIExtensions.swiftmodule/arm64_32-apple-watchos.swiftdoc /Users/admin/builder/spi-builder-workspace/.derivedData/Build/Intermediates.noindex/SwiftUIExtensions.build/Debug-watchos/SwiftUIExtensions-t.build/Objects-normal/arm64_32/SwiftUIExtensions.swiftdoc (in target 'SwiftUIExtensions' from project 'SwiftUIExtensions')
    cd /Users/admin/builder/spi-builder-workspace/.dependencies/checkouts/SwiftUIExtensions
    builtin-copy -exclude .DS_Store -exclude CVS -exclude .svn -exclude .git -exclude .hg -resolve-src-symlinks -rename /Users/admin/builder/spi-builder-workspace/.derivedData/Build/Intermediates.noindex/SwiftUIExtensions.build/Debug-watchos/SwiftUIExtensions-t.build/Objects-normal/arm64_32/SwiftUIExtensions.swiftdoc /Users/admin/builder/spi-builder-workspace/.derivedData/Build/Products/Debug-watchos/SwiftUIExtensions.swiftmodule/arm64_32-apple-watchos.swiftdoc
SwiftMergeGeneratedHeaders /Users/admin/builder/spi-builder-workspace/.derivedData/Build/Intermediates.noindex/GeneratedModuleMaps-watchos/SwiftUIExtensions-Swift.h /Users/admin/builder/spi-builder-workspace/.derivedData/Build/Intermediates.noindex/SwiftUIExtensions.build/Debug-watchos/SwiftUIExtensions-t.build/Objects-normal/arm64/SwiftUIExtensions-Swift.h /Users/admin/builder/spi-builder-workspace/.derivedData/Build/Intermediates.noindex/SwiftUIExtensions.build/Debug-watchos/SwiftUIExtensions-t.build/Objects-normal/arm64_32/SwiftUIExtensions-Swift.h (in target 'SwiftUIExtensions' from project 'SwiftUIExtensions')
    cd /Users/admin/builder/spi-builder-workspace/.dependencies/checkouts/SwiftUIExtensions
    builtin-swiftHeaderTool -arch arm64 /Users/admin/builder/spi-builder-workspace/.derivedData/Build/Intermediates.noindex/SwiftUIExtensions.build/Debug-watchos/SwiftUIExtensions-t.build/Objects-normal/arm64/SwiftUIExtensions-Swift.h -arch arm64_32 /Users/admin/builder/spi-builder-workspace/.derivedData/Build/Intermediates.noindex/SwiftUIExtensions.build/Debug-watchos/SwiftUIExtensions-t.build/Objects-normal/arm64_32/SwiftUIExtensions-Swift.h -o /Users/admin/builder/spi-builder-workspace/.derivedData/Build/Intermediates.noindex/GeneratedModuleMaps-watchos/SwiftUIExtensions-Swift.h
Copy /Users/admin/builder/spi-builder-workspace/.derivedData/Build/Products/Debug-watchos/SwiftUIExtensions.swiftmodule/arm64_32-apple-watchos.abi.json /Users/admin/builder/spi-builder-workspace/.derivedData/Build/Intermediates.noindex/SwiftUIExtensions.build/Debug-watchos/SwiftUIExtensions-t.build/Objects-normal/arm64_32/SwiftUIExtensions.abi.json (in target 'SwiftUIExtensions' from project 'SwiftUIExtensions')
    cd /Users/admin/builder/spi-builder-workspace/.dependencies/checkouts/SwiftUIExtensions
    builtin-copy -exclude .DS_Store -exclude CVS -exclude .svn -exclude .git -exclude .hg -resolve-src-symlinks -rename /Users/admin/builder/spi-builder-workspace/.derivedData/Build/Intermediates.noindex/SwiftUIExtensions.build/Debug-watchos/SwiftUIExtensions-t.build/Objects-normal/arm64_32/SwiftUIExtensions.abi.json /Users/admin/builder/spi-builder-workspace/.derivedData/Build/Products/Debug-watchos/SwiftUIExtensions.swiftmodule/arm64_32-apple-watchos.abi.json
Copy /Users/admin/builder/spi-builder-workspace/.derivedData/Build/Products/Debug-watchos/SwiftUIExtensions.swiftmodule/arm64-apple-watchos.swiftmodule /Users/admin/builder/spi-builder-workspace/.derivedData/Build/Intermediates.noindex/SwiftUIExtensions.build/Debug-watchos/SwiftUIExtensions-t.build/Objects-normal/arm64/SwiftUIExtensions.swiftmodule (in target 'SwiftUIExtensions' from project 'SwiftUIExtensions')
    cd /Users/admin/builder/spi-builder-workspace/.dependencies/checkouts/SwiftUIExtensions
    builtin-copy -exclude .DS_Store -exclude CVS -exclude .svn -exclude .git -exclude .hg -resolve-src-symlinks -rename /Users/admin/builder/spi-builder-workspace/.derivedData/Build/Intermediates.noindex/SwiftUIExtensions.build/Debug-watchos/SwiftUIExtensions-t.build/Objects-normal/arm64/SwiftUIExtensions.swiftmodule /Users/admin/builder/spi-builder-workspace/.derivedData/Build/Products/Debug-watchos/SwiftUIExtensions.swiftmodule/arm64-apple-watchos.swiftmodule
Copy /Users/admin/builder/spi-builder-workspace/.derivedData/Build/Products/Debug-watchos/SwiftUIExtensions.swiftmodule/arm64-apple-watchos.swiftdoc /Users/admin/builder/spi-builder-workspace/.derivedData/Build/Intermediates.noindex/SwiftUIExtensions.build/Debug-watchos/SwiftUIExtensions-t.build/Objects-normal/arm64/SwiftUIExtensions.swiftdoc (in target 'SwiftUIExtensions' from project 'SwiftUIExtensions')
    cd /Users/admin/builder/spi-builder-workspace/.dependencies/checkouts/SwiftUIExtensions
    builtin-copy -exclude .DS_Store -exclude CVS -exclude .svn -exclude .git -exclude .hg -resolve-src-symlinks -rename /Users/admin/builder/spi-builder-workspace/.derivedData/Build/Intermediates.noindex/SwiftUIExtensions.build/Debug-watchos/SwiftUIExtensions-t.build/Objects-normal/arm64/SwiftUIExtensions.swiftdoc /Users/admin/builder/spi-builder-workspace/.derivedData/Build/Products/Debug-watchos/SwiftUIExtensions.swiftmodule/arm64-apple-watchos.swiftdoc
Copy /Users/admin/builder/spi-builder-workspace/.derivedData/Build/Products/Debug-watchos/SwiftUIExtensions.swiftmodule/arm64-apple-watchos.abi.json /Users/admin/builder/spi-builder-workspace/.derivedData/Build/Intermediates.noindex/SwiftUIExtensions.build/Debug-watchos/SwiftUIExtensions-t.build/Objects-normal/arm64/SwiftUIExtensions.abi.json (in target 'SwiftUIExtensions' from project 'SwiftUIExtensions')
    cd /Users/admin/builder/spi-builder-workspace/.dependencies/checkouts/SwiftUIExtensions
    builtin-copy -exclude .DS_Store -exclude CVS -exclude .svn -exclude .git -exclude .hg -resolve-src-symlinks -rename /Users/admin/builder/spi-builder-workspace/.derivedData/Build/Intermediates.noindex/SwiftUIExtensions.build/Debug-watchos/SwiftUIExtensions-t.build/Objects-normal/arm64/SwiftUIExtensions.abi.json /Users/admin/builder/spi-builder-workspace/.derivedData/Build/Products/Debug-watchos/SwiftUIExtensions.swiftmodule/arm64-apple-watchos.abi.json
Copy /Users/admin/builder/spi-builder-workspace/.derivedData/Build/Products/Debug-watchos/SwiftUIExtensions.swiftmodule/Project/arm64_32-apple-watchos.swiftsourceinfo /Users/admin/builder/spi-builder-workspace/.derivedData/Build/Intermediates.noindex/SwiftUIExtensions.build/Debug-watchos/SwiftUIExtensions-t.build/Objects-normal/arm64_32/SwiftUIExtensions.swiftsourceinfo (in target 'SwiftUIExtensions' from project 'SwiftUIExtensions')
    cd /Users/admin/builder/spi-builder-workspace/.dependencies/checkouts/SwiftUIExtensions
    builtin-copy -exclude .DS_Store -exclude CVS -exclude .svn -exclude .git -exclude .hg -resolve-src-symlinks -rename /Users/admin/builder/spi-builder-workspace/.derivedData/Build/Intermediates.noindex/SwiftUIExtensions.build/Debug-watchos/SwiftUIExtensions-t.build/Objects-normal/arm64_32/SwiftUIExtensions.swiftsourceinfo /Users/admin/builder/spi-builder-workspace/.derivedData/Build/Products/Debug-watchos/SwiftUIExtensions.swiftmodule/Project/arm64_32-apple-watchos.swiftsourceinfo
Copy /Users/admin/builder/spi-builder-workspace/.derivedData/Build/Products/Debug-watchos/SwiftUIExtensions.swiftmodule/Project/arm64-apple-watchos.swiftsourceinfo /Users/admin/builder/spi-builder-workspace/.derivedData/Build/Intermediates.noindex/SwiftUIExtensions.build/Debug-watchos/SwiftUIExtensions-t.build/Objects-normal/arm64/SwiftUIExtensions.swiftsourceinfo (in target 'SwiftUIExtensions' from project 'SwiftUIExtensions')
    cd /Users/admin/builder/spi-builder-workspace/.dependencies/checkouts/SwiftUIExtensions
    builtin-copy -exclude .DS_Store -exclude CVS -exclude .svn -exclude .git -exclude .hg -resolve-src-symlinks -rename /Users/admin/builder/spi-builder-workspace/.derivedData/Build/Intermediates.noindex/SwiftUIExtensions.build/Debug-watchos/SwiftUIExtensions-t.build/Objects-normal/arm64/SwiftUIExtensions.swiftsourceinfo /Users/admin/builder/spi-builder-workspace/.derivedData/Build/Products/Debug-watchos/SwiftUIExtensions.swiftmodule/Project/arm64-apple-watchos.swiftsourceinfo
SwiftCompile normal arm64 Compiling\ MomentarySwitch.swift /Users/admin/builder/spi-builder-workspace/.dependencies/checkouts/SwiftUIExtensions/Sources/SwiftUIExtensions/MomentarySwitch.swift (in target 'SwiftUIExtensions' from project 'SwiftUIExtensions')
SwiftCompile normal arm64 /Users/admin/builder/spi-builder-workspace/.dependencies/checkouts/SwiftUIExtensions/Sources/SwiftUIExtensions/MomentarySwitch.swift (in target 'SwiftUIExtensions' from project 'SwiftUIExtensions')
    cd /Users/admin/builder/spi-builder-workspace/.swiftpm/xcode
    builtin-SwiftPerFileCompile MomentarySwitch.swift
SwiftDriverJobDiscovery normal arm64 Compiling UrlOpenHelpers+iOS.swift (in target 'SwiftUIExtensions' from project 'SwiftUIExtensions')
SwiftCompile normal arm64 Compiling\ DoWithoutAnimation.swift /Users/admin/builder/spi-builder-workspace/.dependencies/checkouts/SwiftUIExtensions/Sources/SwiftUIExtensions/DoWithoutAnimation.swift (in target 'SwiftUIExtensions' from project 'SwiftUIExtensions')
SwiftCompile normal arm64 /Users/admin/builder/spi-builder-workspace/.dependencies/checkouts/SwiftUIExtensions/Sources/SwiftUIExtensions/DoWithoutAnimation.swift (in target 'SwiftUIExtensions' from project 'SwiftUIExtensions')
    cd /Users/admin/builder/spi-builder-workspace/.swiftpm/xcode
    builtin-SwiftPerFileCompile DoWithoutAnimation.swift
SwiftCompile normal arm64 Compiling\ OnScenePhaseChangedModifier.swift /Users/admin/builder/spi-builder-workspace/.dependencies/checkouts/SwiftUIExtensions/Sources/SwiftUIExtensions/OnScenePhaseChangedModifier.swift (in target 'SwiftUIExtensions' from project 'SwiftUIExtensions')
SwiftCompile normal arm64 /Users/admin/builder/spi-builder-workspace/.dependencies/checkouts/SwiftUIExtensions/Sources/SwiftUIExtensions/OnScenePhaseChangedModifier.swift (in target 'SwiftUIExtensions' from project 'SwiftUIExtensions')
    cd /Users/admin/builder/spi-builder-workspace/.swiftpm/xcode
    builtin-SwiftPerFileCompile OnScenePhaseChangedModifier.swift
SwiftDriverJobDiscovery normal arm64 Compiling UrlOpenHelpers+macOS.swift (in target 'SwiftUIExtensions' from project 'SwiftUIExtensions')
SwiftDriverJobDiscovery normal arm64 Compiling iOSHelpers.swift (in target 'SwiftUIExtensions' from project 'SwiftUIExtensions')
SwiftDriver SwiftUIScroll normal arm64 com.apple.xcode.tools.swift.compiler (in target 'SwiftUIScroll' from project 'SwiftUIScroll')
    cd /Users/admin/builder/spi-builder-workspace/.swiftpm/xcode
    builtin-SwiftDriver -- /Applications/Xcode-27.0.0-Release.Candidate.app/Contents/Developer/Toolchains/XcodeDefault.xctoolchain/usr/bin/swiftc -parse-as-library -module-name SwiftUIScroll -Onone @/Users/admin/builder/spi-builder-workspace/.derivedData/Build/Intermediates.noindex/SwiftUIScroll.build/Debug-watchos/SwiftUIScroll-t.build/Objects-normal/arm64/SwiftUIScroll.SwiftFileList -DSWIFT_PACKAGE -DDEBUG -DSWIFT_MODULE_RESOURCE_BUNDLE_UNAVAILABLE -DXcode -plugin-path /Applications/Xcode-27.0.0-Release.Candidate.app/Contents/Developer/Toolchains/XcodeDefault.xctoolchain/usr/lib/swift/host/plugins/testing -enable-experimental-feature DebugDescriptionMacro -sdk /Applications/Xcode-27.0.0-Release.Candidate.app/Contents/Developer/Platforms/WatchOS.platform/Developer/SDKs/WatchOS27.0.sdk -target arm64-apple-watchos9.0 -g -module-cache-path /Users/admin/builder/spi-builder-workspace/.derivedData/ModuleCache.noindex -Xfrontend -serialize-debugging-options -enable-testing -index-store-path /Users/admin/builder/spi-builder-workspace/.derivedData/Index.noindex/DataStore -Xcc -D_LIBCPP_HARDENING_MODE\=_LIBCPP_HARDENING_MODE_DEBUG -swift-version 5 -I /Users/admin/builder/spi-builder-workspace/.derivedData/Build/Products/Debug-watchos -Isystem /Applications/Xcode-27.0.0-Release.Candidate.app/Contents/Developer/Platforms/WatchOS.platform/Developer/usr/lib -F /Users/admin/builder/spi-builder-workspace/.derivedData/Build/Products/Debug-watchos/PackageFrameworks -F /Users/admin/builder/spi-builder-workspace/.derivedData/Build/Products/Debug-watchos -F /Applications/Xcode-27.0.0-Release.Candidate.app/Contents/Developer/Platforms/WatchOS.platform/Developer/Library/Frameworks -F /Applications/Xcode-27.0.0-Release.Candidate.app/Contents/Developer/Platforms/WatchOS.platform/Developer/SDKs/WatchOS27.0.sdk/Developer/Library/Frameworks -c -j10 -enable-batch-mode -incremental -Xcc -ivfsstatcache -Xcc /Users/admin/builder/spi-builder-workspace/.derivedData/SDKStatCaches.noindex/watchos27.0-24R360-e829b21a6f8c9b70876ba0858053c04477534ef55a1706bf4c1112bbb242f0a2.sdkstatcache -output-file-map /Users/admin/builder/spi-builder-workspace/.derivedData/Build/Intermediates.noindex/SwiftUIScroll.build/Debug-watchos/SwiftUIScroll-t.build/Objects-normal/arm64/SwiftUIScroll-OutputFileMap.json -save-temps -no-color-diagnostics -explicit-module-build -module-cache-path /Users/admin/builder/spi-builder-workspace/.derivedData/Build/Intermediates.noindex/SwiftExplicitPrecompiledModules -clang-scanner-module-cache-path /Users/admin/builder/spi-builder-workspace/.derivedData/ModuleCache.noindex -sdk-module-cache-path /Users/admin/builder/spi-builder-workspace/.derivedData/SDKExplicitPrecompiledModules -emit-dependencies -emit-module -emit-module-path /Users/admin/builder/spi-builder-workspace/.derivedData/Build/Intermediates.noindex/SwiftUIScroll.build/Debug-watchos/SwiftUIScroll-t.build/Objects-normal/arm64/SwiftUIScroll.swiftmodule -serialize-diagnostics -dependency-scan-serialize-diagnostics-path /Users/admin/builder/spi-builder-workspace/.derivedData/Build/Intermediates.noindex/SwiftUIScroll.build/Debug-watchos/SwiftUIScroll-t.build/Objects-normal/arm64/SwiftUIScroll-dependency-scan.dia -validate-clang-modules-once -clang-build-session-file /Users/admin/builder/spi-builder-workspace/.derivedData/ModuleCache.noindex/Session.modulevalidation -Xcc -fmodules-prune-interval\=86400 -Xcc -fmodules-prune-after\=345600 -emit-const-values -const-gather-protocols-list /Users/admin/builder/spi-builder-workspace/.derivedData/Build/Intermediates.noindex/SwiftUIScroll.build/Debug-watchos/SwiftUIScroll-t.build/Objects-normal/arm64/SwiftUIScroll_const_extract_protocols.json -Xcc -I/Users/admin/builder/spi-builder-workspace/.derivedData/Build/Products/Debug-watchos/include -Xcc -I/Users/admin/builder/spi-builder-workspace/.derivedData/Build/Intermediates.noindex/SwiftUIScroll.build/Debug-watchos/SwiftUIScroll-t.build/DerivedSources-normal/arm64 -Xcc -I/Users/admin/builder/spi-builder-workspace/.derivedData/Build/Intermediates.noindex/SwiftUIScroll.build/Debug-watchos/SwiftUIScroll-t.build/DerivedSources/arm64 -Xcc -I/Users/admin/builder/spi-builder-workspace/.derivedData/Build/Intermediates.noindex/SwiftUIScroll.build/Debug-watchos/SwiftUIScroll-t.build/DerivedSources -Xcc -DSWIFT_PACKAGE -Xcc -DDEBUG\=1 -emit-objc-header -emit-objc-header-path /Users/admin/builder/spi-builder-workspace/.derivedData/Build/Intermediates.noindex/SwiftUIScroll.build/Debug-watchos/SwiftUIScroll-t.build/Objects-normal/arm64/SwiftUIScroll-Swift.h -working-directory /Users/admin/builder/spi-builder-workspace/.swiftpm/xcode -experimental-emit-module-separately -disable-cmo
SwiftDriver SwiftUIScroll normal arm64_32 com.apple.xcode.tools.swift.compiler (in target 'SwiftUIScroll' from project 'SwiftUIScroll')
    cd /Users/admin/builder/spi-builder-workspace/.swiftpm/xcode
    builtin-SwiftDriver -- /Applications/Xcode-27.0.0-Release.Candidate.app/Contents/Developer/Toolchains/XcodeDefault.xctoolchain/usr/bin/swiftc -parse-as-library -module-name SwiftUIScroll -Onone @/Users/admin/builder/spi-builder-workspace/.derivedData/Build/Intermediates.noindex/SwiftUIScroll.build/Debug-watchos/SwiftUIScroll-t.build/Objects-normal/arm64_32/SwiftUIScroll.SwiftFileList -DSWIFT_PACKAGE -DDEBUG -DSWIFT_MODULE_RESOURCE_BUNDLE_UNAVAILABLE -DXcode -plugin-path /Applications/Xcode-27.0.0-Release.Candidate.app/Contents/Developer/Toolchains/XcodeDefault.xctoolchain/usr/lib/swift/host/plugins/testing -enable-experimental-feature DebugDescriptionMacro -sdk /Applications/Xcode-27.0.0-Release.Candidate.app/Contents/Developer/Platforms/WatchOS.platform/Developer/SDKs/WatchOS27.0.sdk -target arm64_32-apple-watchos9.0 -g -module-cache-path /Users/admin/builder/spi-builder-workspace/.derivedData/ModuleCache.noindex -Xfrontend -serialize-debugging-options -enable-testing -index-store-path /Users/admin/builder/spi-builder-workspace/.derivedData/Index.noindex/DataStore -Xcc -D_LIBCPP_HARDENING_MODE\=_LIBCPP_HARDENING_MODE_DEBUG -swift-version 5 -I /Users/admin/builder/spi-builder-workspace/.derivedData/Build/Products/Debug-watchos -Isystem /Applications/Xcode-27.0.0-Release.Candidate.app/Contents/Developer/Platforms/WatchOS.platform/Developer/usr/lib -F /Users/admin/builder/spi-builder-workspace/.derivedData/Build/Products/Debug-watchos/PackageFrameworks -F /Users/admin/builder/spi-builder-workspace/.derivedData/Build/Products/Debug-watchos -F /Applications/Xcode-27.0.0-Release.Candidate.app/Contents/Developer/Platforms/WatchOS.platform/Developer/Library/Frameworks -F /Applications/Xcode-27.0.0-Release.Candidate.app/Contents/Developer/Platforms/WatchOS.platform/Developer/SDKs/WatchOS27.0.sdk/Developer/Library/Frameworks -c -j10 -enable-batch-mode -incremental -Xcc -ivfsstatcache -Xcc /Users/admin/builder/spi-builder-workspace/.derivedData/SDKStatCaches.noindex/watchos27.0-24R360-e829b21a6f8c9b70876ba0858053c04477534ef55a1706bf4c1112bbb242f0a2.sdkstatcache -output-file-map /Users/admin/builder/spi-builder-workspace/.derivedData/Build/Intermediates.noindex/SwiftUIScroll.build/Debug-watchos/SwiftUIScroll-t.build/Objects-normal/arm64_32/SwiftUIScroll-OutputFileMap.json -save-temps -no-color-diagnostics -explicit-module-build -module-cache-path /Users/admin/builder/spi-builder-workspace/.derivedData/Build/Intermediates.noindex/SwiftExplicitPrecompiledModules -clang-scanner-module-cache-path /Users/admin/builder/spi-builder-workspace/.derivedData/ModuleCache.noindex -sdk-module-cache-path /Users/admin/builder/spi-builder-workspace/.derivedData/SDKExplicitPrecompiledModules -emit-dependencies -emit-module -emit-module-path /Users/admin/builder/spi-builder-workspace/.derivedData/Build/Intermediates.noindex/SwiftUIScroll.build/Debug-watchos/SwiftUIScroll-t.build/Objects-normal/arm64_32/SwiftUIScroll.swiftmodule -serialize-diagnostics -dependency-scan-serialize-diagnostics-path /Users/admin/builder/spi-builder-workspace/.derivedData/Build/Intermediates.noindex/SwiftUIScroll.build/Debug-watchos/SwiftUIScroll-t.build/Objects-normal/arm64_32/SwiftUIScroll-dependency-scan.dia -validate-clang-modules-once -clang-build-session-file /Users/admin/builder/spi-builder-workspace/.derivedData/ModuleCache.noindex/Session.modulevalidation -Xcc -fmodules-prune-interval\=86400 -Xcc -fmodules-prune-after\=345600 -emit-const-values -const-gather-protocols-list /Users/admin/builder/spi-builder-workspace/.derivedData/Build/Intermediates.noindex/SwiftUIScroll.build/Debug-watchos/SwiftUIScroll-t.build/Objects-normal/arm64_32/SwiftUIScroll_const_extract_protocols.json -Xcc -I/Users/admin/builder/spi-builder-workspace/.derivedData/Build/Products/Debug-watchos/include -Xcc -I/Users/admin/builder/spi-builder-workspace/.derivedData/Build/Intermediates.noindex/SwiftUIScroll.build/Debug-watchos/SwiftUIScroll-t.build/DerivedSources-normal/arm64_32 -Xcc -I/Users/admin/builder/spi-builder-workspace/.derivedData/Build/Intermediates.noindex/SwiftUIScroll.build/Debug-watchos/SwiftUIScroll-t.build/DerivedSources/arm64_32 -Xcc -I/Users/admin/builder/spi-builder-workspace/.derivedData/Build/Intermediates.noindex/SwiftUIScroll.build/Debug-watchos/SwiftUIScroll-t.build/DerivedSources -Xcc -DSWIFT_PACKAGE -Xcc -DDEBUG\=1 -emit-objc-header -emit-objc-header-path /Users/admin/builder/spi-builder-workspace/.derivedData/Build/Intermediates.noindex/SwiftUIScroll.build/Debug-watchos/SwiftUIScroll-t.build/Objects-normal/arm64_32/SwiftUIScroll-Swift.h -working-directory /Users/admin/builder/spi-builder-workspace/.swiftpm/xcode -experimental-emit-module-separately -disable-cmo
SwiftDriverJobDiscovery normal arm64 Compiling MomentarySwitch.swift (in target 'SwiftUIExtensions' from project 'SwiftUIExtensions')
SwiftEmitModule normal arm64 Emitting\ module\ for\ SwiftUIScroll (in target 'SwiftUIScroll' from project 'SwiftUIScroll')
/Users/admin/builder/spi-builder-workspace/Sources/SwiftUIScroll/ScrollViewFeedbackIntegrationView+nonMacOS.swift:11:51: error: 'UIView' is unavailable in watchOS
  9 |  and that the `ScrollView` we would like to monitor is online and is our sibling.
 10 |  */
 11 | private final class WindowAttachedReportingView : UIView {
    |                                                   `- error: 'UIView' is unavailable in watchOS
 12 |   /**
 13 |    Called with the current window attachment state whenever changes are detected.
/Applications/Xcode-27.0.0-Release.Candidate.app/Contents/Developer/Platforms/WatchOS.platform/Developer/SDKs/WatchOS27.0.sdk/System/Library/Frameworks/UIKit.framework/Headers/UIView.h:152:12: note: 'UIView' has been explicitly marked unavailable here
150 |
151 | UIKIT_EXTERN API_AVAILABLE(ios(2.0)) API_UNAVAILABLE(watchos) NS_SWIFT_UI_ACTOR
152 | @interface UIView : UIResponder <NSCoding, UIAppearance, UIAppearanceContainer, UIDynamicItem, UITraitEnvironment, UICoordinateSpace, UIFocusItem, UIFocusItemContainer, CALayerDelegate>
    |            `- note: 'UIView' has been explicitly marked unavailable here
153 |
154 | @property(class, nonatomic, readonly) Class layerClass;                        // default is [CALayer class]. Used when creating the underlying layer for the view.
/Users/admin/builder/spi-builder-workspace/Sources/SwiftUIScroll/ScrollViewFeedbackIntegrationView+nonMacOS.swift:76:28: error: cannot find type 'Context' in scope
 74 |    Called to create the underlying `UIKit` view, given the current `Context`.
 75 |    */
 76 |   func makeUIView(context: Context) -> UIView {
    |                            `- error: cannot find type 'Context' in scope
 77 |     let view = WindowAttachedReportingView(frame: .zero)
 78 |
/Users/admin/builder/spi-builder-workspace/Sources/SwiftUIScroll/ScrollViewFeedbackIntegrationView+nonMacOS.swift:76:40: error: 'UIView' is unavailable in watchOS
 74 |    Called to create the underlying `UIKit` view, given the current `Context`.
 75 |    */
 76 |   func makeUIView(context: Context) -> UIView {
    |                                        `- error: 'UIView' is unavailable in watchOS
 77 |     let view = WindowAttachedReportingView(frame: .zero)
 78 |
/Applications/Xcode-27.0.0-Release.Candidate.app/Contents/Developer/Platforms/WatchOS.platform/Developer/SDKs/WatchOS27.0.sdk/System/Library/Frameworks/UIKit.framework/Headers/UIView.h:152:12: note: 'UIView' has been explicitly marked unavailable here
150 |
151 | UIKIT_EXTERN API_AVAILABLE(ios(2.0)) API_UNAVAILABLE(watchos) NS_SWIFT_UI_ACTOR
152 | @interface UIView : UIResponder <NSCoding, UIAppearance, UIAppearanceContainer, UIDynamicItem, UITraitEnvironment, UICoordinateSpace, UIFocusItem, UIFocusItemContainer, CALayerDelegate>
    |            `- note: 'UIView' has been explicitly marked unavailable here
153 |
154 | @property(class, nonatomic, readonly) Class layerClass;                        // default is [CALayer class]. Used when creating the underlying layer for the view.
/Users/admin/builder/spi-builder-workspace/Sources/SwiftUIScroll/ScrollViewFeedbackIntegrationView+nonMacOS.swift:96:48: error: cannot find type 'Context' in scope
 94 |    Detects whether scroll cancellation has been requested and performs the cancellation action if needed.
 95 |    */
 96 |   func updateUIView(_ uiView: UIView, context: Context) {
    |                                                `- error: cannot find type 'Context' in scope
 97 |     if cancelScrollingTrigger {
 98 |       context.coordinator.cancelScrolling()
/Users/admin/builder/spi-builder-workspace/Sources/SwiftUIScroll/ScrollViewFeedbackIntegrationView+nonMacOS.swift:96:31: error: 'UIView' is unavailable in watchOS
 94 |    Detects whether scroll cancellation has been requested and performs the cancellation action if needed.
 95 |    */
 96 |   func updateUIView(_ uiView: UIView, context: Context) {
    |                               `- error: 'UIView' is unavailable in watchOS
 97 |     if cancelScrollingTrigger {
 98 |       context.coordinator.cancelScrolling()
/Applications/Xcode-27.0.0-Release.Candidate.app/Contents/Developer/Platforms/WatchOS.platform/Developer/SDKs/WatchOS27.0.sdk/System/Library/Frameworks/UIKit.framework/Headers/UIView.h:152:12: note: 'UIView' has been explicitly marked unavailable here
150 |
151 | UIKIT_EXTERN API_AVAILABLE(ios(2.0)) API_UNAVAILABLE(watchos) NS_SWIFT_UI_ACTOR
152 | @interface UIView : UIResponder <NSCoding, UIAppearance, UIAppearanceContainer, UIDynamicItem, UITraitEnvironment, UICoordinateSpace, UIFocusItem, UIFocusItemContainer, CALayerDelegate>
    |            `- note: 'UIView' has been explicitly marked unavailable here
153 |
154 | @property(class, nonatomic, readonly) Class layerClass;                        // default is [CALayer class]. Used when creating the underlying layer for the view.
/Users/admin/builder/spi-builder-workspace/Sources/SwiftUIScroll/ScrollViewFeedbackIntegrationView+nonMacOS.swift:107:41: error: 'UIView' is unavailable in watchOS
105 |    Called when the view is destroyed, to clean up the `Coordinator` and its state.
106 |    */
107 |   static func dismantleUIView(_ uiView: UIView, coordinator: Coordinator) {
    |                                         `- error: 'UIView' is unavailable in watchOS
108 |     // Ensure that we reverse the attachment operation when the view goes offline.
109 |     coordinator.detach()
/Applications/Xcode-27.0.0-Release.Candidate.app/Contents/Developer/Platforms/WatchOS.platform/Developer/SDKs/WatchOS27.0.sdk/System/Library/Frameworks/UIKit.framework/Headers/UIView.h:152:12: note: 'UIView' has been explicitly marked unavailable here
150 |
151 | UIKIT_EXTERN API_AVAILABLE(ios(2.0)) API_UNAVAILABLE(watchos) NS_SWIFT_UI_ACTOR
152 | @interface UIView : UIResponder <NSCoding, UIAppearance, UIAppearanceContainer, UIDynamicItem, UITraitEnvironment, UICoordinateSpace, UIFocusItem, UIFocusItemContainer, CALayerDelegate>
    |            `- note: 'UIView' has been explicitly marked unavailable here
153 |
154 | @property(class, nonatomic, readonly) Class layerClass;                        // default is [CALayer class]. Used when creating the underlying layer for the view.
/Users/admin/builder/spi-builder-workspace/Sources/SwiftUIScroll/ScrollViewFeedbackIntegrationView+nonMacOS.swift:117:53: error: 'UIView' is unavailable in watchOS
115 |    in order to receive scrolling feedback.
116 |    */
117 |   private func attachToScrollViewSibling(of uiView: UIView?, using coordinator: Coordinator) {
    |                                                     `- error: 'UIView' is unavailable in watchOS
118 |     // Grab subviews of the view's parent, if the parent is nil, or no subviews exist, abort.
119 |     guard let siblings = uiView?.superview?.subviews else {
/Applications/Xcode-27.0.0-Release.Candidate.app/Contents/Developer/Platforms/WatchOS.platform/Developer/SDKs/WatchOS27.0.sdk/System/Library/Frameworks/UIKit.framework/Headers/UIView.h:152:12: note: 'UIView' has been explicitly marked unavailable here
150 |
151 | UIKIT_EXTERN API_AVAILABLE(ios(2.0)) API_UNAVAILABLE(watchos) NS_SWIFT_UI_ACTOR
152 | @interface UIView : UIResponder <NSCoding, UIAppearance, UIAppearanceContainer, UIDynamicItem, UITraitEnvironment, UICoordinateSpace, UIFocusItem, UIFocusItemContainer, CALayerDelegate>
    |            `- note: 'UIView' has been explicitly marked unavailable here
153 |
154 | @property(class, nonatomic, readonly) Class layerClass;                        // default is [CALayer class]. Used when creating the underlying layer for the view.
/Users/admin/builder/spi-builder-workspace/Sources/SwiftUIScroll/ScrollViewFeedbackIntegrationView+nonMacOS.swift:164:34: error: 'UIScrollView' is unavailable in watchOS
162 |
163 |     // Holds a reference to the scroll view we attached to so that we can undo the operation.
164 |     private weak var scrollView: UIScrollView?
    |                                  `- error: 'UIScrollView' is unavailable in watchOS
165 |
166 |     // Holds any UIScrollViewDelegate that was registered in the scroll view prior to us
/Applications/Xcode-27.0.0-Release.Candidate.app/Contents/Developer/Platforms/WatchOS.platform/Developer/SDKs/WatchOS27.0.sdk/System/Library/Frameworks/UIKit.framework/Headers/UIScrollView.h:87:12: note: 'UIScrollView' has been explicitly marked unavailable here
 85 |
 86 | UIKIT_EXTERN API_AVAILABLE(ios(2.0)) API_UNAVAILABLE(watchos) NS_SWIFT_UI_ACTOR
 87 | @interface UIScrollView : UIView <NSCoding, UIFocusItemScrollableContainer>
    |            `- note: 'UIScrollView' has been explicitly marked unavailable here
 88 |
 89 | @property(nonatomic)         CGPoint                      contentOffset;                  // default CGPointZero
/Users/admin/builder/spi-builder-workspace/Sources/SwiftUIScroll/ScrollViewFeedbackIntegrationView+nonMacOS.swift:168:39: error: 'UIScrollViewDelegate' is unavailable in watchOS
166 |     // Holds any UIScrollViewDelegate that was registered in the scroll view prior to us
167 |     // attaching to receive feedback.
168 |     private weak var wrappedDelegate: UIScrollViewDelegate?
    |                                       `- error: 'UIScrollViewDelegate' is unavailable in watchOS
169 |
170 |     /**
/Applications/Xcode-27.0.0-Release.Candidate.app/Contents/Developer/Platforms/WatchOS.platform/Developer/SDKs/WatchOS27.0.sdk/System/Library/Frameworks/UIKit.framework/Headers/UIScrollView.h:312:11: note: 'UIScrollViewDelegate' has been explicitly marked unavailable here
310 |
311 | API_UNAVAILABLE(watchos) NS_SWIFT_UI_ACTOR
312 | @protocol UIScrollViewDelegate<NSObject>
    |           `- note: 'UIScrollViewDelegate' has been explicitly marked unavailable here
313 |
314 | @optional
/Users/admin/builder/spi-builder-workspace/Sources/SwiftUIScroll/ScrollViewFeedbackIntegrationView+nonMacOS.swift:183:32: error: 'UIScrollView' is unavailable in watchOS
181 |      Only does this if we are not already the delegate and we do not have a previously known wrappedDelegate.
182 |      */
183 |     func attach(to scrollView: UIScrollView) {
    |                                `- error: 'UIScrollView' is unavailable in watchOS
184 |       // Make sure that we aren't attaching twice.
185 |       guard scrollView.delegate !== self && wrappedDelegate == nil else {
/Applications/Xcode-27.0.0-Release.Candidate.app/Contents/Developer/Platforms/WatchOS.platform/Developer/SDKs/WatchOS27.0.sdk/System/Library/Frameworks/UIKit.framework/Headers/UIScrollView.h:87:12: note: 'UIScrollView' has been explicitly marked unavailable here
 85 |
 86 | UIKIT_EXTERN API_AVAILABLE(ios(2.0)) API_UNAVAILABLE(watchos) NS_SWIFT_UI_ACTOR
 87 | @interface UIScrollView : UIView <NSCoding, UIFocusItemScrollableContainer>
    |            `- note: 'UIScrollView' has been explicitly marked unavailable here
 88 |
 89 | @property(nonatomic)         CGPoint                      contentOffset;                  // default CGPointZero
/Users/admin/builder/spi-builder-workspace/Sources/SwiftUIScroll/ScrollViewFeedbackIntegrationView+nonMacOS.swift:289:44: error: 'UIScrollView' is unavailable in watchOS
287 |     }
288 |
289 |     func scrollViewDidScroll(_ scrollView: UIScrollView) {
    |                                            `- error: 'UIScrollView' is unavailable in watchOS
290 |       wrappedDelegate?.scrollViewDidScroll?(scrollView)
291 |
/Applications/Xcode-27.0.0-Release.Candidate.app/Contents/Developer/Platforms/WatchOS.platform/Developer/SDKs/WatchOS27.0.sdk/System/Library/Frameworks/UIKit.framework/Headers/UIScrollView.h:87:12: note: 'UIScrollView' has been explicitly marked unavailable here
 85 |
 86 | UIKIT_EXTERN API_AVAILABLE(ios(2.0)) API_UNAVAILABLE(watchos) NS_SWIFT_UI_ACTOR
 87 | @interface UIScrollView : UIView <NSCoding, UIFocusItemScrollableContainer>
    |            `- note: 'UIScrollView' has been explicitly marked unavailable here
 88 |
 89 | @property(nonatomic)         CGPoint                      contentOffset;                  // default CGPointZero
/Users/admin/builder/spi-builder-workspace/Sources/SwiftUIScroll/ScrollViewFeedbackIntegrationView+nonMacOS.swift:295:52: error: 'UIScrollView' is unavailable in watchOS
293 |     }
294 |
295 |     func scrollViewWillBeginDragging(_ scrollView: UIScrollView) {
    |                                                    `- error: 'UIScrollView' is unavailable in watchOS
296 |       wrappedDelegate?.scrollViewWillBeginDragging?(scrollView)
297 |
/Applications/Xcode-27.0.0-Release.Candidate.app/Contents/Developer/Platforms/WatchOS.platform/Developer/SDKs/WatchOS27.0.sdk/System/Library/Frameworks/UIKit.framework/Headers/UIScrollView.h:87:12: note: 'UIScrollView' has been explicitly marked unavailable here
 85 |
 86 | UIKIT_EXTERN API_AVAILABLE(ios(2.0)) API_UNAVAILABLE(watchos) NS_SWIFT_UI_ACTOR
 87 | @interface UIScrollView : UIView <NSCoding, UIFocusItemScrollableContainer>
    |            `- note: 'UIScrollView' has been explicitly marked unavailable here
 88 |
 89 | @property(nonatomic)         CGPoint                      contentOffset;                  // default CGPointZero
/Users/admin/builder/spi-builder-workspace/Sources/SwiftUIScroll/ScrollViewFeedbackIntegrationView+nonMacOS.swift:301:49: error: 'UIScrollView' is unavailable in watchOS
299 |     }
300 |
301 |     func scrollViewDidEndDragging(_ scrollView: UIScrollView, willDecelerate decelerate: Bool) {
    |                                                 `- error: 'UIScrollView' is unavailable in watchOS
302 |       wrappedDelegate?.scrollViewDidEndDragging?(scrollView, willDecelerate: decelerate)
303 |
/Applications/Xcode-27.0.0-Release.Candidate.app/Contents/Developer/Platforms/WatchOS.platform/Developer/SDKs/WatchOS27.0.sdk/System/Library/Frameworks/UIKit.framework/Headers/UIScrollView.h:87:12: note: 'UIScrollView' has been explicitly marked unavailable here
 85 |
 86 | UIKIT_EXTERN API_AVAILABLE(ios(2.0)) API_UNAVAILABLE(watchos) NS_SWIFT_UI_ACTOR
 87 | @interface UIScrollView : UIView <NSCoding, UIFocusItemScrollableContainer>
    |            `- note: 'UIScrollView' has been explicitly marked unavailable here
 88 |
 89 | @property(nonatomic)         CGPoint                      contentOffset;                  // default CGPointZero
/Users/admin/builder/spi-builder-workspace/Sources/SwiftUIScroll/ScrollViewFeedbackIntegrationView+nonMacOS.swift:309:56: error: 'UIScrollView' is unavailable in watchOS
307 |     }
308 |
309 |     func scrollViewWillBeginDecelerating(_ scrollView: UIScrollView) {
    |                                                        `- error: 'UIScrollView' is unavailable in watchOS
310 |       wrappedDelegate?.scrollViewWillBeginDecelerating?(scrollView)
311 |
/Applications/Xcode-27.0.0-Release.Candidate.app/Contents/Developer/Platforms/WatchOS.platform/Developer/SDKs/WatchOS27.0.sdk/System/Library/Frameworks/UIKit.framework/Headers/UIScrollView.h:87:12: note: 'UIScrollView' has been explicitly marked unavailable here
 85 |
 86 | UIKIT_EXTERN API_AVAILABLE(ios(2.0)) API_UNAVAILABLE(watchos) NS_SWIFT_UI_ACTOR
 87 | @interface UIScrollView : UIView <NSCoding, UIFocusItemScrollableContainer>
    |            `- note: 'UIScrollView' has been explicitly marked unavailable here
 88 |
 89 | @property(nonatomic)         CGPoint                      contentOffset;                  // default CGPointZero
/Users/admin/builder/spi-builder-workspace/Sources/SwiftUIScroll/ScrollViewFeedbackIntegrationView+nonMacOS.swift:315:53: error: 'UIScrollView' is unavailable in watchOS
313 |     }
314 |
315 |     func scrollViewDidEndDecelerating(_ scrollView: UIScrollView) {
    |                                                     `- error: 'UIScrollView' is unavailable in watchOS
316 |       wrappedDelegate?.scrollViewDidEndDecelerating?(scrollView)
317 |
/Applications/Xcode-27.0.0-Release.Candidate.app/Contents/Developer/Platforms/WatchOS.platform/Developer/SDKs/WatchOS27.0.sdk/System/Library/Frameworks/UIKit.framework/Headers/UIScrollView.h:87:12: note: 'UIScrollView' has been explicitly marked unavailable here
 85 |
 86 | UIKIT_EXTERN API_AVAILABLE(ios(2.0)) API_UNAVAILABLE(watchos) NS_SWIFT_UI_ACTOR
 87 | @interface UIScrollView : UIView <NSCoding, UIFocusItemScrollableContainer>
    |            `- note: 'UIScrollView' has been explicitly marked unavailable here
 88 |
 89 | @property(nonatomic)         CGPoint                      contentOffset;                  // default CGPointZero
/Users/admin/builder/spi-builder-workspace/Sources/SwiftUIScroll/ScrollViewFeedbackIntegrationView+nonMacOS.swift:159:39: error: 'UIScrollViewDelegate' is unavailable in watchOS
157 |    The `Coordinator` object for the `UIKit` -> `SwiftUI` integration, which also acts as a `ScrollView` delegate.
158 |    */
159 |   final class Coordinator : NSObject, UIScrollViewDelegate {
    |                                       `- error: 'UIScrollViewDelegate' is unavailable in watchOS
160 |     // Reference to the parent integration view, cleared when `detach` is called.
161 |     private let parent: ScrollViewFeedbackIntegrationView
/Applications/Xcode-27.0.0-Release.Candidate.app/Contents/Developer/Platforms/WatchOS.platform/Developer/SDKs/WatchOS27.0.sdk/System/Library/Frameworks/UIKit.framework/Headers/UIScrollView.h:312:11: note: 'UIScrollViewDelegate' has been explicitly marked unavailable here
310 |
311 | API_UNAVAILABLE(watchos) NS_SWIFT_UI_ACTOR
312 | @protocol UIScrollViewDelegate<NSObject>
    |           `- note: 'UIScrollViewDelegate' has been explicitly marked unavailable here
313 |
314 | @optional
/Users/admin/builder/spi-builder-workspace/Sources/SwiftUIScroll/ScrollViewFeedbackIntegrationView+nonMacOS.swift:29:44: error: cannot find type 'UIViewRepresentable' in scope
 27 |  and attach our `Coordinator` as its `UIScrollViewDelegate`.
 28 |  */
 29 | struct ScrollViewFeedbackIntegrationView : UIViewRepresentable {
    |                                            `- error: cannot find type 'UIViewRepresentable' in scope
 30 |   // Two way binding for reading/writing the current scroll offset.
 31 |   @Binding var scrollOffset: CGPoint
Failed frontend command:
/Applications/Xcode-27.0.0-Release.Candidate.app/Contents/Developer/Toolchains/XcodeDefault.xctoolchain/usr/bin/swift-frontend -frontend -emit-module -experimental-skip-non-inlinable-function-bodies-without-types /Users/admin/builder/spi-builder-workspace/Sources/SwiftUIScroll/FeatheredScrollView.swift /Users/admin/builder/spi-builder-workspace/Sources/SwiftUIScroll/ScrollViewFeedbackIntegrationView+macOS.swift /Users/admin/builder/spi-builder-workspace/Sources/SwiftUIScroll/ScrollViewFeedbackIntegrationView+nonMacOS.swift /Users/admin/builder/spi-builder-workspace/Sources/SwiftUIScroll/ScrollViewWithFeedback.swift -target arm64-apple-watchos9.0 -disable-cross-import-overlay-search -load-resolved-plugin /Applications/Xcode-27.0.0-Release.Candidate.app/Contents/Developer/Platforms/WatchOS.platform/Developer/usr/lib/swift/host/plugins/libFoundationMacros.dylib\#/Applications/Xcode-27.0.0-Release.Candidate.app/Contents/Developer/Platforms/WatchOS.platform/Developer/usr/bin/swift-plugin-server\#FoundationMacros -load-resolved-plugin /Applications/Xcode-27.0.0-Release.Candidate.app/Contents/Developer/Platforms/WatchOS.platform/Developer/usr/lib/swift/host/plugins/libObservationMacros.dylib\#/Applications/Xcode-27.0.0-Release.Candidate.app/Contents/Developer/Platforms/WatchOS.platform/Developer/usr/bin/swift-plugin-server\#ObservationMacros -load-resolved-plugin /Applications/Xcode-27.0.0-Release.Candidate.app/Contents/Developer/Platforms/WatchOS.platform/Developer/usr/lib/swift/host/plugins/libPreviewsMacros.dylib\#/Applications/Xcode-27.0.0-Release.Candidate.app/Contents/Developer/Platforms/WatchOS.platform/Developer/usr/bin/swift-plugin-server\#PreviewsMacros -load-resolved-plugin /Applications/Xcode-27.0.0-Release.Candidate.app/Contents/Developer/Platforms/WatchOS.platform/Developer/usr/lib/swift/host/plugins/libSwiftMacros.dylib\#/Applications/Xcode-27.0.0-Release.Candidate.app/Contents/Developer/Platforms/WatchOS.platform/Developer/usr/bin/swift-plugin-server\#SwiftMacros -load-resolved-plugin /Applications/Xcode-27.0.0-Release.Candidate.app/Contents/Developer/Platforms/WatchOS.platform/Developer/usr/lib/swift/host/plugins/libSwiftUIMacros.dylib\#/Applications/Xcode-27.0.0-Release.Candidate.app/Contents/Developer/Platforms/WatchOS.platform/Developer/usr/bin/swift-plugin-server\#SwiftUIMacros -disable-implicit-swift-modules -Xcc -fno-implicit-modules -Xcc -fno-implicit-module-maps -explicit-swift-module-map-file /Users/admin/builder/spi-builder-workspace/.derivedData/Build/Intermediates.noindex/SwiftUIScroll.build/Debug-watchos/SwiftUIScroll-t.build/Objects-normal/arm64/SwiftUIScroll-dependencies-1.json -Xllvm -aarch64-use-tbi -enable-objc-interop -stack-check -sdk /Applications/Xcode-27.0.0-Release.Candidate.app/Contents/Developer/Platforms/WatchOS.platform/Developer/SDKs/WatchOS27.0.sdk -I /Users/admin/builder/spi-builder-workspace/.derivedData/Build/Products/Debug-watchos -Isystem /Applications/Xcode-27.0.0-Release.Candidate.app/Contents/Developer/Platforms/WatchOS.platform/Developer/usr/lib -F /Users/admin/builder/spi-builder-workspace/.derivedData/Build/Products/Debug-watchos/PackageFrameworks -F /Users/admin/builder/spi-builder-workspace/.derivedData/Build/Products/Debug-watchos -F /Applications/Xcode-27.0.0-Release.Candidate.app/Contents/Developer/Platforms/WatchOS.platform/Developer/Library/Frameworks -F /Applications/Xcode-27.0.0-Release.Candidate.app/Contents/Developer/Platforms/WatchOS.platform/Developer/SDKs/WatchOS27.0.sdk/Developer/Library/Frameworks -module-cache-path /Users/admin/builder/spi-builder-workspace/.derivedData/Build/Intermediates.noindex/SwiftExplicitPrecompiledModules -no-color-diagnostics -Xcc -fno-color-diagnostics -enable-testing -g -debug-info-format\=dwarf -dwarf-version\=4 -swift-version 5 -Onone -D SWIFT_PACKAGE -D DEBUG -D SWIFT_MODULE_RESOURCE_BUNDLE_UNAVAILABLE -D Xcode -serialize-debugging-options -enable-experimental-feature DebugDescriptionMacro -empty-abi-descriptor -validate-clang-modules-once -clang-build-session-file /Users/admin/builder/spi-builder-workspace/.derivedData/ModuleCache.noindex/Session.modulevalidation -Xcc -working-directory -Xcc /Users/admin/builder/spi-builder-workspace/.swiftpm/xcode -enable-anonymous-context-mangled-names -file-compilation-dir /Users/admin/builder/spi-builder-workspace/.swiftpm/xcode -Xcc -D_LIBCPP_HARDENING_MODE\=_LIBCPP_HARDENING_MODE_DEBUG -Xcc -ivfsstatcache -Xcc /Users/admin/builder/spi-builder-workspace/.derivedData/SDKStatCaches.noindex/watchos27.0-24R360-e829b21a6f8c9b70876ba0858053c04477534ef55a1706bf4c1112bbb242f0a2.sdkstatcache -Xcc -fmodules-prune-interval\=86400 -Xcc -fmodules-prune-after\=345600 -Xcc -I/Users/admin/builder/spi-builder-workspace/.derivedData/Build/Products/Debug-watchos/include -Xcc -I/Users/admin/builder/spi-builder-workspace/.derivedData/Build/Intermediates.noindex/SwiftUIScroll.build/Debug-watchos/SwiftUIScroll-t.build/DerivedSources-normal/arm64 -Xcc -I/Users/admin/builder/spi-builder-workspace/.derivedData/Build/Intermediates.noindex/SwiftUIScroll.build/Debug-watchos/SwiftUIScroll-t.build/DerivedSources/arm64 -Xcc -I/Users/admin/builder/spi-builder-workspace/.derivedData/Build/Intermediates.noindex/SwiftUIScroll.build/Debug-watchos/SwiftUIScroll-t.build/DerivedSources -Xcc -DSWIFT_PACKAGE -Xcc -DDEBUG\=1 -no-auto-bridging-header-chaining -module-name SwiftUIScroll -const-gather-protocols-file /Users/admin/builder/spi-builder-workspace/.derivedData/Build/Intermediates.noindex/SwiftUIScroll.build/Debug-watchos/SwiftUIScroll-t.build/Objects-normal/arm64/SwiftUIScroll_const_extract_protocols.json -disable-clang-spi -clang-target arm64-apple-watchos27.0 -target-sdk-version 27.0 -target-sdk-name watchos27.0 -in-process-plugin-server-path /Applications/Xcode-27.0.0-Release.Candidate.app/Contents/Developer/Toolchains/XcodeDefault.xctoolchain/usr/lib/swift/host/libSwiftInProcPluginServer.dylib -emit-module-doc-path /Users/admin/builder/spi-builder-workspace/.derivedData/Build/Intermediates.noindex/SwiftUIScroll.build/Debug-watchos/SwiftUIScroll-t.build/Objects-normal/arm64/SwiftUIScroll.swiftdoc -emit-module-source-info-path /Users/admin/builder/spi-builder-workspace/.derivedData/Build/Intermediates.noindex/SwiftUIScroll.build/Debug-watchos/SwiftUIScroll-t.build/Objects-normal/arm64/SwiftUIScroll.swiftsourceinfo -emit-objc-header-path /Users/admin/builder/spi-builder-workspace/.derivedData/Build/Intermediates.noindex/SwiftUIScroll.build/Debug-watchos/SwiftUIScroll-t.build/Objects-normal/arm64/SwiftUIScroll-Swift.h -serialize-diagnostics-path /Users/admin/builder/spi-builder-workspace/.derivedData/Build/Intermediates.noindex/SwiftUIScroll.build/Debug-watchos/SwiftUIScroll-t.build/Objects-normal/arm64/SwiftUIScroll-primary-emit-module.dia -emit-dependencies-path /Users/admin/builder/spi-builder-workspace/.derivedData/Build/Intermediates.noindex/SwiftUIScroll.build/Debug-watchos/SwiftUIScroll-t.build/Objects-normal/arm64/SwiftUIScroll-primary-emit-module.d -parse-as-library -o /Users/admin/builder/spi-builder-workspace/.derivedData/Build/Intermediates.noindex/SwiftUIScroll.build/Debug-watchos/SwiftUIScroll-t.build/Objects-normal/arm64/SwiftUIScroll.swiftmodule -emit-abi-descriptor-path /Users/admin/builder/spi-builder-workspace/.derivedData/Build/Intermediates.noindex/SwiftUIScroll.build/Debug-watchos/SwiftUIScroll-t.build/Objects-normal/arm64/SwiftUIScroll.abi.json
SwiftCompile normal arm64 (in target 'SwiftUIScroll' from project 'SwiftUIScroll')
    cd /Users/admin/builder/spi-builder-workspace/.swiftpm/xcode

SwiftCompile normal arm64 Compiling\ ScrollViewWithFeedback.swift /Users/admin/builder/spi-builder-workspace/Sources/SwiftUIScroll/ScrollViewWithFeedback.swift (in target 'SwiftUIScroll' from project 'SwiftUIScroll')
SwiftCompile normal arm64 /Users/admin/builder/spi-builder-workspace/Sources/SwiftUIScroll/ScrollViewWithFeedback.swift (in target 'SwiftUIScroll' from project 'SwiftUIScroll')
    cd /Users/admin/builder/spi-builder-workspace/.swiftpm/xcode
    builtin-SwiftPerFileCompile ScrollViewWithFeedback.swift
SwiftEmitModule normal arm64_32 Emitting\ module\ for\ SwiftUIScroll (in target 'SwiftUIScroll' from project 'SwiftUIScroll')
SwiftCompile normal arm64_32 (in target 'SwiftUIScroll' from project 'SwiftUIScroll')
    cd /Users/admin/builder/spi-builder-workspace/.swiftpm/xcode

PruneExplicitPrecompiledModules /Users/admin/builder/spi-builder-workspace/.derivedData/Build/Intermediates.noindex/SwiftExplicitPrecompiledModules
PruneExplicitPrecompiledModules /Users/admin/builder/spi-builder-workspace/.derivedData/SDKExplicitPrecompiledModules
PruneExplicitPrecompiledModules /Users/admin/builder/spi-builder-workspace/.derivedData/Build/Intermediates.noindex/ExplicitPrecompiledModules
2026-09-18 05:06:51.912 xcodebuild[718:4454] [MT] IDERunDestination: Supported platforms for the buildables in the current scheme is empty.
** BUILD FAILED **
The following build commands failed:
	SwiftEmitModule normal arm64 Emitting\ module\ for\ SwiftUIScroll (in target 'SwiftUIScroll' from project 'SwiftUIScroll')
	SwiftCompile normal arm64 (in target 'SwiftUIScroll' from project 'SwiftUIScroll')
	Building workspace SwiftUIScroll with scheme SwiftUIScroll
(3 failures)
Command line invocation:
    /Applications/Xcode-27.0.0-Release.Candidate.app/Contents/Developer/usr/bin/xcodebuild -IDEClonedSourcePackagesDirPathOverride=/Users/admin/builder/spi-builder-workspace/.dependencies -resolvePackageDependencies
Resolve Package Graph
Resolved source packages:
  SwiftUIExtensions: https://github.com/xiiagency/SwiftUIExtensions @ 1.0.0
  SwiftUIScroll: /Users/admin/builder/spi-builder-workspace
  SwiftFoundationExtensions: https://github.com/xiiagency/SwiftFoundationExtensions @ 1.0.0
resolved source packages: SwiftUIExtensions, SwiftUIScroll, SwiftFoundationExtensions
2026-09-18 05:07:02.204 xcodebuild[919:5452] [MT] IDERunDestination: Supported platforms for the buildables in the current scheme is empty.
{
  "dependencies" : [
    {
      "identity" : "swiftfoundationextensions",
      "requirement" : {
        "range" : [
          {
            "lower_bound" : "1.0.0",
            "upper_bound" : "1.1.0"
          }
        ]
      },
      "type" : "sourceControl",
      "url" : "https://github.com/xiiagency/SwiftFoundationExtensions"
    },
    {
      "identity" : "swiftuiextensions",
      "requirement" : {
        "range" : [
          {
            "lower_bound" : "1.0.0",
            "upper_bound" : "1.1.0"
          }
        ]
      },
      "type" : "sourceControl",
      "url" : "https://github.com/xiiagency/SwiftUIExtensions"
    }
  ],
  "manifest_display_name" : "SwiftUIScroll",
  "name" : "SwiftUIScroll",
  "path" : "/Users/admin/builder/spi-builder-workspace",
  "platforms" : [
    {
      "name" : "ios",
      "version" : "15.0"
    },
    {
      "name" : "watchos",
      "version" : "8.0"
    },
    {
      "name" : "macos",
      "version" : "12.0"
    }
  ],
  "products" : [
    {
      "name" : "SwiftUIScroll",
      "targets" : [
        "SwiftUIScroll"
      ],
      "type" : {
        "library" : [
          "automatic"
        ]
      }
    }
  ],
  "targets" : [
    {
      "c99name" : "SwiftUIScroll",
      "module_type" : "SwiftTarget",
      "name" : "SwiftUIScroll",
      "path" : "Sources/SwiftUIScroll",
      "product_dependencies" : [
        "SwiftFoundationExtensions",
        "SwiftUIExtensions"
      ],
      "product_memberships" : [
        "SwiftUIScroll"
      ],
      "sources" : [
        "FeatheredScrollView.swift",
        "ScrollViewFeedbackIntegrationView+macOS.swift",
        "ScrollViewFeedbackIntegrationView+nonMacOS.swift",
        "ScrollViewWithFeedback.swift"
      ],
      "type" : "library"
    }
  ],
  "tools_version" : "5.5"
}
{
  "workspace" : {
    "name" : "SwiftUIScroll",
    "schemes" : [
      "SwiftUIScroll"
    ]
  }
}
2026-09-18 05:07:03.420 xcodebuild[927:5525] [MT] IDERunDestination: Supported platforms for the buildables in the current scheme is empty.
Running build ...
env DEVELOPER_DIR=/Applications/Xcode-27.0.0-Release.Candidate.app xcrun xcodebuild -IDEClonedSourcePackagesDirPathOverride=$PWD/.dependencies -skipMacroValidation -skipPackagePluginValidation -derivedDataPath $PWD/.derivedData build -scheme SwiftUIScroll -destination generic/platform=watchOS
Command line invocation:
    /Applications/Xcode-27.0.0-Release.Candidate.app/Contents/Developer/usr/bin/xcodebuild -IDEClonedSourcePackagesDirPathOverride=/Users/admin/builder/spi-builder-workspace/.dependencies -skipMacroValidation -skipPackagePluginValidation -derivedDataPath /Users/admin/builder/spi-builder-workspace/.derivedData build -scheme SwiftUIScroll -destination generic/platform=watchOS
Resolve Package Graph
Resolved source packages:
  SwiftUIExtensions: https://github.com/xiiagency/SwiftUIExtensions @ 1.0.0
  SwiftFoundationExtensions: https://github.com/xiiagency/SwiftFoundationExtensions @ 1.0.0
  SwiftUIScroll: /Users/admin/builder/spi-builder-workspace
ComputePackagePrebuildTargetDependencyGraph
Prepare packages
CreateBuildRequest
SendProjectDescription
CreateBuildOperation
ComputeTargetDependencyGraph
note: Building targets in dependency order
note: Target dependency graph (6 targets)
    Target 'SwiftUIScroll-product' in project 'SwiftUIScroll'
        ➜ Explicit dependency on target 'SwiftUIScroll' in project 'SwiftUIScroll'
        ➜ Explicit dependency on target 'SwiftFoundationExtensions-product' in project 'SwiftFoundationExtensions'
        ➜ Explicit dependency on target 'SwiftUIExtensions-product' in project 'SwiftUIExtensions'
    Target 'SwiftUIScroll' in project 'SwiftUIScroll'
        ➜ Explicit dependency on target 'SwiftFoundationExtensions-product' in project 'SwiftFoundationExtensions'
        ➜ Explicit dependency on target 'SwiftUIExtensions-product' in project 'SwiftUIExtensions'
    Target 'SwiftUIExtensions-product' in project 'SwiftUIExtensions'
        ➜ Explicit dependency on target 'SwiftUIExtensions' in project 'SwiftUIExtensions'
        ➜ Explicit dependency on target 'SwiftFoundationExtensions-product' in project 'SwiftFoundationExtensions'
    Target 'SwiftUIExtensions' in project 'SwiftUIExtensions'
        ➜ Explicit dependency on target 'SwiftFoundationExtensions-product' in project 'SwiftFoundationExtensions'
    Target 'SwiftFoundationExtensions-product' in project 'SwiftFoundationExtensions'
        ➜ Explicit dependency on target 'SwiftFoundationExtensions' in project 'SwiftFoundationExtensions'
    Target 'SwiftFoundationExtensions' in project 'SwiftFoundationExtensions' (no dependencies)
GatherProvisioningInputs
CreateBuildDescription
ClangStatCache /Applications/Xcode-27.0.0-Release.Candidate.app/Contents/Developer/Toolchains/XcodeDefault.xctoolchain/usr/bin/clang-stat-cache /Applications/Xcode-27.0.0-Release.Candidate.app/Contents/Developer/Platforms/WatchOS.platform/Developer/SDKs/WatchOS27.0.sdk /Users/admin/builder/spi-builder-workspace/.derivedData/SDKStatCaches.noindex/watchos27.0-24R360-e829b21a6f8c9b70876ba0858053c04477534ef55a1706bf4c1112bbb242f0a2.sdkstatcache
    cd /Users/admin/builder/spi-builder-workspace/.swiftpm/xcode
    /Applications/Xcode-27.0.0-Release.Candidate.app/Contents/Developer/Toolchains/XcodeDefault.xctoolchain/usr/bin/clang-stat-cache /Applications/Xcode-27.0.0-Release.Candidate.app/Contents/Developer/Platforms/WatchOS.platform/Developer/SDKs/WatchOS27.0.sdk -o /Users/admin/builder/spi-builder-workspace/.derivedData/SDKStatCaches.noindex/watchos27.0-24R360-e829b21a6f8c9b70876ba0858053c04477534ef55a1706bf4c1112bbb242f0a2.sdkstatcache
SwiftDriver SwiftUIExtensions normal arm64_32 com.apple.xcode.tools.swift.compiler (in target 'SwiftUIExtensions' from project 'SwiftUIExtensions')
    cd /Users/admin/builder/spi-builder-workspace/.swiftpm/xcode
    builtin-SwiftDriver -- /Applications/Xcode-27.0.0-Release.Candidate.app/Contents/Developer/Toolchains/XcodeDefault.xctoolchain/usr/bin/swiftc -parse-as-library -module-name SwiftUIExtensions -Onone @/Users/admin/builder/spi-builder-workspace/.derivedData/Build/Intermediates.noindex/SwiftUIExtensions.build/Debug-watchos/SwiftUIExtensions-t.build/Objects-normal/arm64_32/SwiftUIExtensions.SwiftFileList -DSWIFT_PACKAGE -DDEBUG -DSWIFT_MODULE_RESOURCE_BUNDLE_UNAVAILABLE -DXcode -plugin-path /Applications/Xcode-27.0.0-Release.Candidate.app/Contents/Developer/Toolchains/XcodeDefault.xctoolchain/usr/lib/swift/host/plugins/testing -enable-experimental-feature DebugDescriptionMacro -sdk /Applications/Xcode-27.0.0-Release.Candidate.app/Contents/Developer/Platforms/WatchOS.platform/Developer/SDKs/WatchOS27.0.sdk -target arm64_32-apple-watchos9.0 -g -module-cache-path /Users/admin/builder/spi-builder-workspace/.derivedData/ModuleCache.noindex -Xfrontend -serialize-debugging-options -enable-testing -suppress-warnings -index-store-path /Users/admin/builder/spi-builder-workspace/.derivedData/Index.noindex/DataStore -Xcc -D_LIBCPP_HARDENING_MODE\=_LIBCPP_HARDENING_MODE_DEBUG -swift-version 5 -I /Users/admin/builder/spi-builder-workspace/.derivedData/Build/Products/Debug-watchos -Isystem /Applications/Xcode-27.0.0-Release.Candidate.app/Contents/Developer/Platforms/WatchOS.platform/Developer/usr/lib -F /Users/admin/builder/spi-builder-workspace/.derivedData/Build/Products/Debug-watchos/PackageFrameworks -F /Users/admin/builder/spi-builder-workspace/.derivedData/Build/Products/Debug-watchos -F /Applications/Xcode-27.0.0-Release.Candidate.app/Contents/Developer/Platforms/WatchOS.platform/Developer/Library/Frameworks -F /Applications/Xcode-27.0.0-Release.Candidate.app/Contents/Developer/Platforms/WatchOS.platform/Developer/SDKs/WatchOS27.0.sdk/Developer/Library/Frameworks -c -j10 -enable-batch-mode -incremental -Xcc -ivfsstatcache -Xcc /Users/admin/builder/spi-builder-workspace/.derivedData/SDKStatCaches.noindex/watchos27.0-24R360-e829b21a6f8c9b70876ba0858053c04477534ef55a1706bf4c1112bbb242f0a2.sdkstatcache -output-file-map /Users/admin/builder/spi-builder-workspace/.derivedData/Build/Intermediates.noindex/SwiftUIExtensions.build/Debug-watchos/SwiftUIExtensions-t.build/Objects-normal/arm64_32/SwiftUIExtensions-OutputFileMap.json -save-temps -no-color-diagnostics -explicit-module-build -module-cache-path /Users/admin/builder/spi-builder-workspace/.derivedData/Build/Intermediates.noindex/SwiftExplicitPrecompiledModules -clang-scanner-module-cache-path /Users/admin/builder/spi-builder-workspace/.derivedData/ModuleCache.noindex -sdk-module-cache-path /Users/admin/builder/spi-builder-workspace/.derivedData/SDKExplicitPrecompiledModules -emit-dependencies -emit-module -emit-module-path /Users/admin/builder/spi-builder-workspace/.derivedData/Build/Intermediates.noindex/SwiftUIExtensions.build/Debug-watchos/SwiftUIExtensions-t.build/Objects-normal/arm64_32/SwiftUIExtensions.swiftmodule -serialize-diagnostics -dependency-scan-serialize-diagnostics-path /Users/admin/builder/spi-builder-workspace/.derivedData/Build/Intermediates.noindex/SwiftUIExtensions.build/Debug-watchos/SwiftUIExtensions-t.build/Objects-normal/arm64_32/SwiftUIExtensions-dependency-scan.dia -validate-clang-modules-once -clang-build-session-file /Users/admin/builder/spi-builder-workspace/.derivedData/ModuleCache.noindex/Session.modulevalidation -Xcc -fmodules-prune-interval\=86400 -Xcc -fmodules-prune-after\=345600 -emit-const-values -const-gather-protocols-list /Users/admin/builder/spi-builder-workspace/.derivedData/Build/Intermediates.noindex/SwiftUIExtensions.build/Debug-watchos/SwiftUIExtensions-t.build/Objects-normal/arm64_32/SwiftUIExtensions_const_extract_protocols.json -Xcc -I/Users/admin/builder/spi-builder-workspace/.derivedData/Build/Products/Debug-watchos/include -Xcc -I/Users/admin/builder/spi-builder-workspace/.derivedData/Build/Intermediates.noindex/SwiftUIExtensions.build/Debug-watchos/SwiftUIExtensions-t.build/DerivedSources-normal/arm64_32 -Xcc -I/Users/admin/builder/spi-builder-workspace/.derivedData/Build/Intermediates.noindex/SwiftUIExtensions.build/Debug-watchos/SwiftUIExtensions-t.build/DerivedSources/arm64_32 -Xcc -I/Users/admin/builder/spi-builder-workspace/.derivedData/Build/Intermediates.noindex/SwiftUIExtensions.build/Debug-watchos/SwiftUIExtensions-t.build/DerivedSources -Xcc -DSWIFT_PACKAGE -Xcc -DDEBUG\=1 -emit-objc-header -emit-objc-header-path /Users/admin/builder/spi-builder-workspace/.derivedData/Build/Intermediates.noindex/SwiftUIExtensions.build/Debug-watchos/SwiftUIExtensions-t.build/Objects-normal/arm64_32/SwiftUIExtensions-Swift.h -working-directory /Users/admin/builder/spi-builder-workspace/.swiftpm/xcode -experimental-emit-module-separately -disable-cmo
SwiftDriver SwiftUIScroll normal arm64_32 com.apple.xcode.tools.swift.compiler (in target 'SwiftUIScroll' from project 'SwiftUIScroll')
    cd /Users/admin/builder/spi-builder-workspace/.swiftpm/xcode
    builtin-SwiftDriver -- /Applications/Xcode-27.0.0-Release.Candidate.app/Contents/Developer/Toolchains/XcodeDefault.xctoolchain/usr/bin/swiftc -parse-as-library -module-name SwiftUIScroll -Onone @/Users/admin/builder/spi-builder-workspace/.derivedData/Build/Intermediates.noindex/SwiftUIScroll.build/Debug-watchos/SwiftUIScroll-t.build/Objects-normal/arm64_32/SwiftUIScroll.SwiftFileList -DSWIFT_PACKAGE -DDEBUG -DSWIFT_MODULE_RESOURCE_BUNDLE_UNAVAILABLE -DXcode -plugin-path /Applications/Xcode-27.0.0-Release.Candidate.app/Contents/Developer/Toolchains/XcodeDefault.xctoolchain/usr/lib/swift/host/plugins/testing -enable-experimental-feature DebugDescriptionMacro -sdk /Applications/Xcode-27.0.0-Release.Candidate.app/Contents/Developer/Platforms/WatchOS.platform/Developer/SDKs/WatchOS27.0.sdk -target arm64_32-apple-watchos9.0 -g -module-cache-path /Users/admin/builder/spi-builder-workspace/.derivedData/ModuleCache.noindex -Xfrontend -serialize-debugging-options -enable-testing -index-store-path /Users/admin/builder/spi-builder-workspace/.derivedData/Index.noindex/DataStore -Xcc -D_LIBCPP_HARDENING_MODE\=_LIBCPP_HARDENING_MODE_DEBUG -swift-version 5 -I /Users/admin/builder/spi-builder-workspace/.derivedData/Build/Products/Debug-watchos -Isystem /Applications/Xcode-27.0.0-Release.Candidate.app/Contents/Developer/Platforms/WatchOS.platform/Developer/usr/lib -F /Users/admin/builder/spi-builder-workspace/.derivedData/Build/Products/Debug-watchos/PackageFrameworks -F /Users/admin/builder/spi-builder-workspace/.derivedData/Build/Products/Debug-watchos -F /Applications/Xcode-27.0.0-Release.Candidate.app/Contents/Developer/Platforms/WatchOS.platform/Developer/Library/Frameworks -F /Applications/Xcode-27.0.0-Release.Candidate.app/Contents/Developer/Platforms/WatchOS.platform/Developer/SDKs/WatchOS27.0.sdk/Developer/Library/Frameworks -c -j10 -enable-batch-mode -incremental -Xcc -ivfsstatcache -Xcc /Users/admin/builder/spi-builder-workspace/.derivedData/SDKStatCaches.noindex/watchos27.0-24R360-e829b21a6f8c9b70876ba0858053c04477534ef55a1706bf4c1112bbb242f0a2.sdkstatcache -output-file-map /Users/admin/builder/spi-builder-workspace/.derivedData/Build/Intermediates.noindex/SwiftUIScroll.build/Debug-watchos/SwiftUIScroll-t.build/Objects-normal/arm64_32/SwiftUIScroll-OutputFileMap.json -save-temps -no-color-diagnostics -explicit-module-build -module-cache-path /Users/admin/builder/spi-builder-workspace/.derivedData/Build/Intermediates.noindex/SwiftExplicitPrecompiledModules -clang-scanner-module-cache-path /Users/admin/builder/spi-builder-workspace/.derivedData/ModuleCache.noindex -sdk-module-cache-path /Users/admin/builder/spi-builder-workspace/.derivedData/SDKExplicitPrecompiledModules -emit-dependencies -emit-module -emit-module-path /Users/admin/builder/spi-builder-workspace/.derivedData/Build/Intermediates.noindex/SwiftUIScroll.build/Debug-watchos/SwiftUIScroll-t.build/Objects-normal/arm64_32/SwiftUIScroll.swiftmodule -serialize-diagnostics -dependency-scan-serialize-diagnostics-path /Users/admin/builder/spi-builder-workspace/.derivedData/Build/Intermediates.noindex/SwiftUIScroll.build/Debug-watchos/SwiftUIScroll-t.build/Objects-normal/arm64_32/SwiftUIScroll-dependency-scan.dia -validate-clang-modules-once -clang-build-session-file /Users/admin/builder/spi-builder-workspace/.derivedData/ModuleCache.noindex/Session.modulevalidation -Xcc -fmodules-prune-interval\=86400 -Xcc -fmodules-prune-after\=345600 -emit-const-values -const-gather-protocols-list /Users/admin/builder/spi-builder-workspace/.derivedData/Build/Intermediates.noindex/SwiftUIScroll.build/Debug-watchos/SwiftUIScroll-t.build/Objects-normal/arm64_32/SwiftUIScroll_const_extract_protocols.json -Xcc -I/Users/admin/builder/spi-builder-workspace/.derivedData/Build/Products/Debug-watchos/include -Xcc -I/Users/admin/builder/spi-builder-workspace/.derivedData/Build/Intermediates.noindex/SwiftUIScroll.build/Debug-watchos/SwiftUIScroll-t.build/DerivedSources-normal/arm64_32 -Xcc -I/Users/admin/builder/spi-builder-workspace/.derivedData/Build/Intermediates.noindex/SwiftUIScroll.build/Debug-watchos/SwiftUIScroll-t.build/DerivedSources/arm64_32 -Xcc -I/Users/admin/builder/spi-builder-workspace/.derivedData/Build/Intermediates.noindex/SwiftUIScroll.build/Debug-watchos/SwiftUIScroll-t.build/DerivedSources -Xcc -DSWIFT_PACKAGE -Xcc -DDEBUG\=1 -emit-objc-header -emit-objc-header-path /Users/admin/builder/spi-builder-workspace/.derivedData/Build/Intermediates.noindex/SwiftUIScroll.build/Debug-watchos/SwiftUIScroll-t.build/Objects-normal/arm64_32/SwiftUIScroll-Swift.h -working-directory /Users/admin/builder/spi-builder-workspace/.swiftpm/xcode -experimental-emit-module-separately -disable-cmo
SwiftDriver SwiftUIScroll normal arm64 com.apple.xcode.tools.swift.compiler (in target 'SwiftUIScroll' from project 'SwiftUIScroll')
    cd /Users/admin/builder/spi-builder-workspace/.swiftpm/xcode
    builtin-SwiftDriver -- /Applications/Xcode-27.0.0-Release.Candidate.app/Contents/Developer/Toolchains/XcodeDefault.xctoolchain/usr/bin/swiftc -parse-as-library -module-name SwiftUIScroll -Onone @/Users/admin/builder/spi-builder-workspace/.derivedData/Build/Intermediates.noindex/SwiftUIScroll.build/Debug-watchos/SwiftUIScroll-t.build/Objects-normal/arm64/SwiftUIScroll.SwiftFileList -DSWIFT_PACKAGE -DDEBUG -DSWIFT_MODULE_RESOURCE_BUNDLE_UNAVAILABLE -DXcode -plugin-path /Applications/Xcode-27.0.0-Release.Candidate.app/Contents/Developer/Toolchains/XcodeDefault.xctoolchain/usr/lib/swift/host/plugins/testing -enable-experimental-feature DebugDescriptionMacro -sdk /Applications/Xcode-27.0.0-Release.Candidate.app/Contents/Developer/Platforms/WatchOS.platform/Developer/SDKs/WatchOS27.0.sdk -target arm64-apple-watchos9.0 -g -module-cache-path /Users/admin/builder/spi-builder-workspace/.derivedData/ModuleCache.noindex -Xfrontend -serialize-debugging-options -enable-testing -index-store-path /Users/admin/builder/spi-builder-workspace/.derivedData/Index.noindex/DataStore -Xcc -D_LIBCPP_HARDENING_MODE\=_LIBCPP_HARDENING_MODE_DEBUG -swift-version 5 -I /Users/admin/builder/spi-builder-workspace/.derivedData/Build/Products/Debug-watchos -Isystem /Applications/Xcode-27.0.0-Release.Candidate.app/Contents/Developer/Platforms/WatchOS.platform/Developer/usr/lib -F /Users/admin/builder/spi-builder-workspace/.derivedData/Build/Products/Debug-watchos/PackageFrameworks -F /Users/admin/builder/spi-builder-workspace/.derivedData/Build/Products/Debug-watchos -F /Applications/Xcode-27.0.0-Release.Candidate.app/Contents/Developer/Platforms/WatchOS.platform/Developer/Library/Frameworks -F /Applications/Xcode-27.0.0-Release.Candidate.app/Contents/Developer/Platforms/WatchOS.platform/Developer/SDKs/WatchOS27.0.sdk/Developer/Library/Frameworks -c -j10 -enable-batch-mode -incremental -Xcc -ivfsstatcache -Xcc /Users/admin/builder/spi-builder-workspace/.derivedData/SDKStatCaches.noindex/watchos27.0-24R360-e829b21a6f8c9b70876ba0858053c04477534ef55a1706bf4c1112bbb242f0a2.sdkstatcache -output-file-map /Users/admin/builder/spi-builder-workspace/.derivedData/Build/Intermediates.noindex/SwiftUIScroll.build/Debug-watchos/SwiftUIScroll-t.build/Objects-normal/arm64/SwiftUIScroll-OutputFileMap.json -save-temps -no-color-diagnostics -explicit-module-build -module-cache-path /Users/admin/builder/spi-builder-workspace/.derivedData/Build/Intermediates.noindex/SwiftExplicitPrecompiledModules -clang-scanner-module-cache-path /Users/admin/builder/spi-builder-workspace/.derivedData/ModuleCache.noindex -sdk-module-cache-path /Users/admin/builder/spi-builder-workspace/.derivedData/SDKExplicitPrecompiledModules -emit-dependencies -emit-module -emit-module-path /Users/admin/builder/spi-builder-workspace/.derivedData/Build/Intermediates.noindex/SwiftUIScroll.build/Debug-watchos/SwiftUIScroll-t.build/Objects-normal/arm64/SwiftUIScroll.swiftmodule -serialize-diagnostics -dependency-scan-serialize-diagnostics-path /Users/admin/builder/spi-builder-workspace/.derivedData/Build/Intermediates.noindex/SwiftUIScroll.build/Debug-watchos/SwiftUIScroll-t.build/Objects-normal/arm64/SwiftUIScroll-dependency-scan.dia -validate-clang-modules-once -clang-build-session-file /Users/admin/builder/spi-builder-workspace/.derivedData/ModuleCache.noindex/Session.modulevalidation -Xcc -fmodules-prune-interval\=86400 -Xcc -fmodules-prune-after\=345600 -emit-const-values -const-gather-protocols-list /Users/admin/builder/spi-builder-workspace/.derivedData/Build/Intermediates.noindex/SwiftUIScroll.build/Debug-watchos/SwiftUIScroll-t.build/Objects-normal/arm64/SwiftUIScroll_const_extract_protocols.json -Xcc -I/Users/admin/builder/spi-builder-workspace/.derivedData/Build/Products/Debug-watchos/include -Xcc -I/Users/admin/builder/spi-builder-workspace/.derivedData/Build/Intermediates.noindex/SwiftUIScroll.build/Debug-watchos/SwiftUIScroll-t.build/DerivedSources-normal/arm64 -Xcc -I/Users/admin/builder/spi-builder-workspace/.derivedData/Build/Intermediates.noindex/SwiftUIScroll.build/Debug-watchos/SwiftUIScroll-t.build/DerivedSources/arm64 -Xcc -I/Users/admin/builder/spi-builder-workspace/.derivedData/Build/Intermediates.noindex/SwiftUIScroll.build/Debug-watchos/SwiftUIScroll-t.build/DerivedSources -Xcc -DSWIFT_PACKAGE -Xcc -DDEBUG\=1 -emit-objc-header -emit-objc-header-path /Users/admin/builder/spi-builder-workspace/.derivedData/Build/Intermediates.noindex/SwiftUIScroll.build/Debug-watchos/SwiftUIScroll-t.build/Objects-normal/arm64/SwiftUIScroll-Swift.h -working-directory /Users/admin/builder/spi-builder-workspace/.swiftpm/xcode -experimental-emit-module-separately -disable-cmo
SwiftDriver SwiftUIExtensions normal arm64 com.apple.xcode.tools.swift.compiler (in target 'SwiftUIExtensions' from project 'SwiftUIExtensions')
    cd /Users/admin/builder/spi-builder-workspace/.swiftpm/xcode
    builtin-SwiftDriver -- /Applications/Xcode-27.0.0-Release.Candidate.app/Contents/Developer/Toolchains/XcodeDefault.xctoolchain/usr/bin/swiftc -parse-as-library -module-name SwiftUIExtensions -Onone @/Users/admin/builder/spi-builder-workspace/.derivedData/Build/Intermediates.noindex/SwiftUIExtensions.build/Debug-watchos/SwiftUIExtensions-t.build/Objects-normal/arm64/SwiftUIExtensions.SwiftFileList -DSWIFT_PACKAGE -DDEBUG -DSWIFT_MODULE_RESOURCE_BUNDLE_UNAVAILABLE -DXcode -plugin-path /Applications/Xcode-27.0.0-Release.Candidate.app/Contents/Developer/Toolchains/XcodeDefault.xctoolchain/usr/lib/swift/host/plugins/testing -enable-experimental-feature DebugDescriptionMacro -sdk /Applications/Xcode-27.0.0-Release.Candidate.app/Contents/Developer/Platforms/WatchOS.platform/Developer/SDKs/WatchOS27.0.sdk -target arm64-apple-watchos9.0 -g -module-cache-path /Users/admin/builder/spi-builder-workspace/.derivedData/ModuleCache.noindex -Xfrontend -serialize-debugging-options -enable-testing -suppress-warnings -index-store-path /Users/admin/builder/spi-builder-workspace/.derivedData/Index.noindex/DataStore -Xcc -D_LIBCPP_HARDENING_MODE\=_LIBCPP_HARDENING_MODE_DEBUG -swift-version 5 -I /Users/admin/builder/spi-builder-workspace/.derivedData/Build/Products/Debug-watchos -Isystem /Applications/Xcode-27.0.0-Release.Candidate.app/Contents/Developer/Platforms/WatchOS.platform/Developer/usr/lib -F /Users/admin/builder/spi-builder-workspace/.derivedData/Build/Products/Debug-watchos/PackageFrameworks -F /Users/admin/builder/spi-builder-workspace/.derivedData/Build/Products/Debug-watchos -F /Applications/Xcode-27.0.0-Release.Candidate.app/Contents/Developer/Platforms/WatchOS.platform/Developer/Library/Frameworks -F /Applications/Xcode-27.0.0-Release.Candidate.app/Contents/Developer/Platforms/WatchOS.platform/Developer/SDKs/WatchOS27.0.sdk/Developer/Library/Frameworks -c -j10 -enable-batch-mode -incremental -Xcc -ivfsstatcache -Xcc /Users/admin/builder/spi-builder-workspace/.derivedData/SDKStatCaches.noindex/watchos27.0-24R360-e829b21a6f8c9b70876ba0858053c04477534ef55a1706bf4c1112bbb242f0a2.sdkstatcache -output-file-map /Users/admin/builder/spi-builder-workspace/.derivedData/Build/Intermediates.noindex/SwiftUIExtensions.build/Debug-watchos/SwiftUIExtensions-t.build/Objects-normal/arm64/SwiftUIExtensions-OutputFileMap.json -save-temps -no-color-diagnostics -explicit-module-build -module-cache-path /Users/admin/builder/spi-builder-workspace/.derivedData/Build/Intermediates.noindex/SwiftExplicitPrecompiledModules -clang-scanner-module-cache-path /Users/admin/builder/spi-builder-workspace/.derivedData/ModuleCache.noindex -sdk-module-cache-path /Users/admin/builder/spi-builder-workspace/.derivedData/SDKExplicitPrecompiledModules -emit-dependencies -emit-module -emit-module-path /Users/admin/builder/spi-builder-workspace/.derivedData/Build/Intermediates.noindex/SwiftUIExtensions.build/Debug-watchos/SwiftUIExtensions-t.build/Objects-normal/arm64/SwiftUIExtensions.swiftmodule -serialize-diagnostics -dependency-scan-serialize-diagnostics-path /Users/admin/builder/spi-builder-workspace/.derivedData/Build/Intermediates.noindex/SwiftUIExtensions.build/Debug-watchos/SwiftUIExtensions-t.build/Objects-normal/arm64/SwiftUIExtensions-dependency-scan.dia -validate-clang-modules-once -clang-build-session-file /Users/admin/builder/spi-builder-workspace/.derivedData/ModuleCache.noindex/Session.modulevalidation -Xcc -fmodules-prune-interval\=86400 -Xcc -fmodules-prune-after\=345600 -emit-const-values -const-gather-protocols-list /Users/admin/builder/spi-builder-workspace/.derivedData/Build/Intermediates.noindex/SwiftUIExtensions.build/Debug-watchos/SwiftUIExtensions-t.build/Objects-normal/arm64/SwiftUIExtensions_const_extract_protocols.json -Xcc -I/Users/admin/builder/spi-builder-workspace/.derivedData/Build/Products/Debug-watchos/include -Xcc -I/Users/admin/builder/spi-builder-workspace/.derivedData/Build/Intermediates.noindex/SwiftUIExtensions.build/Debug-watchos/SwiftUIExtensions-t.build/DerivedSources-normal/arm64 -Xcc -I/Users/admin/builder/spi-builder-workspace/.derivedData/Build/Intermediates.noindex/SwiftUIExtensions.build/Debug-watchos/SwiftUIExtensions-t.build/DerivedSources/arm64 -Xcc -I/Users/admin/builder/spi-builder-workspace/.derivedData/Build/Intermediates.noindex/SwiftUIExtensions.build/Debug-watchos/SwiftUIExtensions-t.build/DerivedSources -Xcc -DSWIFT_PACKAGE -Xcc -DDEBUG\=1 -emit-objc-header -emit-objc-header-path /Users/admin/builder/spi-builder-workspace/.derivedData/Build/Intermediates.noindex/SwiftUIExtensions.build/Debug-watchos/SwiftUIExtensions-t.build/Objects-normal/arm64/SwiftUIExtensions-Swift.h -working-directory /Users/admin/builder/spi-builder-workspace/.swiftpm/xcode -experimental-emit-module-separately -disable-cmo
SwiftCompile normal arm64 Compiling\ HiddenView.swift /Users/admin/builder/spi-builder-workspace/.dependencies/checkouts/SwiftUIExtensions/Sources/SwiftUIExtensions/HiddenView.swift (in target 'SwiftUIExtensions' from project 'SwiftUIExtensions')
SwiftCompile normal arm64 /Users/admin/builder/spi-builder-workspace/.dependencies/checkouts/SwiftUIExtensions/Sources/SwiftUIExtensions/HiddenView.swift (in target 'SwiftUIExtensions' from project 'SwiftUIExtensions')
    cd /Users/admin/builder/spi-builder-workspace/.swiftpm/xcode
    builtin-SwiftPerFileCompile HiddenView.swift
SwiftCompile normal arm64 Compiling\ View+Extensions.swift /Users/admin/builder/spi-builder-workspace/.dependencies/checkouts/SwiftUIExtensions/Sources/SwiftUIExtensions/View+Extensions.swift (in target 'SwiftUIExtensions' from project 'SwiftUIExtensions')
SwiftCompile normal arm64 /Users/admin/builder/spi-builder-workspace/.dependencies/checkouts/SwiftUIExtensions/Sources/SwiftUIExtensions/View+Extensions.swift (in target 'SwiftUIExtensions' from project 'SwiftUIExtensions')
    cd /Users/admin/builder/spi-builder-workspace/.swiftpm/xcode
    builtin-SwiftPerFileCompile View+Extensions.swift
SwiftCompile normal arm64 Compiling\ OnScenePhaseChangedModifier.swift /Users/admin/builder/spi-builder-workspace/.dependencies/checkouts/SwiftUIExtensions/Sources/SwiftUIExtensions/OnScenePhaseChangedModifier.swift (in target 'SwiftUIExtensions' from project 'SwiftUIExtensions')
SwiftCompile normal arm64 /Users/admin/builder/spi-builder-workspace/.dependencies/checkouts/SwiftUIExtensions/Sources/SwiftUIExtensions/OnScenePhaseChangedModifier.swift (in target 'SwiftUIExtensions' from project 'SwiftUIExtensions')
    cd /Users/admin/builder/spi-builder-workspace/.swiftpm/xcode
    builtin-SwiftPerFileCompile OnScenePhaseChangedModifier.swift
SwiftCompile normal arm64 Compiling\ DoWithoutAnimation.swift /Users/admin/builder/spi-builder-workspace/.dependencies/checkouts/SwiftUIExtensions/Sources/SwiftUIExtensions/DoWithoutAnimation.swift (in target 'SwiftUIExtensions' from project 'SwiftUIExtensions')
SwiftCompile normal arm64 /Users/admin/builder/spi-builder-workspace/.dependencies/checkouts/SwiftUIExtensions/Sources/SwiftUIExtensions/DoWithoutAnimation.swift (in target 'SwiftUIExtensions' from project 'SwiftUIExtensions')
    cd /Users/admin/builder/spi-builder-workspace/.swiftpm/xcode
    builtin-SwiftPerFileCompile DoWithoutAnimation.swift
SwiftEmitModule normal arm64 Emitting\ module\ for\ SwiftUIExtensions (in target 'SwiftUIExtensions' from project 'SwiftUIExtensions')
SwiftCompile normal arm64 (in target 'SwiftUIExtensions' from project 'SwiftUIExtensions')
    cd /Users/admin/builder/spi-builder-workspace/.swiftpm/xcode

SwiftCompile normal arm64_32 Compiling\ OnScenePhaseChangedModifier.swift /Users/admin/builder/spi-builder-workspace/.dependencies/checkouts/SwiftUIExtensions/Sources/SwiftUIExtensions/OnScenePhaseChangedModifier.swift (in target 'SwiftUIExtensions' from project 'SwiftUIExtensions')
SwiftCompile normal arm64_32 /Users/admin/builder/spi-builder-workspace/.dependencies/checkouts/SwiftUIExtensions/Sources/SwiftUIExtensions/OnScenePhaseChangedModifier.swift (in target 'SwiftUIExtensions' from project 'SwiftUIExtensions')
    cd /Users/admin/builder/spi-builder-workspace/.swiftpm/xcode
    builtin-SwiftPerFileCompile OnScenePhaseChangedModifier.swift
SwiftCompile normal arm64_32 Compiling\ HiddenView.swift /Users/admin/builder/spi-builder-workspace/.dependencies/checkouts/SwiftUIExtensions/Sources/SwiftUIExtensions/HiddenView.swift (in target 'SwiftUIExtensions' from project 'SwiftUIExtensions')
SwiftCompile normal arm64_32 /Users/admin/builder/spi-builder-workspace/.dependencies/checkouts/SwiftUIExtensions/Sources/SwiftUIExtensions/HiddenView.swift (in target 'SwiftUIExtensions' from project 'SwiftUIExtensions')
    cd /Users/admin/builder/spi-builder-workspace/.swiftpm/xcode
    builtin-SwiftPerFileCompile HiddenView.swift
SwiftEmitModule normal arm64_32 Emitting\ module\ for\ SwiftUIScroll (in target 'SwiftUIScroll' from project 'SwiftUIScroll')
/Users/admin/builder/spi-builder-workspace/Sources/SwiftUIScroll/ScrollViewFeedbackIntegrationView+nonMacOS.swift:11:51: error: 'UIView' is unavailable in watchOS
  9 |  and that the `ScrollView` we would like to monitor is online and is our sibling.
 10 |  */
 11 | private final class WindowAttachedReportingView : UIView {
    |                                                   `- error: 'UIView' is unavailable in watchOS
 12 |   /**
 13 |    Called with the current window attachment state whenever changes are detected.
/Applications/Xcode-27.0.0-Release.Candidate.app/Contents/Developer/Platforms/WatchOS.platform/Developer/SDKs/WatchOS27.0.sdk/System/Library/Frameworks/UIKit.framework/Headers/UIView.h:152:12: note: 'UIView' has been explicitly marked unavailable here
150 |
151 | UIKIT_EXTERN API_AVAILABLE(ios(2.0)) API_UNAVAILABLE(watchos) NS_SWIFT_UI_ACTOR
152 | @interface UIView : UIResponder <NSCoding, UIAppearance, UIAppearanceContainer, UIDynamicItem, UITraitEnvironment, UICoordinateSpace, UIFocusItem, UIFocusItemContainer, CALayerDelegate>
    |            `- note: 'UIView' has been explicitly marked unavailable here
153 |
154 | @property(class, nonatomic, readonly) Class layerClass;                        // default is [CALayer class]. Used when creating the underlying layer for the view.
/Users/admin/builder/spi-builder-workspace/Sources/SwiftUIScroll/ScrollViewFeedbackIntegrationView+nonMacOS.swift:76:28: error: cannot find type 'Context' in scope
 74 |    Called to create the underlying `UIKit` view, given the current `Context`.
 75 |    */
 76 |   func makeUIView(context: Context) -> UIView {
    |                            `- error: cannot find type 'Context' in scope
 77 |     let view = WindowAttachedReportingView(frame: .zero)
 78 |
/Users/admin/builder/spi-builder-workspace/Sources/SwiftUIScroll/ScrollViewFeedbackIntegrationView+nonMacOS.swift:76:40: error: 'UIView' is unavailable in watchOS
 74 |    Called to create the underlying `UIKit` view, given the current `Context`.
 75 |    */
 76 |   func makeUIView(context: Context) -> UIView {
    |                                        `- error: 'UIView' is unavailable in watchOS
 77 |     let view = WindowAttachedReportingView(frame: .zero)
 78 |
/Applications/Xcode-27.0.0-Release.Candidate.app/Contents/Developer/Platforms/WatchOS.platform/Developer/SDKs/WatchOS27.0.sdk/System/Library/Frameworks/UIKit.framework/Headers/UIView.h:152:12: note: 'UIView' has been explicitly marked unavailable here
150 |
151 | UIKIT_EXTERN API_AVAILABLE(ios(2.0)) API_UNAVAILABLE(watchos) NS_SWIFT_UI_ACTOR
152 | @interface UIView : UIResponder <NSCoding, UIAppearance, UIAppearanceContainer, UIDynamicItem, UITraitEnvironment, UICoordinateSpace, UIFocusItem, UIFocusItemContainer, CALayerDelegate>
    |            `- note: 'UIView' has been explicitly marked unavailable here
153 |
154 | @property(class, nonatomic, readonly) Class layerClass;                        // default is [CALayer class]. Used when creating the underlying layer for the view.
/Users/admin/builder/spi-builder-workspace/Sources/SwiftUIScroll/ScrollViewFeedbackIntegrationView+nonMacOS.swift:96:48: error: cannot find type 'Context' in scope
 94 |    Detects whether scroll cancellation has been requested and performs the cancellation action if needed.
 95 |    */
 96 |   func updateUIView(_ uiView: UIView, context: Context) {
    |                                                `- error: cannot find type 'Context' in scope
 97 |     if cancelScrollingTrigger {
 98 |       context.coordinator.cancelScrolling()
/Users/admin/builder/spi-builder-workspace/Sources/SwiftUIScroll/ScrollViewFeedbackIntegrationView+nonMacOS.swift:96:31: error: 'UIView' is unavailable in watchOS
 94 |    Detects whether scroll cancellation has been requested and performs the cancellation action if needed.
 95 |    */
 96 |   func updateUIView(_ uiView: UIView, context: Context) {
    |                               `- error: 'UIView' is unavailable in watchOS
 97 |     if cancelScrollingTrigger {
 98 |       context.coordinator.cancelScrolling()
/Applications/Xcode-27.0.0-Release.Candidate.app/Contents/Developer/Platforms/WatchOS.platform/Developer/SDKs/WatchOS27.0.sdk/System/Library/Frameworks/UIKit.framework/Headers/UIView.h:152:12: note: 'UIView' has been explicitly marked unavailable here
150 |
151 | UIKIT_EXTERN API_AVAILABLE(ios(2.0)) API_UNAVAILABLE(watchos) NS_SWIFT_UI_ACTOR
152 | @interface UIView : UIResponder <NSCoding, UIAppearance, UIAppearanceContainer, UIDynamicItem, UITraitEnvironment, UICoordinateSpace, UIFocusItem, UIFocusItemContainer, CALayerDelegate>
    |            `- note: 'UIView' has been explicitly marked unavailable here
153 |
154 | @property(class, nonatomic, readonly) Class layerClass;                        // default is [CALayer class]. Used when creating the underlying layer for the view.
/Users/admin/builder/spi-builder-workspace/Sources/SwiftUIScroll/ScrollViewFeedbackIntegrationView+nonMacOS.swift:107:41: error: 'UIView' is unavailable in watchOS
105 |    Called when the view is destroyed, to clean up the `Coordinator` and its state.
106 |    */
107 |   static func dismantleUIView(_ uiView: UIView, coordinator: Coordinator) {
    |                                         `- error: 'UIView' is unavailable in watchOS
108 |     // Ensure that we reverse the attachment operation when the view goes offline.
109 |     coordinator.detach()
/Applications/Xcode-27.0.0-Release.Candidate.app/Contents/Developer/Platforms/WatchOS.platform/Developer/SDKs/WatchOS27.0.sdk/System/Library/Frameworks/UIKit.framework/Headers/UIView.h:152:12: note: 'UIView' has been explicitly marked unavailable here
150 |
151 | UIKIT_EXTERN API_AVAILABLE(ios(2.0)) API_UNAVAILABLE(watchos) NS_SWIFT_UI_ACTOR
152 | @interface UIView : UIResponder <NSCoding, UIAppearance, UIAppearanceContainer, UIDynamicItem, UITraitEnvironment, UICoordinateSpace, UIFocusItem, UIFocusItemContainer, CALayerDelegate>
    |            `- note: 'UIView' has been explicitly marked unavailable here
153 |
154 | @property(class, nonatomic, readonly) Class layerClass;                        // default is [CALayer class]. Used when creating the underlying layer for the view.
/Users/admin/builder/spi-builder-workspace/Sources/SwiftUIScroll/ScrollViewFeedbackIntegrationView+nonMacOS.swift:117:53: error: 'UIView' is unavailable in watchOS
115 |    in order to receive scrolling feedback.
116 |    */
117 |   private func attachToScrollViewSibling(of uiView: UIView?, using coordinator: Coordinator) {
    |                                                     `- error: 'UIView' is unavailable in watchOS
118 |     // Grab subviews of the view's parent, if the parent is nil, or no subviews exist, abort.
119 |     guard let siblings = uiView?.superview?.subviews else {
/Applications/Xcode-27.0.0-Release.Candidate.app/Contents/Developer/Platforms/WatchOS.platform/Developer/SDKs/WatchOS27.0.sdk/System/Library/Frameworks/UIKit.framework/Headers/UIView.h:152:12: note: 'UIView' has been explicitly marked unavailable here
150 |
151 | UIKIT_EXTERN API_AVAILABLE(ios(2.0)) API_UNAVAILABLE(watchos) NS_SWIFT_UI_ACTOR
152 | @interface UIView : UIResponder <NSCoding, UIAppearance, UIAppearanceContainer, UIDynamicItem, UITraitEnvironment, UICoordinateSpace, UIFocusItem, UIFocusItemContainer, CALayerDelegate>
    |            `- note: 'UIView' has been explicitly marked unavailable here
153 |
154 | @property(class, nonatomic, readonly) Class layerClass;                        // default is [CALayer class]. Used when creating the underlying layer for the view.
/Users/admin/builder/spi-builder-workspace/Sources/SwiftUIScroll/ScrollViewFeedbackIntegrationView+nonMacOS.swift:164:34: error: 'UIScrollView' is unavailable in watchOS
162 |
163 |     // Holds a reference to the scroll view we attached to so that we can undo the operation.
164 |     private weak var scrollView: UIScrollView?
    |                                  `- error: 'UIScrollView' is unavailable in watchOS
165 |
166 |     // Holds any UIScrollViewDelegate that was registered in the scroll view prior to us
/Applications/Xcode-27.0.0-Release.Candidate.app/Contents/Developer/Platforms/WatchOS.platform/Developer/SDKs/WatchOS27.0.sdk/System/Library/Frameworks/UIKit.framework/Headers/UIScrollView.h:87:12: note: 'UIScrollView' has been explicitly marked unavailable here
 85 |
 86 | UIKIT_EXTERN API_AVAILABLE(ios(2.0)) API_UNAVAILABLE(watchos) NS_SWIFT_UI_ACTOR
 87 | @interface UIScrollView : UIView <NSCoding, UIFocusItemScrollableContainer>
    |            `- note: 'UIScrollView' has been explicitly marked unavailable here
 88 |
 89 | @property(nonatomic)         CGPoint                      contentOffset;                  // default CGPointZero
/Users/admin/builder/spi-builder-workspace/Sources/SwiftUIScroll/ScrollViewFeedbackIntegrationView+nonMacOS.swift:168:39: error: 'UIScrollViewDelegate' is unavailable in watchOS
166 |     // Holds any UIScrollViewDelegate that was registered in the scroll view prior to us
167 |     // attaching to receive feedback.
168 |     private weak var wrappedDelegate: UIScrollViewDelegate?
    |                                       `- error: 'UIScrollViewDelegate' is unavailable in watchOS
169 |
170 |     /**
/Applications/Xcode-27.0.0-Release.Candidate.app/Contents/Developer/Platforms/WatchOS.platform/Developer/SDKs/WatchOS27.0.sdk/System/Library/Frameworks/UIKit.framework/Headers/UIScrollView.h:312:11: note: 'UIScrollViewDelegate' has been explicitly marked unavailable here
310 |
311 | API_UNAVAILABLE(watchos) NS_SWIFT_UI_ACTOR
312 | @protocol UIScrollViewDelegate<NSObject>
    |           `- note: 'UIScrollViewDelegate' has been explicitly marked unavailable here
313 |
314 | @optional
/Users/admin/builder/spi-builder-workspace/Sources/SwiftUIScroll/ScrollViewFeedbackIntegrationView+nonMacOS.swift:183:32: error: 'UIScrollView' is unavailable in watchOS
181 |      Only does this if we are not already the delegate and we do not have a previously known wrappedDelegate.
182 |      */
183 |     func attach(to scrollView: UIScrollView) {
    |                                `- error: 'UIScrollView' is unavailable in watchOS
184 |       // Make sure that we aren't attaching twice.
185 |       guard scrollView.delegate !== self && wrappedDelegate == nil else {
/Applications/Xcode-27.0.0-Release.Candidate.app/Contents/Developer/Platforms/WatchOS.platform/Developer/SDKs/WatchOS27.0.sdk/System/Library/Frameworks/UIKit.framework/Headers/UIScrollView.h:87:12: note: 'UIScrollView' has been explicitly marked unavailable here
 85 |
 86 | UIKIT_EXTERN API_AVAILABLE(ios(2.0)) API_UNAVAILABLE(watchos) NS_SWIFT_UI_ACTOR
 87 | @interface UIScrollView : UIView <NSCoding, UIFocusItemScrollableContainer>
    |            `- note: 'UIScrollView' has been explicitly marked unavailable here
 88 |
 89 | @property(nonatomic)         CGPoint                      contentOffset;                  // default CGPointZero
/Users/admin/builder/spi-builder-workspace/Sources/SwiftUIScroll/ScrollViewFeedbackIntegrationView+nonMacOS.swift:289:44: error: 'UIScrollView' is unavailable in watchOS
287 |     }
288 |
289 |     func scrollViewDidScroll(_ scrollView: UIScrollView) {
    |                                            `- error: 'UIScrollView' is unavailable in watchOS
290 |       wrappedDelegate?.scrollViewDidScroll?(scrollView)
291 |
/Applications/Xcode-27.0.0-Release.Candidate.app/Contents/Developer/Platforms/WatchOS.platform/Developer/SDKs/WatchOS27.0.sdk/System/Library/Frameworks/UIKit.framework/Headers/UIScrollView.h:87:12: note: 'UIScrollView' has been explicitly marked unavailable here
 85 |
 86 | UIKIT_EXTERN API_AVAILABLE(ios(2.0)) API_UNAVAILABLE(watchos) NS_SWIFT_UI_ACTOR
 87 | @interface UIScrollView : UIView <NSCoding, UIFocusItemScrollableContainer>
    |            `- note: 'UIScrollView' has been explicitly marked unavailable here
 88 |
 89 | @property(nonatomic)         CGPoint                      contentOffset;                  // default CGPointZero
/Users/admin/builder/spi-builder-workspace/Sources/SwiftUIScroll/ScrollViewFeedbackIntegrationView+nonMacOS.swift:295:52: error: 'UIScrollView' is unavailable in watchOS
293 |     }
294 |
295 |     func scrollViewWillBeginDragging(_ scrollView: UIScrollView) {
    |                                                    `- error: 'UIScrollView' is unavailable in watchOS
296 |       wrappedDelegate?.scrollViewWillBeginDragging?(scrollView)
297 |
/Applications/Xcode-27.0.0-Release.Candidate.app/Contents/Developer/Platforms/WatchOS.platform/Developer/SDKs/WatchOS27.0.sdk/System/Library/Frameworks/UIKit.framework/Headers/UIScrollView.h:87:12: note: 'UIScrollView' has been explicitly marked unavailable here
 85 |
 86 | UIKIT_EXTERN API_AVAILABLE(ios(2.0)) API_UNAVAILABLE(watchos) NS_SWIFT_UI_ACTOR
 87 | @interface UIScrollView : UIView <NSCoding, UIFocusItemScrollableContainer>
    |            `- note: 'UIScrollView' has been explicitly marked unavailable here
 88 |
 89 | @property(nonatomic)         CGPoint                      contentOffset;                  // default CGPointZero
/Users/admin/builder/spi-builder-workspace/Sources/SwiftUIScroll/ScrollViewFeedbackIntegrationView+nonMacOS.swift:301:49: error: 'UIScrollView' is unavailable in watchOS
299 |     }
300 |
301 |     func scrollViewDidEndDragging(_ scrollView: UIScrollView, willDecelerate decelerate: Bool) {
    |                                                 `- error: 'UIScrollView' is unavailable in watchOS
302 |       wrappedDelegate?.scrollViewDidEndDragging?(scrollView, willDecelerate: decelerate)
303 |
/Applications/Xcode-27.0.0-Release.Candidate.app/Contents/Developer/Platforms/WatchOS.platform/Developer/SDKs/WatchOS27.0.sdk/System/Library/Frameworks/UIKit.framework/Headers/UIScrollView.h:87:12: note: 'UIScrollView' has been explicitly marked unavailable here
 85 |
 86 | UIKIT_EXTERN API_AVAILABLE(ios(2.0)) API_UNAVAILABLE(watchos) NS_SWIFT_UI_ACTOR
 87 | @interface UIScrollView : UIView <NSCoding, UIFocusItemScrollableContainer>
    |            `- note: 'UIScrollView' has been explicitly marked unavailable here
 88 |
 89 | @property(nonatomic)         CGPoint                      contentOffset;                  // default CGPointZero
/Users/admin/builder/spi-builder-workspace/Sources/SwiftUIScroll/ScrollViewFeedbackIntegrationView+nonMacOS.swift:309:56: error: 'UIScrollView' is unavailable in watchOS
307 |     }
308 |
309 |     func scrollViewWillBeginDecelerating(_ scrollView: UIScrollView) {
    |                                                        `- error: 'UIScrollView' is unavailable in watchOS
310 |       wrappedDelegate?.scrollViewWillBeginDecelerating?(scrollView)
311 |
/Applications/Xcode-27.0.0-Release.Candidate.app/Contents/Developer/Platforms/WatchOS.platform/Developer/SDKs/WatchOS27.0.sdk/System/Library/Frameworks/UIKit.framework/Headers/UIScrollView.h:87:12: note: 'UIScrollView' has been explicitly marked unavailable here
 85 |
 86 | UIKIT_EXTERN API_AVAILABLE(ios(2.0)) API_UNAVAILABLE(watchos) NS_SWIFT_UI_ACTOR
 87 | @interface UIScrollView : UIView <NSCoding, UIFocusItemScrollableContainer>
    |            `- note: 'UIScrollView' has been explicitly marked unavailable here
 88 |
 89 | @property(nonatomic)         CGPoint                      contentOffset;                  // default CGPointZero
/Users/admin/builder/spi-builder-workspace/Sources/SwiftUIScroll/ScrollViewFeedbackIntegrationView+nonMacOS.swift:315:53: error: 'UIScrollView' is unavailable in watchOS
313 |     }
314 |
315 |     func scrollViewDidEndDecelerating(_ scrollView: UIScrollView) {
    |                                                     `- error: 'UIScrollView' is unavailable in watchOS
316 |       wrappedDelegate?.scrollViewDidEndDecelerating?(scrollView)
317 |
/Applications/Xcode-27.0.0-Release.Candidate.app/Contents/Developer/Platforms/WatchOS.platform/Developer/SDKs/WatchOS27.0.sdk/System/Library/Frameworks/UIKit.framework/Headers/UIScrollView.h:87:12: note: 'UIScrollView' has been explicitly marked unavailable here
 85 |
 86 | UIKIT_EXTERN API_AVAILABLE(ios(2.0)) API_UNAVAILABLE(watchos) NS_SWIFT_UI_ACTOR
 87 | @interface UIScrollView : UIView <NSCoding, UIFocusItemScrollableContainer>
    |            `- note: 'UIScrollView' has been explicitly marked unavailable here
 88 |
 89 | @property(nonatomic)         CGPoint                      contentOffset;                  // default CGPointZero
/Users/admin/builder/spi-builder-workspace/Sources/SwiftUIScroll/ScrollViewFeedbackIntegrationView+nonMacOS.swift:159:39: error: 'UIScrollViewDelegate' is unavailable in watchOS
157 |    The `Coordinator` object for the `UIKit` -> `SwiftUI` integration, which also acts as a `ScrollView` delegate.
158 |    */
159 |   final class Coordinator : NSObject, UIScrollViewDelegate {
    |                                       `- error: 'UIScrollViewDelegate' is unavailable in watchOS
160 |     // Reference to the parent integration view, cleared when `detach` is called.
161 |     private let parent: ScrollViewFeedbackIntegrationView
/Applications/Xcode-27.0.0-Release.Candidate.app/Contents/Developer/Platforms/WatchOS.platform/Developer/SDKs/WatchOS27.0.sdk/System/Library/Frameworks/UIKit.framework/Headers/UIScrollView.h:312:11: note: 'UIScrollViewDelegate' has been explicitly marked unavailable here
310 |
311 | API_UNAVAILABLE(watchos) NS_SWIFT_UI_ACTOR
312 | @protocol UIScrollViewDelegate<NSObject>
    |           `- note: 'UIScrollViewDelegate' has been explicitly marked unavailable here
313 |
314 | @optional
/Users/admin/builder/spi-builder-workspace/Sources/SwiftUIScroll/ScrollViewFeedbackIntegrationView+nonMacOS.swift:29:44: error: cannot find type 'UIViewRepresentable' in scope
 27 |  and attach our `Coordinator` as its `UIScrollViewDelegate`.
 28 |  */
 29 | struct ScrollViewFeedbackIntegrationView : UIViewRepresentable {
    |                                            `- error: cannot find type 'UIViewRepresentable' in scope
 30 |   // Two way binding for reading/writing the current scroll offset.
 31 |   @Binding var scrollOffset: CGPoint
Failed frontend command:
/Applications/Xcode-27.0.0-Release.Candidate.app/Contents/Developer/Toolchains/XcodeDefault.xctoolchain/usr/bin/swift-frontend -frontend -emit-module -experimental-skip-non-inlinable-function-bodies-without-types /Users/admin/builder/spi-builder-workspace/Sources/SwiftUIScroll/FeatheredScrollView.swift /Users/admin/builder/spi-builder-workspace/Sources/SwiftUIScroll/ScrollViewFeedbackIntegrationView+macOS.swift /Users/admin/builder/spi-builder-workspace/Sources/SwiftUIScroll/ScrollViewFeedbackIntegrationView+nonMacOS.swift /Users/admin/builder/spi-builder-workspace/Sources/SwiftUIScroll/ScrollViewWithFeedback.swift -target arm64_32-apple-watchos9.0 -disable-cross-import-overlay-search -load-resolved-plugin /Applications/Xcode-27.0.0-Release.Candidate.app/Contents/Developer/Platforms/WatchOS.platform/Developer/usr/lib/swift/host/plugins/libFoundationMacros.dylib\#/Applications/Xcode-27.0.0-Release.Candidate.app/Contents/Developer/Platforms/WatchOS.platform/Developer/usr/bin/swift-plugin-server\#FoundationMacros -load-resolved-plugin /Applications/Xcode-27.0.0-Release.Candidate.app/Contents/Developer/Platforms/WatchOS.platform/Developer/usr/lib/swift/host/plugins/libObservationMacros.dylib\#/Applications/Xcode-27.0.0-Release.Candidate.app/Contents/Developer/Platforms/WatchOS.platform/Developer/usr/bin/swift-plugin-server\#ObservationMacros -load-resolved-plugin /Applications/Xcode-27.0.0-Release.Candidate.app/Contents/Developer/Platforms/WatchOS.platform/Developer/usr/lib/swift/host/plugins/libPreviewsMacros.dylib\#/Applications/Xcode-27.0.0-Release.Candidate.app/Contents/Developer/Platforms/WatchOS.platform/Developer/usr/bin/swift-plugin-server\#PreviewsMacros -load-resolved-plugin /Applications/Xcode-27.0.0-Release.Candidate.app/Contents/Developer/Platforms/WatchOS.platform/Developer/usr/lib/swift/host/plugins/libSwiftMacros.dylib\#/Applications/Xcode-27.0.0-Release.Candidate.app/Contents/Developer/Platforms/WatchOS.platform/Developer/usr/bin/swift-plugin-server\#SwiftMacros -load-resolved-plugin /Applications/Xcode-27.0.0-Release.Candidate.app/Contents/Developer/Platforms/WatchOS.platform/Developer/usr/lib/swift/host/plugins/libSwiftUIMacros.dylib\#/Applications/Xcode-27.0.0-Release.Candidate.app/Contents/Developer/Platforms/WatchOS.platform/Developer/usr/bin/swift-plugin-server\#SwiftUIMacros -disable-implicit-swift-modules -Xcc -fno-implicit-modules -Xcc -fno-implicit-module-maps -explicit-swift-module-map-file /Users/admin/builder/spi-builder-workspace/.derivedData/Build/Intermediates.noindex/SwiftUIScroll.build/Debug-watchos/SwiftUIScroll-t.build/Objects-normal/arm64_32/SwiftUIScroll-dependencies-1.json -enable-objc-interop -sdk /Applications/Xcode-27.0.0-Release.Candidate.app/Contents/Developer/Platforms/WatchOS.platform/Developer/SDKs/WatchOS27.0.sdk -I /Users/admin/builder/spi-builder-workspace/.derivedData/Build/Products/Debug-watchos -Isystem /Applications/Xcode-27.0.0-Release.Candidate.app/Contents/Developer/Platforms/WatchOS.platform/Developer/usr/lib -F /Users/admin/builder/spi-builder-workspace/.derivedData/Build/Products/Debug-watchos/PackageFrameworks -F /Users/admin/builder/spi-builder-workspace/.derivedData/Build/Products/Debug-watchos -F /Applications/Xcode-27.0.0-Release.Candidate.app/Contents/Developer/Platforms/WatchOS.platform/Developer/Library/Frameworks -F /Applications/Xcode-27.0.0-Release.Candidate.app/Contents/Developer/Platforms/WatchOS.platform/Developer/SDKs/WatchOS27.0.sdk/Developer/Library/Frameworks -module-cache-path /Users/admin/builder/spi-builder-workspace/.derivedData/Build/Intermediates.noindex/SwiftExplicitPrecompiledModules -no-color-diagnostics -Xcc -fno-color-diagnostics -enable-testing -g -debug-info-format\=dwarf -dwarf-version\=4 -swift-version 5 -Onone -D SWIFT_PACKAGE -D DEBUG -D SWIFT_MODULE_RESOURCE_BUNDLE_UNAVAILABLE -D Xcode -serialize-debugging-options -enable-experimental-feature DebugDescriptionMacro -empty-abi-descriptor -validate-clang-modules-once -clang-build-session-file /Users/admin/builder/spi-builder-workspace/.derivedData/ModuleCache.noindex/Session.modulevalidation -Xcc -working-directory -Xcc /Users/admin/builder/spi-builder-workspace/.swiftpm/xcode -enable-anonymous-context-mangled-names -file-compilation-dir /Users/admin/builder/spi-builder-workspace/.swiftpm/xcode -Xcc -D_LIBCPP_HARDENING_MODE\=_LIBCPP_HARDENING_MODE_DEBUG -Xcc -ivfsstatcache -Xcc /Users/admin/builder/spi-builder-workspace/.derivedData/SDKStatCaches.noindex/watchos27.0-24R360-e829b21a6f8c9b70876ba0858053c04477534ef55a1706bf4c1112bbb242f0a2.sdkstatcache -Xcc -fmodules-prune-interval\=86400 -Xcc -fmodules-prune-after\=345600 -Xcc -I/Users/admin/builder/spi-builder-workspace/.derivedData/Build/Products/Debug-watchos/include -Xcc -I/Users/admin/builder/spi-builder-workspace/.derivedData/Build/Intermediates.noindex/SwiftUIScroll.build/Debug-watchos/SwiftUIScroll-t.build/DerivedSources-normal/arm64_32 -Xcc -I/Users/admin/builder/spi-builder-workspace/.derivedData/Build/Intermediates.noindex/SwiftUIScroll.build/Debug-watchos/SwiftUIScroll-t.build/DerivedSources/arm64_32 -Xcc -I/Users/admin/builder/spi-builder-workspace/.derivedData/Build/Intermediates.noindex/SwiftUIScroll.build/Debug-watchos/SwiftUIScroll-t.build/DerivedSources -Xcc -DSWIFT_PACKAGE -Xcc -DDEBUG\=1 -no-auto-bridging-header-chaining -module-name SwiftUIScroll -const-gather-protocols-file /Users/admin/builder/spi-builder-workspace/.derivedData/Build/Intermediates.noindex/SwiftUIScroll.build/Debug-watchos/SwiftUIScroll-t.build/Objects-normal/arm64_32/SwiftUIScroll_const_extract_protocols.json -disable-clang-spi -clang-target arm64_32-apple-watchos27.0 -target-sdk-version 27.0 -target-sdk-name watchos27.0 -in-process-plugin-server-path /Applications/Xcode-27.0.0-Release.Candidate.app/Contents/Developer/Toolchains/XcodeDefault.xctoolchain/usr/lib/swift/host/libSwiftInProcPluginServer.dylib -emit-module-doc-path /Users/admin/builder/spi-builder-workspace/.derivedData/Build/Intermediates.noindex/SwiftUIScroll.build/Debug-watchos/SwiftUIScroll-t.build/Objects-normal/arm64_32/SwiftUIScroll.swiftdoc -emit-module-source-info-path /Users/admin/builder/spi-builder-workspace/.derivedData/Build/Intermediates.noindex/SwiftUIScroll.build/Debug-watchos/SwiftUIScroll-t.build/Objects-normal/arm64_32/SwiftUIScroll.swiftsourceinfo -emit-objc-header-path /Users/admin/builder/spi-builder-workspace/.derivedData/Build/Intermediates.noindex/SwiftUIScroll.build/Debug-watchos/SwiftUIScroll-t.build/Objects-normal/arm64_32/SwiftUIScroll-Swift.h -serialize-diagnostics-path /Users/admin/builder/spi-builder-workspace/.derivedData/Build/Intermediates.noindex/SwiftUIScroll.build/Debug-watchos/SwiftUIScroll-t.build/Objects-normal/arm64_32/SwiftUIScroll-primary-emit-module.dia -emit-dependencies-path /Users/admin/builder/spi-builder-workspace/.derivedData/Build/Intermediates.noindex/SwiftUIScroll.build/Debug-watchos/SwiftUIScroll-t.build/Objects-normal/arm64_32/SwiftUIScroll-primary-emit-module.d -parse-as-library -o /Users/admin/builder/spi-builder-workspace/.derivedData/Build/Intermediates.noindex/SwiftUIScroll.build/Debug-watchos/SwiftUIScroll-t.build/Objects-normal/arm64_32/SwiftUIScroll.swiftmodule -emit-abi-descriptor-path /Users/admin/builder/spi-builder-workspace/.derivedData/Build/Intermediates.noindex/SwiftUIScroll.build/Debug-watchos/SwiftUIScroll-t.build/Objects-normal/arm64_32/SwiftUIScroll.abi.json
SwiftCompile normal arm64_32 (in target 'SwiftUIScroll' from project 'SwiftUIScroll')
    cd /Users/admin/builder/spi-builder-workspace/.swiftpm/xcode

SwiftEmitModule normal arm64 Emitting\ module\ for\ SwiftUIScroll (in target 'SwiftUIScroll' from project 'SwiftUIScroll')
/Users/admin/builder/spi-builder-workspace/Sources/SwiftUIScroll/ScrollViewFeedbackIntegrationView+nonMacOS.swift:11:51: error: 'UIView' is unavailable in watchOS
  9 |  and that the `ScrollView` we would like to monitor is online and is our sibling.
 10 |  */
 11 | private final class WindowAttachedReportingView : UIView {
    |                                                   `- error: 'UIView' is unavailable in watchOS
 12 |   /**
 13 |    Called with the current window attachment state whenever changes are detected.
/Applications/Xcode-27.0.0-Release.Candidate.app/Contents/Developer/Platforms/WatchOS.platform/Developer/SDKs/WatchOS27.0.sdk/System/Library/Frameworks/UIKit.framework/Headers/UIView.h:152:12: note: 'UIView' has been explicitly marked unavailable here
150 |
151 | UIKIT_EXTERN API_AVAILABLE(ios(2.0)) API_UNAVAILABLE(watchos) NS_SWIFT_UI_ACTOR
152 | @interface UIView : UIResponder <NSCoding, UIAppearance, UIAppearanceContainer, UIDynamicItem, UITraitEnvironment, UICoordinateSpace, UIFocusItem, UIFocusItemContainer, CALayerDelegate>
    |            `- note: 'UIView' has been explicitly marked unavailable here
153 |
154 | @property(class, nonatomic, readonly) Class layerClass;                        // default is [CALayer class]. Used when creating the underlying layer for the view.
/Users/admin/builder/spi-builder-workspace/Sources/SwiftUIScroll/ScrollViewFeedbackIntegrationView+nonMacOS.swift:76:28: error: cannot find type 'Context' in scope
 74 |    Called to create the underlying `UIKit` view, given the current `Context`.
 75 |    */
 76 |   func makeUIView(context: Context) -> UIView {
    |                            `- error: cannot find type 'Context' in scope
 77 |     let view = WindowAttachedReportingView(frame: .zero)
 78 |
/Users/admin/builder/spi-builder-workspace/Sources/SwiftUIScroll/ScrollViewFeedbackIntegrationView+nonMacOS.swift:76:40: error: 'UIView' is unavailable in watchOS
 74 |    Called to create the underlying `UIKit` view, given the current `Context`.
 75 |    */
 76 |   func makeUIView(context: Context) -> UIView {
    |                                        `- error: 'UIView' is unavailable in watchOS
 77 |     let view = WindowAttachedReportingView(frame: .zero)
 78 |
/Applications/Xcode-27.0.0-Release.Candidate.app/Contents/Developer/Platforms/WatchOS.platform/Developer/SDKs/WatchOS27.0.sdk/System/Library/Frameworks/UIKit.framework/Headers/UIView.h:152:12: note: 'UIView' has been explicitly marked unavailable here
150 |
151 | UIKIT_EXTERN API_AVAILABLE(ios(2.0)) API_UNAVAILABLE(watchos) NS_SWIFT_UI_ACTOR
152 | @interface UIView : UIResponder <NSCoding, UIAppearance, UIAppearanceContainer, UIDynamicItem, UITraitEnvironment, UICoordinateSpace, UIFocusItem, UIFocusItemContainer, CALayerDelegate>
    |            `- note: 'UIView' has been explicitly marked unavailable here
153 |
154 | @property(class, nonatomic, readonly) Class layerClass;                        // default is [CALayer class]. Used when creating the underlying layer for the view.
/Users/admin/builder/spi-builder-workspace/Sources/SwiftUIScroll/ScrollViewFeedbackIntegrationView+nonMacOS.swift:96:48: error: cannot find type 'Context' in scope
 94 |    Detects whether scroll cancellation has been requested and performs the cancellation action if needed.
 95 |    */
 96 |   func updateUIView(_ uiView: UIView, context: Context) {
    |                                                `- error: cannot find type 'Context' in scope
 97 |     if cancelScrollingTrigger {
 98 |       context.coordinator.cancelScrolling()
/Users/admin/builder/spi-builder-workspace/Sources/SwiftUIScroll/ScrollViewFeedbackIntegrationView+nonMacOS.swift:96:31: error: 'UIView' is unavailable in watchOS
 94 |    Detects whether scroll cancellation has been requested and performs the cancellation action if needed.
 95 |    */
 96 |   func updateUIView(_ uiView: UIView, context: Context) {
    |                               `- error: 'UIView' is unavailable in watchOS
 97 |     if cancelScrollingTrigger {
 98 |       context.coordinator.cancelScrolling()
/Applications/Xcode-27.0.0-Release.Candidate.app/Contents/Developer/Platforms/WatchOS.platform/Developer/SDKs/WatchOS27.0.sdk/System/Library/Frameworks/UIKit.framework/Headers/UIView.h:152:12: note: 'UIView' has been explicitly marked unavailable here
150 |
151 | UIKIT_EXTERN API_AVAILABLE(ios(2.0)) API_UNAVAILABLE(watchos) NS_SWIFT_UI_ACTOR
152 | @interface UIView : UIResponder <NSCoding, UIAppearance, UIAppearanceContainer, UIDynamicItem, UITraitEnvironment, UICoordinateSpace, UIFocusItem, UIFocusItemContainer, CALayerDelegate>
    |            `- note: 'UIView' has been explicitly marked unavailable here
153 |
154 | @property(class, nonatomic, readonly) Class layerClass;                        // default is [CALayer class]. Used when creating the underlying layer for the view.
/Users/admin/builder/spi-builder-workspace/Sources/SwiftUIScroll/ScrollViewFeedbackIntegrationView+nonMacOS.swift:107:41: error: 'UIView' is unavailable in watchOS
105 |    Called when the view is destroyed, to clean up the `Coordinator` and its state.
106 |    */
107 |   static func dismantleUIView(_ uiView: UIView, coordinator: Coordinator) {
    |                                         `- error: 'UIView' is unavailable in watchOS
108 |     // Ensure that we reverse the attachment operation when the view goes offline.
109 |     coordinator.detach()
/Applications/Xcode-27.0.0-Release.Candidate.app/Contents/Developer/Platforms/WatchOS.platform/Developer/SDKs/WatchOS27.0.sdk/System/Library/Frameworks/UIKit.framework/Headers/UIView.h:152:12: note: 'UIView' has been explicitly marked unavailable here
150 |
151 | UIKIT_EXTERN API_AVAILABLE(ios(2.0)) API_UNAVAILABLE(watchos) NS_SWIFT_UI_ACTOR
152 | @interface UIView : UIResponder <NSCoding, UIAppearance, UIAppearanceContainer, UIDynamicItem, UITraitEnvironment, UICoordinateSpace, UIFocusItem, UIFocusItemContainer, CALayerDelegate>
    |            `- note: 'UIView' has been explicitly marked unavailable here
153 |
154 | @property(class, nonatomic, readonly) Class layerClass;                        // default is [CALayer class]. Used when creating the underlying layer for the view.
/Users/admin/builder/spi-builder-workspace/Sources/SwiftUIScroll/ScrollViewFeedbackIntegrationView+nonMacOS.swift:117:53: error: 'UIView' is unavailable in watchOS
115 |    in order to receive scrolling feedback.
116 |    */
117 |   private func attachToScrollViewSibling(of uiView: UIView?, using coordinator: Coordinator) {
    |                                                     `- error: 'UIView' is unavailable in watchOS
118 |     // Grab subviews of the view's parent, if the parent is nil, or no subviews exist, abort.
119 |     guard let siblings = uiView?.superview?.subviews else {
/Applications/Xcode-27.0.0-Release.Candidate.app/Contents/Developer/Platforms/WatchOS.platform/Developer/SDKs/WatchOS27.0.sdk/System/Library/Frameworks/UIKit.framework/Headers/UIView.h:152:12: note: 'UIView' has been explicitly marked unavailable here
150 |
151 | UIKIT_EXTERN API_AVAILABLE(ios(2.0)) API_UNAVAILABLE(watchos) NS_SWIFT_UI_ACTOR
152 | @interface UIView : UIResponder <NSCoding, UIAppearance, UIAppearanceContainer, UIDynamicItem, UITraitEnvironment, UICoordinateSpace, UIFocusItem, UIFocusItemContainer, CALayerDelegate>
    |            `- note: 'UIView' has been explicitly marked unavailable here
153 |
154 | @property(class, nonatomic, readonly) Class layerClass;                        // default is [CALayer class]. Used when creating the underlying layer for the view.
/Users/admin/builder/spi-builder-workspace/Sources/SwiftUIScroll/ScrollViewFeedbackIntegrationView+nonMacOS.swift:164:34: error: 'UIScrollView' is unavailable in watchOS
162 |
163 |     // Holds a reference to the scroll view we attached to so that we can undo the operation.
164 |     private weak var scrollView: UIScrollView?
    |                                  `- error: 'UIScrollView' is unavailable in watchOS
165 |
166 |     // Holds any UIScrollViewDelegate that was registered in the scroll view prior to us
/Applications/Xcode-27.0.0-Release.Candidate.app/Contents/Developer/Platforms/WatchOS.platform/Developer/SDKs/WatchOS27.0.sdk/System/Library/Frameworks/UIKit.framework/Headers/UIScrollView.h:87:12: note: 'UIScrollView' has been explicitly marked unavailable here
 85 |
 86 | UIKIT_EXTERN API_AVAILABLE(ios(2.0)) API_UNAVAILABLE(watchos) NS_SWIFT_UI_ACTOR
 87 | @interface UIScrollView : UIView <NSCoding, UIFocusItemScrollableContainer>
    |            `- note: 'UIScrollView' has been explicitly marked unavailable here
 88 |
 89 | @property(nonatomic)         CGPoint                      contentOffset;                  // default CGPointZero
/Users/admin/builder/spi-builder-workspace/Sources/SwiftUIScroll/ScrollViewFeedbackIntegrationView+nonMacOS.swift:168:39: error: 'UIScrollViewDelegate' is unavailable in watchOS
166 |     // Holds any UIScrollViewDelegate that was registered in the scroll view prior to us
167 |     // attaching to receive feedback.
168 |     private weak var wrappedDelegate: UIScrollViewDelegate?
    |                                       `- error: 'UIScrollViewDelegate' is unavailable in watchOS
169 |
170 |     /**
/Applications/Xcode-27.0.0-Release.Candidate.app/Contents/Developer/Platforms/WatchOS.platform/Developer/SDKs/WatchOS27.0.sdk/System/Library/Frameworks/UIKit.framework/Headers/UIScrollView.h:312:11: note: 'UIScrollViewDelegate' has been explicitly marked unavailable here
310 |
311 | API_UNAVAILABLE(watchos) NS_SWIFT_UI_ACTOR
312 | @protocol UIScrollViewDelegate<NSObject>
    |           `- note: 'UIScrollViewDelegate' has been explicitly marked unavailable here
313 |
314 | @optional
/Users/admin/builder/spi-builder-workspace/Sources/SwiftUIScroll/ScrollViewFeedbackIntegrationView+nonMacOS.swift:183:32: error: 'UIScrollView' is unavailable in watchOS
181 |      Only does this if we are not already the delegate and we do not have a previously known wrappedDelegate.
182 |      */
183 |     func attach(to scrollView: UIScrollView) {
    |                                `- error: 'UIScrollView' is unavailable in watchOS
184 |       // Make sure that we aren't attaching twice.
185 |       guard scrollView.delegate !== self && wrappedDelegate == nil else {
/Applications/Xcode-27.0.0-Release.Candidate.app/Contents/Developer/Platforms/WatchOS.platform/Developer/SDKs/WatchOS27.0.sdk/System/Library/Frameworks/UIKit.framework/Headers/UIScrollView.h:87:12: note: 'UIScrollView' has been explicitly marked unavailable here
 85 |
 86 | UIKIT_EXTERN API_AVAILABLE(ios(2.0)) API_UNAVAILABLE(watchos) NS_SWIFT_UI_ACTOR
 87 | @interface UIScrollView : UIView <NSCoding, UIFocusItemScrollableContainer>
    |            `- note: 'UIScrollView' has been explicitly marked unavailable here
 88 |
 89 | @property(nonatomic)         CGPoint                      contentOffset;                  // default CGPointZero
/Users/admin/builder/spi-builder-workspace/Sources/SwiftUIScroll/ScrollViewFeedbackIntegrationView+nonMacOS.swift:289:44: error: 'UIScrollView' is unavailable in watchOS
287 |     }
288 |
289 |     func scrollViewDidScroll(_ scrollView: UIScrollView) {
    |                                            `- error: 'UIScrollView' is unavailable in watchOS
290 |       wrappedDelegate?.scrollViewDidScroll?(scrollView)
291 |
/Applications/Xcode-27.0.0-Release.Candidate.app/Contents/Developer/Platforms/WatchOS.platform/Developer/SDKs/WatchOS27.0.sdk/System/Library/Frameworks/UIKit.framework/Headers/UIScrollView.h:87:12: note: 'UIScrollView' has been explicitly marked unavailable here
 85 |
 86 | UIKIT_EXTERN API_AVAILABLE(ios(2.0)) API_UNAVAILABLE(watchos) NS_SWIFT_UI_ACTOR
 87 | @interface UIScrollView : UIView <NSCoding, UIFocusItemScrollableContainer>
    |            `- note: 'UIScrollView' has been explicitly marked unavailable here
 88 |
 89 | @property(nonatomic)         CGPoint                      contentOffset;                  // default CGPointZero
/Users/admin/builder/spi-builder-workspace/Sources/SwiftUIScroll/ScrollViewFeedbackIntegrationView+nonMacOS.swift:295:52: error: 'UIScrollView' is unavailable in watchOS
293 |     }
294 |
295 |     func scrollViewWillBeginDragging(_ scrollView: UIScrollView) {
    |                                                    `- error: 'UIScrollView' is unavailable in watchOS
296 |       wrappedDelegate?.scrollViewWillBeginDragging?(scrollView)
297 |
/Applications/Xcode-27.0.0-Release.Candidate.app/Contents/Developer/Platforms/WatchOS.platform/Developer/SDKs/WatchOS27.0.sdk/System/Library/Frameworks/UIKit.framework/Headers/UIScrollView.h:87:12: note: 'UIScrollView' has been explicitly marked unavailable here
 85 |
 86 | UIKIT_EXTERN API_AVAILABLE(ios(2.0)) API_UNAVAILABLE(watchos) NS_SWIFT_UI_ACTOR
 87 | @interface UIScrollView : UIView <NSCoding, UIFocusItemScrollableContainer>
    |            `- note: 'UIScrollView' has been explicitly marked unavailable here
 88 |
 89 | @property(nonatomic)         CGPoint                      contentOffset;                  // default CGPointZero
/Users/admin/builder/spi-builder-workspace/Sources/SwiftUIScroll/ScrollViewFeedbackIntegrationView+nonMacOS.swift:301:49: error: 'UIScrollView' is unavailable in watchOS
299 |     }
300 |
301 |     func scrollViewDidEndDragging(_ scrollView: UIScrollView, willDecelerate decelerate: Bool) {
    |                                                 `- error: 'UIScrollView' is unavailable in watchOS
302 |       wrappedDelegate?.scrollViewDidEndDragging?(scrollView, willDecelerate: decelerate)
303 |
/Applications/Xcode-27.0.0-Release.Candidate.app/Contents/Developer/Platforms/WatchOS.platform/Developer/SDKs/WatchOS27.0.sdk/System/Library/Frameworks/UIKit.framework/Headers/UIScrollView.h:87:12: note: 'UIScrollView' has been explicitly marked unavailable here
 85 |
 86 | UIKIT_EXTERN API_AVAILABLE(ios(2.0)) API_UNAVAILABLE(watchos) NS_SWIFT_UI_ACTOR
 87 | @interface UIScrollView : UIView <NSCoding, UIFocusItemScrollableContainer>
    |            `- note: 'UIScrollView' has been explicitly marked unavailable here
 88 |
 89 | @property(nonatomic)         CGPoint                      contentOffset;                  // default CGPointZero
/Users/admin/builder/spi-builder-workspace/Sources/SwiftUIScroll/ScrollViewFeedbackIntegrationView+nonMacOS.swift:309:56: error: 'UIScrollView' is unavailable in watchOS
307 |     }
308 |
309 |     func scrollViewWillBeginDecelerating(_ scrollView: UIScrollView) {
    |                                                        `- error: 'UIScrollView' is unavailable in watchOS
310 |       wrappedDelegate?.scrollViewWillBeginDecelerating?(scrollView)
311 |
/Applications/Xcode-27.0.0-Release.Candidate.app/Contents/Developer/Platforms/WatchOS.platform/Developer/SDKs/WatchOS27.0.sdk/System/Library/Frameworks/UIKit.framework/Headers/UIScrollView.h:87:12: note: 'UIScrollView' has been explicitly marked unavailable here
 85 |
 86 | UIKIT_EXTERN API_AVAILABLE(ios(2.0)) API_UNAVAILABLE(watchos) NS_SWIFT_UI_ACTOR
 87 | @interface UIScrollView : UIView <NSCoding, UIFocusItemScrollableContainer>
    |            `- note: 'UIScrollView' has been explicitly marked unavailable here
 88 |
 89 | @property(nonatomic)         CGPoint                      contentOffset;                  // default CGPointZero
/Users/admin/builder/spi-builder-workspace/Sources/SwiftUIScroll/ScrollViewFeedbackIntegrationView+nonMacOS.swift:315:53: error: 'UIScrollView' is unavailable in watchOS
313 |     }
314 |
315 |     func scrollViewDidEndDecelerating(_ scrollView: UIScrollView) {
    |                                                     `- error: 'UIScrollView' is unavailable in watchOS
316 |       wrappedDelegate?.scrollViewDidEndDecelerating?(scrollView)
317 |
/Applications/Xcode-27.0.0-Release.Candidate.app/Contents/Developer/Platforms/WatchOS.platform/Developer/SDKs/WatchOS27.0.sdk/System/Library/Frameworks/UIKit.framework/Headers/UIScrollView.h:87:12: note: 'UIScrollView' has been explicitly marked unavailable here
 85 |
 86 | UIKIT_EXTERN API_AVAILABLE(ios(2.0)) API_UNAVAILABLE(watchos) NS_SWIFT_UI_ACTOR
 87 | @interface UIScrollView : UIView <NSCoding, UIFocusItemScrollableContainer>
    |            `- note: 'UIScrollView' has been explicitly marked unavailable here
 88 |
 89 | @property(nonatomic)         CGPoint                      contentOffset;                  // default CGPointZero
/Users/admin/builder/spi-builder-workspace/Sources/SwiftUIScroll/ScrollViewFeedbackIntegrationView+nonMacOS.swift:159:39: error: 'UIScrollViewDelegate' is unavailable in watchOS
157 |    The `Coordinator` object for the `UIKit` -> `SwiftUI` integration, which also acts as a `ScrollView` delegate.
158 |    */
159 |   final class Coordinator : NSObject, UIScrollViewDelegate {
    |                                       `- error: 'UIScrollViewDelegate' is unavailable in watchOS
160 |     // Reference to the parent integration view, cleared when `detach` is called.
161 |     private let parent: ScrollViewFeedbackIntegrationView
/Applications/Xcode-27.0.0-Release.Candidate.app/Contents/Developer/Platforms/WatchOS.platform/Developer/SDKs/WatchOS27.0.sdk/System/Library/Frameworks/UIKit.framework/Headers/UIScrollView.h:312:11: note: 'UIScrollViewDelegate' has been explicitly marked unavailable here
310 |
311 | API_UNAVAILABLE(watchos) NS_SWIFT_UI_ACTOR
312 | @protocol UIScrollViewDelegate<NSObject>
    |           `- note: 'UIScrollViewDelegate' has been explicitly marked unavailable here
313 |
314 | @optional
/Users/admin/builder/spi-builder-workspace/Sources/SwiftUIScroll/ScrollViewFeedbackIntegrationView+nonMacOS.swift:29:44: error: cannot find type 'UIViewRepresentable' in scope
 27 |  and attach our `Coordinator` as its `UIScrollViewDelegate`.
 28 |  */
 29 | struct ScrollViewFeedbackIntegrationView : UIViewRepresentable {
    |                                            `- error: cannot find type 'UIViewRepresentable' in scope
 30 |   // Two way binding for reading/writing the current scroll offset.
 31 |   @Binding var scrollOffset: CGPoint
Failed frontend command:
/Applications/Xcode-27.0.0-Release.Candidate.app/Contents/Developer/Toolchains/XcodeDefault.xctoolchain/usr/bin/swift-frontend -frontend -emit-module -experimental-skip-non-inlinable-function-bodies-without-types /Users/admin/builder/spi-builder-workspace/Sources/SwiftUIScroll/FeatheredScrollView.swift /Users/admin/builder/spi-builder-workspace/Sources/SwiftUIScroll/ScrollViewFeedbackIntegrationView+macOS.swift /Users/admin/builder/spi-builder-workspace/Sources/SwiftUIScroll/ScrollViewFeedbackIntegrationView+nonMacOS.swift /Users/admin/builder/spi-builder-workspace/Sources/SwiftUIScroll/ScrollViewWithFeedback.swift -target arm64-apple-watchos9.0 -disable-cross-import-overlay-search -load-resolved-plugin /Applications/Xcode-27.0.0-Release.Candidate.app/Contents/Developer/Platforms/WatchOS.platform/Developer/usr/lib/swift/host/plugins/libFoundationMacros.dylib\#/Applications/Xcode-27.0.0-Release.Candidate.app/Contents/Developer/Platforms/WatchOS.platform/Developer/usr/bin/swift-plugin-server\#FoundationMacros -load-resolved-plugin /Applications/Xcode-27.0.0-Release.Candidate.app/Contents/Developer/Platforms/WatchOS.platform/Developer/usr/lib/swift/host/plugins/libObservationMacros.dylib\#/Applications/Xcode-27.0.0-Release.Candidate.app/Contents/Developer/Platforms/WatchOS.platform/Developer/usr/bin/swift-plugin-server\#ObservationMacros -load-resolved-plugin /Applications/Xcode-27.0.0-Release.Candidate.app/Contents/Developer/Platforms/WatchOS.platform/Developer/usr/lib/swift/host/plugins/libPreviewsMacros.dylib\#/Applications/Xcode-27.0.0-Release.Candidate.app/Contents/Developer/Platforms/WatchOS.platform/Developer/usr/bin/swift-plugin-server\#PreviewsMacros -load-resolved-plugin /Applications/Xcode-27.0.0-Release.Candidate.app/Contents/Developer/Platforms/WatchOS.platform/Developer/usr/lib/swift/host/plugins/libSwiftMacros.dylib\#/Applications/Xcode-27.0.0-Release.Candidate.app/Contents/Developer/Platforms/WatchOS.platform/Developer/usr/bin/swift-plugin-server\#SwiftMacros -load-resolved-plugin /Applications/Xcode-27.0.0-Release.Candidate.app/Contents/Developer/Platforms/WatchOS.platform/Developer/usr/lib/swift/host/plugins/libSwiftUIMacros.dylib\#/Applications/Xcode-27.0.0-Release.Candidate.app/Contents/Developer/Platforms/WatchOS.platform/Developer/usr/bin/swift-plugin-server\#SwiftUIMacros -disable-implicit-swift-modules -Xcc -fno-implicit-modules -Xcc -fno-implicit-module-maps -explicit-swift-module-map-file /Users/admin/builder/spi-builder-workspace/.derivedData/Build/Intermediates.noindex/SwiftUIScroll.build/Debug-watchos/SwiftUIScroll-t.build/Objects-normal/arm64/SwiftUIScroll-dependencies-2.json -Xllvm -aarch64-use-tbi -enable-objc-interop -stack-check -sdk /Applications/Xcode-27.0.0-Release.Candidate.app/Contents/Developer/Platforms/WatchOS.platform/Developer/SDKs/WatchOS27.0.sdk -I /Users/admin/builder/spi-builder-workspace/.derivedData/Build/Products/Debug-watchos -Isystem /Applications/Xcode-27.0.0-Release.Candidate.app/Contents/Developer/Platforms/WatchOS.platform/Developer/usr/lib -F /Users/admin/builder/spi-builder-workspace/.derivedData/Build/Products/Debug-watchos/PackageFrameworks -F /Users/admin/builder/spi-builder-workspace/.derivedData/Build/Products/Debug-watchos -F /Applications/Xcode-27.0.0-Release.Candidate.app/Contents/Developer/Platforms/WatchOS.platform/Developer/Library/Frameworks -F /Applications/Xcode-27.0.0-Release.Candidate.app/Contents/Developer/Platforms/WatchOS.platform/Developer/SDKs/WatchOS27.0.sdk/Developer/Library/Frameworks -module-cache-path /Users/admin/builder/spi-builder-workspace/.derivedData/Build/Intermediates.noindex/SwiftExplicitPrecompiledModules -no-color-diagnostics -Xcc -fno-color-diagnostics -enable-testing -g -debug-info-format\=dwarf -dwarf-version\=4 -swift-version 5 -Onone -D SWIFT_PACKAGE -D DEBUG -D SWIFT_MODULE_RESOURCE_BUNDLE_UNAVAILABLE -D Xcode -serialize-debugging-options -enable-experimental-feature DebugDescriptionMacro -empty-abi-descriptor -validate-clang-modules-once -clang-build-session-file /Users/admin/builder/spi-builder-workspace/.derivedData/ModuleCache.noindex/Session.modulevalidation -Xcc -working-directory -Xcc /Users/admin/builder/spi-builder-workspace/.swiftpm/xcode -enable-anonymous-context-mangled-names -file-compilation-dir /Users/admin/builder/spi-builder-workspace/.swiftpm/xcode -Xcc -D_LIBCPP_HARDENING_MODE\=_LIBCPP_HARDENING_MODE_DEBUG -Xcc -ivfsstatcache -Xcc /Users/admin/builder/spi-builder-workspace/.derivedData/SDKStatCaches.noindex/watchos27.0-24R360-e829b21a6f8c9b70876ba0858053c04477534ef55a1706bf4c1112bbb242f0a2.sdkstatcache -Xcc -fmodules-prune-interval\=86400 -Xcc -fmodules-prune-after\=345600 -Xcc -I/Users/admin/builder/spi-builder-workspace/.derivedData/Build/Products/Debug-watchos/include -Xcc -I/Users/admin/builder/spi-builder-workspace/.derivedData/Build/Intermediates.noindex/SwiftUIScroll.build/Debug-watchos/SwiftUIScroll-t.build/DerivedSources-normal/arm64 -Xcc -I/Users/admin/builder/spi-builder-workspace/.derivedData/Build/Intermediates.noindex/SwiftUIScroll.build/Debug-watchos/SwiftUIScroll-t.build/DerivedSources/arm64 -Xcc -I/Users/admin/builder/spi-builder-workspace/.derivedData/Build/Intermediates.noindex/SwiftUIScroll.build/Debug-watchos/SwiftUIScroll-t.build/DerivedSources -Xcc -DSWIFT_PACKAGE -Xcc -DDEBUG\=1 -no-auto-bridging-header-chaining -module-name SwiftUIScroll -const-gather-protocols-file /Users/admin/builder/spi-builder-workspace/.derivedData/Build/Intermediates.noindex/SwiftUIScroll.build/Debug-watchos/SwiftUIScroll-t.build/Objects-normal/arm64/SwiftUIScroll_const_extract_protocols.json -disable-clang-spi -clang-target arm64-apple-watchos27.0 -target-sdk-version 27.0 -target-sdk-name watchos27.0 -in-process-plugin-server-path /Applications/Xcode-27.0.0-Release.Candidate.app/Contents/Developer/Toolchains/XcodeDefault.xctoolchain/usr/lib/swift/host/libSwiftInProcPluginServer.dylib -emit-module-doc-path /Users/admin/builder/spi-builder-workspace/.derivedData/Build/Intermediates.noindex/SwiftUIScroll.build/Debug-watchos/SwiftUIScroll-t.build/Objects-normal/arm64/SwiftUIScroll.swiftdoc -emit-module-source-info-path /Users/admin/builder/spi-builder-workspace/.derivedData/Build/Intermediates.noindex/SwiftUIScroll.build/Debug-watchos/SwiftUIScroll-t.build/Objects-normal/arm64/SwiftUIScroll.swiftsourceinfo -emit-objc-header-path /Users/admin/builder/spi-builder-workspace/.derivedData/Build/Intermediates.noindex/SwiftUIScroll.build/Debug-watchos/SwiftUIScroll-t.build/Objects-normal/arm64/SwiftUIScroll-Swift.h -serialize-diagnostics-path /Users/admin/builder/spi-builder-workspace/.derivedData/Build/Intermediates.noindex/SwiftUIScroll.build/Debug-watchos/SwiftUIScroll-t.build/Objects-normal/arm64/SwiftUIScroll-primary-emit-module.dia -emit-dependencies-path /Users/admin/builder/spi-builder-workspace/.derivedData/Build/Intermediates.noindex/SwiftUIScroll.build/Debug-watchos/SwiftUIScroll-t.build/Objects-normal/arm64/SwiftUIScroll-primary-emit-module.d -parse-as-library -o /Users/admin/builder/spi-builder-workspace/.derivedData/Build/Intermediates.noindex/SwiftUIScroll.build/Debug-watchos/SwiftUIScroll-t.build/Objects-normal/arm64/SwiftUIScroll.swiftmodule -emit-abi-descriptor-path /Users/admin/builder/spi-builder-workspace/.derivedData/Build/Intermediates.noindex/SwiftUIScroll.build/Debug-watchos/SwiftUIScroll-t.build/Objects-normal/arm64/SwiftUIScroll.abi.json
SwiftCompile normal arm64 (in target 'SwiftUIScroll' from project 'SwiftUIScroll')
    cd /Users/admin/builder/spi-builder-workspace/.swiftpm/xcode

SwiftEmitModule normal arm64_32 Emitting\ module\ for\ SwiftUIExtensions (in target 'SwiftUIExtensions' from project 'SwiftUIExtensions')
SwiftCompile normal arm64_32 (in target 'SwiftUIExtensions' from project 'SwiftUIExtensions')
    cd /Users/admin/builder/spi-builder-workspace/.swiftpm/xcode

SwiftCompile normal arm64_32 Compiling\ ScrollViewWithFeedback.swift /Users/admin/builder/spi-builder-workspace/Sources/SwiftUIScroll/ScrollViewWithFeedback.swift (in target 'SwiftUIScroll' from project 'SwiftUIScroll')
SwiftCompile normal arm64_32 /Users/admin/builder/spi-builder-workspace/Sources/SwiftUIScroll/ScrollViewWithFeedback.swift (in target 'SwiftUIScroll' from project 'SwiftUIScroll')
    cd /Users/admin/builder/spi-builder-workspace/.swiftpm/xcode
    builtin-SwiftPerFileCompile ScrollViewWithFeedback.swift
SwiftCompile normal arm64 Compiling\ ScrollViewWithFeedback.swift /Users/admin/builder/spi-builder-workspace/Sources/SwiftUIScroll/ScrollViewWithFeedback.swift (in target 'SwiftUIScroll' from project 'SwiftUIScroll')
SwiftCompile normal arm64 /Users/admin/builder/spi-builder-workspace/Sources/SwiftUIScroll/ScrollViewWithFeedback.swift (in target 'SwiftUIScroll' from project 'SwiftUIScroll')
    cd /Users/admin/builder/spi-builder-workspace/.swiftpm/xcode
    builtin-SwiftPerFileCompile ScrollViewWithFeedback.swift
SwiftCompile normal arm64 Compiling\ ScrollViewFeedbackIntegrationView+macOS.swift /Users/admin/builder/spi-builder-workspace/Sources/SwiftUIScroll/ScrollViewFeedbackIntegrationView+macOS.swift (in target 'SwiftUIScroll' from project 'SwiftUIScroll')
SwiftCompile normal arm64 /Users/admin/builder/spi-builder-workspace/Sources/SwiftUIScroll/ScrollViewFeedbackIntegrationView+macOS.swift (in target 'SwiftUIScroll' from project 'SwiftUIScroll')
    cd /Users/admin/builder/spi-builder-workspace/.swiftpm/xcode
    builtin-SwiftPerFileCompile ScrollViewFeedbackIntegrationView+macOS.swift
PruneExplicitPrecompiledModules /Users/admin/builder/spi-builder-workspace/.derivedData/Build/Intermediates.noindex/SwiftExplicitPrecompiledModules
PruneExplicitPrecompiledModules /Users/admin/builder/spi-builder-workspace/.derivedData/SDKExplicitPrecompiledModules
PruneExplicitPrecompiledModules /Users/admin/builder/spi-builder-workspace/.derivedData/Build/Intermediates.noindex/ExplicitPrecompiledModules
2026-09-18 05:07:04.373 xcodebuild[928:5552] [MT] IDERunDestination: Supported platforms for the buildables in the current scheme is empty.
** BUILD FAILED **
The following build commands failed:
	SwiftEmitModule normal arm64_32 Emitting\ module\ for\ SwiftUIScroll (in target 'SwiftUIScroll' from project 'SwiftUIScroll')
	SwiftCompile normal arm64_32 (in target 'SwiftUIScroll' from project 'SwiftUIScroll')
	SwiftEmitModule normal arm64 Emitting\ module\ for\ SwiftUIScroll (in target 'SwiftUIScroll' from project 'SwiftUIScroll')
	SwiftCompile normal arm64 (in target 'SwiftUIScroll' from project 'SwiftUIScroll')
	Building workspace SwiftUIScroll with scheme SwiftUIScroll
(5 failures)
BUILD FAILURE 6.4 watchOS