The Swift Package Index logo.Swift Package Index

Build Information

Failed to build Sword, reference 0.9.2 (d8097b), with Swift 6.4 for Linux on 16 Sep 2026 00:00:30 UTC.

Build Command

bash -c docker run --pull=always --rm -v "checkouts-54344844-0":/host -w "$PWD" -e JAVA_HOME="/root/.sdkman/candidates/java/current" -e SPI_BUILD="1" -e SPI_PROCESSING="1" registry.gitlab.com/saguaro1/spi-images:basic-6.4-latest swift build --triple x86_64-unknown-linux-gnu 2>&1

Build Log

========================================
RunAll
========================================
Builder version: 5.1.0
Interrupt handler set up.
========================================
Checkout
========================================
Clone URL: https://github.com/Azoy/Sword.git
Reference: 0.9.2
Initialized empty Git repository in /host/spi-builder-workspace/.git/
hint: Using 'master' as the name for the initial branch. This default branch name
hint: is subject to change. To configure the initial branch name to use in all
hint: of your new repositories, which will suppress this warning, call:
hint:
hint: 	git config --global init.defaultBranch <name>
hint:
hint: Names commonly chosen instead of 'master' are 'main', 'trunk' and
hint: 'development'. The just-created branch can be renamed via this command:
hint:
hint: 	git branch -m <name>
From https://github.com/Azoy/Sword
 * tag               0.9.2      -> FETCH_HEAD
HEAD is now at d8097bd Add embed author icon
Cloned https://github.com/Azoy/Sword.git
Revision (git rev-parse @):
d8097bd5b3881d6d4bae4feebf005592f7ffa573
SUCCESS checkout https://github.com/Azoy/Sword.git at 0.9.2
========================================
Build
========================================
Selected platform:         linux
Swift version:             6.4
Building package at path:  $PWD
https://github.com/Azoy/Sword.git
Running build ...
bash -c docker run --pull=always --rm -v "checkouts-54344844-0":/host -w "$PWD" -e JAVA_HOME="/root/.sdkman/candidates/java/current" -e SPI_BUILD="1" -e SPI_PROCESSING="1" registry.gitlab.com/saguaro1/spi-images:basic-6.4-latest swift build --triple x86_64-unknown-linux-gnu 2>&1
basic-6.4-latest: Pulling from saguaro1/spi-images
Digest: sha256:c77fcce225e223ac0fafed844619173fc6de8d62dd560eeb28db3182af6a282b
Status: Image is up to date for registry.gitlab.com/saguaro1/spi-images:basic-6.4-latest
Fetching https://github.com/vapor/engine.git
[1/25467] Fetching engine
Fetched https://github.com/vapor/engine.git (0.70s)
Computing version for https://github.com/vapor/engine.git
Computed https://github.com/vapor/engine.git at 2.2.5 (0.90s)
Fetching https://github.com/vapor/core.git
Fetching https://github.com/vapor/sockets.git
Fetching https://github.com/vapor/crypto.git
Fetching https://github.com/vapor/tls.git
Fetching https://github.com/vapor/random.git
[1/20143] Fetching core
[807/22929] Fetching core, crypto
[1211/24073] Fetching core, crypto, tls
[3962/27385] Fetching core, crypto, tls, sockets
[7187/27533] Fetching core, crypto, tls, sockets, random
Fetched https://github.com/vapor/random.git (0.51s)
Fetched https://github.com/vapor/crypto.git (0.52s)
[19765/24599] Fetching core, tls, sockets
Fetched https://github.com/vapor/tls.git (0.52s)
Fetched https://github.com/vapor/sockets.git (0.52s)
[15511/20143] Fetching core
Fetched https://github.com/vapor/core.git (0.72s)
Computing version for https://github.com/vapor/random.git
Computed https://github.com/vapor/random.git at 1.2.0 (0.92s)
Computing version for https://github.com/vapor/core.git
Computed https://github.com/vapor/core.git at 2.2.1 (0.19s)
Fetching https://github.com/vapor/bits.git
Fetching https://github.com/vapor/debugging.git
[1/260] Fetching debugging
Fetched https://github.com/vapor/debugging.git (0.44s)
[1/358] Fetching bits
Fetched https://github.com/vapor/bits.git (0.54s)
Computing version for https://github.com/vapor/debugging.git
Computed https://github.com/vapor/debugging.git at 1.1.1 (0.73s)
Computing version for https://github.com/vapor/bits.git
Computed https://github.com/vapor/bits.git at 1.1.1 (0.19s)
Computing version for https://github.com/vapor/tls.git
Computed https://github.com/vapor/tls.git at 2.1.3 (0.19s)
Fetching https://github.com/vapor/ctls.git
[1/71] Fetching ctls
Fetched https://github.com/vapor/ctls.git (0.43s)
Computing version for https://github.com/vapor/crypto.git
Computed https://github.com/vapor/crypto.git at 2.1.3 (0.62s)
Computing version for https://github.com/vapor/ctls.git
Computed https://github.com/vapor/ctls.git at 1.1.3 (0.19s)
Computing version for https://github.com/vapor/sockets.git
Computed https://github.com/vapor/sockets.git at 2.2.3 (0.19s)
Creating working copy for https://github.com/vapor/random.git
Working copy of https://github.com/vapor/random.git resolved at 1.2.0
Creating working copy for https://github.com/vapor/sockets.git
Working copy of https://github.com/vapor/sockets.git resolved at 2.2.3
Creating working copy for https://github.com/vapor/crypto.git
Working copy of https://github.com/vapor/crypto.git resolved at 2.1.3
Creating working copy for https://github.com/vapor/debugging.git
Working copy of https://github.com/vapor/debugging.git resolved at 1.1.1
Creating working copy for https://github.com/vapor/bits.git
Working copy of https://github.com/vapor/bits.git resolved at 1.1.1
Creating working copy for https://github.com/vapor/core.git
Working copy of https://github.com/vapor/core.git resolved at 2.2.1
Creating working copy for https://github.com/vapor/tls.git
Working copy of https://github.com/vapor/tls.git resolved at 2.1.3
Creating working copy for https://github.com/vapor/ctls.git
Working copy of https://github.com/vapor/ctls.git resolved at 1.1.3
Creating working copy for https://github.com/vapor/engine.git
Working copy of https://github.com/vapor/engine.git resolved at 2.2.5
warning: 'ctls': ignoring declared target(s) 'CTLS' in the system package
warning: 'ctls': ignoring declared target(s) 'CTLS' in the system package
warning: 'ctls': you may be able to install ctls using your system-packager:
    apt-get install libssl-dev
Building for debugging...
[Computing dependencies]
[Pre-planning 1 / 456]
[Planning deferred tasks]
[77 / 188] Debugging
[109 / 204] Debugging
[113 / 204] Debugging-product
[114 / 204] Bits
[125 / 204] Debugging-product
[127 / 205] Debugging
[134 / 215] Core
[136 / 215] Core
[137 / 215] libc
[148 / 216] Core
[150 / 218] Random
[157 / 235] Transport
[170 / 236] Transport
[190 / 255] URI
[196 / 256] URI
[202 / 256] URI
[210 / 256] URI
[216 / 259] Crypto
[219 / 267] Crypto
[224 / 267] Crypto
error: SwiftCompile normal x86_64 failed with a nonzero exit code. Command line:     cd /host

/host/spi-builder-workspace/.build/checkouts/crypto/Sources/Crypto/Cipher/Cipher+Method.swift:144:35: error: cannot find type 'EVP_CIPHER' in scope
142 |
143 | extension Cipher.Method {
144 |     public var evp: UnsafePointer<EVP_CIPHER> {
    |                                   `- error: cannot find type 'EVP_CIPHER' in scope
145 |         switch self {
146 |         case .blowfish(let mode):
/host/spi-builder-workspace/.build/checkouts/crypto/Sources/Crypto/Cipher/Cipher.swift:71:34: error: cannot find type 'EVP_CIPHER_CTX' in scope
 69 |         stream: ByteStream,
 70 |         initialize: (
 71 |             UnsafeMutablePointer<EVP_CIPHER_CTX>,
    |                                  `- error: cannot find type 'EVP_CIPHER_CTX' in scope
 72 |             UnsafePointer<EVP_CIPHER>,
 73 |             UnsafePointer<UInt8>,
/host/spi-builder-workspace/.build/checkouts/crypto/Sources/Crypto/Cipher/Cipher.swift:72:27: error: cannot find type 'EVP_CIPHER' in scope
 70 |         initialize: (
 71 |             UnsafeMutablePointer<EVP_CIPHER_CTX>,
 72 |             UnsafePointer<EVP_CIPHER>,
    |                           `- error: cannot find type 'EVP_CIPHER' in scope
 73 |             UnsafePointer<UInt8>,
 74 |             UnsafePointer<UInt8>?
/host/spi-builder-workspace/.build/checkouts/crypto/Sources/Crypto/Cipher/Cipher.swift:77:34: error: cannot find type 'EVP_CIPHER_CTX' in scope
 75 |         ) -> Int32,
 76 |         update: (
 77 |             UnsafeMutablePointer<EVP_CIPHER_CTX>,
    |                                  `- error: cannot find type 'EVP_CIPHER_CTX' in scope
 78 |             UnsafeMutablePointer<UInt8>,
 79 |             UnsafeMutablePointer<Int32>,
/host/spi-builder-workspace/.build/checkouts/crypto/Sources/Crypto/Cipher/Cipher.swift:84:34: error: cannot find type 'EVP_CIPHER_CTX' in scope
 82 |         ) -> Int32,
 83 |         final: (
 84 |             UnsafeMutablePointer<EVP_CIPHER_CTX>,
    |                                  `- error: cannot find type 'EVP_CIPHER_CTX' in scope
 85 |             UnsafeMutablePointer<UInt8>,
 86 |             UnsafeMutablePointer<Int32>
/host/spi-builder-workspace/.build/checkouts/crypto/Sources/Crypto/HMAC/HMAC+Method.swift:23:28: error: cannot find type 'EVP_MD' in scope
21 | extension HMAC.Method {
22 |     /// The internal EVP pointer.
23 |     var evp: UnsafePointer<EVP_MD> {
   |                            `- error: cannot find type 'EVP_MD' in scope
24 |         switch self {
25 |         case .sha1:
Failed frontend command:
/usr/bin/swift-frontend -frontend -emit-module -experimental-skip-non-inlinable-function-bodies-without-types /host/spi-builder-workspace/.build/checkouts/crypto/Sources/Crypto/Cipher/Cipher+Method.swift /host/spi-builder-workspace/.build/checkouts/crypto/Sources/Crypto/Cipher/Cipher.swift /host/spi-builder-workspace/.build/checkouts/crypto/Sources/Crypto/Essentials/ByteStream.swift /host/spi-builder-workspace/.build/checkouts/crypto/Sources/Crypto/Essentials/Exports.swift /host/spi-builder-workspace/.build/checkouts/crypto/Sources/Crypto/Essentials/Helpers.swift /host/spi-builder-workspace/.build/checkouts/crypto/Sources/Crypto/HMAC/HMAC+Method.swift /host/spi-builder-workspace/.build/checkouts/crypto/Sources/Crypto/HMAC/HMAC.swift /host/spi-builder-workspace/.build/checkouts/crypto/Sources/Crypto/Hash/Hash+Method.swift /host/spi-builder-workspace/.build/checkouts/crypto/Sources/Crypto/Hash/Hash.swift /host/spi-builder-workspace/.build/checkouts/crypto/Sources/Crypto/Random/Hash+Random.swift /host/spi-builder-workspace/.build/checkouts/crypto/Sources/Crypto/Random/LibreSSLError.swift /host/spi-builder-workspace/.build/checkouts/crypto/Sources/Crypto/Random/PseudoRandom.swift /host/spi-builder-workspace/.build/checkouts/crypto/Sources/Crypto/Random/Random.swift -target x86_64-unknown-linux-gnu -disable-objc-interop -I /host/spi-builder-workspace/.build/out/Products/Debug-linux-x86_64 -module-cache-path /host/spi-builder-workspace/.build/out/ModuleCache.noindex -color-diagnostics -Xcc -fcolor-diagnostics -enable-testing -g -debug-info-format\=dwarf -dwarf-version\=4 -suppress-warnings -swift-version 4 -Onone -D SWIFT_PACKAGE -D DEBUG -D SWIFT_MODULE_RESOURCE_BUNDLE_UNAVAILABLE -D Xcode -serialize-debugging-options -enable-experimental-feature DebugDescriptionMacro -empty-abi-descriptor -external-plugin-path /usr/lib/swift/host/plugins/testing\#/usr/bin/swift-plugin-server -validate-clang-modules-once -clang-build-session-file /host/spi-builder-workspace/.build/out/ModuleCache.noindex/Session.modulevalidation -Xcc -working-directory -Xcc /host -enable-anonymous-context-mangled-names -file-compilation-dir /host -Xcc -fmodule-map-file\=/host/spi-builder-workspace/.build/checkouts/ctls/module.modulemap -Xcc -fno-omit-frame-pointer -Xcc -D_LIBCPP_HARDENING_MODE\=_LIBCPP_HARDENING_MODE_DEBUG -Xcc -fmodules-prune-interval\=86400 -Xcc -fmodules-prune-after\=345600 -Xcc -I/host/spi-builder-workspace/.build/out/Products/Debug-linux-x86_64/include -Xcc -I/host/spi-builder-workspace/.build/out/Intermediates.noindex/Crypto.build/Debug-linux-x86_64/Crypto-t.build/DerivedSources-normal/x86_64 -Xcc -I/host/spi-builder-workspace/.build/out/Intermediates.noindex/Crypto.build/Debug-linux-x86_64/Crypto-t.build/DerivedSources/x86_64 -Xcc -I/host/spi-builder-workspace/.build/out/Intermediates.noindex/Crypto.build/Debug-linux-x86_64/Crypto-t.build/DerivedSources -Xcc -DSWIFT_PACKAGE -Xcc -DDEBUG\=1 -no-auto-bridging-header-chaining -module-name Crypto -const-gather-protocols-file /host/spi-builder-workspace/.build/out/Intermediates.noindex/Crypto.build/Debug-linux-x86_64/Crypto-t.build/Objects-normal/x86_64/Crypto_const_extract_protocols.json -in-process-plugin-server-path /usr/lib/swift/host/libSwiftInProcPluginServer.so -plugin-path /usr/lib/swift/host/plugins -plugin-path /usr/local/lib/swift/host/plugins -emit-module-doc-path /host/spi-builder-workspace/.build/out/Intermediates.noindex/Crypto.build/Debug-linux-x86_64/Crypto-t.build/Objects-normal/x86_64/Modules/Crypto.swiftdoc -emit-module-source-info-path /host/spi-builder-workspace/.build/out/Intermediates.noindex/Crypto.build/Debug-linux-x86_64/Crypto-t.build/Objects-normal/x86_64/Modules/Crypto.swiftsourceinfo -emit-objc-header-path /host/spi-builder-workspace/.build/out/Intermediates.noindex/Crypto.build/Debug-linux-x86_64/Crypto-t.build/Objects-normal/x86_64/Crypto-Swift.h -serialize-diagnostics-path /host/spi-builder-workspace/.build/out/Intermediates.noindex/Crypto.build/Debug-linux-x86_64/Crypto-t.build/Objects-normal/x86_64/Crypto-primary-emit-module.dia -emit-dependencies-path /host/spi-builder-workspace/.build/out/Intermediates.noindex/Crypto.build/Debug-linux-x86_64/Crypto-t.build/Objects-normal/x86_64/Crypto-primary-emit-module.d -parse-as-library -o /host/spi-builder-workspace/.build/out/Intermediates.noindex/Crypto.build/Debug-linux-x86_64/Crypto-t.build/Objects-normal/x86_64/Modules/Crypto.swiftmodule
error: Build failed
BUILD FAILURE 6.4 linux