The Swift Package Index logo.Swift Package Index

Build Information

Failed to build ToastMaster, reference 1.0.0 (08c439), with Swift 6.1 for watchOS using Xcode 16.3 on 11 Aug 2026 15:35:36 UTC.

Build Command

env DEVELOPER_DIR=/Applications/Xcode-16.3.0.app xcrun xcodebuild -IDEClonedSourcePackagesDirPathOverride=$PWD/.dependencies -skipMacroValidation -skipPackagePluginValidation -derivedDataPath $PWD/.derivedData build -scheme ToastMaster -destination generic/platform=watchOS

Build Log

========================================
RunAll
========================================
Builder version: undefined version: run 'make version' to update
Interrupt handler set up.
========================================
Checkout
========================================
Clone URL: https://github.com/moslienko/ToastMaster.git
Reference: 1.0.0
Initialized empty Git repository in /Users/admin/builder/spi-builder-workspace/.git/
From https://github.com/moslienko/ToastMaster
 * tag               1.0.0      -> FETCH_HEAD
HEAD is now at 08c4398 Merge pull request #1 from moslienko/develop
Cloned https://github.com/moslienko/ToastMaster.git
Revision (git rev-parse @):
08c4398a883671366669c88073b116c9e11cbb0e
SUCCESS checkout https://github.com/moslienko/ToastMaster.git at 1.0.0
========================================
Build
========================================
Selected platform:         watchOS
Swift version:             6.1
Building package at path:  $PWD
https://github.com/moslienko/ToastMaster.git
https://github.com/moslienko/ToastMaster.git
{
  "dependencies" : [
  ],
  "manifest_display_name" : "ToastMaster",
  "name" : "ToastMaster",
  "path" : "/Users/admin/builder/spi-builder-workspace",
  "platforms" : [
    {
      "name" : "ios",
      "version" : "12.0"
    }
  ],
  "products" : [
    {
      "name" : "ToastMaster",
      "targets" : [
        "ToastMaster"
      ],
      "type" : {
        "library" : [
          "automatic"
        ]
      }
    }
  ],
  "targets" : [
    {
      "c99name" : "ToastMasterTests",
      "module_type" : "SwiftTarget",
      "name" : "ToastMasterTests",
      "path" : "Tests/ToastMasterTests",
      "sources" : [
        "ToastMasterTests.swift"
      ],
      "target_dependencies" : [
        "ToastMaster"
      ],
      "type" : "test"
    },
    {
      "c99name" : "ToastMaster",
      "module_type" : "SwiftTarget",
      "name" : "ToastMaster",
      "path" : "Sources/ToastMaster",
      "product_memberships" : [
        "ToastMaster"
      ],
      "sources" : [
        "Data/Config/ContainerConfig.swift",
        "Data/Config/DisplayConfig.swift",
        "Data/Config/IconConfig.swift",
        "Data/Config/TextConfig/TextContentStyleConfig.swift",
        "Data/Config/TextConfig/TextElementConfig.swift",
        "Data/Config/TextConfig/TextStyleConfig.swift",
        "Data/Config/ToastConfig.swift",
        "Data/Config/ToastLayout.swift",
        "Data/Config/ToastPosition.swift",
        "Extension/String+Ext.swift",
        "Services/ToastElementsBuilder.swift",
        "Services/ToastPresentationService.swift",
        "Views/ToastView.swift"
      ],
      "type" : "library"
    }
  ],
  "tools_version" : "5.8"
}
Command line invocation:
    /Applications/Xcode-16.3.0.app/Contents/Developer/usr/bin/xcodebuild -IDEClonedSourcePackagesDirPathOverride=/Users/admin/builder/spi-builder-workspace/.dependencies -resolvePackageDependencies
Resolve Package Graph
Resolve Package Graph
Resolved source packages:
  ToastMaster: /Users/admin/builder/spi-builder-workspace
resolved source packages: ToastMaster
{
  "dependencies" : [
  ],
  "manifest_display_name" : "ToastMaster",
  "name" : "ToastMaster",
  "path" : "/Users/admin/builder/spi-builder-workspace",
  "platforms" : [
    {
      "name" : "ios",
      "version" : "12.0"
    }
  ],
  "products" : [
    {
      "name" : "ToastMaster",
      "targets" : [
        "ToastMaster"
      ],
      "type" : {
        "library" : [
          "automatic"
        ]
      }
    }
  ],
  "targets" : [
    {
      "c99name" : "ToastMasterTests",
      "module_type" : "SwiftTarget",
      "name" : "ToastMasterTests",
      "path" : "Tests/ToastMasterTests",
      "sources" : [
        "ToastMasterTests.swift"
      ],
      "target_dependencies" : [
        "ToastMaster"
      ],
      "type" : "test"
    },
    {
      "c99name" : "ToastMaster",
      "module_type" : "SwiftTarget",
      "name" : "ToastMaster",
      "path" : "Sources/ToastMaster",
      "product_memberships" : [
        "ToastMaster"
      ],
      "sources" : [
        "Data/Config/ContainerConfig.swift",
        "Data/Config/DisplayConfig.swift",
        "Data/Config/IconConfig.swift",
        "Data/Config/TextConfig/TextContentStyleConfig.swift",
        "Data/Config/TextConfig/TextElementConfig.swift",
        "Data/Config/TextConfig/TextStyleConfig.swift",
        "Data/Config/ToastConfig.swift",
        "Data/Config/ToastLayout.swift",
        "Data/Config/ToastPosition.swift",
        "Extension/String+Ext.swift",
        "Services/ToastElementsBuilder.swift",
        "Services/ToastPresentationService.swift",
        "Views/ToastView.swift"
      ],
      "type" : "library"
    }
  ],
  "tools_version" : "5.8"
}
{
  "workspace" : {
    "name" : "spi-builder-workspace",
    "schemes" : [
      "ToastMaster"
    ]
  }
}
Running build ...
env DEVELOPER_DIR=/Applications/Xcode-16.3.0.app xcrun xcodebuild -IDEClonedSourcePackagesDirPathOverride=$PWD/.dependencies -skipMacroValidation -skipPackagePluginValidation -derivedDataPath $PWD/.derivedData build -scheme ToastMaster -destination generic/platform=watchOS OTHER_SWIFT_FLAGS=-stats-output-dir .stats -strict-concurrency=complete -enable-upcoming-feature StrictConcurrency -enable-upcoming-feature DisableOutwardActorInference -enable-upcoming-feature GlobalActorIsolatedTypesUsability -enable-upcoming-feature InferSendableFromCaptures
Command line invocation:
    /Applications/Xcode-16.3.0.app/Contents/Developer/usr/bin/xcodebuild -IDEClonedSourcePackagesDirPathOverride=/Users/admin/builder/spi-builder-workspace/.dependencies -skipMacroValidation -skipPackagePluginValidation -derivedDataPath /Users/admin/builder/spi-builder-workspace/.derivedData build -scheme ToastMaster -destination generic/platform=watchOS "OTHER_SWIFT_FLAGS=-stats-output-dir .stats -strict-concurrency=complete -enable-upcoming-feature StrictConcurrency -enable-upcoming-feature DisableOutwardActorInference -enable-upcoming-feature GlobalActorIsolatedTypesUsability -enable-upcoming-feature InferSendableFromCaptures"
Build settings from command line:
    OTHER_SWIFT_FLAGS = -stats-output-dir .stats -strict-concurrency=complete -enable-upcoming-feature StrictConcurrency -enable-upcoming-feature DisableOutwardActorInference -enable-upcoming-feature GlobalActorIsolatedTypesUsability -enable-upcoming-feature InferSendableFromCaptures
Resolve Package Graph
Resolved source packages:
  ToastMaster: /Users/admin/builder/spi-builder-workspace
ComputePackagePrebuildTargetDependencyGraph
Prepare packages
CreateBuildRequest
SendProjectDescription
CreateBuildOperation
ComputeTargetDependencyGraph
note: Building targets in dependency order
note: Target dependency graph (2 targets)
    Target 'ToastMaster' in project 'ToastMaster'
        ➜ Explicit dependency on target 'ToastMaster' in project 'ToastMaster'
    Target 'ToastMaster' in project 'ToastMaster' (no dependencies)
GatherProvisioningInputs
CreateBuildDescription
ExecuteExternalTool /Applications/Xcode-16.3.0.app/Contents/Developer/Toolchains/XcodeDefault.xctoolchain/usr/bin/clang -v -E -dM -isysroot /Applications/Xcode-16.3.0.app/Contents/Developer/Platforms/WatchOS.platform/Developer/SDKs/WatchOS11.4.sdk -x c -c /dev/null
ExecuteExternalTool /Applications/Xcode-16.3.0.app/Contents/Developer/Toolchains/XcodeDefault.xctoolchain/usr/bin/swiftc --version
ExecuteExternalTool /Applications/Xcode-16.3.0.app/Contents/Developer/Toolchains/XcodeDefault.xctoolchain/usr/bin/ld -version_details
Build description signature: 1da03a8c253e6cff5f5ffe2ad2bd2ba5
Build description path: /Users/admin/builder/spi-builder-workspace/.derivedData/Build/Intermediates.noindex/XCBuildData/1da03a8c253e6cff5f5ffe2ad2bd2ba5.xcbuilddata
ClangStatCache /Applications/Xcode-16.3.0.app/Contents/Developer/Toolchains/XcodeDefault.xctoolchain/usr/bin/clang-stat-cache /Applications/Xcode-16.3.0.app/Contents/Developer/Platforms/WatchOS.platform/Developer/SDKs/WatchOS11.4.sdk /Users/admin/builder/spi-builder-workspace/.derivedData/SDKStatCaches.noindex/watchos11.4-22T246-43efb940ff07ba2497b70ec94253f576.sdkstatcache
    cd /Users/admin/builder/spi-builder-workspace/.swiftpm/xcode
    /Applications/Xcode-16.3.0.app/Contents/Developer/Toolchains/XcodeDefault.xctoolchain/usr/bin/clang-stat-cache /Applications/Xcode-16.3.0.app/Contents/Developer/Platforms/WatchOS.platform/Developer/SDKs/WatchOS11.4.sdk -o /Users/admin/builder/spi-builder-workspace/.derivedData/SDKStatCaches.noindex/watchos11.4-22T246-43efb940ff07ba2497b70ec94253f576.sdkstatcache
CreateBuildDirectory /Users/admin/builder/spi-builder-workspace/.derivedData/Build/Products
    cd /Users/admin/builder/spi-builder-workspace/.swiftpm/xcode
    builtin-create-build-directory /Users/admin/builder/spi-builder-workspace/.derivedData/Build/Products
CreateBuildDirectory /Users/admin/builder/spi-builder-workspace/.derivedData/Build/Intermediates.noindex
    cd /Users/admin/builder/spi-builder-workspace/.swiftpm/xcode
    builtin-create-build-directory /Users/admin/builder/spi-builder-workspace/.derivedData/Build/Intermediates.noindex
CreateBuildDirectory /Users/admin/builder/spi-builder-workspace/.derivedData/Build/Intermediates.noindex/EagerLinkingTBDs/Debug-watchos
    cd /Users/admin/builder/spi-builder-workspace/.swiftpm/xcode
    builtin-create-build-directory /Users/admin/builder/spi-builder-workspace/.derivedData/Build/Intermediates.noindex/EagerLinkingTBDs/Debug-watchos
CreateBuildDirectory /Users/admin/builder/spi-builder-workspace/.derivedData/Build/Products/Debug-watchos
    cd /Users/admin/builder/spi-builder-workspace/.swiftpm/xcode
    builtin-create-build-directory /Users/admin/builder/spi-builder-workspace/.derivedData/Build/Products/Debug-watchos
CreateBuildDirectory /Users/admin/builder/spi-builder-workspace/.derivedData/Build/Products/Debug-watchos/PackageFrameworks
    cd /Users/admin/builder/spi-builder-workspace/.swiftpm/xcode
    builtin-create-build-directory /Users/admin/builder/spi-builder-workspace/.derivedData/Build/Products/Debug-watchos/PackageFrameworks
WriteAuxiliaryFile /Users/admin/builder/spi-builder-workspace/.derivedData/Build/Intermediates.noindex/ToastMaster.build/Debug-watchos/ToastMaster.build/ToastMaster.DependencyMetadataFileList (in target 'ToastMaster' from project 'ToastMaster')
    cd /Users/admin/builder/spi-builder-workspace
    write-file /Users/admin/builder/spi-builder-workspace/.derivedData/Build/Intermediates.noindex/ToastMaster.build/Debug-watchos/ToastMaster.build/ToastMaster.DependencyMetadataFileList
WriteAuxiliaryFile /Users/admin/builder/spi-builder-workspace/.derivedData/Build/Intermediates.noindex/ToastMaster.build/Debug-watchos/ToastMaster.build/ToastMaster.modulemap (in target 'ToastMaster' from project 'ToastMaster')
    cd /Users/admin/builder/spi-builder-workspace
    write-file /Users/admin/builder/spi-builder-workspace/.derivedData/Build/Intermediates.noindex/ToastMaster.build/Debug-watchos/ToastMaster.build/ToastMaster.modulemap
WriteAuxiliaryFile /Users/admin/builder/spi-builder-workspace/.derivedData/Build/Intermediates.noindex/ToastMaster.build/Debug-watchos/ToastMaster.build/ToastMaster.DependencyStaticMetadataFileList (in target 'ToastMaster' from project 'ToastMaster')
    cd /Users/admin/builder/spi-builder-workspace
    write-file /Users/admin/builder/spi-builder-workspace/.derivedData/Build/Intermediates.noindex/ToastMaster.build/Debug-watchos/ToastMaster.build/ToastMaster.DependencyStaticMetadataFileList
WriteAuxiliaryFile /Users/admin/builder/spi-builder-workspace/.derivedData/Build/Intermediates.noindex/ToastMaster.build/Debug-watchos/ToastMaster.build/Objects-normal/arm64_32/ToastMaster_const_extract_protocols.json (in target 'ToastMaster' from project 'ToastMaster')
    cd /Users/admin/builder/spi-builder-workspace
    write-file /Users/admin/builder/spi-builder-workspace/.derivedData/Build/Intermediates.noindex/ToastMaster.build/Debug-watchos/ToastMaster.build/Objects-normal/arm64_32/ToastMaster_const_extract_protocols.json
WriteAuxiliaryFile /Users/admin/builder/spi-builder-workspace/.derivedData/Build/Intermediates.noindex/ToastMaster.build/Debug-watchos/ToastMaster.build/Objects-normal/armv7k/ToastMaster-OutputFileMap.json (in target 'ToastMaster' from project 'ToastMaster')
    cd /Users/admin/builder/spi-builder-workspace
    write-file /Users/admin/builder/spi-builder-workspace/.derivedData/Build/Intermediates.noindex/ToastMaster.build/Debug-watchos/ToastMaster.build/Objects-normal/armv7k/ToastMaster-OutputFileMap.json
WriteAuxiliaryFile /Users/admin/builder/spi-builder-workspace/.derivedData/Build/Intermediates.noindex/ToastMaster.build/Debug-watchos/ToastMaster.build/Objects-normal/armv7k/ToastMaster.SwiftConstValuesFileList (in target 'ToastMaster' from project 'ToastMaster')
    cd /Users/admin/builder/spi-builder-workspace
    write-file /Users/admin/builder/spi-builder-workspace/.derivedData/Build/Intermediates.noindex/ToastMaster.build/Debug-watchos/ToastMaster.build/Objects-normal/armv7k/ToastMaster.SwiftConstValuesFileList
WriteAuxiliaryFile /Users/admin/builder/spi-builder-workspace/.derivedData/Build/Intermediates.noindex/ToastMaster.build/Debug-watchos/ToastMaster.build/Objects-normal/armv7k/ToastMaster.SwiftFileList (in target 'ToastMaster' from project 'ToastMaster')
    cd /Users/admin/builder/spi-builder-workspace
    write-file /Users/admin/builder/spi-builder-workspace/.derivedData/Build/Intermediates.noindex/ToastMaster.build/Debug-watchos/ToastMaster.build/Objects-normal/armv7k/ToastMaster.SwiftFileList
WriteAuxiliaryFile /Users/admin/builder/spi-builder-workspace/.derivedData/Build/Intermediates.noindex/ToastMaster.build/Debug-watchos/ToastMaster.build/Objects-normal/armv7k/ToastMaster_const_extract_protocols.json (in target 'ToastMaster' from project 'ToastMaster')
    cd /Users/admin/builder/spi-builder-workspace
    write-file /Users/admin/builder/spi-builder-workspace/.derivedData/Build/Intermediates.noindex/ToastMaster.build/Debug-watchos/ToastMaster.build/Objects-normal/armv7k/ToastMaster_const_extract_protocols.json
WriteAuxiliaryFile /Users/admin/builder/spi-builder-workspace/.derivedData/Build/Intermediates.noindex/ToastMaster.build/Debug-watchos/ToastMaster.build/Objects-normal/armv7k/ToastMaster.LinkFileList (in target 'ToastMaster' from project 'ToastMaster')
    cd /Users/admin/builder/spi-builder-workspace
    write-file /Users/admin/builder/spi-builder-workspace/.derivedData/Build/Intermediates.noindex/ToastMaster.build/Debug-watchos/ToastMaster.build/Objects-normal/armv7k/ToastMaster.LinkFileList
WriteAuxiliaryFile /Users/admin/builder/spi-builder-workspace/.derivedData/Build/Intermediates.noindex/ToastMaster.build/Debug-watchos/ToastMaster.build/Objects-normal/arm64_32/ToastMaster.SwiftConstValuesFileList (in target 'ToastMaster' from project 'ToastMaster')
    cd /Users/admin/builder/spi-builder-workspace
    write-file /Users/admin/builder/spi-builder-workspace/.derivedData/Build/Intermediates.noindex/ToastMaster.build/Debug-watchos/ToastMaster.build/Objects-normal/arm64_32/ToastMaster.SwiftConstValuesFileList
WriteAuxiliaryFile /Users/admin/builder/spi-builder-workspace/.derivedData/Build/Intermediates.noindex/ToastMaster.build/Debug-watchos/ToastMaster.build/Objects-normal/arm64_32/ToastMaster.SwiftFileList (in target 'ToastMaster' from project 'ToastMaster')
    cd /Users/admin/builder/spi-builder-workspace
    write-file /Users/admin/builder/spi-builder-workspace/.derivedData/Build/Intermediates.noindex/ToastMaster.build/Debug-watchos/ToastMaster.build/Objects-normal/arm64_32/ToastMaster.SwiftFileList
WriteAuxiliaryFile /Users/admin/builder/spi-builder-workspace/.derivedData/Build/Intermediates.noindex/ToastMaster.build/Debug-watchos/ToastMaster.build/Objects-normal/arm64_32/ToastMaster.LinkFileList (in target 'ToastMaster' from project 'ToastMaster')
    cd /Users/admin/builder/spi-builder-workspace
    write-file /Users/admin/builder/spi-builder-workspace/.derivedData/Build/Intermediates.noindex/ToastMaster.build/Debug-watchos/ToastMaster.build/Objects-normal/arm64_32/ToastMaster.LinkFileList
WriteAuxiliaryFile /Users/admin/builder/spi-builder-workspace/.derivedData/Build/Intermediates.noindex/ToastMaster.build/Debug-watchos/ToastMaster.build/Objects-normal/arm64_32/ToastMaster-OutputFileMap.json (in target 'ToastMaster' from project 'ToastMaster')
    cd /Users/admin/builder/spi-builder-workspace
    write-file /Users/admin/builder/spi-builder-workspace/.derivedData/Build/Intermediates.noindex/ToastMaster.build/Debug-watchos/ToastMaster.build/Objects-normal/arm64_32/ToastMaster-OutputFileMap.json
WriteAuxiliaryFile /Users/admin/builder/spi-builder-workspace/.derivedData/Build/Intermediates.noindex/ToastMaster.build/Debug-watchos/ToastMaster.build/Objects-normal/arm64/ToastMaster_const_extract_protocols.json (in target 'ToastMaster' from project 'ToastMaster')
    cd /Users/admin/builder/spi-builder-workspace
    write-file /Users/admin/builder/spi-builder-workspace/.derivedData/Build/Intermediates.noindex/ToastMaster.build/Debug-watchos/ToastMaster.build/Objects-normal/arm64/ToastMaster_const_extract_protocols.json
WriteAuxiliaryFile /Users/admin/builder/spi-builder-workspace/.derivedData/Build/Intermediates.noindex/ToastMaster.build/Debug-watchos/ToastMaster.build/Objects-normal/arm64/ToastMaster.SwiftFileList (in target 'ToastMaster' from project 'ToastMaster')
    cd /Users/admin/builder/spi-builder-workspace
    write-file /Users/admin/builder/spi-builder-workspace/.derivedData/Build/Intermediates.noindex/ToastMaster.build/Debug-watchos/ToastMaster.build/Objects-normal/arm64/ToastMaster.SwiftFileList
WriteAuxiliaryFile /Users/admin/builder/spi-builder-workspace/.derivedData/Build/Intermediates.noindex/ToastMaster.build/Debug-watchos/ToastMaster.build/Objects-normal/arm64/ToastMaster.SwiftConstValuesFileList (in target 'ToastMaster' from project 'ToastMaster')
    cd /Users/admin/builder/spi-builder-workspace
    write-file /Users/admin/builder/spi-builder-workspace/.derivedData/Build/Intermediates.noindex/ToastMaster.build/Debug-watchos/ToastMaster.build/Objects-normal/arm64/ToastMaster.SwiftConstValuesFileList
WriteAuxiliaryFile /Users/admin/builder/spi-builder-workspace/.derivedData/Build/Intermediates.noindex/ToastMaster.build/Debug-watchos/ToastMaster.build/Objects-normal/arm64/ToastMaster.LinkFileList (in target 'ToastMaster' from project 'ToastMaster')
    cd /Users/admin/builder/spi-builder-workspace
    write-file /Users/admin/builder/spi-builder-workspace/.derivedData/Build/Intermediates.noindex/ToastMaster.build/Debug-watchos/ToastMaster.build/Objects-normal/arm64/ToastMaster.LinkFileList
WriteAuxiliaryFile /Users/admin/builder/spi-builder-workspace/.derivedData/Build/Intermediates.noindex/ToastMaster.build/Debug-watchos/ToastMaster.build/Objects-normal/arm64/ToastMaster-OutputFileMap.json (in target 'ToastMaster' from project 'ToastMaster')
    cd /Users/admin/builder/spi-builder-workspace
    write-file /Users/admin/builder/spi-builder-workspace/.derivedData/Build/Intermediates.noindex/ToastMaster.build/Debug-watchos/ToastMaster.build/Objects-normal/arm64/ToastMaster-OutputFileMap.json
Copy /Users/admin/builder/spi-builder-workspace/.derivedData/Build/Intermediates.noindex/GeneratedModuleMaps-watchos/ToastMaster.modulemap /Users/admin/builder/spi-builder-workspace/.derivedData/Build/Intermediates.noindex/ToastMaster.build/Debug-watchos/ToastMaster.build/ToastMaster.modulemap (in target 'ToastMaster' from project 'ToastMaster')
    cd /Users/admin/builder/spi-builder-workspace
    builtin-copy -exclude .DS_Store -exclude CVS -exclude .svn -exclude .git -exclude .hg -resolve-src-symlinks /Users/admin/builder/spi-builder-workspace/.derivedData/Build/Intermediates.noindex/ToastMaster.build/Debug-watchos/ToastMaster.build/ToastMaster.modulemap /Users/admin/builder/spi-builder-workspace/.derivedData/Build/Intermediates.noindex/GeneratedModuleMaps-watchos
SwiftDriver ToastMaster normal arm64_32 com.apple.xcode.tools.swift.compiler (in target 'ToastMaster' from project 'ToastMaster')
    cd /Users/admin/builder/spi-builder-workspace/.swiftpm/xcode
    builtin-SwiftDriver -- /Applications/Xcode-16.3.0.app/Contents/Developer/Toolchains/XcodeDefault.xctoolchain/usr/bin/swiftc -module-name ToastMaster -Onone -enforce-exclusivity\=checked @/Users/admin/builder/spi-builder-workspace/.derivedData/Build/Intermediates.noindex/ToastMaster.build/Debug-watchos/ToastMaster.build/Objects-normal/arm64_32/ToastMaster.SwiftFileList -DSWIFT_PACKAGE -DDEBUG -stats-output-dir .stats -strict-concurrency\=complete -enable-upcoming-feature StrictConcurrency -enable-upcoming-feature DisableOutwardActorInference -enable-upcoming-feature GlobalActorIsolatedTypesUsability -enable-upcoming-feature InferSendableFromCaptures -plugin-path /Applications/Xcode-16.3.0.app/Contents/Developer/Toolchains/XcodeDefault.xctoolchain/usr/lib/swift/host/plugins/testing -enable-experimental-feature DebugDescriptionMacro -sdk /Applications/Xcode-16.3.0.app/Contents/Developer/Platforms/WatchOS.platform/Developer/SDKs/WatchOS11.4.sdk -target arm64_32-apple-watchos5.0 -g -module-cache-path /Users/admin/builder/spi-builder-workspace/.derivedData/ModuleCache.noindex -Xfrontend -serialize-debugging-options -profile-coverage-mapping -profile-generate -enable-testing -index-store-path /Users/admin/builder/spi-builder-workspace/.derivedData/Index.noindex/DataStore -swift-version 5 -I /Users/admin/builder/spi-builder-workspace/.derivedData/Build/Products/Debug-watchos -I /Applications/Xcode-16.3.0.app/Contents/Developer/Platforms/WatchOS.platform/Developer/usr/lib -F /Users/admin/builder/spi-builder-workspace/.derivedData/Build/Products/Debug-watchos -F /Applications/Xcode-16.3.0.app/Contents/Developer/Platforms/WatchOS.platform/Developer/Library/Frameworks -F /Applications/Xcode-16.3.0.app/Contents/Developer/Platforms/WatchOS.platform/Developer/SDKs/WatchOS11.4.sdk/Developer/Library/Frameworks -c -j10 -enable-batch-mode -incremental -Xcc -ivfsstatcache -Xcc /Users/admin/builder/spi-builder-workspace/.derivedData/SDKStatCaches.noindex/watchos11.4-22T246-43efb940ff07ba2497b70ec94253f576.sdkstatcache -output-file-map /Users/admin/builder/spi-builder-workspace/.derivedData/Build/Intermediates.noindex/ToastMaster.build/Debug-watchos/ToastMaster.build/Objects-normal/arm64_32/ToastMaster-OutputFileMap.json -use-frontend-parseable-output -save-temps -no-color-diagnostics -serialize-diagnostics -emit-dependencies -emit-module -emit-module-path /Users/admin/builder/spi-builder-workspace/.derivedData/Build/Intermediates.noindex/ToastMaster.build/Debug-watchos/ToastMaster.build/Objects-normal/arm64_32/ToastMaster.swiftmodule -validate-clang-modules-once -clang-build-session-file /Users/admin/builder/spi-builder-workspace/.derivedData/ModuleCache.noindex/Session.modulevalidation -Xcc -I/Users/admin/builder/spi-builder-workspace/.derivedData/Build/Intermediates.noindex/ToastMaster.build/Debug-watchos/ToastMaster.build/swift-overrides.hmap -emit-const-values -Xfrontend -const-gather-protocols-file -Xfrontend /Users/admin/builder/spi-builder-workspace/.derivedData/Build/Intermediates.noindex/ToastMaster.build/Debug-watchos/ToastMaster.build/Objects-normal/arm64_32/ToastMaster_const_extract_protocols.json -Xcc -I/Users/admin/builder/spi-builder-workspace/.derivedData/Build/Products/Debug-watchos/include -Xcc -I/Users/admin/builder/spi-builder-workspace/.derivedData/Build/Intermediates.noindex/ToastMaster.build/Debug-watchos/ToastMaster.build/DerivedSources-normal/arm64_32 -Xcc -I/Users/admin/builder/spi-builder-workspace/.derivedData/Build/Intermediates.noindex/ToastMaster.build/Debug-watchos/ToastMaster.build/DerivedSources/arm64_32 -Xcc -I/Users/admin/builder/spi-builder-workspace/.derivedData/Build/Intermediates.noindex/ToastMaster.build/Debug-watchos/ToastMaster.build/DerivedSources -Xcc -DSWIFT_PACKAGE -Xcc -DDEBUG\=1 -emit-objc-header -emit-objc-header-path /Users/admin/builder/spi-builder-workspace/.derivedData/Build/Intermediates.noindex/ToastMaster.build/Debug-watchos/ToastMaster.build/Objects-normal/arm64_32/ToastMaster-Swift.h -working-directory /Users/admin/builder/spi-builder-workspace/.swiftpm/xcode -experimental-emit-module-separately -disable-cmo
SwiftDriver ToastMaster normal arm64 com.apple.xcode.tools.swift.compiler (in target 'ToastMaster' from project 'ToastMaster')
    cd /Users/admin/builder/spi-builder-workspace/.swiftpm/xcode
    builtin-SwiftDriver -- /Applications/Xcode-16.3.0.app/Contents/Developer/Toolchains/XcodeDefault.xctoolchain/usr/bin/swiftc -module-name ToastMaster -Onone -enforce-exclusivity\=checked @/Users/admin/builder/spi-builder-workspace/.derivedData/Build/Intermediates.noindex/ToastMaster.build/Debug-watchos/ToastMaster.build/Objects-normal/arm64/ToastMaster.SwiftFileList -DSWIFT_PACKAGE -DDEBUG -stats-output-dir .stats -strict-concurrency\=complete -enable-upcoming-feature StrictConcurrency -enable-upcoming-feature DisableOutwardActorInference -enable-upcoming-feature GlobalActorIsolatedTypesUsability -enable-upcoming-feature InferSendableFromCaptures -plugin-path /Applications/Xcode-16.3.0.app/Contents/Developer/Toolchains/XcodeDefault.xctoolchain/usr/lib/swift/host/plugins/testing -enable-experimental-feature DebugDescriptionMacro -sdk /Applications/Xcode-16.3.0.app/Contents/Developer/Platforms/WatchOS.platform/Developer/SDKs/WatchOS11.4.sdk -target arm64-apple-watchos5.0 -g -module-cache-path /Users/admin/builder/spi-builder-workspace/.derivedData/ModuleCache.noindex -Xfrontend -serialize-debugging-options -profile-coverage-mapping -profile-generate -enable-testing -index-store-path /Users/admin/builder/spi-builder-workspace/.derivedData/Index.noindex/DataStore -swift-version 5 -I /Users/admin/builder/spi-builder-workspace/.derivedData/Build/Products/Debug-watchos -I /Applications/Xcode-16.3.0.app/Contents/Developer/Platforms/WatchOS.platform/Developer/usr/lib -F /Users/admin/builder/spi-builder-workspace/.derivedData/Build/Products/Debug-watchos -F /Applications/Xcode-16.3.0.app/Contents/Developer/Platforms/WatchOS.platform/Developer/Library/Frameworks -F /Applications/Xcode-16.3.0.app/Contents/Developer/Platforms/WatchOS.platform/Developer/SDKs/WatchOS11.4.sdk/Developer/Library/Frameworks -c -j10 -enable-batch-mode -incremental -Xcc -ivfsstatcache -Xcc /Users/admin/builder/spi-builder-workspace/.derivedData/SDKStatCaches.noindex/watchos11.4-22T246-43efb940ff07ba2497b70ec94253f576.sdkstatcache -output-file-map /Users/admin/builder/spi-builder-workspace/.derivedData/Build/Intermediates.noindex/ToastMaster.build/Debug-watchos/ToastMaster.build/Objects-normal/arm64/ToastMaster-OutputFileMap.json -use-frontend-parseable-output -save-temps -no-color-diagnostics -serialize-diagnostics -emit-dependencies -emit-module -emit-module-path /Users/admin/builder/spi-builder-workspace/.derivedData/Build/Intermediates.noindex/ToastMaster.build/Debug-watchos/ToastMaster.build/Objects-normal/arm64/ToastMaster.swiftmodule -validate-clang-modules-once -clang-build-session-file /Users/admin/builder/spi-builder-workspace/.derivedData/ModuleCache.noindex/Session.modulevalidation -Xcc -I/Users/admin/builder/spi-builder-workspace/.derivedData/Build/Intermediates.noindex/ToastMaster.build/Debug-watchos/ToastMaster.build/swift-overrides.hmap -emit-const-values -Xfrontend -const-gather-protocols-file -Xfrontend /Users/admin/builder/spi-builder-workspace/.derivedData/Build/Intermediates.noindex/ToastMaster.build/Debug-watchos/ToastMaster.build/Objects-normal/arm64/ToastMaster_const_extract_protocols.json -Xcc -I/Users/admin/builder/spi-builder-workspace/.derivedData/Build/Products/Debug-watchos/include -Xcc -I/Users/admin/builder/spi-builder-workspace/.derivedData/Build/Intermediates.noindex/ToastMaster.build/Debug-watchos/ToastMaster.build/DerivedSources-normal/arm64 -Xcc -I/Users/admin/builder/spi-builder-workspace/.derivedData/Build/Intermediates.noindex/ToastMaster.build/Debug-watchos/ToastMaster.build/DerivedSources/arm64 -Xcc -I/Users/admin/builder/spi-builder-workspace/.derivedData/Build/Intermediates.noindex/ToastMaster.build/Debug-watchos/ToastMaster.build/DerivedSources -Xcc -DSWIFT_PACKAGE -Xcc -DDEBUG\=1 -emit-objc-header -emit-objc-header-path /Users/admin/builder/spi-builder-workspace/.derivedData/Build/Intermediates.noindex/ToastMaster.build/Debug-watchos/ToastMaster.build/Objects-normal/arm64/ToastMaster-Swift.h -working-directory /Users/admin/builder/spi-builder-workspace/.swiftpm/xcode -experimental-emit-module-separately -disable-cmo
SwiftDriver ToastMaster normal armv7k com.apple.xcode.tools.swift.compiler (in target 'ToastMaster' from project 'ToastMaster')
    cd /Users/admin/builder/spi-builder-workspace/.swiftpm/xcode
    builtin-SwiftDriver -- /Applications/Xcode-16.3.0.app/Contents/Developer/Toolchains/XcodeDefault.xctoolchain/usr/bin/swiftc -module-name ToastMaster -Onone -enforce-exclusivity\=checked @/Users/admin/builder/spi-builder-workspace/.derivedData/Build/Intermediates.noindex/ToastMaster.build/Debug-watchos/ToastMaster.build/Objects-normal/armv7k/ToastMaster.SwiftFileList -DSWIFT_PACKAGE -DDEBUG -stats-output-dir .stats -strict-concurrency\=complete -enable-upcoming-feature StrictConcurrency -enable-upcoming-feature DisableOutwardActorInference -enable-upcoming-feature GlobalActorIsolatedTypesUsability -enable-upcoming-feature InferSendableFromCaptures -plugin-path /Applications/Xcode-16.3.0.app/Contents/Developer/Toolchains/XcodeDefault.xctoolchain/usr/lib/swift/host/plugins/testing -enable-experimental-feature DebugDescriptionMacro -sdk /Applications/Xcode-16.3.0.app/Contents/Developer/Platforms/WatchOS.platform/Developer/SDKs/WatchOS11.4.sdk -target armv7k-apple-watchos5.0 -g -module-cache-path /Users/admin/builder/spi-builder-workspace/.derivedData/ModuleCache.noindex -Xfrontend -serialize-debugging-options -profile-coverage-mapping -profile-generate -enable-testing -index-store-path /Users/admin/builder/spi-builder-workspace/.derivedData/Index.noindex/DataStore -swift-version 5 -I /Users/admin/builder/spi-builder-workspace/.derivedData/Build/Products/Debug-watchos -I /Applications/Xcode-16.3.0.app/Contents/Developer/Platforms/WatchOS.platform/Developer/usr/lib -F /Users/admin/builder/spi-builder-workspace/.derivedData/Build/Products/Debug-watchos -F /Applications/Xcode-16.3.0.app/Contents/Developer/Platforms/WatchOS.platform/Developer/Library/Frameworks -F /Applications/Xcode-16.3.0.app/Contents/Developer/Platforms/WatchOS.platform/Developer/SDKs/WatchOS11.4.sdk/Developer/Library/Frameworks -c -j10 -enable-batch-mode -incremental -Xcc -ivfsstatcache -Xcc /Users/admin/builder/spi-builder-workspace/.derivedData/SDKStatCaches.noindex/watchos11.4-22T246-43efb940ff07ba2497b70ec94253f576.sdkstatcache -output-file-map /Users/admin/builder/spi-builder-workspace/.derivedData/Build/Intermediates.noindex/ToastMaster.build/Debug-watchos/ToastMaster.build/Objects-normal/armv7k/ToastMaster-OutputFileMap.json -use-frontend-parseable-output -save-temps -no-color-diagnostics -serialize-diagnostics -emit-dependencies -emit-module -emit-module-path /Users/admin/builder/spi-builder-workspace/.derivedData/Build/Intermediates.noindex/ToastMaster.build/Debug-watchos/ToastMaster.build/Objects-normal/armv7k/ToastMaster.swiftmodule -validate-clang-modules-once -clang-build-session-file /Users/admin/builder/spi-builder-workspace/.derivedData/ModuleCache.noindex/Session.modulevalidation -Xcc -I/Users/admin/builder/spi-builder-workspace/.derivedData/Build/Intermediates.noindex/ToastMaster.build/Debug-watchos/ToastMaster.build/swift-overrides.hmap -emit-const-values -Xfrontend -const-gather-protocols-file -Xfrontend /Users/admin/builder/spi-builder-workspace/.derivedData/Build/Intermediates.noindex/ToastMaster.build/Debug-watchos/ToastMaster.build/Objects-normal/armv7k/ToastMaster_const_extract_protocols.json -Xcc -I/Users/admin/builder/spi-builder-workspace/.derivedData/Build/Products/Debug-watchos/include -Xcc -I/Users/admin/builder/spi-builder-workspace/.derivedData/Build/Intermediates.noindex/ToastMaster.build/Debug-watchos/ToastMaster.build/DerivedSources-normal/armv7k -Xcc -I/Users/admin/builder/spi-builder-workspace/.derivedData/Build/Intermediates.noindex/ToastMaster.build/Debug-watchos/ToastMaster.build/DerivedSources/armv7k -Xcc -I/Users/admin/builder/spi-builder-workspace/.derivedData/Build/Intermediates.noindex/ToastMaster.build/Debug-watchos/ToastMaster.build/DerivedSources -Xcc -DSWIFT_PACKAGE -Xcc -DDEBUG\=1 -emit-objc-header -emit-objc-header-path /Users/admin/builder/spi-builder-workspace/.derivedData/Build/Intermediates.noindex/ToastMaster.build/Debug-watchos/ToastMaster.build/Objects-normal/armv7k/ToastMaster-Swift.h -working-directory /Users/admin/builder/spi-builder-workspace/.swiftpm/xcode -experimental-emit-module-separately -disable-cmo
SwiftEmitModule normal armv7k Emitting\ module\ for\ ToastMaster (in target 'ToastMaster' from project 'ToastMaster')
EmitSwiftModule normal armv7k (in target 'ToastMaster' from project 'ToastMaster')
    cd /Users/admin/builder/spi-builder-workspace/.swiftpm/xcode

/Users/admin/builder/spi-builder-workspace/Sources/ToastMaster/Data/Config/ContainerConfig.swift:17:27: error: cannot find type 'UIBlurEffect' in scope
    public var blurStyle: UIBlurEffect.Style?
                          ^~~~~~~~~~~~
/Users/admin/builder/spi-builder-workspace/Sources/ToastMaster/Data/Config/ContainerConfig.swift:24:20: error: cannot find type 'UIBlurEffect' in scope
        blurStyle: UIBlurEffect.Style? = nil
                   ^~~~~~~~~~~~
/Users/admin/builder/spi-builder-workspace/Sources/ToastMaster/Data/Config/TextConfig/TextElementConfig.swift:16:24: warning: static property 'headerFont' is not concurrency-safe because it is nonisolated global shared mutable state; this is an error in the Swift 6 language mode
    private static var headerFont = UIFont.systemFont(ofSize: 14, weight: .semibold)
                       ^
/Users/admin/builder/spi-builder-workspace/Sources/ToastMaster/Data/Config/TextConfig/TextElementConfig.swift:16:24: note: convert 'headerFont' to a 'let' constant to make 'Sendable' shared state immutable
    private static var headerFont = UIFont.systemFont(ofSize: 14, weight: .semibold)
                   ~~~ ^
                   let
/Users/admin/builder/spi-builder-workspace/Sources/ToastMaster/Data/Config/TextConfig/TextElementConfig.swift:16:24: note: add '@MainActor' to make static property 'headerFont' part of global actor 'MainActor'
    private static var headerFont = UIFont.systemFont(ofSize: 14, weight: .semibold)
                       ^
    @MainActor
/Users/admin/builder/spi-builder-workspace/Sources/ToastMaster/Data/Config/TextConfig/TextElementConfig.swift:16:24: note: disable concurrency-safety checks if accesses are protected by an external synchronization mechanism
    private static var headerFont = UIFont.systemFont(ofSize: 14, weight: .semibold)
                       ^
    nonisolated(unsafe)
/Users/admin/builder/spi-builder-workspace/Sources/ToastMaster/Data/Config/TextConfig/TextElementConfig.swift:17:24: warning: static property 'messageFont' is not concurrency-safe because it is nonisolated global shared mutable state; this is an error in the Swift 6 language mode
    private static var messageFont = UIFont.systemFont(ofSize: 14, weight: .regular)
                       ^
/Users/admin/builder/spi-builder-workspace/Sources/ToastMaster/Data/Config/TextConfig/TextElementConfig.swift:17:24: note: convert 'messageFont' to a 'let' constant to make 'Sendable' shared state immutable
    private static var messageFont = UIFont.systemFont(ofSize: 14, weight: .regular)
                   ~~~ ^
                   let
/Users/admin/builder/spi-builder-workspace/Sources/ToastMaster/Data/Config/TextConfig/TextElementConfig.swift:17:24: note: add '@MainActor' to make static property 'messageFont' part of global actor 'MainActor'
    private static var messageFont = UIFont.systemFont(ofSize: 14, weight: .regular)
                       ^
    @MainActor
/Users/admin/builder/spi-builder-workspace/Sources/ToastMaster/Data/Config/TextConfig/TextElementConfig.swift:17:24: note: disable concurrency-safety checks if accesses are protected by an external synchronization mechanism
    private static var messageFont = UIFont.systemFont(ofSize: 14, weight: .regular)
                       ^
    nonisolated(unsafe)
/Users/admin/builder/spi-builder-workspace/Sources/ToastMaster/Data/Config/TextConfig/TextElementConfig.swift:18:24: warning: static property 'horizontalButtonFont' is not concurrency-safe because it is nonisolated global shared mutable state; this is an error in the Swift 6 language mode
    private static var horizontalButtonFont = UIFont.systemFont(ofSize: 17, weight: .regular)
                       ^
/Users/admin/builder/spi-builder-workspace/Sources/ToastMaster/Data/Config/TextConfig/TextElementConfig.swift:18:24: note: convert 'horizontalButtonFont' to a 'let' constant to make 'Sendable' shared state immutable
    private static var horizontalButtonFont = UIFont.systemFont(ofSize: 17, weight: .regular)
                   ~~~ ^
                   let
/Users/admin/builder/spi-builder-workspace/Sources/ToastMaster/Data/Config/TextConfig/TextElementConfig.swift:18:24: note: add '@MainActor' to make static property 'horizontalButtonFont' part of global actor 'MainActor'
    private static var horizontalButtonFont = UIFont.systemFont(ofSize: 17, weight: .regular)
                       ^
    @MainActor
/Users/admin/builder/spi-builder-workspace/Sources/ToastMaster/Data/Config/TextConfig/TextElementConfig.swift:18:24: note: disable concurrency-safety checks if accesses are protected by an external synchronization mechanism
    private static var horizontalButtonFont = UIFont.systemFont(ofSize: 17, weight: .regular)
                       ^
    nonisolated(unsafe)
/Users/admin/builder/spi-builder-workspace/Sources/ToastMaster/Data/Config/TextConfig/TextElementConfig.swift:19:24: warning: static property 'textColor' is not concurrency-safe because it is nonisolated global shared mutable state; this is an error in the Swift 6 language mode
    private static var textColor = UIColor.white
                       ^
/Users/admin/builder/spi-builder-workspace/Sources/ToastMaster/Data/Config/TextConfig/TextElementConfig.swift:19:24: note: convert 'textColor' to a 'let' constant to make 'Sendable' shared state immutable
    private static var textColor = UIColor.white
                   ~~~ ^
                   let
/Users/admin/builder/spi-builder-workspace/Sources/ToastMaster/Data/Config/TextConfig/TextElementConfig.swift:19:24: note: add '@MainActor' to make static property 'textColor' part of global actor 'MainActor'
    private static var textColor = UIColor.white
                       ^
    @MainActor
/Users/admin/builder/spi-builder-workspace/Sources/ToastMaster/Data/Config/TextConfig/TextElementConfig.swift:19:24: note: disable concurrency-safety checks if accesses are protected by an external synchronization mechanism
    private static var textColor = UIColor.white
                       ^
    nonisolated(unsafe)
/Users/admin/builder/spi-builder-workspace/Sources/ToastMaster/Data/Config/TextConfig/TextElementConfig.swift:20:24: warning: static property 'linkColor' is not concurrency-safe because it is nonisolated global shared mutable state; this is an error in the Swift 6 language mode
    private static var linkColor = UIColor(red: 0.35, green: 0.78, blue: 0.98, alpha: 1)
                       ^
/Users/admin/builder/spi-builder-workspace/Sources/ToastMaster/Data/Config/TextConfig/TextElementConfig.swift:20:24: note: convert 'linkColor' to a 'let' constant to make 'Sendable' shared state immutable
    private static var linkColor = UIColor(red: 0.35, green: 0.78, blue: 0.98, alpha: 1)
                   ~~~ ^
                   let
/Users/admin/builder/spi-builder-workspace/Sources/ToastMaster/Data/Config/TextConfig/TextElementConfig.swift:20:24: note: add '@MainActor' to make static property 'linkColor' part of global actor 'MainActor'
    private static var linkColor = UIColor(red: 0.35, green: 0.78, blue: 0.98, alpha: 1)
                       ^
    @MainActor
/Users/admin/builder/spi-builder-workspace/Sources/ToastMaster/Data/Config/TextConfig/TextElementConfig.swift:20:24: note: disable concurrency-safety checks if accesses are protected by an external synchronization mechanism
    private static var linkColor = UIColor(red: 0.35, green: 0.78, blue: 0.98, alpha: 1)
                       ^
    nonisolated(unsafe)
/Users/admin/builder/spi-builder-workspace/Sources/ToastMaster/Services/ToastElementsBuilder.swift:12:49: error: cannot find type 'UIImageView' in scope
    func createIconImageView(icon: UIImage?) -> UIImageView
                                                ^~~~~~~~~~~
/Users/admin/builder/spi-builder-workspace/Sources/ToastMaster/Services/ToastElementsBuilder.swift:13:81: error: cannot find type 'UITextView' in scope
    func createHeaderTextView(header: String?, delegate: UITextViewDelegate) -> UITextView
                                                                                ^~~~~~~~~~
/Users/admin/builder/spi-builder-workspace/Sources/ToastMaster/Services/ToastElementsBuilder.swift:13:58: error: cannot find type 'UITextViewDelegate' in scope
    func createHeaderTextView(header: String?, delegate: UITextViewDelegate) -> UITextView
                                                         ^~~~~~~~~~~~~~~~~~
/Users/admin/builder/spi-builder-workspace/Sources/ToastMaster/Services/ToastElementsBuilder.swift:14:83: error: cannot find type 'UITextView' in scope
    func createMessageTextView(message: String?, delegate: UITextViewDelegate) -> UITextView
                                                                                  ^~~~~~~~~~
/Users/admin/builder/spi-builder-workspace/Sources/ToastMaster/Services/ToastElementsBuilder.swift:14:60: error: cannot find type 'UITextViewDelegate' in scope
    func createMessageTextView(message: String?, delegate: UITextViewDelegate) -> UITextView
                                                           ^~~~~~~~~~~~~~~~~~
/Users/admin/builder/spi-builder-workspace/Sources/ToastMaster/Services/ToastElementsBuilder.swift:25:56: error: cannot find type 'UIImageView' in scope
    public func createIconImageView(icon: UIImage?) -> UIImageView {
                                                       ^~~~~~~~~~~
/Users/admin/builder/spi-builder-workspace/Sources/ToastMaster/Services/ToastElementsBuilder.swift:34:88: error: cannot find type 'UITextView' in scope
    public func createHeaderTextView(header: String?, delegate: UITextViewDelegate) -> UITextView {
                                                                                       ^~~~~~~~~~
/Users/admin/builder/spi-builder-workspace/Sources/ToastMaster/Services/ToastElementsBuilder.swift:34:65: error: cannot find type 'UITextViewDelegate' in scope
    public func createHeaderTextView(header: String?, delegate: UITextViewDelegate) -> UITextView {
                                                                ^~~~~~~~~~~~~~~~~~
/Users/admin/builder/spi-builder-workspace/Sources/ToastMaster/Services/ToastElementsBuilder.swift:58:90: error: cannot find type 'UITextView' in scope
    public func createMessageTextView(message: String?, delegate: UITextViewDelegate) -> UITextView {
                                                                                         ^~~~~~~~~~
/Users/admin/builder/spi-builder-workspace/Sources/ToastMaster/Services/ToastElementsBuilder.swift:58:67: error: cannot find type 'UITextViewDelegate' in scope
    public func createMessageTextView(message: String?, delegate: UITextViewDelegate) -> UITextView {
                                                                  ^~~~~~~~~~~~~~~~~~
/Users/admin/builder/spi-builder-workspace/Sources/ToastMaster/Services/ToastPresentationService.swift:20:33: error: cannot find type 'UIView' in scope
    private var toastContainer: UIView
                                ^~~~~~
/Applications/Xcode-16.3.0.app/Contents/Developer/Platforms/WatchOS.platform/Developer/SDKs/WatchOS11.4.sdk/System/Library/Frameworks/UIKit.framework/Headers/NSTextAttachment.h:23:1: note: interface 'UIView' forward declared here
@class UIView;
^
/Users/admin/builder/spi-builder-workspace/Sources/ToastMaster/Services/ToastPresentationService.swift:25:28: error: cannot find type 'UIView' in scope
    public init(container: UIView, config: ToastConfig) {
                           ^~~~~~
/Applications/Xcode-16.3.0.app/Contents/Developer/Platforms/WatchOS.platform/Developer/SDKs/WatchOS11.4.sdk/System/Library/Frameworks/UIKit.framework/Headers/NSTextAttachment.h:23:1: note: interface 'UIView' forward declared here
@class UIView;
^
/Users/admin/builder/spi-builder-workspace/Sources/ToastMaster/Views/ToastView.swift:15:106: error: cannot find type 'UIViewController' in scope
    func show(header: String?, message: String?, icon: UIImage?, actionButtonTitle: String?, controller: UIViewController, buttonTapped: (() -> Void)?, linkTapped: ((String) -> Void)?)
                                                                                                         ^~~~~~~~~~~~~~~~
/Users/admin/builder/spi-builder-workspace/Sources/ToastMaster/Views/ToastView.swift:45:43: error: cannot find type 'UIView' in scope
    private(set) lazy var toastContainer: UIView = {
                                          ^~~~~~
/Applications/Xcode-16.3.0.app/Contents/Developer/Platforms/WatchOS.platform/Developer/SDKs/WatchOS11.4.sdk/System/Library/Frameworks/UIKit.framework/Headers/NSTextAttachment.h:23:1: note: interface 'UIView' forward declared here
@class UIView;
^
/Users/admin/builder/spi-builder-workspace/Sources/ToastMaster/Views/ToastView.swift:53:45: error: cannot find type 'UIStackView' in scope
    private(set) lazy var contentStackView: UIStackView = {
                                            ^~~~~~~~~~~
/Users/admin/builder/spi-builder-workspace/Sources/ToastMaster/Views/ToastView.swift:63:42: error: cannot find type 'UIStackView' in scope
    private(set) lazy var textStackView: UIStackView = {
                                         ^~~~~~~~~~~
/Users/admin/builder/spi-builder-workspace/Sources/ToastMaster/Views/ToastView.swift:73:41: error: cannot find type 'UIButton' in scope
    private(set) lazy var actionButton: UIButton = {
                                        ^~~~~~~~
/Users/admin/builder/spi-builder-workspace/Sources/ToastMaster/Views/ToastView.swift:20:23: warning: static property 'shared' is not concurrency-safe because non-'Sendable' type 'ToastView' may have shared mutable state; this is an error in the Swift 6 language mode
    public static let shared = ToastView()
                      ^
/Users/admin/builder/spi-builder-workspace/Sources/ToastMaster/Views/ToastView.swift:18:14: note: class 'ToastView' does not conform to the 'Sendable' protocol
public class ToastView: NSObject, ToastProtocol {
             ^
/Users/admin/builder/spi-builder-workspace/Sources/ToastMaster/Views/ToastView.swift:20:23: note: add '@MainActor' to make static property 'shared' part of global actor 'MainActor'
    public static let shared = ToastView()
                      ^
    @MainActor
/Users/admin/builder/spi-builder-workspace/Sources/ToastMaster/Views/ToastView.swift:20:23: note: disable concurrency-safety checks if accesses are protected by an external synchronization mechanism
    public static let shared = ToastView()
                      ^
    nonisolated(unsafe)
/Users/admin/builder/spi-builder-workspace/Sources/ToastMaster/Views/ToastView.swift:94:113: error: cannot find type 'UIViewController' in scope
    public func show(header: String?, message: String?, icon: UIImage?, actionButtonTitle: String?, controller: UIViewController, buttonTapped: (() -> Void)?, linkTapped: ((String) -> Void)?) {
                                                                                                                ^~~~~~~~~~~~~~~~
/Users/admin/builder/spi-builder-workspace/Sources/ToastMaster/Views/ToastView.swift:141:45: error: cannot find type 'UITextView' in scope
    func setupConstraints(_ headerTextView: UITextView, _ header: String?, _ messageTextView: UITextView, _ message: String?, _ iconImageView: UIImageView, _ icon: UIImage?, _ controller: UIViewController) {
                                            ^~~~~~~~~~
/Users/admin/builder/spi-builder-workspace/Sources/ToastMaster/Views/ToastView.swift:141:95: error: cannot find type 'UITextView' in scope
    func setupConstraints(_ headerTextView: UITextView, _ header: String?, _ messageTextView: UITextView, _ message: String?, _ iconImageView: UIImageView, _ icon: UIImage?, _ controller: UIViewController) {
                                                                                              ^~~~~~~~~~
/Users/admin/builder/spi-builder-workspace/Sources/ToastMaster/Views/ToastView.swift:141:144: error: cannot find type 'UIImageView' in scope
    func setupConstraints(_ headerTextView: UITextView, _ header: String?, _ messageTextView: UITextView, _ message: String?, _ iconImageView: UIImageView, _ icon: UIImage?, _ controller: UIViewController) {
                                                                                                                                               ^~~~~~~~~~~
/Users/admin/builder/spi-builder-workspace/Sources/ToastMaster/Views/ToastView.swift:141:189: error: cannot find type 'UIViewController' in scope
    func setupConstraints(_ headerTextView: UITextView, _ header: String?, _ messageTextView: UITextView, _ message: String?, _ iconImageView: UIImageView, _ icon: UIImage?, _ controller: UIViewController) {
                                                                                                                                                                                            ^~~~~~~~~~~~~~~~
/Users/admin/builder/spi-builder-workspace/Sources/ToastMaster/Views/ToastView.swift:234:31: error: cannot find type 'UISwipeGestureRecognizer' in scope
    func dismissView(gesture: UISwipeGestureRecognizer) {
                              ^~~~~~~~~~~~~~~~~~~~~~~~
/Users/admin/builder/spi-builder-workspace/Sources/ToastMaster/Views/ToastView.swift:239:39: error: cannot find type 'UIButton' in scope
    func actionButtonTapped(_ sender: UIButton) {
                                      ^~~~~~~~
/Users/admin/builder/spi-builder-workspace/Sources/ToastMaster/Views/ToastView.swift:246:22: error: cannot find type 'UITextViewDelegate' in scope
extension ToastView: UITextViewDelegate {
                     ^~~~~~~~~~~~~~~~~~
/Users/admin/builder/spi-builder-workspace/Sources/ToastMaster/Views/ToastView.swift:248:38: error: cannot find type 'UITextView' in scope
    public func textView(_ textView: UITextView, shouldInteractWith URL: URL, in characterRange: NSRange, interaction: UITextItemInteraction) -> Bool {
                                     ^~~~~~~~~~
/Users/admin/builder/spi-builder-workspace/Sources/ToastMaster/Views/ToastView.swift:248:120: error: cannot find type 'UITextItemInteraction' in scope
    public func textView(_ textView: UITextView, shouldInteractWith URL: URL, in characterRange: NSRange, interaction: UITextItemInteraction) -> Bool {
                                                                                                                       ^~~~~~~~~~~~~~~~~~~~~
/Users/admin/builder/spi-builder-workspace/Sources/ToastMaster/Views/ToastView.swift:256:22: error: cannot find type 'UIGestureRecognizerDelegate' in scope
extension ToastView: UIGestureRecognizerDelegate {
                     ^~~~~~~~~~~~~~~~~~~~~~~~~~~
/Users/admin/builder/spi-builder-workspace/Sources/ToastMaster/Views/ToastView.swift:258:56: error: cannot find type 'UIGestureRecognizer' in scope
    public func gestureRecognizer(_ gestureRecognizer: UIGestureRecognizer, shouldRecognizeSimultaneouslyWith otherGestureRecognizer: UIGestureRecognizer) -> Bool {
                                                       ^~~~~~~~~~~~~~~~~~~
/Users/admin/builder/spi-builder-workspace/Sources/ToastMaster/Views/ToastView.swift:258:135: error: cannot find type 'UIGestureRecognizer' in scope
    public func gestureRecognizer(_ gestureRecognizer: UIGestureRecognizer, shouldRecognizeSimultaneouslyWith otherGestureRecognizer: UIGestureRecognizer) -> Bool {
                                                                                                                                      ^~~~~~~~~~~~~~~~~~~
Failed frontend command:
/Applications/Xcode-16.3.0.app/Contents/Developer/Toolchains/XcodeDefault.xctoolchain/usr/bin/swift-frontend -frontend -emit-module -experimental-skip-non-inlinable-function-bodies-without-types /Users/admin/builder/spi-builder-workspace/Sources/ToastMaster/Data/Config/ContainerConfig.swift /Users/admin/builder/spi-builder-workspace/Sources/ToastMaster/Data/Config/DisplayConfig.swift /Users/admin/builder/spi-builder-workspace/Sources/ToastMaster/Data/Config/IconConfig.swift /Users/admin/builder/spi-builder-workspace/Sources/ToastMaster/Data/Config/TextConfig/TextContentStyleConfig.swift /Users/admin/builder/spi-builder-workspace/Sources/ToastMaster/Data/Config/TextConfig/TextElementConfig.swift /Users/admin/builder/spi-builder-workspace/Sources/ToastMaster/Data/Config/TextConfig/TextStyleConfig.swift /Users/admin/builder/spi-builder-workspace/Sources/ToastMaster/Data/Config/ToastConfig.swift /Users/admin/builder/spi-builder-workspace/Sources/ToastMaster/Data/Config/ToastLayout.swift /Users/admin/builder/spi-builder-workspace/Sources/ToastMaster/Data/Config/ToastPosition.swift /Users/admin/builder/spi-builder-workspace/Sources/ToastMaster/Extension/String+Ext.swift /Users/admin/builder/spi-builder-workspace/Sources/ToastMaster/Services/ToastElementsBuilder.swift /Users/admin/builder/spi-builder-workspace/Sources/ToastMaster/Services/ToastPresentationService.swift /Users/admin/builder/spi-builder-workspace/Sources/ToastMaster/Views/ToastView.swift -target armv7k-apple-watchos5.0 -enable-objc-interop -sdk /Applications/Xcode-16.3.0.app/Contents/Developer/Platforms/WatchOS.platform/Developer/SDKs/WatchOS11.4.sdk -I /Users/admin/builder/spi-builder-workspace/.derivedData/Build/Products/Debug-watchos -I /Applications/Xcode-16.3.0.app/Contents/Developer/Platforms/WatchOS.platform/Developer/usr/lib -F /Users/admin/builder/spi-builder-workspace/.derivedData/Build/Products/Debug-watchos -F /Applications/Xcode-16.3.0.app/Contents/Developer/Platforms/WatchOS.platform/Developer/Library/Frameworks -F /Applications/Xcode-16.3.0.app/Contents/Developer/Platforms/WatchOS.platform/Developer/SDKs/WatchOS11.4.sdk/Developer/Library/Frameworks -no-color-diagnostics -enable-testing -g -debug-info-format\=dwarf -dwarf-version\=4 -module-cache-path /Users/admin/builder/spi-builder-workspace/.derivedData/ModuleCache.noindex -profile-generate -profile-coverage-mapping -swift-version 5 -enforce-exclusivity\=checked -stats-output-dir /Users/admin/builder/spi-builder-workspace/.swiftpm/xcode/.stats -Onone -D SWIFT_PACKAGE -D DEBUG -serialize-debugging-options -const-gather-protocols-file /Users/admin/builder/spi-builder-workspace/.derivedData/Build/Intermediates.noindex/ToastMaster.build/Debug-watchos/ToastMaster.build/Objects-normal/armv7k/ToastMaster_const_extract_protocols.json -enable-upcoming-feature StrictConcurrency -enable-upcoming-feature DisableOutwardActorInference -enable-upcoming-feature GlobalActorIsolatedTypesUsability -enable-upcoming-feature InferSendableFromCaptures -enable-experimental-feature DebugDescriptionMacro -strict-concurrency\=complete -empty-abi-descriptor -plugin-path /Applications/Xcode-16.3.0.app/Contents/Developer/Toolchains/XcodeDefault.xctoolchain/usr/lib/swift/host/plugins/testing -validate-clang-modules-once -clang-build-session-file /Users/admin/builder/spi-builder-workspace/.derivedData/ModuleCache.noindex/Session.modulevalidation -Xcc -working-directory -Xcc /Users/admin/builder/spi-builder-workspace/.swiftpm/xcode -resource-dir /Applications/Xcode-16.3.0.app/Contents/Developer/Toolchains/XcodeDefault.xctoolchain/usr/lib/swift -enable-anonymous-context-mangled-names -file-compilation-dir /Users/admin/builder/spi-builder-workspace/.swiftpm/xcode -Xcc -ivfsstatcache -Xcc /Users/admin/builder/spi-builder-workspace/.derivedData/SDKStatCaches.noindex/watchos11.4-22T246-43efb940ff07ba2497b70ec94253f576.sdkstatcache -Xcc -I/Users/admin/builder/spi-builder-workspace/.derivedData/Build/Intermediates.noindex/ToastMaster.build/Debug-watchos/ToastMaster.build/swift-overrides.hmap -Xcc -I/Users/admin/builder/spi-builder-workspace/.derivedData/Build/Products/Debug-watchos/include -Xcc -I/Users/admin/builder/spi-builder-workspace/.derivedData/Build/Intermediates.noindex/ToastMaster.build/Debug-watchos/ToastMaster.build/DerivedSources-normal/armv7k -Xcc -I/Users/admin/builder/spi-builder-workspace/.derivedData/Build/Intermediates.noindex/ToastMaster.build/Debug-watchos/ToastMaster.build/DerivedSources/armv7k -Xcc -I/Users/admin/builder/spi-builder-workspace/.derivedData/Build/Intermediates.noindex/ToastMaster.build/Debug-watchos/ToastMaster.build/DerivedSources -Xcc -DSWIFT_PACKAGE -Xcc -DDEBUG\=1 -module-name ToastMaster -frontend-parseable-output -disable-clang-spi -target-sdk-version 11.4 -target-sdk-name watchos11.4 -external-plugin-path /Applications/Xcode-16.3.0.app/Contents/Developer/Platforms/WatchOS.platform/Developer/usr/lib/swift/host/plugins\#/Applications/Xcode-16.3.0.app/Contents/Developer/Platforms/WatchOS.platform/Developer/usr/bin/swift-plugin-server -external-plugin-path /Applications/Xcode-16.3.0.app/Contents/Developer/Platforms/WatchOS.platform/Developer/usr/local/lib/swift/host/plugins\#/Applications/Xcode-16.3.0.app/Contents/Developer/Platforms/WatchOS.platform/Developer/usr/bin/swift-plugin-server -in-process-plugin-server-path /Applications/Xcode-16.3.0.app/Contents/Developer/Toolchains/XcodeDefault.xctoolchain/usr/lib/swift/host/libSwiftInProcPluginServer.dylib -plugin-path /Applications/Xcode-16.3.0.app/Contents/Developer/Toolchains/XcodeDefault.xctoolchain/usr/lib/swift/host/plugins -plugin-path /Applications/Xcode-16.3.0.app/Contents/Developer/Toolchains/XcodeDefault.xctoolchain/usr/local/lib/swift/host/plugins -emit-module-doc-path /Users/admin/builder/spi-builder-workspace/.derivedData/Build/Intermediates.noindex/ToastMaster.build/Debug-watchos/ToastMaster.build/Objects-normal/armv7k/ToastMaster.swiftdoc -emit-module-source-info-path /Users/admin/builder/spi-builder-workspace/.derivedData/Build/Intermediates.noindex/ToastMaster.build/Debug-watchos/ToastMaster.build/Objects-normal/armv7k/ToastMaster.swiftsourceinfo -emit-objc-header-path /Users/admin/builder/spi-builder-workspace/.derivedData/Build/Intermediates.noindex/ToastMaster.build/Debug-watchos/ToastMaster.build/Objects-normal/armv7k/ToastMaster-Swift.h -serialize-diagnostics-path /Users/admin/builder/spi-builder-workspace/.derivedData/Build/Intermediates.noindex/ToastMaster.build/Debug-watchos/ToastMaster.build/Objects-normal/armv7k/ToastMaster-master-emit-module.dia -emit-dependencies-path /Users/admin/builder/spi-builder-workspace/.derivedData/Build/Intermediates.noindex/ToastMaster.build/Debug-watchos/ToastMaster.build/Objects-normal/armv7k/ToastMaster-master-emit-module.d -o /Users/admin/builder/spi-builder-workspace/.derivedData/Build/Intermediates.noindex/ToastMaster.build/Debug-watchos/ToastMaster.build/Objects-normal/armv7k/ToastMaster.swiftmodule -emit-abi-descriptor-path /Users/admin/builder/spi-builder-workspace/.derivedData/Build/Intermediates.noindex/ToastMaster.build/Debug-watchos/ToastMaster.build/Objects-normal/armv7k/ToastMaster.abi.json
SwiftCompile normal armv7k Compiling\ ToastConfig.swift /Users/admin/builder/spi-builder-workspace/Sources/ToastMaster/Data/Config/ToastConfig.swift (in target 'ToastMaster' from project 'ToastMaster')
SwiftCompile normal armv7k /Users/admin/builder/spi-builder-workspace/Sources/ToastMaster/Data/Config/ToastConfig.swift (in target 'ToastMaster' from project 'ToastMaster')
    cd /Users/admin/builder/spi-builder-workspace/.swiftpm/xcode

SwiftCompile normal armv7k Compiling\ IconConfig.swift,\ TextContentStyleConfig.swift /Users/admin/builder/spi-builder-workspace/Sources/ToastMaster/Data/Config/IconConfig.swift /Users/admin/builder/spi-builder-workspace/Sources/ToastMaster/Data/Config/TextConfig/TextContentStyleConfig.swift (in target 'ToastMaster' from project 'ToastMaster')
SwiftCompile normal armv7k /Users/admin/builder/spi-builder-workspace/Sources/ToastMaster/Data/Config/IconConfig.swift (in target 'ToastMaster' from project 'ToastMaster')
    cd /Users/admin/builder/spi-builder-workspace/.swiftpm/xcode

SwiftCompile normal armv7k /Users/admin/builder/spi-builder-workspace/Sources/ToastMaster/Data/Config/TextConfig/TextContentStyleConfig.swift (in target 'ToastMaster' from project 'ToastMaster')
    cd /Users/admin/builder/spi-builder-workspace/.swiftpm/xcode

SwiftCompile normal armv7k Compiling\ TextElementConfig.swift,\ TextStyleConfig.swift /Users/admin/builder/spi-builder-workspace/Sources/ToastMaster/Data/Config/TextConfig/TextElementConfig.swift /Users/admin/builder/spi-builder-workspace/Sources/ToastMaster/Data/Config/TextConfig/TextStyleConfig.swift (in target 'ToastMaster' from project 'ToastMaster')
SwiftCompile normal armv7k /Users/admin/builder/spi-builder-workspace/Sources/ToastMaster/Data/Config/TextConfig/TextElementConfig.swift (in target 'ToastMaster' from project 'ToastMaster')
    cd /Users/admin/builder/spi-builder-workspace/.swiftpm/xcode

SwiftCompile normal armv7k /Users/admin/builder/spi-builder-workspace/Sources/ToastMaster/Data/Config/TextConfig/TextStyleConfig.swift (in target 'ToastMaster' from project 'ToastMaster')
    cd /Users/admin/builder/spi-builder-workspace/.swiftpm/xcode

SwiftCompile normal armv7k Compiling\ ContainerConfig.swift,\ DisplayConfig.swift /Users/admin/builder/spi-builder-workspace/Sources/ToastMaster/Data/Config/ContainerConfig.swift /Users/admin/builder/spi-builder-workspace/Sources/ToastMaster/Data/Config/DisplayConfig.swift (in target 'ToastMaster' from project 'ToastMaster')
SwiftCompile normal armv7k /Users/admin/builder/spi-builder-workspace/Sources/ToastMaster/Data/Config/ContainerConfig.swift (in target 'ToastMaster' from project 'ToastMaster')
    cd /Users/admin/builder/spi-builder-workspace/.swiftpm/xcode

SwiftCompile normal armv7k /Users/admin/builder/spi-builder-workspace/Sources/ToastMaster/Data/Config/DisplayConfig.swift (in target 'ToastMaster' from project 'ToastMaster')
    cd /Users/admin/builder/spi-builder-workspace/.swiftpm/xcode

SwiftCompile normal armv7k Compiling\ ToastLayout.swift /Users/admin/builder/spi-builder-workspace/Sources/ToastMaster/Data/Config/ToastLayout.swift (in target 'ToastMaster' from project 'ToastMaster')
SwiftCompile normal armv7k /Users/admin/builder/spi-builder-workspace/Sources/ToastMaster/Data/Config/ToastLayout.swift (in target 'ToastMaster' from project 'ToastMaster')
    cd /Users/admin/builder/spi-builder-workspace/.swiftpm/xcode

SwiftCompile normal armv7k Compiling\ String+Ext.swift /Users/admin/builder/spi-builder-workspace/Sources/ToastMaster/Extension/String+Ext.swift (in target 'ToastMaster' from project 'ToastMaster')
SwiftCompile normal armv7k /Users/admin/builder/spi-builder-workspace/Sources/ToastMaster/Extension/String+Ext.swift (in target 'ToastMaster' from project 'ToastMaster')
    cd /Users/admin/builder/spi-builder-workspace/.swiftpm/xcode

SwiftEmitModule normal arm64_32 Emitting\ module\ for\ ToastMaster (in target 'ToastMaster' from project 'ToastMaster')
Failed frontend command:
/Applications/Xcode-16.3.0.app/Contents/Developer/Toolchains/XcodeDefault.xctoolchain/usr/bin/swift-frontend -frontend -emit-module -experimental-skip-non-inlinable-function-bodies-without-types /Users/admin/builder/spi-builder-workspace/Sources/ToastMaster/Data/Config/ContainerConfig.swift /Users/admin/builder/spi-builder-workspace/Sources/ToastMaster/Data/Config/DisplayConfig.swift /Users/admin/builder/spi-builder-workspace/Sources/ToastMaster/Data/Config/IconConfig.swift /Users/admin/builder/spi-builder-workspace/Sources/ToastMaster/Data/Config/TextConfig/TextContentStyleConfig.swift /Users/admin/builder/spi-builder-workspace/Sources/ToastMaster/Data/Config/TextConfig/TextElementConfig.swift /Users/admin/builder/spi-builder-workspace/Sources/ToastMaster/Data/Config/TextConfig/TextStyleConfig.swift /Users/admin/builder/spi-builder-workspace/Sources/ToastMaster/Data/Config/ToastConfig.swift /Users/admin/builder/spi-builder-workspace/Sources/ToastMaster/Data/Config/ToastLayout.swift /Users/admin/builder/spi-builder-workspace/Sources/ToastMaster/Data/Config/ToastPosition.swift /Users/admin/builder/spi-builder-workspace/Sources/ToastMaster/Extension/String+Ext.swift /Users/admin/builder/spi-builder-workspace/Sources/ToastMaster/Services/ToastElementsBuilder.swift /Users/admin/builder/spi-builder-workspace/Sources/ToastMaster/Services/ToastPresentationService.swift /Users/admin/builder/spi-builder-workspace/Sources/ToastMaster/Views/ToastView.swift -target arm64_32-apple-watchos5.0 -enable-objc-interop -sdk /Applications/Xcode-16.3.0.app/Contents/Developer/Platforms/WatchOS.platform/Developer/SDKs/WatchOS11.4.sdk -I /Users/admin/builder/spi-builder-workspace/.derivedData/Build/Products/Debug-watchos -I /Applications/Xcode-16.3.0.app/Contents/Developer/Platforms/WatchOS.platform/Developer/usr/lib -F /Users/admin/builder/spi-builder-workspace/.derivedData/Build/Products/Debug-watchos -F /Applications/Xcode-16.3.0.app/Contents/Developer/Platforms/WatchOS.platform/Developer/Library/Frameworks -F /Applications/Xcode-16.3.0.app/Contents/Developer/Platforms/WatchOS.platform/Developer/SDKs/WatchOS11.4.sdk/Developer/Library/Frameworks -no-color-diagnostics -enable-testing -g -debug-info-format\=dwarf -dwarf-version\=4 -module-cache-path /Users/admin/builder/spi-builder-workspace/.derivedData/ModuleCache.noindex -profile-generate -profile-coverage-mapping -swift-version 5 -enforce-exclusivity\=checked -stats-output-dir /Users/admin/builder/spi-builder-workspace/.swiftpm/xcode/.stats -Onone -D SWIFT_PACKAGE -D DEBUG -serialize-debugging-options -const-gather-protocols-file /Users/admin/builder/spi-builder-workspace/.derivedData/Build/Intermediates.noindex/ToastMaster.build/Debug-watchos/ToastMaster.build/Objects-normal/arm64_32/ToastMaster_const_extract_protocols.json -enable-upcoming-feature StrictConcurrency -enable-upcoming-feature DisableOutwardActorInference -enable-upcoming-feature GlobalActorIsolatedTypesUsability -enable-upcoming-feature InferSendableFromCaptures -enable-experimental-feature DebugDescriptionMacro -strict-concurrency\=complete -empty-abi-descriptor -plugin-path /Applications/Xcode-16.3.0.app/Contents/Developer/Toolchains/XcodeDefault.xctoolchain/usr/lib/swift/host/plugins/testing -validate-clang-modules-once -clang-build-session-file /Users/admin/builder/spi-builder-workspace/.derivedData/ModuleCache.noindex/Session.modulevalidation -Xcc -working-directory -Xcc /Users/admin/builder/spi-builder-workspace/.swiftpm/xcode -resource-dir /Applications/Xcode-16.3.0.app/Contents/Developer/Toolchains/XcodeDefault.xctoolchain/usr/lib/swift -enable-anonymous-context-mangled-names -file-compilation-dir /Users/admin/builder/spi-builder-workspace/.swiftpm/xcode -Xcc -ivfsstatcache -Xcc /Users/admin/builder/spi-builder-workspace/.derivedData/SDKStatCaches.noindex/watchos11.4-22T246-43efb940ff07ba2497b70ec94253f576.sdkstatcache -Xcc -I/Users/admin/builder/spi-builder-workspace/.derivedData/Build/Intermediates.noindex/ToastMaster.build/Debug-watchos/ToastMaster.build/swift-overrides.hmap -Xcc -I/Users/admin/builder/spi-builder-workspace/.derivedData/Build/Products/Debug-watchos/include -Xcc -I/Users/admin/builder/spi-builder-workspace/.derivedData/Build/Intermediates.noindex/ToastMaster.build/Debug-watchos/ToastMaster.build/DerivedSources-normal/arm64_32 -Xcc -I/Users/admin/builder/spi-builder-workspace/.derivedData/Build/Intermediates.noindex/ToastMaster.build/Debug-watchos/ToastMaster.build/DerivedSources/arm64_32 -Xcc -I/Users/admin/builder/spi-builder-workspace/.derivedData/Build/Intermediates.noindex/ToastMaster.build/Debug-watchos/ToastMaster.build/DerivedSources -Xcc -DSWIFT_PACKAGE -Xcc -DDEBUG\=1 -module-name ToastMaster -frontend-parseable-output -disable-clang-spi -target-sdk-version 11.4 -target-sdk-name watchos11.4 -external-plugin-path /Applications/Xcode-16.3.0.app/Contents/Developer/Platforms/WatchOS.platform/Developer/usr/lib/swift/host/plugins\#/Applications/Xcode-16.3.0.app/Contents/Developer/Platforms/WatchOS.platform/Developer/usr/bin/swift-plugin-server -external-plugin-path /Applications/Xcode-16.3.0.app/Contents/Developer/Platforms/WatchOS.platform/Developer/usr/local/lib/swift/host/plugins\#/Applications/Xcode-16.3.0.app/Contents/Developer/Platforms/WatchOS.platform/Developer/usr/bin/swift-plugin-server -in-process-plugin-server-path /Applications/Xcode-16.3.0.app/Contents/Developer/Toolchains/XcodeDefault.xctoolchain/usr/lib/swift/host/libSwiftInProcPluginServer.dylib -plugin-path /Applications/Xcode-16.3.0.app/Contents/Developer/Toolchains/XcodeDefault.xctoolchain/usr/lib/swift/host/plugins -plugin-path /Applications/Xcode-16.3.0.app/Contents/Developer/Toolchains/XcodeDefault.xctoolchain/usr/local/lib/swift/host/plugins -emit-module-doc-path /Users/admin/builder/spi-builder-workspace/.derivedData/Build/Intermediates.noindex/ToastMaster.build/Debug-watchos/ToastMaster.build/Objects-normal/arm64_32/ToastMaster.swiftdoc -emit-module-source-info-path /Users/admin/builder/spi-builder-workspace/.derivedData/Build/Intermediates.noindex/ToastMaster.build/Debug-watchos/ToastMaster.build/Objects-normal/arm64_32/ToastMaster.swiftsourceinfo -emit-objc-header-path /Users/admin/builder/spi-builder-workspace/.derivedData/Build/Intermediates.noindex/ToastMaster.build/Debug-watchos/ToastMaster.build/Objects-normal/arm64_32/ToastMaster-Swift.h -serialize-diagnostics-path /Users/admin/builder/spi-builder-workspace/.derivedData/Build/Intermediates.noindex/ToastMaster.build/Debug-watchos/ToastMaster.build/Objects-normal/arm64_32/ToastMaster-master-emit-module.dia -emit-dependencies-path /Users/admin/builder/spi-builder-workspace/.derivedData/Build/Intermediates.noindex/ToastMaster.build/Debug-watchos/ToastMaster.build/Objects-normal/arm64_32/ToastMaster-master-emit-module.d -o /Users/admin/builder/spi-builder-workspace/.derivedData/Build/Intermediates.noindex/ToastMaster.build/Debug-watchos/ToastMaster.build/Objects-normal/arm64_32/ToastMaster.swiftmodule -emit-abi-descriptor-path /Users/admin/builder/spi-builder-workspace/.derivedData/Build/Intermediates.noindex/ToastMaster.build/Debug-watchos/ToastMaster.build/Objects-normal/arm64_32/ToastMaster.abi.json
EmitSwiftModule normal arm64_32 (in target 'ToastMaster' from project 'ToastMaster')
    cd /Users/admin/builder/spi-builder-workspace/.swiftpm/xcode

/Users/admin/builder/spi-builder-workspace/Sources/ToastMaster/Data/Config/ContainerConfig.swift:17:27: error: cannot find type 'UIBlurEffect' in scope
    public var blurStyle: UIBlurEffect.Style?
                          ^~~~~~~~~~~~
/Users/admin/builder/spi-builder-workspace/Sources/ToastMaster/Data/Config/ContainerConfig.swift:24:20: error: cannot find type 'UIBlurEffect' in scope
        blurStyle: UIBlurEffect.Style? = nil
                   ^~~~~~~~~~~~
/Users/admin/builder/spi-builder-workspace/Sources/ToastMaster/Data/Config/TextConfig/TextElementConfig.swift:16:24: warning: static property 'headerFont' is not concurrency-safe because it is nonisolated global shared mutable state; this is an error in the Swift 6 language mode
    private static var headerFont = UIFont.systemFont(ofSize: 14, weight: .semibold)
                       ^
/Users/admin/builder/spi-builder-workspace/Sources/ToastMaster/Data/Config/TextConfig/TextElementConfig.swift:16:24: note: convert 'headerFont' to a 'let' constant to make 'Sendable' shared state immutable
    private static var headerFont = UIFont.systemFont(ofSize: 14, weight: .semibold)
                   ~~~ ^
                   let
/Users/admin/builder/spi-builder-workspace/Sources/ToastMaster/Data/Config/TextConfig/TextElementConfig.swift:16:24: note: add '@MainActor' to make static property 'headerFont' part of global actor 'MainActor'
    private static var headerFont = UIFont.systemFont(ofSize: 14, weight: .semibold)
                       ^
    @MainActor
/Users/admin/builder/spi-builder-workspace/Sources/ToastMaster/Data/Config/TextConfig/TextElementConfig.swift:16:24: note: disable concurrency-safety checks if accesses are protected by an external synchronization mechanism
    private static var headerFont = UIFont.systemFont(ofSize: 14, weight: .semibold)
                       ^
    nonisolated(unsafe)
/Users/admin/builder/spi-builder-workspace/Sources/ToastMaster/Data/Config/TextConfig/TextElementConfig.swift:17:24: warning: static property 'messageFont' is not concurrency-safe because it is nonisolated global shared mutable state; this is an error in the Swift 6 language mode
    private static var messageFont = UIFont.systemFont(ofSize: 14, weight: .regular)
                       ^
/Users/admin/builder/spi-builder-workspace/Sources/ToastMaster/Data/Config/TextConfig/TextElementConfig.swift:17:24: note: convert 'messageFont' to a 'let' constant to make 'Sendable' shared state immutable
    private static var messageFont = UIFont.systemFont(ofSize: 14, weight: .regular)
                   ~~~ ^
                   let
/Users/admin/builder/spi-builder-workspace/Sources/ToastMaster/Data/Config/TextConfig/TextElementConfig.swift:17:24: note: add '@MainActor' to make static property 'messageFont' part of global actor 'MainActor'
    private static var messageFont = UIFont.systemFont(ofSize: 14, weight: .regular)
                       ^
    @MainActor
/Users/admin/builder/spi-builder-workspace/Sources/ToastMaster/Data/Config/TextConfig/TextElementConfig.swift:17:24: note: disable concurrency-safety checks if accesses are protected by an external synchronization mechanism
    private static var messageFont = UIFont.systemFont(ofSize: 14, weight: .regular)
                       ^
    nonisolated(unsafe)
/Users/admin/builder/spi-builder-workspace/Sources/ToastMaster/Data/Config/TextConfig/TextElementConfig.swift:18:24: warning: static property 'horizontalButtonFont' is not concurrency-safe because it is nonisolated global shared mutable state; this is an error in the Swift 6 language mode
    private static var horizontalButtonFont = UIFont.systemFont(ofSize: 17, weight: .regular)
                       ^
/Users/admin/builder/spi-builder-workspace/Sources/ToastMaster/Data/Config/TextConfig/TextElementConfig.swift:18:24: note: convert 'horizontalButtonFont' to a 'let' constant to make 'Sendable' shared state immutable
    private static var horizontalButtonFont = UIFont.systemFont(ofSize: 17, weight: .regular)
                   ~~~ ^
                   let
/Users/admin/builder/spi-builder-workspace/Sources/ToastMaster/Data/Config/TextConfig/TextElementConfig.swift:18:24: note: add '@MainActor' to make static property 'horizontalButtonFont' part of global actor 'MainActor'
    private static var horizontalButtonFont = UIFont.systemFont(ofSize: 17, weight: .regular)
                       ^
    @MainActor
/Users/admin/builder/spi-builder-workspace/Sources/ToastMaster/Data/Config/TextConfig/TextElementConfig.swift:18:24: note: disable concurrency-safety checks if accesses are protected by an external synchronization mechanism
    private static var horizontalButtonFont = UIFont.systemFont(ofSize: 17, weight: .regular)
                       ^
    nonisolated(unsafe)
/Users/admin/builder/spi-builder-workspace/Sources/ToastMaster/Data/Config/TextConfig/TextElementConfig.swift:19:24: warning: static property 'textColor' is not concurrency-safe because it is nonisolated global shared mutable state; this is an error in the Swift 6 language mode
    private static var textColor = UIColor.white
                       ^
/Users/admin/builder/spi-builder-workspace/Sources/ToastMaster/Data/Config/TextConfig/TextElementConfig.swift:19:24: note: convert 'textColor' to a 'let' constant to make 'Sendable' shared state immutable
    private static var textColor = UIColor.white
                   ~~~ ^
                   let
/Users/admin/builder/spi-builder-workspace/Sources/ToastMaster/Data/Config/TextConfig/TextElementConfig.swift:19:24: note: add '@MainActor' to make static property 'textColor' part of global actor 'MainActor'
    private static var textColor = UIColor.white
                       ^
    @MainActor
/Users/admin/builder/spi-builder-workspace/Sources/ToastMaster/Data/Config/TextConfig/TextElementConfig.swift:19:24: note: disable concurrency-safety checks if accesses are protected by an external synchronization mechanism
    private static var textColor = UIColor.white
                       ^
    nonisolated(unsafe)
/Users/admin/builder/spi-builder-workspace/Sources/ToastMaster/Data/Config/TextConfig/TextElementConfig.swift:20:24: warning: static property 'linkColor' is not concurrency-safe because it is nonisolated global shared mutable state; this is an error in the Swift 6 language mode
    private static var linkColor = UIColor(red: 0.35, green: 0.78, blue: 0.98, alpha: 1)
                       ^
/Users/admin/builder/spi-builder-workspace/Sources/ToastMaster/Data/Config/TextConfig/TextElementConfig.swift:20:24: note: convert 'linkColor' to a 'let' constant to make 'Sendable' shared state immutable
    private static var linkColor = UIColor(red: 0.35, green: 0.78, blue: 0.98, alpha: 1)
                   ~~~ ^
                   let
/Users/admin/builder/spi-builder-workspace/Sources/ToastMaster/Data/Config/TextConfig/TextElementConfig.swift:20:24: note: add '@MainActor' to make static property 'linkColor' part of global actor 'MainActor'
    private static var linkColor = UIColor(red: 0.35, green: 0.78, blue: 0.98, alpha: 1)
                       ^
    @MainActor
/Users/admin/builder/spi-builder-workspace/Sources/ToastMaster/Data/Config/TextConfig/TextElementConfig.swift:20:24: note: disable concurrency-safety checks if accesses are protected by an external synchronization mechanism
    private static var linkColor = UIColor(red: 0.35, green: 0.78, blue: 0.98, alpha: 1)
                       ^
    nonisolated(unsafe)
/Users/admin/builder/spi-builder-workspace/Sources/ToastMaster/Services/ToastElementsBuilder.swift:12:49: error: cannot find type 'UIImageView' in scope
    func createIconImageView(icon: UIImage?) -> UIImageView
                                                ^~~~~~~~~~~
/Users/admin/builder/spi-builder-workspace/Sources/ToastMaster/Services/ToastElementsBuilder.swift:13:81: error: cannot find type 'UITextView' in scope
    func createHeaderTextView(header: String?, delegate: UITextViewDelegate) -> UITextView
                                                                                ^~~~~~~~~~
/Users/admin/builder/spi-builder-workspace/Sources/ToastMaster/Services/ToastElementsBuilder.swift:13:58: error: cannot find type 'UITextViewDelegate' in scope
    func createHeaderTextView(header: String?, delegate: UITextViewDelegate) -> UITextView
                                                         ^~~~~~~~~~~~~~~~~~
/Users/admin/builder/spi-builder-workspace/Sources/ToastMaster/Services/ToastElementsBuilder.swift:14:83: error: cannot find type 'UITextView' in scope
    func createMessageTextView(message: String?, delegate: UITextViewDelegate) -> UITextView
                                                                                  ^~~~~~~~~~
/Users/admin/builder/spi-builder-workspace/Sources/ToastMaster/Services/ToastElementsBuilder.swift:14:60: error: cannot find type 'UITextViewDelegate' in scope
    func createMessageTextView(message: String?, delegate: UITextViewDelegate) -> UITextView
                                                           ^~~~~~~~~~~~~~~~~~
/Users/admin/builder/spi-builder-workspace/Sources/ToastMaster/Services/ToastElementsBuilder.swift:25:56: error: cannot find type 'UIImageView' in scope
    public func createIconImageView(icon: UIImage?) -> UIImageView {
                                                       ^~~~~~~~~~~
/Users/admin/builder/spi-builder-workspace/Sources/ToastMaster/Services/ToastElementsBuilder.swift:34:88: error: cannot find type 'UITextView' in scope
    public func createHeaderTextView(header: String?, delegate: UITextViewDelegate) -> UITextView {
                                                                                       ^~~~~~~~~~
/Users/admin/builder/spi-builder-workspace/Sources/ToastMaster/Services/ToastElementsBuilder.swift:34:65: error: cannot find type 'UITextViewDelegate' in scope
    public func createHeaderTextView(header: String?, delegate: UITextViewDelegate) -> UITextView {
                                                                ^~~~~~~~~~~~~~~~~~
/Users/admin/builder/spi-builder-workspace/Sources/ToastMaster/Services/ToastElementsBuilder.swift:58:90: error: cannot find type 'UITextView' in scope
    public func createMessageTextView(message: String?, delegate: UITextViewDelegate) -> UITextView {
                                                                                         ^~~~~~~~~~
/Users/admin/builder/spi-builder-workspace/Sources/ToastMaster/Services/ToastElementsBuilder.swift:58:67: error: cannot find type 'UITextViewDelegate' in scope
    public func createMessageTextView(message: String?, delegate: UITextViewDelegate) -> UITextView {
                                                                  ^~~~~~~~~~~~~~~~~~
/Users/admin/builder/spi-builder-workspace/Sources/ToastMaster/Services/ToastPresentationService.swift:20:33: error: cannot find type 'UIView' in scope
    private var toastContainer: UIView
                                ^~~~~~
/Applications/Xcode-16.3.0.app/Contents/Developer/Platforms/WatchOS.platform/Developer/SDKs/WatchOS11.4.sdk/System/Library/Frameworks/UIKit.framework/Headers/NSTextAttachment.h:23:1: note: interface 'UIView' forward declared here
@class UIView;
^
/Users/admin/builder/spi-builder-workspace/Sources/ToastMaster/Services/ToastPresentationService.swift:25:28: error: cannot find type 'UIView' in scope
    public init(container: UIView, config: ToastConfig) {
                           ^~~~~~
/Applications/Xcode-16.3.0.app/Contents/Developer/Platforms/WatchOS.platform/Developer/SDKs/WatchOS11.4.sdk/System/Library/Frameworks/UIKit.framework/Headers/NSTextAttachment.h:23:1: note: interface 'UIView' forward declared here
@class UIView;
^
/Users/admin/builder/spi-builder-workspace/Sources/ToastMaster/Views/ToastView.swift:15:106: error: cannot find type 'UIViewController' in scope
    func show(header: String?, message: String?, icon: UIImage?, actionButtonTitle: String?, controller: UIViewController, buttonTapped: (() -> Void)?, linkTapped: ((String) -> Void)?)
                                                                                                         ^~~~~~~~~~~~~~~~
/Users/admin/builder/spi-builder-workspace/Sources/ToastMaster/Views/ToastView.swift:45:43: error: cannot find type 'UIView' in scope
    private(set) lazy var toastContainer: UIView = {
                                          ^~~~~~
/Applications/Xcode-16.3.0.app/Contents/Developer/Platforms/WatchOS.platform/Developer/SDKs/WatchOS11.4.sdk/System/Library/Frameworks/UIKit.framework/Headers/NSTextAttachment.h:23:1: note: interface 'UIView' forward declared here
@class UIView;
^
/Users/admin/builder/spi-builder-workspace/Sources/ToastMaster/Views/ToastView.swift:53:45: error: cannot find type 'UIStackView' in scope
    private(set) lazy var contentStackView: UIStackView = {
                                            ^~~~~~~~~~~
/Users/admin/builder/spi-builder-workspace/Sources/ToastMaster/Views/ToastView.swift:63:42: error: cannot find type 'UIStackView' in scope
    private(set) lazy var textStackView: UIStackView = {
                                         ^~~~~~~~~~~
/Users/admin/builder/spi-builder-workspace/Sources/ToastMaster/Views/ToastView.swift:73:41: error: cannot find type 'UIButton' in scope
    private(set) lazy var actionButton: UIButton = {
                                        ^~~~~~~~
/Users/admin/builder/spi-builder-workspace/Sources/ToastMaster/Views/ToastView.swift:20:23: warning: static property 'shared' is not concurrency-safe because non-'Sendable' type 'ToastView' may have shared mutable state; this is an error in the Swift 6 language mode
    public static let shared = ToastView()
                      ^
/Users/admin/builder/spi-builder-workspace/Sources/ToastMaster/Views/ToastView.swift:18:14: note: class 'ToastView' does not conform to the 'Sendable' protocol
public class ToastView: NSObject, ToastProtocol {
             ^
/Users/admin/builder/spi-builder-workspace/Sources/ToastMaster/Views/ToastView.swift:20:23: note: add '@MainActor' to make static property 'shared' part of global actor 'MainActor'
    public static let shared = ToastView()
                      ^
    @MainActor
/Users/admin/builder/spi-builder-workspace/Sources/ToastMaster/Views/ToastView.swift:20:23: note: disable concurrency-safety checks if accesses are protected by an external synchronization mechanism
    public static let shared = ToastView()
                      ^
    nonisolated(unsafe)
/Users/admin/builder/spi-builder-workspace/Sources/ToastMaster/Views/ToastView.swift:94:113: error: cannot find type 'UIViewController' in scope
    public func show(header: String?, message: String?, icon: UIImage?, actionButtonTitle: String?, controller: UIViewController, buttonTapped: (() -> Void)?, linkTapped: ((String) -> Void)?) {
                                                                                                                ^~~~~~~~~~~~~~~~
/Users/admin/builder/spi-builder-workspace/Sources/ToastMaster/Views/ToastView.swift:141:45: error: cannot find type 'UITextView' in scope
    func setupConstraints(_ headerTextView: UITextView, _ header: String?, _ messageTextView: UITextView, _ message: String?, _ iconImageView: UIImageView, _ icon: UIImage?, _ controller: UIViewController) {
                                            ^~~~~~~~~~
/Users/admin/builder/spi-builder-workspace/Sources/ToastMaster/Views/ToastView.swift:141:95: error: cannot find type 'UITextView' in scope
    func setupConstraints(_ headerTextView: UITextView, _ header: String?, _ messageTextView: UITextView, _ message: String?, _ iconImageView: UIImageView, _ icon: UIImage?, _ controller: UIViewController) {
                                                                                              ^~~~~~~~~~
/Users/admin/builder/spi-builder-workspace/Sources/ToastMaster/Views/ToastView.swift:141:144: error: cannot find type 'UIImageView' in scope
    func setupConstraints(_ headerTextView: UITextView, _ header: String?, _ messageTextView: UITextView, _ message: String?, _ iconImageView: UIImageView, _ icon: UIImage?, _ controller: UIViewController) {
                                                                                                                                               ^~~~~~~~~~~
/Users/admin/builder/spi-builder-workspace/Sources/ToastMaster/Views/ToastView.swift:141:189: error: cannot find type 'UIViewController' in scope
    func setupConstraints(_ headerTextView: UITextView, _ header: String?, _ messageTextView: UITextView, _ message: String?, _ iconImageView: UIImageView, _ icon: UIImage?, _ controller: UIViewController) {
                                                                                                                                                                                            ^~~~~~~~~~~~~~~~
/Users/admin/builder/spi-builder-workspace/Sources/ToastMaster/Views/ToastView.swift:234:31: error: cannot find type 'UISwipeGestureRecognizer' in scope
    func dismissView(gesture: UISwipeGestureRecognizer) {
                              ^~~~~~~~~~~~~~~~~~~~~~~~
/Users/admin/builder/spi-builder-workspace/Sources/ToastMaster/Views/ToastView.swift:239:39: error: cannot find type 'UIButton' in scope
    func actionButtonTapped(_ sender: UIButton) {
                                      ^~~~~~~~
/Users/admin/builder/spi-builder-workspace/Sources/ToastMaster/Views/ToastView.swift:246:22: error: cannot find type 'UITextViewDelegate' in scope
extension ToastView: UITextViewDelegate {
                     ^~~~~~~~~~~~~~~~~~
/Users/admin/builder/spi-builder-workspace/Sources/ToastMaster/Views/ToastView.swift:248:38: error: cannot find type 'UITextView' in scope
    public func textView(_ textView: UITextView, shouldInteractWith URL: URL, in characterRange: NSRange, interaction: UITextItemInteraction) -> Bool {
                                     ^~~~~~~~~~
/Users/admin/builder/spi-builder-workspace/Sources/ToastMaster/Views/ToastView.swift:248:120: error: cannot find type 'UITextItemInteraction' in scope
    public func textView(_ textView: UITextView, shouldInteractWith URL: URL, in characterRange: NSRange, interaction: UITextItemInteraction) -> Bool {
                                                                                                                       ^~~~~~~~~~~~~~~~~~~~~
/Users/admin/builder/spi-builder-workspace/Sources/ToastMaster/Views/ToastView.swift:256:22: error: cannot find type 'UIGestureRecognizerDelegate' in scope
extension ToastView: UIGestureRecognizerDelegate {
                     ^~~~~~~~~~~~~~~~~~~~~~~~~~~
/Users/admin/builder/spi-builder-workspace/Sources/ToastMaster/Views/ToastView.swift:258:56: error: cannot find type 'UIGestureRecognizer' in scope
    public func gestureRecognizer(_ gestureRecognizer: UIGestureRecognizer, shouldRecognizeSimultaneouslyWith otherGestureRecognizer: UIGestureRecognizer) -> Bool {
                                                       ^~~~~~~~~~~~~~~~~~~
/Users/admin/builder/spi-builder-workspace/Sources/ToastMaster/Views/ToastView.swift:258:135: error: cannot find type 'UIGestureRecognizer' in scope
    public func gestureRecognizer(_ gestureRecognizer: UIGestureRecognizer, shouldRecognizeSimultaneouslyWith otherGestureRecognizer: UIGestureRecognizer) -> Bool {
                                                                                                                                      ^~~~~~~~~~~~~~~~~~~
SwiftEmitModule normal arm64 Emitting\ module\ for\ ToastMaster (in target 'ToastMaster' from project 'ToastMaster')
Failed frontend command:
/Applications/Xcode-16.3.0.app/Contents/Developer/Toolchains/XcodeDefault.xctoolchain/usr/bin/swift-frontend -frontend -emit-module -experimental-skip-non-inlinable-function-bodies-without-types /Users/admin/builder/spi-builder-workspace/Sources/ToastMaster/Data/Config/ContainerConfig.swift /Users/admin/builder/spi-builder-workspace/Sources/ToastMaster/Data/Config/DisplayConfig.swift /Users/admin/builder/spi-builder-workspace/Sources/ToastMaster/Data/Config/IconConfig.swift /Users/admin/builder/spi-builder-workspace/Sources/ToastMaster/Data/Config/TextConfig/TextContentStyleConfig.swift /Users/admin/builder/spi-builder-workspace/Sources/ToastMaster/Data/Config/TextConfig/TextElementConfig.swift /Users/admin/builder/spi-builder-workspace/Sources/ToastMaster/Data/Config/TextConfig/TextStyleConfig.swift /Users/admin/builder/spi-builder-workspace/Sources/ToastMaster/Data/Config/ToastConfig.swift /Users/admin/builder/spi-builder-workspace/Sources/ToastMaster/Data/Config/ToastLayout.swift /Users/admin/builder/spi-builder-workspace/Sources/ToastMaster/Data/Config/ToastPosition.swift /Users/admin/builder/spi-builder-workspace/Sources/ToastMaster/Extension/String+Ext.swift /Users/admin/builder/spi-builder-workspace/Sources/ToastMaster/Services/ToastElementsBuilder.swift /Users/admin/builder/spi-builder-workspace/Sources/ToastMaster/Services/ToastPresentationService.swift /Users/admin/builder/spi-builder-workspace/Sources/ToastMaster/Views/ToastView.swift -target arm64-apple-watchos5.0 -Xllvm -aarch64-use-tbi -enable-objc-interop -sdk /Applications/Xcode-16.3.0.app/Contents/Developer/Platforms/WatchOS.platform/Developer/SDKs/WatchOS11.4.sdk -I /Users/admin/builder/spi-builder-workspace/.derivedData/Build/Products/Debug-watchos -I /Applications/Xcode-16.3.0.app/Contents/Developer/Platforms/WatchOS.platform/Developer/usr/lib -F /Users/admin/builder/spi-builder-workspace/.derivedData/Build/Products/Debug-watchos -F /Applications/Xcode-16.3.0.app/Contents/Developer/Platforms/WatchOS.platform/Developer/Library/Frameworks -F /Applications/Xcode-16.3.0.app/Contents/Developer/Platforms/WatchOS.platform/Developer/SDKs/WatchOS11.4.sdk/Developer/Library/Frameworks -no-color-diagnostics -enable-testing -g -debug-info-format\=dwarf -dwarf-version\=4 -module-cache-path /Users/admin/builder/spi-builder-workspace/.derivedData/ModuleCache.noindex -profile-generate -profile-coverage-mapping -swift-version 5 -enforce-exclusivity\=checked -stats-output-dir /Users/admin/builder/spi-builder-workspace/.swiftpm/xcode/.stats -Onone -D SWIFT_PACKAGE -D DEBUG -serialize-debugging-options -const-gather-protocols-file /Users/admin/builder/spi-builder-workspace/.derivedData/Build/Intermediates.noindex/ToastMaster.build/Debug-watchos/ToastMaster.build/Objects-normal/arm64/ToastMaster_const_extract_protocols.json -enable-upcoming-feature StrictConcurrency -enable-upcoming-feature DisableOutwardActorInference -enable-upcoming-feature GlobalActorIsolatedTypesUsability -enable-upcoming-feature InferSendableFromCaptures -enable-experimental-feature DebugDescriptionMacro -strict-concurrency\=complete -empty-abi-descriptor -plugin-path /Applications/Xcode-16.3.0.app/Contents/Developer/Toolchains/XcodeDefault.xctoolchain/usr/lib/swift/host/plugins/testing -validate-clang-modules-once -clang-build-session-file /Users/admin/builder/spi-builder-workspace/.derivedData/ModuleCache.noindex/Session.modulevalidation -Xcc -working-directory -Xcc /Users/admin/builder/spi-builder-workspace/.swiftpm/xcode -resource-dir /Applications/Xcode-16.3.0.app/Contents/Developer/Toolchains/XcodeDefault.xctoolchain/usr/lib/swift -enable-anonymous-context-mangled-names -file-compilation-dir /Users/admin/builder/spi-builder-workspace/.swiftpm/xcode -Xcc -ivfsstatcache -Xcc /Users/admin/builder/spi-builder-workspace/.derivedData/SDKStatCaches.noindex/watchos11.4-22T246-43efb940ff07ba2497b70ec94253f576.sdkstatcache -Xcc -I/Users/admin/builder/spi-builder-workspace/.derivedData/Build/Intermediates.noindex/ToastMaster.build/Debug-watchos/ToastMaster.build/swift-overrides.hmap -Xcc -I/Users/admin/builder/spi-builder-workspace/.derivedData/Build/Products/Debug-watchos/include -Xcc -I/Users/admin/builder/spi-builder-workspace/.derivedData/Build/Intermediates.noindex/ToastMaster.build/Debug-watchos/ToastMaster.build/DerivedSources-normal/arm64 -Xcc -I/Users/admin/builder/spi-builder-workspace/.derivedData/Build/Intermediates.noindex/ToastMaster.build/Debug-watchos/ToastMaster.build/DerivedSources/arm64 -Xcc -I/Users/admin/builder/spi-builder-workspace/.derivedData/Build/Intermediates.noindex/ToastMaster.build/Debug-watchos/ToastMaster.build/DerivedSources -Xcc -DSWIFT_PACKAGE -Xcc -DDEBUG\=1 -module-name ToastMaster -frontend-parseable-output -disable-clang-spi -target-sdk-version 11.4 -target-sdk-name watchos11.4 -external-plugin-path /Applications/Xcode-16.3.0.app/Contents/Developer/Platforms/WatchOS.platform/Developer/usr/lib/swift/host/plugins\#/Applications/Xcode-16.3.0.app/Contents/Developer/Platforms/WatchOS.platform/Developer/usr/bin/swift-plugin-server -external-plugin-path /Applications/Xcode-16.3.0.app/Contents/Developer/Platforms/WatchOS.platform/Developer/usr/local/lib/swift/host/plugins\#/Applications/Xcode-16.3.0.app/Contents/Developer/Platforms/WatchOS.platform/Developer/usr/bin/swift-plugin-server -in-process-plugin-server-path /Applications/Xcode-16.3.0.app/Contents/Developer/Toolchains/XcodeDefault.xctoolchain/usr/lib/swift/host/libSwiftInProcPluginServer.dylib -plugin-path /Applications/Xcode-16.3.0.app/Contents/Developer/Toolchains/XcodeDefault.xctoolchain/usr/lib/swift/host/plugins -plugin-path /Applications/Xcode-16.3.0.app/Contents/Developer/Toolchains/XcodeDefault.xctoolchain/usr/local/lib/swift/host/plugins -emit-module-doc-path /Users/admin/builder/spi-builder-workspace/.derivedData/Build/Intermediates.noindex/ToastMaster.build/Debug-watchos/ToastMaster.build/Objects-normal/arm64/ToastMaster.swiftdoc -emit-module-source-info-path /Users/admin/builder/spi-builder-workspace/.derivedData/Build/Intermediates.noindex/ToastMaster.build/Debug-watchos/ToastMaster.build/Objects-normal/arm64/ToastMaster.swiftsourceinfo -emit-objc-header-path /Users/admin/builder/spi-builder-workspace/.derivedData/Build/Intermediates.noindex/ToastMaster.build/Debug-watchos/ToastMaster.build/Objects-normal/arm64/ToastMaster-Swift.h -serialize-diagnostics-path /Users/admin/builder/spi-builder-workspace/.derivedData/Build/Intermediates.noindex/ToastMaster.build/Debug-watchos/ToastMaster.build/Objects-normal/arm64/ToastMaster-master-emit-module.dia -emit-dependencies-path /Users/admin/builder/spi-builder-workspace/.derivedData/Build/Intermediates.noindex/ToastMaster.build/Debug-watchos/ToastMaster.build/Objects-normal/arm64/ToastMaster-master-emit-module.d -o /Users/admin/builder/spi-builder-workspace/.derivedData/Build/Intermediates.noindex/ToastMaster.build/Debug-watchos/ToastMaster.build/Objects-normal/arm64/ToastMaster.swiftmodule -emit-abi-descriptor-path /Users/admin/builder/spi-builder-workspace/.derivedData/Build/Intermediates.noindex/ToastMaster.build/Debug-watchos/ToastMaster.build/Objects-normal/arm64/ToastMaster.abi.json
EmitSwiftModule normal arm64 (in target 'ToastMaster' from project 'ToastMaster')
    cd /Users/admin/builder/spi-builder-workspace/.swiftpm/xcode

/Users/admin/builder/spi-builder-workspace/Sources/ToastMaster/Data/Config/ContainerConfig.swift:17:27: error: cannot find type 'UIBlurEffect' in scope
    public var blurStyle: UIBlurEffect.Style?
                          ^~~~~~~~~~~~
/Users/admin/builder/spi-builder-workspace/Sources/ToastMaster/Data/Config/ContainerConfig.swift:24:20: error: cannot find type 'UIBlurEffect' in scope
        blurStyle: UIBlurEffect.Style? = nil
                   ^~~~~~~~~~~~
/Users/admin/builder/spi-builder-workspace/Sources/ToastMaster/Data/Config/TextConfig/TextElementConfig.swift:16:24: warning: static property 'headerFont' is not concurrency-safe because it is nonisolated global shared mutable state; this is an error in the Swift 6 language mode
    private static var headerFont = UIFont.systemFont(ofSize: 14, weight: .semibold)
                       ^
/Users/admin/builder/spi-builder-workspace/Sources/ToastMaster/Data/Config/TextConfig/TextElementConfig.swift:16:24: note: convert 'headerFont' to a 'let' constant to make 'Sendable' shared state immutable
    private static var headerFont = UIFont.systemFont(ofSize: 14, weight: .semibold)
                   ~~~ ^
                   let
/Users/admin/builder/spi-builder-workspace/Sources/ToastMaster/Data/Config/TextConfig/TextElementConfig.swift:16:24: note: add '@MainActor' to make static property 'headerFont' part of global actor 'MainActor'
    private static var headerFont = UIFont.systemFont(ofSize: 14, weight: .semibold)
                       ^
    @MainActor
/Users/admin/builder/spi-builder-workspace/Sources/ToastMaster/Data/Config/TextConfig/TextElementConfig.swift:16:24: note: disable concurrency-safety checks if accesses are protected by an external synchronization mechanism
    private static var headerFont = UIFont.systemFont(ofSize: 14, weight: .semibold)
                       ^
    nonisolated(unsafe)
/Users/admin/builder/spi-builder-workspace/Sources/ToastMaster/Data/Config/TextConfig/TextElementConfig.swift:17:24: warning: static property 'messageFont' is not concurrency-safe because it is nonisolated global shared mutable state; this is an error in the Swift 6 language mode
    private static var messageFont = UIFont.systemFont(ofSize: 14, weight: .regular)
                       ^
/Users/admin/builder/spi-builder-workspace/Sources/ToastMaster/Data/Config/TextConfig/TextElementConfig.swift:17:24: note: convert 'messageFont' to a 'let' constant to make 'Sendable' shared state immutable
    private static var messageFont = UIFont.systemFont(ofSize: 14, weight: .regular)
                   ~~~ ^
                   let
/Users/admin/builder/spi-builder-workspace/Sources/ToastMaster/Data/Config/TextConfig/TextElementConfig.swift:17:24: note: add '@MainActor' to make static property 'messageFont' part of global actor 'MainActor'
    private static var messageFont = UIFont.systemFont(ofSize: 14, weight: .regular)
                       ^
    @MainActor
/Users/admin/builder/spi-builder-workspace/Sources/ToastMaster/Data/Config/TextConfig/TextElementConfig.swift:17:24: note: disable concurrency-safety checks if accesses are protected by an external synchronization mechanism
    private static var messageFont = UIFont.systemFont(ofSize: 14, weight: .regular)
                       ^
    nonisolated(unsafe)
/Users/admin/builder/spi-builder-workspace/Sources/ToastMaster/Data/Config/TextConfig/TextElementConfig.swift:18:24: warning: static property 'horizontalButtonFont' is not concurrency-safe because it is nonisolated global shared mutable state; this is an error in the Swift 6 language mode
    private static var horizontalButtonFont = UIFont.systemFont(ofSize: 17, weight: .regular)
                       ^
/Users/admin/builder/spi-builder-workspace/Sources/ToastMaster/Data/Config/TextConfig/TextElementConfig.swift:18:24: note: convert 'horizontalButtonFont' to a 'let' constant to make 'Sendable' shared state immutable
    private static var horizontalButtonFont = UIFont.systemFont(ofSize: 17, weight: .regular)
                   ~~~ ^
                   let
/Users/admin/builder/spi-builder-workspace/Sources/ToastMaster/Data/Config/TextConfig/TextElementConfig.swift:18:24: note: add '@MainActor' to make static property 'horizontalButtonFont' part of global actor 'MainActor'
    private static var horizontalButtonFont = UIFont.systemFont(ofSize: 17, weight: .regular)
                       ^
    @MainActor
/Users/admin/builder/spi-builder-workspace/Sources/ToastMaster/Data/Config/TextConfig/TextElementConfig.swift:18:24: note: disable concurrency-safety checks if accesses are protected by an external synchronization mechanism
    private static var horizontalButtonFont = UIFont.systemFont(ofSize: 17, weight: .regular)
                       ^
    nonisolated(unsafe)
/Users/admin/builder/spi-builder-workspace/Sources/ToastMaster/Data/Config/TextConfig/TextElementConfig.swift:19:24: warning: static property 'textColor' is not concurrency-safe because it is nonisolated global shared mutable state; this is an error in the Swift 6 language mode
    private static var textColor = UIColor.white
                       ^
/Users/admin/builder/spi-builder-workspace/Sources/ToastMaster/Data/Config/TextConfig/TextElementConfig.swift:19:24: note: convert 'textColor' to a 'let' constant to make 'Sendable' shared state immutable
    private static var textColor = UIColor.white
                   ~~~ ^
                   let
/Users/admin/builder/spi-builder-workspace/Sources/ToastMaster/Data/Config/TextConfig/TextElementConfig.swift:19:24: note: add '@MainActor' to make static property 'textColor' part of global actor 'MainActor'
    private static var textColor = UIColor.white
                       ^
    @MainActor
/Users/admin/builder/spi-builder-workspace/Sources/ToastMaster/Data/Config/TextConfig/TextElementConfig.swift:19:24: note: disable concurrency-safety checks if accesses are protected by an external synchronization mechanism
    private static var textColor = UIColor.white
                       ^
    nonisolated(unsafe)
/Users/admin/builder/spi-builder-workspace/Sources/ToastMaster/Data/Config/TextConfig/TextElementConfig.swift:20:24: warning: static property 'linkColor' is not concurrency-safe because it is nonisolated global shared mutable state; this is an error in the Swift 6 language mode
    private static var linkColor = UIColor(red: 0.35, green: 0.78, blue: 0.98, alpha: 1)
                       ^
/Users/admin/builder/spi-builder-workspace/Sources/ToastMaster/Data/Config/TextConfig/TextElementConfig.swift:20:24: note: convert 'linkColor' to a 'let' constant to make 'Sendable' shared state immutable
    private static var linkColor = UIColor(red: 0.35, green: 0.78, blue: 0.98, alpha: 1)
                   ~~~ ^
                   let
/Users/admin/builder/spi-builder-workspace/Sources/ToastMaster/Data/Config/TextConfig/TextElementConfig.swift:20:24: note: add '@MainActor' to make static property 'linkColor' part of global actor 'MainActor'
    private static var linkColor = UIColor(red: 0.35, green: 0.78, blue: 0.98, alpha: 1)
                       ^
    @MainActor
/Users/admin/builder/spi-builder-workspace/Sources/ToastMaster/Data/Config/TextConfig/TextElementConfig.swift:20:24: note: disable concurrency-safety checks if accesses are protected by an external synchronization mechanism
    private static var linkColor = UIColor(red: 0.35, green: 0.78, blue: 0.98, alpha: 1)
                       ^
    nonisolated(unsafe)
/Users/admin/builder/spi-builder-workspace/Sources/ToastMaster/Services/ToastElementsBuilder.swift:12:49: error: cannot find type 'UIImageView' in scope
    func createIconImageView(icon: UIImage?) -> UIImageView
                                                ^~~~~~~~~~~
/Users/admin/builder/spi-builder-workspace/Sources/ToastMaster/Services/ToastElementsBuilder.swift:13:81: error: cannot find type 'UITextView' in scope
    func createHeaderTextView(header: String?, delegate: UITextViewDelegate) -> UITextView
                                                                                ^~~~~~~~~~
/Users/admin/builder/spi-builder-workspace/Sources/ToastMaster/Services/ToastElementsBuilder.swift:13:58: error: cannot find type 'UITextViewDelegate' in scope
    func createHeaderTextView(header: String?, delegate: UITextViewDelegate) -> UITextView
                                                         ^~~~~~~~~~~~~~~~~~
/Users/admin/builder/spi-builder-workspace/Sources/ToastMaster/Services/ToastElementsBuilder.swift:14:83: error: cannot find type 'UITextView' in scope
    func createMessageTextView(message: String?, delegate: UITextViewDelegate) -> UITextView
                                                                                  ^~~~~~~~~~
/Users/admin/builder/spi-builder-workspace/Sources/ToastMaster/Services/ToastElementsBuilder.swift:14:60: error: cannot find type 'UITextViewDelegate' in scope
    func createMessageTextView(message: String?, delegate: UITextViewDelegate) -> UITextView
                                                           ^~~~~~~~~~~~~~~~~~
/Users/admin/builder/spi-builder-workspace/Sources/ToastMaster/Services/ToastElementsBuilder.swift:25:56: error: cannot find type 'UIImageView' in scope
    public func createIconImageView(icon: UIImage?) -> UIImageView {
                                                       ^~~~~~~~~~~
/Users/admin/builder/spi-builder-workspace/Sources/ToastMaster/Services/ToastElementsBuilder.swift:34:88: error: cannot find type 'UITextView' in scope
    public func createHeaderTextView(header: String?, delegate: UITextViewDelegate) -> UITextView {
                                                                                       ^~~~~~~~~~
/Users/admin/builder/spi-builder-workspace/Sources/ToastMaster/Services/ToastElementsBuilder.swift:34:65: error: cannot find type 'UITextViewDelegate' in scope
    public func createHeaderTextView(header: String?, delegate: UITextViewDelegate) -> UITextView {
                                                                ^~~~~~~~~~~~~~~~~~
/Users/admin/builder/spi-builder-workspace/Sources/ToastMaster/Services/ToastElementsBuilder.swift:58:90: error: cannot find type 'UITextView' in scope
    public func createMessageTextView(message: String?, delegate: UITextViewDelegate) -> UITextView {
                                                                                         ^~~~~~~~~~
/Users/admin/builder/spi-builder-workspace/Sources/ToastMaster/Services/ToastElementsBuilder.swift:58:67: error: cannot find type 'UITextViewDelegate' in scope
    public func createMessageTextView(message: String?, delegate: UITextViewDelegate) -> UITextView {
                                                                  ^~~~~~~~~~~~~~~~~~
/Users/admin/builder/spi-builder-workspace/Sources/ToastMaster/Services/ToastPresentationService.swift:20:33: error: cannot find type 'UIView' in scope
    private var toastContainer: UIView
                                ^~~~~~
/Applications/Xcode-16.3.0.app/Contents/Developer/Platforms/WatchOS.platform/Developer/SDKs/WatchOS11.4.sdk/System/Library/Frameworks/UIKit.framework/Headers/NSTextAttachment.h:23:1: note: interface 'UIView' forward declared here
@class UIView;
^
/Users/admin/builder/spi-builder-workspace/Sources/ToastMaster/Services/ToastPresentationService.swift:25:28: error: cannot find type 'UIView' in scope
    public init(container: UIView, config: ToastConfig) {
                           ^~~~~~
/Applications/Xcode-16.3.0.app/Contents/Developer/Platforms/WatchOS.platform/Developer/SDKs/WatchOS11.4.sdk/System/Library/Frameworks/UIKit.framework/Headers/NSTextAttachment.h:23:1: note: interface 'UIView' forward declared here
@class UIView;
^
/Users/admin/builder/spi-builder-workspace/Sources/ToastMaster/Views/ToastView.swift:15:106: error: cannot find type 'UIViewController' in scope
    func show(header: String?, message: String?, icon: UIImage?, actionButtonTitle: String?, controller: UIViewController, buttonTapped: (() -> Void)?, linkTapped: ((String) -> Void)?)
                                                                                                         ^~~~~~~~~~~~~~~~
/Users/admin/builder/spi-builder-workspace/Sources/ToastMaster/Views/ToastView.swift:45:43: error: cannot find type 'UIView' in scope
    private(set) lazy var toastContainer: UIView = {
                                          ^~~~~~
/Applications/Xcode-16.3.0.app/Contents/Developer/Platforms/WatchOS.platform/Developer/SDKs/WatchOS11.4.sdk/System/Library/Frameworks/UIKit.framework/Headers/NSTextAttachment.h:23:1: note: interface 'UIView' forward declared here
@class UIView;
^
/Users/admin/builder/spi-builder-workspace/Sources/ToastMaster/Views/ToastView.swift:53:45: error: cannot find type 'UIStackView' in scope
    private(set) lazy var contentStackView: UIStackView = {
                                            ^~~~~~~~~~~
/Users/admin/builder/spi-builder-workspace/Sources/ToastMaster/Views/ToastView.swift:63:42: error: cannot find type 'UIStackView' in scope
    private(set) lazy var textStackView: UIStackView = {
                                         ^~~~~~~~~~~
/Users/admin/builder/spi-builder-workspace/Sources/ToastMaster/Views/ToastView.swift:73:41: error: cannot find type 'UIButton' in scope
    private(set) lazy var actionButton: UIButton = {
                                        ^~~~~~~~
/Users/admin/builder/spi-builder-workspace/Sources/ToastMaster/Views/ToastView.swift:20:23: warning: static property 'shared' is not concurrency-safe because non-'Sendable' type 'ToastView' may have shared mutable state; this is an error in the Swift 6 language mode
    public static let shared = ToastView()
                      ^
/Users/admin/builder/spi-builder-workspace/Sources/ToastMaster/Views/ToastView.swift:18:14: note: class 'ToastView' does not conform to the 'Sendable' protocol
public class ToastView: NSObject, ToastProtocol {
             ^
/Users/admin/builder/spi-builder-workspace/Sources/ToastMaster/Views/ToastView.swift:20:23: note: add '@MainActor' to make static property 'shared' part of global actor 'MainActor'
    public static let shared = ToastView()
                      ^
    @MainActor
/Users/admin/builder/spi-builder-workspace/Sources/ToastMaster/Views/ToastView.swift:20:23: note: disable concurrency-safety checks if accesses are protected by an external synchronization mechanism
    public static let shared = ToastView()
                      ^
    nonisolated(unsafe)
/Users/admin/builder/spi-builder-workspace/Sources/ToastMaster/Views/ToastView.swift:94:113: error: cannot find type 'UIViewController' in scope
    public func show(header: String?, message: String?, icon: UIImage?, actionButtonTitle: String?, controller: UIViewController, buttonTapped: (() -> Void)?, linkTapped: ((String) -> Void)?) {
                                                                                                                ^~~~~~~~~~~~~~~~
/Users/admin/builder/spi-builder-workspace/Sources/ToastMaster/Views/ToastView.swift:141:45: error: cannot find type 'UITextView' in scope
    func setupConstraints(_ headerTextView: UITextView, _ header: String?, _ messageTextView: UITextView, _ message: String?, _ iconImageView: UIImageView, _ icon: UIImage?, _ controller: UIViewController) {
                                            ^~~~~~~~~~
/Users/admin/builder/spi-builder-workspace/Sources/ToastMaster/Views/ToastView.swift:141:95: error: cannot find type 'UITextView' in scope
    func setupConstraints(_ headerTextView: UITextView, _ header: String?, _ messageTextView: UITextView, _ message: String?, _ iconImageView: UIImageView, _ icon: UIImage?, _ controller: UIViewController) {
                                                                                              ^~~~~~~~~~
/Users/admin/builder/spi-builder-workspace/Sources/ToastMaster/Views/ToastView.swift:141:144: error: cannot find type 'UIImageView' in scope
    func setupConstraints(_ headerTextView: UITextView, _ header: String?, _ messageTextView: UITextView, _ message: String?, _ iconImageView: UIImageView, _ icon: UIImage?, _ controller: UIViewController) {
                                                                                                                                               ^~~~~~~~~~~
/Users/admin/builder/spi-builder-workspace/Sources/ToastMaster/Views/ToastView.swift:141:189: error: cannot find type 'UIViewController' in scope
    func setupConstraints(_ headerTextView: UITextView, _ header: String?, _ messageTextView: UITextView, _ message: String?, _ iconImageView: UIImageView, _ icon: UIImage?, _ controller: UIViewController) {
                                                                                                                                                                                            ^~~~~~~~~~~~~~~~
/Users/admin/builder/spi-builder-workspace/Sources/ToastMaster/Views/ToastView.swift:234:31: error: cannot find type 'UISwipeGestureRecognizer' in scope
    func dismissView(gesture: UISwipeGestureRecognizer) {
                              ^~~~~~~~~~~~~~~~~~~~~~~~
/Users/admin/builder/spi-builder-workspace/Sources/ToastMaster/Views/ToastView.swift:239:39: error: cannot find type 'UIButton' in scope
    func actionButtonTapped(_ sender: UIButton) {
                                      ^~~~~~~~
/Users/admin/builder/spi-builder-workspace/Sources/ToastMaster/Views/ToastView.swift:246:22: error: cannot find type 'UITextViewDelegate' in scope
extension ToastView: UITextViewDelegate {
                     ^~~~~~~~~~~~~~~~~~
/Users/admin/builder/spi-builder-workspace/Sources/ToastMaster/Views/ToastView.swift:248:38: error: cannot find type 'UITextView' in scope
    public func textView(_ textView: UITextView, shouldInteractWith URL: URL, in characterRange: NSRange, interaction: UITextItemInteraction) -> Bool {
                                     ^~~~~~~~~~
/Users/admin/builder/spi-builder-workspace/Sources/ToastMaster/Views/ToastView.swift:248:120: error: cannot find type 'UITextItemInteraction' in scope
    public func textView(_ textView: UITextView, shouldInteractWith URL: URL, in characterRange: NSRange, interaction: UITextItemInteraction) -> Bool {
                                                                                                                       ^~~~~~~~~~~~~~~~~~~~~
/Users/admin/builder/spi-builder-workspace/Sources/ToastMaster/Views/ToastView.swift:256:22: error: cannot find type 'UIGestureRecognizerDelegate' in scope
extension ToastView: UIGestureRecognizerDelegate {
                     ^~~~~~~~~~~~~~~~~~~~~~~~~~~
/Users/admin/builder/spi-builder-workspace/Sources/ToastMaster/Views/ToastView.swift:258:56: error: cannot find type 'UIGestureRecognizer' in scope
    public func gestureRecognizer(_ gestureRecognizer: UIGestureRecognizer, shouldRecognizeSimultaneouslyWith otherGestureRecognizer: UIGestureRecognizer) -> Bool {
                                                       ^~~~~~~~~~~~~~~~~~~
/Users/admin/builder/spi-builder-workspace/Sources/ToastMaster/Views/ToastView.swift:258:135: error: cannot find type 'UIGestureRecognizer' in scope
    public func gestureRecognizer(_ gestureRecognizer: UIGestureRecognizer, shouldRecognizeSimultaneouslyWith otherGestureRecognizer: UIGestureRecognizer) -> Bool {
                                                                                                                                      ^~~~~~~~~~~~~~~~~~~
SwiftCompile normal armv7k Compiling\ ToastView.swift /Users/admin/builder/spi-builder-workspace/Sources/ToastMaster/Views/ToastView.swift (in target 'ToastMaster' from project 'ToastMaster')
SwiftCompile normal armv7k /Users/admin/builder/spi-builder-workspace/Sources/ToastMaster/Views/ToastView.swift (in target 'ToastMaster' from project 'ToastMaster')
    cd /Users/admin/builder/spi-builder-workspace/.swiftpm/xcode

SwiftCompile normal arm64 Compiling\ String+Ext.swift /Users/admin/builder/spi-builder-workspace/Sources/ToastMaster/Extension/String+Ext.swift (in target 'ToastMaster' from project 'ToastMaster')
Command SwiftCompile failed with a nonzero exit code
** BUILD FAILED **
The following build commands failed:
	EmitSwiftModule normal armv7k (in target 'ToastMaster' from project 'ToastMaster')
	SwiftEmitModule normal armv7k Emitting\ module\ for\ ToastMaster (in target 'ToastMaster' from project 'ToastMaster')
	SwiftEmitModule normal arm64_32 Emitting\ module\ for\ ToastMaster (in target 'ToastMaster' from project 'ToastMaster')
	EmitSwiftModule normal arm64_32 (in target 'ToastMaster' from project 'ToastMaster')
	SwiftEmitModule normal arm64 Emitting\ module\ for\ ToastMaster (in target 'ToastMaster' from project 'ToastMaster')
	EmitSwiftModule normal arm64 (in target 'ToastMaster' from project 'ToastMaster')
	SwiftCompile normal arm64 Compiling\ String+Ext.swift /Users/admin/builder/spi-builder-workspace/Sources/ToastMaster/Extension/String+Ext.swift (in target 'ToastMaster' from project 'ToastMaster')
	Building workspace spi-builder-workspace with scheme ToastMaster
(8 failures)
Command line invocation:
    /Applications/Xcode-16.3.0.app/Contents/Developer/usr/bin/xcodebuild -IDEClonedSourcePackagesDirPathOverride=/Users/admin/builder/spi-builder-workspace/.dependencies -resolvePackageDependencies
Resolve Package Graph
Resolved source packages:
  ToastMaster: /Users/admin/builder/spi-builder-workspace
resolved source packages: ToastMaster
{
  "dependencies" : [
  ],
  "manifest_display_name" : "ToastMaster",
  "name" : "ToastMaster",
  "path" : "/Users/admin/builder/spi-builder-workspace",
  "platforms" : [
    {
      "name" : "ios",
      "version" : "12.0"
    }
  ],
  "products" : [
    {
      "name" : "ToastMaster",
      "targets" : [
        "ToastMaster"
      ],
      "type" : {
        "library" : [
          "automatic"
        ]
      }
    }
  ],
  "targets" : [
    {
      "c99name" : "ToastMasterTests",
      "module_type" : "SwiftTarget",
      "name" : "ToastMasterTests",
      "path" : "Tests/ToastMasterTests",
      "sources" : [
        "ToastMasterTests.swift"
      ],
      "target_dependencies" : [
        "ToastMaster"
      ],
      "type" : "test"
    },
    {
      "c99name" : "ToastMaster",
      "module_type" : "SwiftTarget",
      "name" : "ToastMaster",
      "path" : "Sources/ToastMaster",
      "product_memberships" : [
        "ToastMaster"
      ],
      "sources" : [
        "Data/Config/ContainerConfig.swift",
        "Data/Config/DisplayConfig.swift",
        "Data/Config/IconConfig.swift",
        "Data/Config/TextConfig/TextContentStyleConfig.swift",
        "Data/Config/TextConfig/TextElementConfig.swift",
        "Data/Config/TextConfig/TextStyleConfig.swift",
        "Data/Config/ToastConfig.swift",
        "Data/Config/ToastLayout.swift",
        "Data/Config/ToastPosition.swift",
        "Extension/String+Ext.swift",
        "Services/ToastElementsBuilder.swift",
        "Services/ToastPresentationService.swift",
        "Views/ToastView.swift"
      ],
      "type" : "library"
    }
  ],
  "tools_version" : "5.8"
}
{
  "workspace" : {
    "name" : "spi-builder-workspace",
    "schemes" : [
      "ToastMaster"
    ]
  }
}
Running build ...
env DEVELOPER_DIR=/Applications/Xcode-16.3.0.app xcrun xcodebuild -IDEClonedSourcePackagesDirPathOverride=$PWD/.dependencies -skipMacroValidation -skipPackagePluginValidation -derivedDataPath $PWD/.derivedData build -scheme ToastMaster -destination generic/platform=watchOS
Command line invocation:
    /Applications/Xcode-16.3.0.app/Contents/Developer/usr/bin/xcodebuild -IDEClonedSourcePackagesDirPathOverride=/Users/admin/builder/spi-builder-workspace/.dependencies -skipMacroValidation -skipPackagePluginValidation -derivedDataPath /Users/admin/builder/spi-builder-workspace/.derivedData build -scheme ToastMaster -destination generic/platform=watchOS
Resolve Package Graph
Resolved source packages:
  ToastMaster: /Users/admin/builder/spi-builder-workspace
ComputePackagePrebuildTargetDependencyGraph
Prepare packages
CreateBuildRequest
SendProjectDescription
CreateBuildOperation
ComputeTargetDependencyGraph
note: Building targets in dependency order
note: Target dependency graph (2 targets)
    Target 'ToastMaster' in project 'ToastMaster'
        ➜ Explicit dependency on target 'ToastMaster' in project 'ToastMaster'
    Target 'ToastMaster' in project 'ToastMaster' (no dependencies)
GatherProvisioningInputs
CreateBuildDescription
ExecuteExternalTool /Applications/Xcode-16.3.0.app/Contents/Developer/Toolchains/XcodeDefault.xctoolchain/usr/bin/clang -v -E -dM -isysroot /Applications/Xcode-16.3.0.app/Contents/Developer/Platforms/WatchOS.platform/Developer/SDKs/WatchOS11.4.sdk -x c -c /dev/null
ExecuteExternalTool /Applications/Xcode-16.3.0.app/Contents/Developer/Toolchains/XcodeDefault.xctoolchain/usr/bin/swiftc --version
ExecuteExternalTool /Applications/Xcode-16.3.0.app/Contents/Developer/Toolchains/XcodeDefault.xctoolchain/usr/bin/ld -version_details
Build description signature: 4e21fb8fb5cbb117a18fedfa447b700d
Build description path: /Users/admin/builder/spi-builder-workspace/.derivedData/Build/Intermediates.noindex/XCBuildData/4e21fb8fb5cbb117a18fedfa447b700d.xcbuilddata
ClangStatCache /Applications/Xcode-16.3.0.app/Contents/Developer/Toolchains/XcodeDefault.xctoolchain/usr/bin/clang-stat-cache /Applications/Xcode-16.3.0.app/Contents/Developer/Platforms/WatchOS.platform/Developer/SDKs/WatchOS11.4.sdk /Users/admin/builder/spi-builder-workspace/.derivedData/SDKStatCaches.noindex/watchos11.4-22T246-43efb940ff07ba2497b70ec94253f576.sdkstatcache
    cd /Users/admin/builder/spi-builder-workspace/.swiftpm/xcode
    /Applications/Xcode-16.3.0.app/Contents/Developer/Toolchains/XcodeDefault.xctoolchain/usr/bin/clang-stat-cache /Applications/Xcode-16.3.0.app/Contents/Developer/Platforms/WatchOS.platform/Developer/SDKs/WatchOS11.4.sdk -o /Users/admin/builder/spi-builder-workspace/.derivedData/SDKStatCaches.noindex/watchos11.4-22T246-43efb940ff07ba2497b70ec94253f576.sdkstatcache
SwiftDriver ToastMaster normal armv7k com.apple.xcode.tools.swift.compiler (in target 'ToastMaster' from project 'ToastMaster')
    cd /Users/admin/builder/spi-builder-workspace/.swiftpm/xcode
    builtin-SwiftDriver -- /Applications/Xcode-16.3.0.app/Contents/Developer/Toolchains/XcodeDefault.xctoolchain/usr/bin/swiftc -module-name ToastMaster -Onone -enforce-exclusivity\=checked @/Users/admin/builder/spi-builder-workspace/.derivedData/Build/Intermediates.noindex/ToastMaster.build/Debug-watchos/ToastMaster.build/Objects-normal/armv7k/ToastMaster.SwiftFileList -DSWIFT_PACKAGE -DDEBUG -DXcode -plugin-path /Applications/Xcode-16.3.0.app/Contents/Developer/Toolchains/XcodeDefault.xctoolchain/usr/lib/swift/host/plugins/testing -enable-experimental-feature DebugDescriptionMacro -sdk /Applications/Xcode-16.3.0.app/Contents/Developer/Platforms/WatchOS.platform/Developer/SDKs/WatchOS11.4.sdk -target armv7k-apple-watchos5.0 -g -module-cache-path /Users/admin/builder/spi-builder-workspace/.derivedData/ModuleCache.noindex -Xfrontend -serialize-debugging-options -profile-coverage-mapping -profile-generate -enable-testing -index-store-path /Users/admin/builder/spi-builder-workspace/.derivedData/Index.noindex/DataStore -swift-version 5 -I /Users/admin/builder/spi-builder-workspace/.derivedData/Build/Products/Debug-watchos -I /Applications/Xcode-16.3.0.app/Contents/Developer/Platforms/WatchOS.platform/Developer/usr/lib -F /Users/admin/builder/spi-builder-workspace/.derivedData/Build/Products/Debug-watchos -F /Applications/Xcode-16.3.0.app/Contents/Developer/Platforms/WatchOS.platform/Developer/Library/Frameworks -F /Applications/Xcode-16.3.0.app/Contents/Developer/Platforms/WatchOS.platform/Developer/SDKs/WatchOS11.4.sdk/Developer/Library/Frameworks -c -j10 -enable-batch-mode -incremental -Xcc -ivfsstatcache -Xcc /Users/admin/builder/spi-builder-workspace/.derivedData/SDKStatCaches.noindex/watchos11.4-22T246-43efb940ff07ba2497b70ec94253f576.sdkstatcache -output-file-map /Users/admin/builder/spi-builder-workspace/.derivedData/Build/Intermediates.noindex/ToastMaster.build/Debug-watchos/ToastMaster.build/Objects-normal/armv7k/ToastMaster-OutputFileMap.json -use-frontend-parseable-output -save-temps -no-color-diagnostics -serialize-diagnostics -emit-dependencies -emit-module -emit-module-path /Users/admin/builder/spi-builder-workspace/.derivedData/Build/Intermediates.noindex/ToastMaster.build/Debug-watchos/ToastMaster.build/Objects-normal/armv7k/ToastMaster.swiftmodule -validate-clang-modules-once -clang-build-session-file /Users/admin/builder/spi-builder-workspace/.derivedData/ModuleCache.noindex/Session.modulevalidation -Xcc -I/Users/admin/builder/spi-builder-workspace/.derivedData/Build/Intermediates.noindex/ToastMaster.build/Debug-watchos/ToastMaster.build/swift-overrides.hmap -emit-const-values -Xfrontend -const-gather-protocols-file -Xfrontend /Users/admin/builder/spi-builder-workspace/.derivedData/Build/Intermediates.noindex/ToastMaster.build/Debug-watchos/ToastMaster.build/Objects-normal/armv7k/ToastMaster_const_extract_protocols.json -Xcc -I/Users/admin/builder/spi-builder-workspace/.derivedData/Build/Products/Debug-watchos/include -Xcc -I/Users/admin/builder/spi-builder-workspace/.derivedData/Build/Intermediates.noindex/ToastMaster.build/Debug-watchos/ToastMaster.build/DerivedSources-normal/armv7k -Xcc -I/Users/admin/builder/spi-builder-workspace/.derivedData/Build/Intermediates.noindex/ToastMaster.build/Debug-watchos/ToastMaster.build/DerivedSources/armv7k -Xcc -I/Users/admin/builder/spi-builder-workspace/.derivedData/Build/Intermediates.noindex/ToastMaster.build/Debug-watchos/ToastMaster.build/DerivedSources -Xcc -DSWIFT_PACKAGE -Xcc -DDEBUG\=1 -emit-objc-header -emit-objc-header-path /Users/admin/builder/spi-builder-workspace/.derivedData/Build/Intermediates.noindex/ToastMaster.build/Debug-watchos/ToastMaster.build/Objects-normal/armv7k/ToastMaster-Swift.h -working-directory /Users/admin/builder/spi-builder-workspace/.swiftpm/xcode -experimental-emit-module-separately -disable-cmo
SwiftDriver ToastMaster normal arm64_32 com.apple.xcode.tools.swift.compiler (in target 'ToastMaster' from project 'ToastMaster')
    cd /Users/admin/builder/spi-builder-workspace/.swiftpm/xcode
    builtin-SwiftDriver -- /Applications/Xcode-16.3.0.app/Contents/Developer/Toolchains/XcodeDefault.xctoolchain/usr/bin/swiftc -module-name ToastMaster -Onone -enforce-exclusivity\=checked @/Users/admin/builder/spi-builder-workspace/.derivedData/Build/Intermediates.noindex/ToastMaster.build/Debug-watchos/ToastMaster.build/Objects-normal/arm64_32/ToastMaster.SwiftFileList -DSWIFT_PACKAGE -DDEBUG -DXcode -plugin-path /Applications/Xcode-16.3.0.app/Contents/Developer/Toolchains/XcodeDefault.xctoolchain/usr/lib/swift/host/plugins/testing -enable-experimental-feature DebugDescriptionMacro -sdk /Applications/Xcode-16.3.0.app/Contents/Developer/Platforms/WatchOS.platform/Developer/SDKs/WatchOS11.4.sdk -target arm64_32-apple-watchos5.0 -g -module-cache-path /Users/admin/builder/spi-builder-workspace/.derivedData/ModuleCache.noindex -Xfrontend -serialize-debugging-options -profile-coverage-mapping -profile-generate -enable-testing -index-store-path /Users/admin/builder/spi-builder-workspace/.derivedData/Index.noindex/DataStore -swift-version 5 -I /Users/admin/builder/spi-builder-workspace/.derivedData/Build/Products/Debug-watchos -I /Applications/Xcode-16.3.0.app/Contents/Developer/Platforms/WatchOS.platform/Developer/usr/lib -F /Users/admin/builder/spi-builder-workspace/.derivedData/Build/Products/Debug-watchos -F /Applications/Xcode-16.3.0.app/Contents/Developer/Platforms/WatchOS.platform/Developer/Library/Frameworks -F /Applications/Xcode-16.3.0.app/Contents/Developer/Platforms/WatchOS.platform/Developer/SDKs/WatchOS11.4.sdk/Developer/Library/Frameworks -c -j10 -enable-batch-mode -incremental -Xcc -ivfsstatcache -Xcc /Users/admin/builder/spi-builder-workspace/.derivedData/SDKStatCaches.noindex/watchos11.4-22T246-43efb940ff07ba2497b70ec94253f576.sdkstatcache -output-file-map /Users/admin/builder/spi-builder-workspace/.derivedData/Build/Intermediates.noindex/ToastMaster.build/Debug-watchos/ToastMaster.build/Objects-normal/arm64_32/ToastMaster-OutputFileMap.json -use-frontend-parseable-output -save-temps -no-color-diagnostics -serialize-diagnostics -emit-dependencies -emit-module -emit-module-path /Users/admin/builder/spi-builder-workspace/.derivedData/Build/Intermediates.noindex/ToastMaster.build/Debug-watchos/ToastMaster.build/Objects-normal/arm64_32/ToastMaster.swiftmodule -validate-clang-modules-once -clang-build-session-file /Users/admin/builder/spi-builder-workspace/.derivedData/ModuleCache.noindex/Session.modulevalidation -Xcc -I/Users/admin/builder/spi-builder-workspace/.derivedData/Build/Intermediates.noindex/ToastMaster.build/Debug-watchos/ToastMaster.build/swift-overrides.hmap -emit-const-values -Xfrontend -const-gather-protocols-file -Xfrontend /Users/admin/builder/spi-builder-workspace/.derivedData/Build/Intermediates.noindex/ToastMaster.build/Debug-watchos/ToastMaster.build/Objects-normal/arm64_32/ToastMaster_const_extract_protocols.json -Xcc -I/Users/admin/builder/spi-builder-workspace/.derivedData/Build/Products/Debug-watchos/include -Xcc -I/Users/admin/builder/spi-builder-workspace/.derivedData/Build/Intermediates.noindex/ToastMaster.build/Debug-watchos/ToastMaster.build/DerivedSources-normal/arm64_32 -Xcc -I/Users/admin/builder/spi-builder-workspace/.derivedData/Build/Intermediates.noindex/ToastMaster.build/Debug-watchos/ToastMaster.build/DerivedSources/arm64_32 -Xcc -I/Users/admin/builder/spi-builder-workspace/.derivedData/Build/Intermediates.noindex/ToastMaster.build/Debug-watchos/ToastMaster.build/DerivedSources -Xcc -DSWIFT_PACKAGE -Xcc -DDEBUG\=1 -emit-objc-header -emit-objc-header-path /Users/admin/builder/spi-builder-workspace/.derivedData/Build/Intermediates.noindex/ToastMaster.build/Debug-watchos/ToastMaster.build/Objects-normal/arm64_32/ToastMaster-Swift.h -working-directory /Users/admin/builder/spi-builder-workspace/.swiftpm/xcode -experimental-emit-module-separately -disable-cmo
SwiftDriver ToastMaster normal arm64 com.apple.xcode.tools.swift.compiler (in target 'ToastMaster' from project 'ToastMaster')
    cd /Users/admin/builder/spi-builder-workspace/.swiftpm/xcode
    builtin-SwiftDriver -- /Applications/Xcode-16.3.0.app/Contents/Developer/Toolchains/XcodeDefault.xctoolchain/usr/bin/swiftc -module-name ToastMaster -Onone -enforce-exclusivity\=checked @/Users/admin/builder/spi-builder-workspace/.derivedData/Build/Intermediates.noindex/ToastMaster.build/Debug-watchos/ToastMaster.build/Objects-normal/arm64/ToastMaster.SwiftFileList -DSWIFT_PACKAGE -DDEBUG -DXcode -plugin-path /Applications/Xcode-16.3.0.app/Contents/Developer/Toolchains/XcodeDefault.xctoolchain/usr/lib/swift/host/plugins/testing -enable-experimental-feature DebugDescriptionMacro -sdk /Applications/Xcode-16.3.0.app/Contents/Developer/Platforms/WatchOS.platform/Developer/SDKs/WatchOS11.4.sdk -target arm64-apple-watchos5.0 -g -module-cache-path /Users/admin/builder/spi-builder-workspace/.derivedData/ModuleCache.noindex -Xfrontend -serialize-debugging-options -profile-coverage-mapping -profile-generate -enable-testing -index-store-path /Users/admin/builder/spi-builder-workspace/.derivedData/Index.noindex/DataStore -swift-version 5 -I /Users/admin/builder/spi-builder-workspace/.derivedData/Build/Products/Debug-watchos -I /Applications/Xcode-16.3.0.app/Contents/Developer/Platforms/WatchOS.platform/Developer/usr/lib -F /Users/admin/builder/spi-builder-workspace/.derivedData/Build/Products/Debug-watchos -F /Applications/Xcode-16.3.0.app/Contents/Developer/Platforms/WatchOS.platform/Developer/Library/Frameworks -F /Applications/Xcode-16.3.0.app/Contents/Developer/Platforms/WatchOS.platform/Developer/SDKs/WatchOS11.4.sdk/Developer/Library/Frameworks -c -j10 -enable-batch-mode -incremental -Xcc -ivfsstatcache -Xcc /Users/admin/builder/spi-builder-workspace/.derivedData/SDKStatCaches.noindex/watchos11.4-22T246-43efb940ff07ba2497b70ec94253f576.sdkstatcache -output-file-map /Users/admin/builder/spi-builder-workspace/.derivedData/Build/Intermediates.noindex/ToastMaster.build/Debug-watchos/ToastMaster.build/Objects-normal/arm64/ToastMaster-OutputFileMap.json -use-frontend-parseable-output -save-temps -no-color-diagnostics -serialize-diagnostics -emit-dependencies -emit-module -emit-module-path /Users/admin/builder/spi-builder-workspace/.derivedData/Build/Intermediates.noindex/ToastMaster.build/Debug-watchos/ToastMaster.build/Objects-normal/arm64/ToastMaster.swiftmodule -validate-clang-modules-once -clang-build-session-file /Users/admin/builder/spi-builder-workspace/.derivedData/ModuleCache.noindex/Session.modulevalidation -Xcc -I/Users/admin/builder/spi-builder-workspace/.derivedData/Build/Intermediates.noindex/ToastMaster.build/Debug-watchos/ToastMaster.build/swift-overrides.hmap -emit-const-values -Xfrontend -const-gather-protocols-file -Xfrontend /Users/admin/builder/spi-builder-workspace/.derivedData/Build/Intermediates.noindex/ToastMaster.build/Debug-watchos/ToastMaster.build/Objects-normal/arm64/ToastMaster_const_extract_protocols.json -Xcc -I/Users/admin/builder/spi-builder-workspace/.derivedData/Build/Products/Debug-watchos/include -Xcc -I/Users/admin/builder/spi-builder-workspace/.derivedData/Build/Intermediates.noindex/ToastMaster.build/Debug-watchos/ToastMaster.build/DerivedSources-normal/arm64 -Xcc -I/Users/admin/builder/spi-builder-workspace/.derivedData/Build/Intermediates.noindex/ToastMaster.build/Debug-watchos/ToastMaster.build/DerivedSources/arm64 -Xcc -I/Users/admin/builder/spi-builder-workspace/.derivedData/Build/Intermediates.noindex/ToastMaster.build/Debug-watchos/ToastMaster.build/DerivedSources -Xcc -DSWIFT_PACKAGE -Xcc -DDEBUG\=1 -emit-objc-header -emit-objc-header-path /Users/admin/builder/spi-builder-workspace/.derivedData/Build/Intermediates.noindex/ToastMaster.build/Debug-watchos/ToastMaster.build/Objects-normal/arm64/ToastMaster-Swift.h -working-directory /Users/admin/builder/spi-builder-workspace/.swiftpm/xcode -experimental-emit-module-separately -disable-cmo
SwiftEmitModule normal arm64_32 Emitting\ module\ for\ ToastMaster (in target 'ToastMaster' from project 'ToastMaster')
EmitSwiftModule normal arm64_32 (in target 'ToastMaster' from project 'ToastMaster')
    cd /Users/admin/builder/spi-builder-workspace/.swiftpm/xcode

/Users/admin/builder/spi-builder-workspace/Sources/ToastMaster/Data/Config/ContainerConfig.swift:17:27: error: cannot find type 'UIBlurEffect' in scope
    public var blurStyle: UIBlurEffect.Style?
                          ^~~~~~~~~~~~
/Users/admin/builder/spi-builder-workspace/Sources/ToastMaster/Data/Config/ContainerConfig.swift:24:20: error: cannot find type 'UIBlurEffect' in scope
        blurStyle: UIBlurEffect.Style? = nil
                   ^~~~~~~~~~~~
/Users/admin/builder/spi-builder-workspace/Sources/ToastMaster/Services/ToastElementsBuilder.swift:12:49: error: cannot find type 'UIImageView' in scope
    func createIconImageView(icon: UIImage?) -> UIImageView
                                                ^~~~~~~~~~~
/Users/admin/builder/spi-builder-workspace/Sources/ToastMaster/Services/ToastElementsBuilder.swift:13:81: error: cannot find type 'UITextView' in scope
    func createHeaderTextView(header: String?, delegate: UITextViewDelegate) -> UITextView
                                                                                ^~~~~~~~~~
/Users/admin/builder/spi-builder-workspace/Sources/ToastMaster/Services/ToastElementsBuilder.swift:13:58: error: cannot find type 'UITextViewDelegate' in scope
    func createHeaderTextView(header: String?, delegate: UITextViewDelegate) -> UITextView
                                                         ^~~~~~~~~~~~~~~~~~
/Users/admin/builder/spi-builder-workspace/Sources/ToastMaster/Services/ToastElementsBuilder.swift:14:83: error: cannot find type 'UITextView' in scope
    func createMessageTextView(message: String?, delegate: UITextViewDelegate) -> UITextView
                                                                                  ^~~~~~~~~~
/Users/admin/builder/spi-builder-workspace/Sources/ToastMaster/Services/ToastElementsBuilder.swift:14:60: error: cannot find type 'UITextViewDelegate' in scope
    func createMessageTextView(message: String?, delegate: UITextViewDelegate) -> UITextView
                                                           ^~~~~~~~~~~~~~~~~~
/Users/admin/builder/spi-builder-workspace/Sources/ToastMaster/Services/ToastElementsBuilder.swift:25:56: error: cannot find type 'UIImageView' in scope
    public func createIconImageView(icon: UIImage?) -> UIImageView {
                                                       ^~~~~~~~~~~
/Users/admin/builder/spi-builder-workspace/Sources/ToastMaster/Services/ToastElementsBuilder.swift:34:88: error: cannot find type 'UITextView' in scope
    public func createHeaderTextView(header: String?, delegate: UITextViewDelegate) -> UITextView {
                                                                                       ^~~~~~~~~~
/Users/admin/builder/spi-builder-workspace/Sources/ToastMaster/Services/ToastElementsBuilder.swift:34:65: error: cannot find type 'UITextViewDelegate' in scope
    public func createHeaderTextView(header: String?, delegate: UITextViewDelegate) -> UITextView {
                                                                ^~~~~~~~~~~~~~~~~~
/Users/admin/builder/spi-builder-workspace/Sources/ToastMaster/Services/ToastElementsBuilder.swift:58:90: error: cannot find type 'UITextView' in scope
    public func createMessageTextView(message: String?, delegate: UITextViewDelegate) -> UITextView {
                                                                                         ^~~~~~~~~~
/Users/admin/builder/spi-builder-workspace/Sources/ToastMaster/Services/ToastElementsBuilder.swift:58:67: error: cannot find type 'UITextViewDelegate' in scope
    public func createMessageTextView(message: String?, delegate: UITextViewDelegate) -> UITextView {
                                                                  ^~~~~~~~~~~~~~~~~~
/Users/admin/builder/spi-builder-workspace/Sources/ToastMaster/Services/ToastPresentationService.swift:20:33: error: cannot find type 'UIView' in scope
    private var toastContainer: UIView
                                ^~~~~~
/Applications/Xcode-16.3.0.app/Contents/Developer/Platforms/WatchOS.platform/Developer/SDKs/WatchOS11.4.sdk/System/Library/Frameworks/UIKit.framework/Headers/NSTextAttachment.h:23:1: note: interface 'UIView' forward declared here
@class UIView;
^
/Users/admin/builder/spi-builder-workspace/Sources/ToastMaster/Services/ToastPresentationService.swift:25:28: error: cannot find type 'UIView' in scope
    public init(container: UIView, config: ToastConfig) {
                           ^~~~~~
/Applications/Xcode-16.3.0.app/Contents/Developer/Platforms/WatchOS.platform/Developer/SDKs/WatchOS11.4.sdk/System/Library/Frameworks/UIKit.framework/Headers/NSTextAttachment.h:23:1: note: interface 'UIView' forward declared here
@class UIView;
^
/Users/admin/builder/spi-builder-workspace/Sources/ToastMaster/Views/ToastView.swift:15:106: error: cannot find type 'UIViewController' in scope
    func show(header: String?, message: String?, icon: UIImage?, actionButtonTitle: String?, controller: UIViewController, buttonTapped: (() -> Void)?, linkTapped: ((String) -> Void)?)
                                                                                                         ^~~~~~~~~~~~~~~~
/Users/admin/builder/spi-builder-workspace/Sources/ToastMaster/Views/ToastView.swift:45:43: error: cannot find type 'UIView' in scope
    private(set) lazy var toastContainer: UIView = {
                                          ^~~~~~
/Applications/Xcode-16.3.0.app/Contents/Developer/Platforms/WatchOS.platform/Developer/SDKs/WatchOS11.4.sdk/System/Library/Frameworks/UIKit.framework/Headers/NSTextAttachment.h:23:1: note: interface 'UIView' forward declared here
@class UIView;
^
/Users/admin/builder/spi-builder-workspace/Sources/ToastMaster/Views/ToastView.swift:53:45: error: cannot find type 'UIStackView' in scope
    private(set) lazy var contentStackView: UIStackView = {
                                            ^~~~~~~~~~~
/Users/admin/builder/spi-builder-workspace/Sources/ToastMaster/Views/ToastView.swift:63:42: error: cannot find type 'UIStackView' in scope
    private(set) lazy var textStackView: UIStackView = {
                                         ^~~~~~~~~~~
/Users/admin/builder/spi-builder-workspace/Sources/ToastMaster/Views/ToastView.swift:73:41: error: cannot find type 'UIButton' in scope
    private(set) lazy var actionButton: UIButton = {
                                        ^~~~~~~~
/Users/admin/builder/spi-builder-workspace/Sources/ToastMaster/Views/ToastView.swift:94:113: error: cannot find type 'UIViewController' in scope
    public func show(header: String?, message: String?, icon: UIImage?, actionButtonTitle: String?, controller: UIViewController, buttonTapped: (() -> Void)?, linkTapped: ((String) -> Void)?) {
                                                                                                                ^~~~~~~~~~~~~~~~
/Users/admin/builder/spi-builder-workspace/Sources/ToastMaster/Views/ToastView.swift:141:45: error: cannot find type 'UITextView' in scope
    func setupConstraints(_ headerTextView: UITextView, _ header: String?, _ messageTextView: UITextView, _ message: String?, _ iconImageView: UIImageView, _ icon: UIImage?, _ controller: UIViewController) {
                                            ^~~~~~~~~~
/Users/admin/builder/spi-builder-workspace/Sources/ToastMaster/Views/ToastView.swift:141:95: error: cannot find type 'UITextView' in scope
    func setupConstraints(_ headerTextView: UITextView, _ header: String?, _ messageTextView: UITextView, _ message: String?, _ iconImageView: UIImageView, _ icon: UIImage?, _ controller: UIViewController) {
                                                                                              ^~~~~~~~~~
/Users/admin/builder/spi-builder-workspace/Sources/ToastMaster/Views/ToastView.swift:141:144: error: cannot find type 'UIImageView' in scope
    func setupConstraints(_ headerTextView: UITextView, _ header: String?, _ messageTextView: UITextView, _ message: String?, _ iconImageView: UIImageView, _ icon: UIImage?, _ controller: UIViewController) {
                                                                                                                                               ^~~~~~~~~~~
/Users/admin/builder/spi-builder-workspace/Sources/ToastMaster/Views/ToastView.swift:141:189: error: cannot find type 'UIViewController' in scope
    func setupConstraints(_ headerTextView: UITextView, _ header: String?, _ messageTextView: UITextView, _ message: String?, _ iconImageView: UIImageView, _ icon: UIImage?, _ controller: UIViewController) {
                                                                                                                                                                                            ^~~~~~~~~~~~~~~~
/Users/admin/builder/spi-builder-workspace/Sources/ToastMaster/Views/ToastView.swift:234:31: error: cannot find type 'UISwipeGestureRecognizer' in scope
    func dismissView(gesture: UISwipeGestureRecognizer) {
                              ^~~~~~~~~~~~~~~~~~~~~~~~
/Users/admin/builder/spi-builder-workspace/Sources/ToastMaster/Views/ToastView.swift:239:39: error: cannot find type 'UIButton' in scope
    func actionButtonTapped(_ sender: UIButton) {
                                      ^~~~~~~~
/Users/admin/builder/spi-builder-workspace/Sources/ToastMaster/Views/ToastView.swift:246:22: error: cannot find type 'UITextViewDelegate' in scope
extension ToastView: UITextViewDelegate {
                     ^~~~~~~~~~~~~~~~~~
/Users/admin/builder/spi-builder-workspace/Sources/ToastMaster/Views/ToastView.swift:248:38: error: cannot find type 'UITextView' in scope
    public func textView(_ textView: UITextView, shouldInteractWith URL: URL, in characterRange: NSRange, interaction: UITextItemInteraction) -> Bool {
                                     ^~~~~~~~~~
/Users/admin/builder/spi-builder-workspace/Sources/ToastMaster/Views/ToastView.swift:248:120: error: cannot find type 'UITextItemInteraction' in scope
    public func textView(_ textView: UITextView, shouldInteractWith URL: URL, in characterRange: NSRange, interaction: UITextItemInteraction) -> Bool {
                                                                                                                       ^~~~~~~~~~~~~~~~~~~~~
/Users/admin/builder/spi-builder-workspace/Sources/ToastMaster/Views/ToastView.swift:256:22: error: cannot find type 'UIGestureRecognizerDelegate' in scope
extension ToastView: UIGestureRecognizerDelegate {
                     ^~~~~~~~~~~~~~~~~~~~~~~~~~~
/Users/admin/builder/spi-builder-workspace/Sources/ToastMaster/Views/ToastView.swift:258:56: error: cannot find type 'UIGestureRecognizer' in scope
    public func gestureRecognizer(_ gestureRecognizer: UIGestureRecognizer, shouldRecognizeSimultaneouslyWith otherGestureRecognizer: UIGestureRecognizer) -> Bool {
                                                       ^~~~~~~~~~~~~~~~~~~
/Users/admin/builder/spi-builder-workspace/Sources/ToastMaster/Views/ToastView.swift:258:135: error: cannot find type 'UIGestureRecognizer' in scope
    public func gestureRecognizer(_ gestureRecognizer: UIGestureRecognizer, shouldRecognizeSimultaneouslyWith otherGestureRecognizer: UIGestureRecognizer) -> Bool {
                                                                                                                                      ^~~~~~~~~~~~~~~~~~~
Failed frontend command:
/Applications/Xcode-16.3.0.app/Contents/Developer/Toolchains/XcodeDefault.xctoolchain/usr/bin/swift-frontend -frontend -emit-module -experimental-skip-non-inlinable-function-bodies-without-types /Users/admin/builder/spi-builder-workspace/Sources/ToastMaster/Data/Config/ContainerConfig.swift /Users/admin/builder/spi-builder-workspace/Sources/ToastMaster/Data/Config/DisplayConfig.swift /Users/admin/builder/spi-builder-workspace/Sources/ToastMaster/Data/Config/IconConfig.swift /Users/admin/builder/spi-builder-workspace/Sources/ToastMaster/Data/Config/TextConfig/TextContentStyleConfig.swift /Users/admin/builder/spi-builder-workspace/Sources/ToastMaster/Data/Config/TextConfig/TextElementConfig.swift /Users/admin/builder/spi-builder-workspace/Sources/ToastMaster/Data/Config/TextConfig/TextStyleConfig.swift /Users/admin/builder/spi-builder-workspace/Sources/ToastMaster/Data/Config/ToastConfig.swift /Users/admin/builder/spi-builder-workspace/Sources/ToastMaster/Data/Config/ToastLayout.swift /Users/admin/builder/spi-builder-workspace/Sources/ToastMaster/Data/Config/ToastPosition.swift /Users/admin/builder/spi-builder-workspace/Sources/ToastMaster/Extension/String+Ext.swift /Users/admin/builder/spi-builder-workspace/Sources/ToastMaster/Services/ToastElementsBuilder.swift /Users/admin/builder/spi-builder-workspace/Sources/ToastMaster/Services/ToastPresentationService.swift /Users/admin/builder/spi-builder-workspace/Sources/ToastMaster/Views/ToastView.swift -target arm64_32-apple-watchos5.0 -enable-objc-interop -sdk /Applications/Xcode-16.3.0.app/Contents/Developer/Platforms/WatchOS.platform/Developer/SDKs/WatchOS11.4.sdk -I /Users/admin/builder/spi-builder-workspace/.derivedData/Build/Products/Debug-watchos -I /Applications/Xcode-16.3.0.app/Contents/Developer/Platforms/WatchOS.platform/Developer/usr/lib -F /Users/admin/builder/spi-builder-workspace/.derivedData/Build/Products/Debug-watchos -F /Applications/Xcode-16.3.0.app/Contents/Developer/Platforms/WatchOS.platform/Developer/Library/Frameworks -F /Applications/Xcode-16.3.0.app/Contents/Developer/Platforms/WatchOS.platform/Developer/SDKs/WatchOS11.4.sdk/Developer/Library/Frameworks -no-color-diagnostics -enable-testing -g -debug-info-format\=dwarf -dwarf-version\=4 -module-cache-path /Users/admin/builder/spi-builder-workspace/.derivedData/ModuleCache.noindex -profile-generate -profile-coverage-mapping -swift-version 5 -enforce-exclusivity\=checked -Onone -D SWIFT_PACKAGE -D DEBUG -D Xcode -serialize-debugging-options -const-gather-protocols-file /Users/admin/builder/spi-builder-workspace/.derivedData/Build/Intermediates.noindex/ToastMaster.build/Debug-watchos/ToastMaster.build/Objects-normal/arm64_32/ToastMaster_const_extract_protocols.json -enable-experimental-feature DebugDescriptionMacro -empty-abi-descriptor -plugin-path /Applications/Xcode-16.3.0.app/Contents/Developer/Toolchains/XcodeDefault.xctoolchain/usr/lib/swift/host/plugins/testing -validate-clang-modules-once -clang-build-session-file /Users/admin/builder/spi-builder-workspace/.derivedData/ModuleCache.noindex/Session.modulevalidation -Xcc -working-directory -Xcc /Users/admin/builder/spi-builder-workspace/.swiftpm/xcode -resource-dir /Applications/Xcode-16.3.0.app/Contents/Developer/Toolchains/XcodeDefault.xctoolchain/usr/lib/swift -enable-anonymous-context-mangled-names -file-compilation-dir /Users/admin/builder/spi-builder-workspace/.swiftpm/xcode -Xcc -ivfsstatcache -Xcc /Users/admin/builder/spi-builder-workspace/.derivedData/SDKStatCaches.noindex/watchos11.4-22T246-43efb940ff07ba2497b70ec94253f576.sdkstatcache -Xcc -I/Users/admin/builder/spi-builder-workspace/.derivedData/Build/Intermediates.noindex/ToastMaster.build/Debug-watchos/ToastMaster.build/swift-overrides.hmap -Xcc -I/Users/admin/builder/spi-builder-workspace/.derivedData/Build/Products/Debug-watchos/include -Xcc -I/Users/admin/builder/spi-builder-workspace/.derivedData/Build/Intermediates.noindex/ToastMaster.build/Debug-watchos/ToastMaster.build/DerivedSources-normal/arm64_32 -Xcc -I/Users/admin/builder/spi-builder-workspace/.derivedData/Build/Intermediates.noindex/ToastMaster.build/Debug-watchos/ToastMaster.build/DerivedSources/arm64_32 -Xcc -I/Users/admin/builder/spi-builder-workspace/.derivedData/Build/Intermediates.noindex/ToastMaster.build/Debug-watchos/ToastMaster.build/DerivedSources -Xcc -DSWIFT_PACKAGE -Xcc -DDEBUG\=1 -module-name ToastMaster -frontend-parseable-output -disable-clang-spi -target-sdk-version 11.4 -target-sdk-name watchos11.4 -external-plugin-path /Applications/Xcode-16.3.0.app/Contents/Developer/Platforms/WatchOS.platform/Developer/usr/lib/swift/host/plugins\#/Applications/Xcode-16.3.0.app/Contents/Developer/Platforms/WatchOS.platform/Developer/usr/bin/swift-plugin-server -external-plugin-path /Applications/Xcode-16.3.0.app/Contents/Developer/Platforms/WatchOS.platform/Developer/usr/local/lib/swift/host/plugins\#/Applications/Xcode-16.3.0.app/Contents/Developer/Platforms/WatchOS.platform/Developer/usr/bin/swift-plugin-server -in-process-plugin-server-path /Applications/Xcode-16.3.0.app/Contents/Developer/Toolchains/XcodeDefault.xctoolchain/usr/lib/swift/host/libSwiftInProcPluginServer.dylib -plugin-path /Applications/Xcode-16.3.0.app/Contents/Developer/Toolchains/XcodeDefault.xctoolchain/usr/lib/swift/host/plugins -plugin-path /Applications/Xcode-16.3.0.app/Contents/Developer/Toolchains/XcodeDefault.xctoolchain/usr/local/lib/swift/host/plugins -emit-module-doc-path /Users/admin/builder/spi-builder-workspace/.derivedData/Build/Intermediates.noindex/ToastMaster.build/Debug-watchos/ToastMaster.build/Objects-normal/arm64_32/ToastMaster.swiftdoc -emit-module-source-info-path /Users/admin/builder/spi-builder-workspace/.derivedData/Build/Intermediates.noindex/ToastMaster.build/Debug-watchos/ToastMaster.build/Objects-normal/arm64_32/ToastMaster.swiftsourceinfo -emit-objc-header-path /Users/admin/builder/spi-builder-workspace/.derivedData/Build/Intermediates.noindex/ToastMaster.build/Debug-watchos/ToastMaster.build/Objects-normal/arm64_32/ToastMaster-Swift.h -serialize-diagnostics-path /Users/admin/builder/spi-builder-workspace/.derivedData/Build/Intermediates.noindex/ToastMaster.build/Debug-watchos/ToastMaster.build/Objects-normal/arm64_32/ToastMaster-master-emit-module.dia -emit-dependencies-path /Users/admin/builder/spi-builder-workspace/.derivedData/Build/Intermediates.noindex/ToastMaster.build/Debug-watchos/ToastMaster.build/Objects-normal/arm64_32/ToastMaster-master-emit-module.d -o /Users/admin/builder/spi-builder-workspace/.derivedData/Build/Intermediates.noindex/ToastMaster.build/Debug-watchos/ToastMaster.build/Objects-normal/arm64_32/ToastMaster.swiftmodule -emit-abi-descriptor-path /Users/admin/builder/spi-builder-workspace/.derivedData/Build/Intermediates.noindex/ToastMaster.build/Debug-watchos/ToastMaster.build/Objects-normal/arm64_32/ToastMaster.abi.json
SwiftCompile normal arm64_32 Compiling\ IconConfig.swift,\ TextContentStyleConfig.swift /Users/admin/builder/spi-builder-workspace/Sources/ToastMaster/Data/Config/IconConfig.swift /Users/admin/builder/spi-builder-workspace/Sources/ToastMaster/Data/Config/TextConfig/TextContentStyleConfig.swift (in target 'ToastMaster' from project 'ToastMaster')
SwiftCompile normal arm64_32 /Users/admin/builder/spi-builder-workspace/Sources/ToastMaster/Data/Config/IconConfig.swift (in target 'ToastMaster' from project 'ToastMaster')
    cd /Users/admin/builder/spi-builder-workspace/.swiftpm/xcode

SwiftCompile normal arm64_32 /Users/admin/builder/spi-builder-workspace/Sources/ToastMaster/Data/Config/TextConfig/TextContentStyleConfig.swift (in target 'ToastMaster' from project 'ToastMaster')
    cd /Users/admin/builder/spi-builder-workspace/.swiftpm/xcode

SwiftCompile normal arm64_32 Compiling\ ContainerConfig.swift,\ DisplayConfig.swift /Users/admin/builder/spi-builder-workspace/Sources/ToastMaster/Data/Config/ContainerConfig.swift /Users/admin/builder/spi-builder-workspace/Sources/ToastMaster/Data/Config/DisplayConfig.swift (in target 'ToastMaster' from project 'ToastMaster')
SwiftCompile normal arm64_32 /Users/admin/builder/spi-builder-workspace/Sources/ToastMaster/Data/Config/ContainerConfig.swift (in target 'ToastMaster' from project 'ToastMaster')
    cd /Users/admin/builder/spi-builder-workspace/.swiftpm/xcode

SwiftCompile normal arm64_32 /Users/admin/builder/spi-builder-workspace/Sources/ToastMaster/Data/Config/DisplayConfig.swift (in target 'ToastMaster' from project 'ToastMaster')
    cd /Users/admin/builder/spi-builder-workspace/.swiftpm/xcode

SwiftCompile normal arm64_32 Compiling\ ToastLayout.swift /Users/admin/builder/spi-builder-workspace/Sources/ToastMaster/Data/Config/ToastLayout.swift (in target 'ToastMaster' from project 'ToastMaster')
SwiftCompile normal arm64_32 /Users/admin/builder/spi-builder-workspace/Sources/ToastMaster/Data/Config/ToastLayout.swift (in target 'ToastMaster' from project 'ToastMaster')
    cd /Users/admin/builder/spi-builder-workspace/.swiftpm/xcode

SwiftCompile normal arm64_32 Compiling\ TextElementConfig.swift,\ TextStyleConfig.swift /Users/admin/builder/spi-builder-workspace/Sources/ToastMaster/Data/Config/TextConfig/TextElementConfig.swift /Users/admin/builder/spi-builder-workspace/Sources/ToastMaster/Data/Config/TextConfig/TextStyleConfig.swift (in target 'ToastMaster' from project 'ToastMaster')
SwiftCompile normal arm64_32 /Users/admin/builder/spi-builder-workspace/Sources/ToastMaster/Data/Config/TextConfig/TextElementConfig.swift (in target 'ToastMaster' from project 'ToastMaster')
    cd /Users/admin/builder/spi-builder-workspace/.swiftpm/xcode

SwiftCompile normal arm64_32 /Users/admin/builder/spi-builder-workspace/Sources/ToastMaster/Data/Config/TextConfig/TextStyleConfig.swift (in target 'ToastMaster' from project 'ToastMaster')
    cd /Users/admin/builder/spi-builder-workspace/.swiftpm/xcode

SwiftCompile normal arm64_32 Compiling\ ToastConfig.swift /Users/admin/builder/spi-builder-workspace/Sources/ToastMaster/Data/Config/ToastConfig.swift (in target 'ToastMaster' from project 'ToastMaster')
SwiftCompile normal arm64_32 /Users/admin/builder/spi-builder-workspace/Sources/ToastMaster/Data/Config/ToastConfig.swift (in target 'ToastMaster' from project 'ToastMaster')
    cd /Users/admin/builder/spi-builder-workspace/.swiftpm/xcode

SwiftCompile normal arm64_32 Compiling\ ToastPresentationService.swift /Users/admin/builder/spi-builder-workspace/Sources/ToastMaster/Services/ToastPresentationService.swift (in target 'ToastMaster' from project 'ToastMaster')
SwiftCompile normal arm64_32 /Users/admin/builder/spi-builder-workspace/Sources/ToastMaster/Services/ToastPresentationService.swift (in target 'ToastMaster' from project 'ToastMaster')
    cd /Users/admin/builder/spi-builder-workspace/.swiftpm/xcode

SwiftEmitModule normal arm64 Emitting\ module\ for\ ToastMaster (in target 'ToastMaster' from project 'ToastMaster')
Failed frontend command:
/Applications/Xcode-16.3.0.app/Contents/Developer/Toolchains/XcodeDefault.xctoolchain/usr/bin/swift-frontend -frontend -emit-module -experimental-skip-non-inlinable-function-bodies-without-types /Users/admin/builder/spi-builder-workspace/Sources/ToastMaster/Data/Config/ContainerConfig.swift /Users/admin/builder/spi-builder-workspace/Sources/ToastMaster/Data/Config/DisplayConfig.swift /Users/admin/builder/spi-builder-workspace/Sources/ToastMaster/Data/Config/IconConfig.swift /Users/admin/builder/spi-builder-workspace/Sources/ToastMaster/Data/Config/TextConfig/TextContentStyleConfig.swift /Users/admin/builder/spi-builder-workspace/Sources/ToastMaster/Data/Config/TextConfig/TextElementConfig.swift /Users/admin/builder/spi-builder-workspace/Sources/ToastMaster/Data/Config/TextConfig/TextStyleConfig.swift /Users/admin/builder/spi-builder-workspace/Sources/ToastMaster/Data/Config/ToastConfig.swift /Users/admin/builder/spi-builder-workspace/Sources/ToastMaster/Data/Config/ToastLayout.swift /Users/admin/builder/spi-builder-workspace/Sources/ToastMaster/Data/Config/ToastPosition.swift /Users/admin/builder/spi-builder-workspace/Sources/ToastMaster/Extension/String+Ext.swift /Users/admin/builder/spi-builder-workspace/Sources/ToastMaster/Services/ToastElementsBuilder.swift /Users/admin/builder/spi-builder-workspace/Sources/ToastMaster/Services/ToastPresentationService.swift /Users/admin/builder/spi-builder-workspace/Sources/ToastMaster/Views/ToastView.swift -target arm64-apple-watchos5.0 -Xllvm -aarch64-use-tbi -enable-objc-interop -sdk /Applications/Xcode-16.3.0.app/Contents/Developer/Platforms/WatchOS.platform/Developer/SDKs/WatchOS11.4.sdk -I /Users/admin/builder/spi-builder-workspace/.derivedData/Build/Products/Debug-watchos -I /Applications/Xcode-16.3.0.app/Contents/Developer/Platforms/WatchOS.platform/Developer/usr/lib -F /Users/admin/builder/spi-builder-workspace/.derivedData/Build/Products/Debug-watchos -F /Applications/Xcode-16.3.0.app/Contents/Developer/Platforms/WatchOS.platform/Developer/Library/Frameworks -F /Applications/Xcode-16.3.0.app/Contents/Developer/Platforms/WatchOS.platform/Developer/SDKs/WatchOS11.4.sdk/Developer/Library/Frameworks -no-color-diagnostics -enable-testing -g -debug-info-format\=dwarf -dwarf-version\=4 -module-cache-path /Users/admin/builder/spi-builder-workspace/.derivedData/ModuleCache.noindex -profile-generate -profile-coverage-mapping -swift-version 5 -enforce-exclusivity\=checked -Onone -D SWIFT_PACKAGE -D DEBUG -D Xcode -serialize-debugging-options -const-gather-protocols-file /Users/admin/builder/spi-builder-workspace/.derivedData/Build/Intermediates.noindex/ToastMaster.build/Debug-watchos/ToastMaster.build/Objects-normal/arm64/ToastMaster_const_extract_protocols.json -enable-experimental-feature DebugDescriptionMacro -empty-abi-descriptor -plugin-path /Applications/Xcode-16.3.0.app/Contents/Developer/Toolchains/XcodeDefault.xctoolchain/usr/lib/swift/host/plugins/testing -validate-clang-modules-once -clang-build-session-file /Users/admin/builder/spi-builder-workspace/.derivedData/ModuleCache.noindex/Session.modulevalidation -Xcc -working-directory -Xcc /Users/admin/builder/spi-builder-workspace/.swiftpm/xcode -resource-dir /Applications/Xcode-16.3.0.app/Contents/Developer/Toolchains/XcodeDefault.xctoolchain/usr/lib/swift -enable-anonymous-context-mangled-names -file-compilation-dir /Users/admin/builder/spi-builder-workspace/.swiftpm/xcode -Xcc -ivfsstatcache -Xcc /Users/admin/builder/spi-builder-workspace/.derivedData/SDKStatCaches.noindex/watchos11.4-22T246-43efb940ff07ba2497b70ec94253f576.sdkstatcache -Xcc -I/Users/admin/builder/spi-builder-workspace/.derivedData/Build/Intermediates.noindex/ToastMaster.build/Debug-watchos/ToastMaster.build/swift-overrides.hmap -Xcc -I/Users/admin/builder/spi-builder-workspace/.derivedData/Build/Products/Debug-watchos/include -Xcc -I/Users/admin/builder/spi-builder-workspace/.derivedData/Build/Intermediates.noindex/ToastMaster.build/Debug-watchos/ToastMaster.build/DerivedSources-normal/arm64 -Xcc -I/Users/admin/builder/spi-builder-workspace/.derivedData/Build/Intermediates.noindex/ToastMaster.build/Debug-watchos/ToastMaster.build/DerivedSources/arm64 -Xcc -I/Users/admin/builder/spi-builder-workspace/.derivedData/Build/Intermediates.noindex/ToastMaster.build/Debug-watchos/ToastMaster.build/DerivedSources -Xcc -DSWIFT_PACKAGE -Xcc -DDEBUG\=1 -module-name ToastMaster -frontend-parseable-output -disable-clang-spi -target-sdk-version 11.4 -target-sdk-name watchos11.4 -external-plugin-path /Applications/Xcode-16.3.0.app/Contents/Developer/Platforms/WatchOS.platform/Developer/usr/lib/swift/host/plugins\#/Applications/Xcode-16.3.0.app/Contents/Developer/Platforms/WatchOS.platform/Developer/usr/bin/swift-plugin-server -external-plugin-path /Applications/Xcode-16.3.0.app/Contents/Developer/Platforms/WatchOS.platform/Developer/usr/local/lib/swift/host/plugins\#/Applications/Xcode-16.3.0.app/Contents/Developer/Platforms/WatchOS.platform/Developer/usr/bin/swift-plugin-server -in-process-plugin-server-path /Applications/Xcode-16.3.0.app/Contents/Developer/Toolchains/XcodeDefault.xctoolchain/usr/lib/swift/host/libSwiftInProcPluginServer.dylib -plugin-path /Applications/Xcode-16.3.0.app/Contents/Developer/Toolchains/XcodeDefault.xctoolchain/usr/lib/swift/host/plugins -plugin-path /Applications/Xcode-16.3.0.app/Contents/Developer/Toolchains/XcodeDefault.xctoolchain/usr/local/lib/swift/host/plugins -emit-module-doc-path /Users/admin/builder/spi-builder-workspace/.derivedData/Build/Intermediates.noindex/ToastMaster.build/Debug-watchos/ToastMaster.build/Objects-normal/arm64/ToastMaster.swiftdoc -emit-module-source-info-path /Users/admin/builder/spi-builder-workspace/.derivedData/Build/Intermediates.noindex/ToastMaster.build/Debug-watchos/ToastMaster.build/Objects-normal/arm64/ToastMaster.swiftsourceinfo -emit-objc-header-path /Users/admin/builder/spi-builder-workspace/.derivedData/Build/Intermediates.noindex/ToastMaster.build/Debug-watchos/ToastMaster.build/Objects-normal/arm64/ToastMaster-Swift.h -serialize-diagnostics-path /Users/admin/builder/spi-builder-workspace/.derivedData/Build/Intermediates.noindex/ToastMaster.build/Debug-watchos/ToastMaster.build/Objects-normal/arm64/ToastMaster-master-emit-module.dia -emit-dependencies-path /Users/admin/builder/spi-builder-workspace/.derivedData/Build/Intermediates.noindex/ToastMaster.build/Debug-watchos/ToastMaster.build/Objects-normal/arm64/ToastMaster-master-emit-module.d -o /Users/admin/builder/spi-builder-workspace/.derivedData/Build/Intermediates.noindex/ToastMaster.build/Debug-watchos/ToastMaster.build/Objects-normal/arm64/ToastMaster.swiftmodule -emit-abi-descriptor-path /Users/admin/builder/spi-builder-workspace/.derivedData/Build/Intermediates.noindex/ToastMaster.build/Debug-watchos/ToastMaster.build/Objects-normal/arm64/ToastMaster.abi.json
EmitSwiftModule normal arm64 (in target 'ToastMaster' from project 'ToastMaster')
    cd /Users/admin/builder/spi-builder-workspace/.swiftpm/xcode

/Users/admin/builder/spi-builder-workspace/Sources/ToastMaster/Data/Config/ContainerConfig.swift:17:27: error: cannot find type 'UIBlurEffect' in scope
    public var blurStyle: UIBlurEffect.Style?
                          ^~~~~~~~~~~~
/Users/admin/builder/spi-builder-workspace/Sources/ToastMaster/Data/Config/ContainerConfig.swift:24:20: error: cannot find type 'UIBlurEffect' in scope
        blurStyle: UIBlurEffect.Style? = nil
                   ^~~~~~~~~~~~
/Users/admin/builder/spi-builder-workspace/Sources/ToastMaster/Services/ToastElementsBuilder.swift:12:49: error: cannot find type 'UIImageView' in scope
    func createIconImageView(icon: UIImage?) -> UIImageView
                                                ^~~~~~~~~~~
/Users/admin/builder/spi-builder-workspace/Sources/ToastMaster/Services/ToastElementsBuilder.swift:13:81: error: cannot find type 'UITextView' in scope
    func createHeaderTextView(header: String?, delegate: UITextViewDelegate) -> UITextView
                                                                                ^~~~~~~~~~
/Users/admin/builder/spi-builder-workspace/Sources/ToastMaster/Services/ToastElementsBuilder.swift:13:58: error: cannot find type 'UITextViewDelegate' in scope
    func createHeaderTextView(header: String?, delegate: UITextViewDelegate) -> UITextView
                                                         ^~~~~~~~~~~~~~~~~~
/Users/admin/builder/spi-builder-workspace/Sources/ToastMaster/Services/ToastElementsBuilder.swift:14:83: error: cannot find type 'UITextView' in scope
    func createMessageTextView(message: String?, delegate: UITextViewDelegate) -> UITextView
                                                                                  ^~~~~~~~~~
/Users/admin/builder/spi-builder-workspace/Sources/ToastMaster/Services/ToastElementsBuilder.swift:14:60: error: cannot find type 'UITextViewDelegate' in scope
    func createMessageTextView(message: String?, delegate: UITextViewDelegate) -> UITextView
                                                           ^~~~~~~~~~~~~~~~~~
/Users/admin/builder/spi-builder-workspace/Sources/ToastMaster/Services/ToastElementsBuilder.swift:25:56: error: cannot find type 'UIImageView' in scope
    public func createIconImageView(icon: UIImage?) -> UIImageView {
                                                       ^~~~~~~~~~~
/Users/admin/builder/spi-builder-workspace/Sources/ToastMaster/Services/ToastElementsBuilder.swift:34:88: error: cannot find type 'UITextView' in scope
    public func createHeaderTextView(header: String?, delegate: UITextViewDelegate) -> UITextView {
                                                                                       ^~~~~~~~~~
/Users/admin/builder/spi-builder-workspace/Sources/ToastMaster/Services/ToastElementsBuilder.swift:34:65: error: cannot find type 'UITextViewDelegate' in scope
    public func createHeaderTextView(header: String?, delegate: UITextViewDelegate) -> UITextView {
                                                                ^~~~~~~~~~~~~~~~~~
/Users/admin/builder/spi-builder-workspace/Sources/ToastMaster/Services/ToastElementsBuilder.swift:58:90: error: cannot find type 'UITextView' in scope
    public func createMessageTextView(message: String?, delegate: UITextViewDelegate) -> UITextView {
                                                                                         ^~~~~~~~~~
/Users/admin/builder/spi-builder-workspace/Sources/ToastMaster/Services/ToastElementsBuilder.swift:58:67: error: cannot find type 'UITextViewDelegate' in scope
    public func createMessageTextView(message: String?, delegate: UITextViewDelegate) -> UITextView {
                                                                  ^~~~~~~~~~~~~~~~~~
/Users/admin/builder/spi-builder-workspace/Sources/ToastMaster/Services/ToastPresentationService.swift:20:33: error: cannot find type 'UIView' in scope
    private var toastContainer: UIView
                                ^~~~~~
/Applications/Xcode-16.3.0.app/Contents/Developer/Platforms/WatchOS.platform/Developer/SDKs/WatchOS11.4.sdk/System/Library/Frameworks/UIKit.framework/Headers/NSTextAttachment.h:23:1: note: interface 'UIView' forward declared here
@class UIView;
^
/Users/admin/builder/spi-builder-workspace/Sources/ToastMaster/Services/ToastPresentationService.swift:25:28: error: cannot find type 'UIView' in scope
    public init(container: UIView, config: ToastConfig) {
                           ^~~~~~
/Applications/Xcode-16.3.0.app/Contents/Developer/Platforms/WatchOS.platform/Developer/SDKs/WatchOS11.4.sdk/System/Library/Frameworks/UIKit.framework/Headers/NSTextAttachment.h:23:1: note: interface 'UIView' forward declared here
@class UIView;
^
/Users/admin/builder/spi-builder-workspace/Sources/ToastMaster/Views/ToastView.swift:15:106: error: cannot find type 'UIViewController' in scope
    func show(header: String?, message: String?, icon: UIImage?, actionButtonTitle: String?, controller: UIViewController, buttonTapped: (() -> Void)?, linkTapped: ((String) -> Void)?)
                                                                                                         ^~~~~~~~~~~~~~~~
/Users/admin/builder/spi-builder-workspace/Sources/ToastMaster/Views/ToastView.swift:45:43: error: cannot find type 'UIView' in scope
    private(set) lazy var toastContainer: UIView = {
                                          ^~~~~~
/Applications/Xcode-16.3.0.app/Contents/Developer/Platforms/WatchOS.platform/Developer/SDKs/WatchOS11.4.sdk/System/Library/Frameworks/UIKit.framework/Headers/NSTextAttachment.h:23:1: note: interface 'UIView' forward declared here
@class UIView;
^
/Users/admin/builder/spi-builder-workspace/Sources/ToastMaster/Views/ToastView.swift:53:45: error: cannot find type 'UIStackView' in scope
    private(set) lazy var contentStackView: UIStackView = {
                                            ^~~~~~~~~~~
/Users/admin/builder/spi-builder-workspace/Sources/ToastMaster/Views/ToastView.swift:63:42: error: cannot find type 'UIStackView' in scope
    private(set) lazy var textStackView: UIStackView = {
                                         ^~~~~~~~~~~
/Users/admin/builder/spi-builder-workspace/Sources/ToastMaster/Views/ToastView.swift:73:41: error: cannot find type 'UIButton' in scope
    private(set) lazy var actionButton: UIButton = {
                                        ^~~~~~~~
/Users/admin/builder/spi-builder-workspace/Sources/ToastMaster/Views/ToastView.swift:94:113: error: cannot find type 'UIViewController' in scope
    public func show(header: String?, message: String?, icon: UIImage?, actionButtonTitle: String?, controller: UIViewController, buttonTapped: (() -> Void)?, linkTapped: ((String) -> Void)?) {
                                                                                                                ^~~~~~~~~~~~~~~~
/Users/admin/builder/spi-builder-workspace/Sources/ToastMaster/Views/ToastView.swift:141:45: error: cannot find type 'UITextView' in scope
    func setupConstraints(_ headerTextView: UITextView, _ header: String?, _ messageTextView: UITextView, _ message: String?, _ iconImageView: UIImageView, _ icon: UIImage?, _ controller: UIViewController) {
                                            ^~~~~~~~~~
/Users/admin/builder/spi-builder-workspace/Sources/ToastMaster/Views/ToastView.swift:141:95: error: cannot find type 'UITextView' in scope
    func setupConstraints(_ headerTextView: UITextView, _ header: String?, _ messageTextView: UITextView, _ message: String?, _ iconImageView: UIImageView, _ icon: UIImage?, _ controller: UIViewController) {
                                                                                              ^~~~~~~~~~
/Users/admin/builder/spi-builder-workspace/Sources/ToastMaster/Views/ToastView.swift:141:144: error: cannot find type 'UIImageView' in scope
    func setupConstraints(_ headerTextView: UITextView, _ header: String?, _ messageTextView: UITextView, _ message: String?, _ iconImageView: UIImageView, _ icon: UIImage?, _ controller: UIViewController) {
                                                                                                                                               ^~~~~~~~~~~
/Users/admin/builder/spi-builder-workspace/Sources/ToastMaster/Views/ToastView.swift:141:189: error: cannot find type 'UIViewController' in scope
    func setupConstraints(_ headerTextView: UITextView, _ header: String?, _ messageTextView: UITextView, _ message: String?, _ iconImageView: UIImageView, _ icon: UIImage?, _ controller: UIViewController) {
                                                                                                                                                                                            ^~~~~~~~~~~~~~~~
/Users/admin/builder/spi-builder-workspace/Sources/ToastMaster/Views/ToastView.swift:234:31: error: cannot find type 'UISwipeGestureRecognizer' in scope
    func dismissView(gesture: UISwipeGestureRecognizer) {
                              ^~~~~~~~~~~~~~~~~~~~~~~~
/Users/admin/builder/spi-builder-workspace/Sources/ToastMaster/Views/ToastView.swift:239:39: error: cannot find type 'UIButton' in scope
    func actionButtonTapped(_ sender: UIButton) {
                                      ^~~~~~~~
/Users/admin/builder/spi-builder-workspace/Sources/ToastMaster/Views/ToastView.swift:246:22: error: cannot find type 'UITextViewDelegate' in scope
extension ToastView: UITextViewDelegate {
                     ^~~~~~~~~~~~~~~~~~
/Users/admin/builder/spi-builder-workspace/Sources/ToastMaster/Views/ToastView.swift:248:38: error: cannot find type 'UITextView' in scope
    public func textView(_ textView: UITextView, shouldInteractWith URL: URL, in characterRange: NSRange, interaction: UITextItemInteraction) -> Bool {
                                     ^~~~~~~~~~
/Users/admin/builder/spi-builder-workspace/Sources/ToastMaster/Views/ToastView.swift:248:120: error: cannot find type 'UITextItemInteraction' in scope
    public func textView(_ textView: UITextView, shouldInteractWith URL: URL, in characterRange: NSRange, interaction: UITextItemInteraction) -> Bool {
                                                                                                                       ^~~~~~~~~~~~~~~~~~~~~
/Users/admin/builder/spi-builder-workspace/Sources/ToastMaster/Views/ToastView.swift:256:22: error: cannot find type 'UIGestureRecognizerDelegate' in scope
extension ToastView: UIGestureRecognizerDelegate {
                     ^~~~~~~~~~~~~~~~~~~~~~~~~~~
/Users/admin/builder/spi-builder-workspace/Sources/ToastMaster/Views/ToastView.swift:258:56: error: cannot find type 'UIGestureRecognizer' in scope
    public func gestureRecognizer(_ gestureRecognizer: UIGestureRecognizer, shouldRecognizeSimultaneouslyWith otherGestureRecognizer: UIGestureRecognizer) -> Bool {
                                                       ^~~~~~~~~~~~~~~~~~~
/Users/admin/builder/spi-builder-workspace/Sources/ToastMaster/Views/ToastView.swift:258:135: error: cannot find type 'UIGestureRecognizer' in scope
    public func gestureRecognizer(_ gestureRecognizer: UIGestureRecognizer, shouldRecognizeSimultaneouslyWith otherGestureRecognizer: UIGestureRecognizer) -> Bool {
                                                                                                                                      ^~~~~~~~~~~~~~~~~~~
SwiftCompile normal arm64_32 Compiling\ String+Ext.swift /Users/admin/builder/spi-builder-workspace/Sources/ToastMaster/Extension/String+Ext.swift (in target 'ToastMaster' from project 'ToastMaster')
SwiftCompile normal arm64_32 /Users/admin/builder/spi-builder-workspace/Sources/ToastMaster/Extension/String+Ext.swift (in target 'ToastMaster' from project 'ToastMaster')
    cd /Users/admin/builder/spi-builder-workspace/.swiftpm/xcode

SwiftEmitModule normal armv7k Emitting\ module\ for\ ToastMaster (in target 'ToastMaster' from project 'ToastMaster')
Failed frontend command:
/Applications/Xcode-16.3.0.app/Contents/Developer/Toolchains/XcodeDefault.xctoolchain/usr/bin/swift-frontend -frontend -emit-module -experimental-skip-non-inlinable-function-bodies-without-types /Users/admin/builder/spi-builder-workspace/Sources/ToastMaster/Data/Config/ContainerConfig.swift /Users/admin/builder/spi-builder-workspace/Sources/ToastMaster/Data/Config/DisplayConfig.swift /Users/admin/builder/spi-builder-workspace/Sources/ToastMaster/Data/Config/IconConfig.swift /Users/admin/builder/spi-builder-workspace/Sources/ToastMaster/Data/Config/TextConfig/TextContentStyleConfig.swift /Users/admin/builder/spi-builder-workspace/Sources/ToastMaster/Data/Config/TextConfig/TextElementConfig.swift /Users/admin/builder/spi-builder-workspace/Sources/ToastMaster/Data/Config/TextConfig/TextStyleConfig.swift /Users/admin/builder/spi-builder-workspace/Sources/ToastMaster/Data/Config/ToastConfig.swift /Users/admin/builder/spi-builder-workspace/Sources/ToastMaster/Data/Config/ToastLayout.swift /Users/admin/builder/spi-builder-workspace/Sources/ToastMaster/Data/Config/ToastPosition.swift /Users/admin/builder/spi-builder-workspace/Sources/ToastMaster/Extension/String+Ext.swift /Users/admin/builder/spi-builder-workspace/Sources/ToastMaster/Services/ToastElementsBuilder.swift /Users/admin/builder/spi-builder-workspace/Sources/ToastMaster/Services/ToastPresentationService.swift /Users/admin/builder/spi-builder-workspace/Sources/ToastMaster/Views/ToastView.swift -target armv7k-apple-watchos5.0 -enable-objc-interop -sdk /Applications/Xcode-16.3.0.app/Contents/Developer/Platforms/WatchOS.platform/Developer/SDKs/WatchOS11.4.sdk -I /Users/admin/builder/spi-builder-workspace/.derivedData/Build/Products/Debug-watchos -I /Applications/Xcode-16.3.0.app/Contents/Developer/Platforms/WatchOS.platform/Developer/usr/lib -F /Users/admin/builder/spi-builder-workspace/.derivedData/Build/Products/Debug-watchos -F /Applications/Xcode-16.3.0.app/Contents/Developer/Platforms/WatchOS.platform/Developer/Library/Frameworks -F /Applications/Xcode-16.3.0.app/Contents/Developer/Platforms/WatchOS.platform/Developer/SDKs/WatchOS11.4.sdk/Developer/Library/Frameworks -no-color-diagnostics -enable-testing -g -debug-info-format\=dwarf -dwarf-version\=4 -module-cache-path /Users/admin/builder/spi-builder-workspace/.derivedData/ModuleCache.noindex -profile-generate -profile-coverage-mapping -swift-version 5 -enforce-exclusivity\=checked -Onone -D SWIFT_PACKAGE -D DEBUG -D Xcode -serialize-debugging-options -const-gather-protocols-file /Users/admin/builder/spi-builder-workspace/.derivedData/Build/Intermediates.noindex/ToastMaster.build/Debug-watchos/ToastMaster.build/Objects-normal/armv7k/ToastMaster_const_extract_protocols.json -enable-experimental-feature DebugDescriptionMacro -empty-abi-descriptor -plugin-path /Applications/Xcode-16.3.0.app/Contents/Developer/Toolchains/XcodeDefault.xctoolchain/usr/lib/swift/host/plugins/testing -validate-clang-modules-once -clang-build-session-file /Users/admin/builder/spi-builder-workspace/.derivedData/ModuleCache.noindex/Session.modulevalidation -Xcc -working-directory -Xcc /Users/admin/builder/spi-builder-workspace/.swiftpm/xcode -resource-dir /Applications/Xcode-16.3.0.app/Contents/Developer/Toolchains/XcodeDefault.xctoolchain/usr/lib/swift -enable-anonymous-context-mangled-names -file-compilation-dir /Users/admin/builder/spi-builder-workspace/.swiftpm/xcode -Xcc -ivfsstatcache -Xcc /Users/admin/builder/spi-builder-workspace/.derivedData/SDKStatCaches.noindex/watchos11.4-22T246-43efb940ff07ba2497b70ec94253f576.sdkstatcache -Xcc -I/Users/admin/builder/spi-builder-workspace/.derivedData/Build/Intermediates.noindex/ToastMaster.build/Debug-watchos/ToastMaster.build/swift-overrides.hmap -Xcc -I/Users/admin/builder/spi-builder-workspace/.derivedData/Build/Products/Debug-watchos/include -Xcc -I/Users/admin/builder/spi-builder-workspace/.derivedData/Build/Intermediates.noindex/ToastMaster.build/Debug-watchos/ToastMaster.build/DerivedSources-normal/armv7k -Xcc -I/Users/admin/builder/spi-builder-workspace/.derivedData/Build/Intermediates.noindex/ToastMaster.build/Debug-watchos/ToastMaster.build/DerivedSources/armv7k -Xcc -I/Users/admin/builder/spi-builder-workspace/.derivedData/Build/Intermediates.noindex/ToastMaster.build/Debug-watchos/ToastMaster.build/DerivedSources -Xcc -DSWIFT_PACKAGE -Xcc -DDEBUG\=1 -module-name ToastMaster -frontend-parseable-output -disable-clang-spi -target-sdk-version 11.4 -target-sdk-name watchos11.4 -external-plugin-path /Applications/Xcode-16.3.0.app/Contents/Developer/Platforms/WatchOS.platform/Developer/usr/lib/swift/host/plugins\#/Applications/Xcode-16.3.0.app/Contents/Developer/Platforms/WatchOS.platform/Developer/usr/bin/swift-plugin-server -external-plugin-path /Applications/Xcode-16.3.0.app/Contents/Developer/Platforms/WatchOS.platform/Developer/usr/local/lib/swift/host/plugins\#/Applications/Xcode-16.3.0.app/Contents/Developer/Platforms/WatchOS.platform/Developer/usr/bin/swift-plugin-server -in-process-plugin-server-path /Applications/Xcode-16.3.0.app/Contents/Developer/Toolchains/XcodeDefault.xctoolchain/usr/lib/swift/host/libSwiftInProcPluginServer.dylib -plugin-path /Applications/Xcode-16.3.0.app/Contents/Developer/Toolchains/XcodeDefault.xctoolchain/usr/lib/swift/host/plugins -plugin-path /Applications/Xcode-16.3.0.app/Contents/Developer/Toolchains/XcodeDefault.xctoolchain/usr/local/lib/swift/host/plugins -emit-module-doc-path /Users/admin/builder/spi-builder-workspace/.derivedData/Build/Intermediates.noindex/ToastMaster.build/Debug-watchos/ToastMaster.build/Objects-normal/armv7k/ToastMaster.swiftdoc -emit-module-source-info-path /Users/admin/builder/spi-builder-workspace/.derivedData/Build/Intermediates.noindex/ToastMaster.build/Debug-watchos/ToastMaster.build/Objects-normal/armv7k/ToastMaster.swiftsourceinfo -emit-objc-header-path /Users/admin/builder/spi-builder-workspace/.derivedData/Build/Intermediates.noindex/ToastMaster.build/Debug-watchos/ToastMaster.build/Objects-normal/armv7k/ToastMaster-Swift.h -serialize-diagnostics-path /Users/admin/builder/spi-builder-workspace/.derivedData/Build/Intermediates.noindex/ToastMaster.build/Debug-watchos/ToastMaster.build/Objects-normal/armv7k/ToastMaster-master-emit-module.dia -emit-dependencies-path /Users/admin/builder/spi-builder-workspace/.derivedData/Build/Intermediates.noindex/ToastMaster.build/Debug-watchos/ToastMaster.build/Objects-normal/armv7k/ToastMaster-master-emit-module.d -o /Users/admin/builder/spi-builder-workspace/.derivedData/Build/Intermediates.noindex/ToastMaster.build/Debug-watchos/ToastMaster.build/Objects-normal/armv7k/ToastMaster.swiftmodule -emit-abi-descriptor-path /Users/admin/builder/spi-builder-workspace/.derivedData/Build/Intermediates.noindex/ToastMaster.build/Debug-watchos/ToastMaster.build/Objects-normal/armv7k/ToastMaster.abi.json
EmitSwiftModule normal armv7k (in target 'ToastMaster' from project 'ToastMaster')
    cd /Users/admin/builder/spi-builder-workspace/.swiftpm/xcode

/Users/admin/builder/spi-builder-workspace/Sources/ToastMaster/Data/Config/ContainerConfig.swift:17:27: error: cannot find type 'UIBlurEffect' in scope
    public var blurStyle: UIBlurEffect.Style?
                          ^~~~~~~~~~~~
/Users/admin/builder/spi-builder-workspace/Sources/ToastMaster/Data/Config/ContainerConfig.swift:24:20: error: cannot find type 'UIBlurEffect' in scope
        blurStyle: UIBlurEffect.Style? = nil
                   ^~~~~~~~~~~~
/Users/admin/builder/spi-builder-workspace/Sources/ToastMaster/Services/ToastElementsBuilder.swift:12:49: error: cannot find type 'UIImageView' in scope
    func createIconImageView(icon: UIImage?) -> UIImageView
                                                ^~~~~~~~~~~
/Users/admin/builder/spi-builder-workspace/Sources/ToastMaster/Services/ToastElementsBuilder.swift:13:81: error: cannot find type 'UITextView' in scope
    func createHeaderTextView(header: String?, delegate: UITextViewDelegate) -> UITextView
                                                                                ^~~~~~~~~~
/Users/admin/builder/spi-builder-workspace/Sources/ToastMaster/Services/ToastElementsBuilder.swift:13:58: error: cannot find type 'UITextViewDelegate' in scope
    func createHeaderTextView(header: String?, delegate: UITextViewDelegate) -> UITextView
                                                         ^~~~~~~~~~~~~~~~~~
/Users/admin/builder/spi-builder-workspace/Sources/ToastMaster/Services/ToastElementsBuilder.swift:14:83: error: cannot find type 'UITextView' in scope
    func createMessageTextView(message: String?, delegate: UITextViewDelegate) -> UITextView
                                                                                  ^~~~~~~~~~
/Users/admin/builder/spi-builder-workspace/Sources/ToastMaster/Services/ToastElementsBuilder.swift:14:60: error: cannot find type 'UITextViewDelegate' in scope
    func createMessageTextView(message: String?, delegate: UITextViewDelegate) -> UITextView
                                                           ^~~~~~~~~~~~~~~~~~
/Users/admin/builder/spi-builder-workspace/Sources/ToastMaster/Services/ToastElementsBuilder.swift:25:56: error: cannot find type 'UIImageView' in scope
    public func createIconImageView(icon: UIImage?) -> UIImageView {
                                                       ^~~~~~~~~~~
/Users/admin/builder/spi-builder-workspace/Sources/ToastMaster/Services/ToastElementsBuilder.swift:34:88: error: cannot find type 'UITextView' in scope
    public func createHeaderTextView(header: String?, delegate: UITextViewDelegate) -> UITextView {
                                                                                       ^~~~~~~~~~
/Users/admin/builder/spi-builder-workspace/Sources/ToastMaster/Services/ToastElementsBuilder.swift:34:65: error: cannot find type 'UITextViewDelegate' in scope
    public func createHeaderTextView(header: String?, delegate: UITextViewDelegate) -> UITextView {
                                                                ^~~~~~~~~~~~~~~~~~
/Users/admin/builder/spi-builder-workspace/Sources/ToastMaster/Services/ToastElementsBuilder.swift:58:90: error: cannot find type 'UITextView' in scope
    public func createMessageTextView(message: String?, delegate: UITextViewDelegate) -> UITextView {
                                                                                         ^~~~~~~~~~
/Users/admin/builder/spi-builder-workspace/Sources/ToastMaster/Services/ToastElementsBuilder.swift:58:67: error: cannot find type 'UITextViewDelegate' in scope
    public func createMessageTextView(message: String?, delegate: UITextViewDelegate) -> UITextView {
                                                                  ^~~~~~~~~~~~~~~~~~
/Users/admin/builder/spi-builder-workspace/Sources/ToastMaster/Services/ToastPresentationService.swift:20:33: error: cannot find type 'UIView' in scope
    private var toastContainer: UIView
                                ^~~~~~
/Applications/Xcode-16.3.0.app/Contents/Developer/Platforms/WatchOS.platform/Developer/SDKs/WatchOS11.4.sdk/System/Library/Frameworks/UIKit.framework/Headers/NSTextAttachment.h:23:1: note: interface 'UIView' forward declared here
@class UIView;
^
/Users/admin/builder/spi-builder-workspace/Sources/ToastMaster/Services/ToastPresentationService.swift:25:28: error: cannot find type 'UIView' in scope
    public init(container: UIView, config: ToastConfig) {
                           ^~~~~~
/Applications/Xcode-16.3.0.app/Contents/Developer/Platforms/WatchOS.platform/Developer/SDKs/WatchOS11.4.sdk/System/Library/Frameworks/UIKit.framework/Headers/NSTextAttachment.h:23:1: note: interface 'UIView' forward declared here
@class UIView;
^
/Users/admin/builder/spi-builder-workspace/Sources/ToastMaster/Views/ToastView.swift:15:106: error: cannot find type 'UIViewController' in scope
    func show(header: String?, message: String?, icon: UIImage?, actionButtonTitle: String?, controller: UIViewController, buttonTapped: (() -> Void)?, linkTapped: ((String) -> Void)?)
                                                                                                         ^~~~~~~~~~~~~~~~
/Users/admin/builder/spi-builder-workspace/Sources/ToastMaster/Views/ToastView.swift:45:43: error: cannot find type 'UIView' in scope
    private(set) lazy var toastContainer: UIView = {
                                          ^~~~~~
/Applications/Xcode-16.3.0.app/Contents/Developer/Platforms/WatchOS.platform/Developer/SDKs/WatchOS11.4.sdk/System/Library/Frameworks/UIKit.framework/Headers/NSTextAttachment.h:23:1: note: interface 'UIView' forward declared here
@class UIView;
^
/Users/admin/builder/spi-builder-workspace/Sources/ToastMaster/Views/ToastView.swift:53:45: error: cannot find type 'UIStackView' in scope
    private(set) lazy var contentStackView: UIStackView = {
                                            ^~~~~~~~~~~
/Users/admin/builder/spi-builder-workspace/Sources/ToastMaster/Views/ToastView.swift:63:42: error: cannot find type 'UIStackView' in scope
    private(set) lazy var textStackView: UIStackView = {
                                         ^~~~~~~~~~~
/Users/admin/builder/spi-builder-workspace/Sources/ToastMaster/Views/ToastView.swift:73:41: error: cannot find type 'UIButton' in scope
    private(set) lazy var actionButton: UIButton = {
                                        ^~~~~~~~
/Users/admin/builder/spi-builder-workspace/Sources/ToastMaster/Views/ToastView.swift:94:113: error: cannot find type 'UIViewController' in scope
    public func show(header: String?, message: String?, icon: UIImage?, actionButtonTitle: String?, controller: UIViewController, buttonTapped: (() -> Void)?, linkTapped: ((String) -> Void)?) {
                                                                                                                ^~~~~~~~~~~~~~~~
/Users/admin/builder/spi-builder-workspace/Sources/ToastMaster/Views/ToastView.swift:141:45: error: cannot find type 'UITextView' in scope
    func setupConstraints(_ headerTextView: UITextView, _ header: String?, _ messageTextView: UITextView, _ message: String?, _ iconImageView: UIImageView, _ icon: UIImage?, _ controller: UIViewController) {
                                            ^~~~~~~~~~
/Users/admin/builder/spi-builder-workspace/Sources/ToastMaster/Views/ToastView.swift:141:95: error: cannot find type 'UITextView' in scope
    func setupConstraints(_ headerTextView: UITextView, _ header: String?, _ messageTextView: UITextView, _ message: String?, _ iconImageView: UIImageView, _ icon: UIImage?, _ controller: UIViewController) {
                                                                                              ^~~~~~~~~~
/Users/admin/builder/spi-builder-workspace/Sources/ToastMaster/Views/ToastView.swift:141:144: error: cannot find type 'UIImageView' in scope
    func setupConstraints(_ headerTextView: UITextView, _ header: String?, _ messageTextView: UITextView, _ message: String?, _ iconImageView: UIImageView, _ icon: UIImage?, _ controller: UIViewController) {
                                                                                                                                               ^~~~~~~~~~~
/Users/admin/builder/spi-builder-workspace/Sources/ToastMaster/Views/ToastView.swift:141:189: error: cannot find type 'UIViewController' in scope
    func setupConstraints(_ headerTextView: UITextView, _ header: String?, _ messageTextView: UITextView, _ message: String?, _ iconImageView: UIImageView, _ icon: UIImage?, _ controller: UIViewController) {
                                                                                                                                                                                            ^~~~~~~~~~~~~~~~
/Users/admin/builder/spi-builder-workspace/Sources/ToastMaster/Views/ToastView.swift:234:31: error: cannot find type 'UISwipeGestureRecognizer' in scope
    func dismissView(gesture: UISwipeGestureRecognizer) {
                              ^~~~~~~~~~~~~~~~~~~~~~~~
/Users/admin/builder/spi-builder-workspace/Sources/ToastMaster/Views/ToastView.swift:239:39: error: cannot find type 'UIButton' in scope
    func actionButtonTapped(_ sender: UIButton) {
                                      ^~~~~~~~
/Users/admin/builder/spi-builder-workspace/Sources/ToastMaster/Views/ToastView.swift:246:22: error: cannot find type 'UITextViewDelegate' in scope
extension ToastView: UITextViewDelegate {
                     ^~~~~~~~~~~~~~~~~~
/Users/admin/builder/spi-builder-workspace/Sources/ToastMaster/Views/ToastView.swift:248:38: error: cannot find type 'UITextView' in scope
    public func textView(_ textView: UITextView, shouldInteractWith URL: URL, in characterRange: NSRange, interaction: UITextItemInteraction) -> Bool {
                                     ^~~~~~~~~~
/Users/admin/builder/spi-builder-workspace/Sources/ToastMaster/Views/ToastView.swift:248:120: error: cannot find type 'UITextItemInteraction' in scope
    public func textView(_ textView: UITextView, shouldInteractWith URL: URL, in characterRange: NSRange, interaction: UITextItemInteraction) -> Bool {
                                                                                                                       ^~~~~~~~~~~~~~~~~~~~~
/Users/admin/builder/spi-builder-workspace/Sources/ToastMaster/Views/ToastView.swift:256:22: error: cannot find type 'UIGestureRecognizerDelegate' in scope
extension ToastView: UIGestureRecognizerDelegate {
                     ^~~~~~~~~~~~~~~~~~~~~~~~~~~
/Users/admin/builder/spi-builder-workspace/Sources/ToastMaster/Views/ToastView.swift:258:56: error: cannot find type 'UIGestureRecognizer' in scope
    public func gestureRecognizer(_ gestureRecognizer: UIGestureRecognizer, shouldRecognizeSimultaneouslyWith otherGestureRecognizer: UIGestureRecognizer) -> Bool {
                                                       ^~~~~~~~~~~~~~~~~~~
/Users/admin/builder/spi-builder-workspace/Sources/ToastMaster/Views/ToastView.swift:258:135: error: cannot find type 'UIGestureRecognizer' in scope
    public func gestureRecognizer(_ gestureRecognizer: UIGestureRecognizer, shouldRecognizeSimultaneouslyWith otherGestureRecognizer: UIGestureRecognizer) -> Bool {
                                                                                                                                      ^~~~~~~~~~~~~~~~~~~
SwiftCompile normal armv7k Compiling\ ToastElementsBuilder.swift /Users/admin/builder/spi-builder-workspace/Sources/ToastMaster/Services/ToastElementsBuilder.swift (in target 'ToastMaster' from project 'ToastMaster')
Command SwiftCompile failed with a nonzero exit code
** BUILD FAILED **
The following build commands failed:
	EmitSwiftModule normal arm64_32 (in target 'ToastMaster' from project 'ToastMaster')
	SwiftEmitModule normal arm64_32 Emitting\ module\ for\ ToastMaster (in target 'ToastMaster' from project 'ToastMaster')
	SwiftEmitModule normal arm64 Emitting\ module\ for\ ToastMaster (in target 'ToastMaster' from project 'ToastMaster')
	EmitSwiftModule normal arm64 (in target 'ToastMaster' from project 'ToastMaster')
	SwiftEmitModule normal armv7k Emitting\ module\ for\ ToastMaster (in target 'ToastMaster' from project 'ToastMaster')
	EmitSwiftModule normal armv7k (in target 'ToastMaster' from project 'ToastMaster')
	SwiftCompile normal armv7k Compiling\ ToastElementsBuilder.swift /Users/admin/builder/spi-builder-workspace/Sources/ToastMaster/Services/ToastElementsBuilder.swift (in target 'ToastMaster' from project 'ToastMaster')
	Building workspace spi-builder-workspace with scheme ToastMaster
(8 failures)
BUILD FAILURE 6.1 watchOS