The Swift Package Index logo.Swift Package Index

Build Information

Failed to build ParserCombinators with Swift 5.9 for iOS using Xcode 15.2 at 0.5.5.

Build Command

env DEVELOPER_DIR="/Applications/Xcode-15.0.0-Beta.app" xcrun xcodebuild -IDEClonedSourcePackagesDirPathOverride="$PWD/.dependencies" -derivedDataPath "$PWD/.derivedData" build -scheme ParserCombinators-Package -destination "generic/platform=ios"

Build Log


SwiftEmitModule normal arm64 Emitting\ module\ for\ ParserCombinatorsTests (in target 'ParserCombinatorsTests' from project 'ParserCombinators')
    cd /Users/builder/builds/o86TiJKT/0/finestructure/swiftpackageindex-builder/spi-builder-workspace
    builtin-swiftTaskExecution -- /Applications/Xcode-15.0.0-Beta.app/Contents/Developer/Toolchains/XcodeDefault.xctoolchain/usr/bin/swift-frontend -frontend -emit-module -experimental-skip-non-inlinable-function-bodies-without-types /Users/builder/builds/o86TiJKT/0/finestructure/swiftpackageindex-builder/spi-builder-workspace/Tests/ParserCombinatorsTests/JSONParserTests.swift /Users/builder/builds/o86TiJKT/0/finestructure/swiftpackageindex-builder/spi-builder-workspace/Tests/ParserCombinatorsTests/ParserCombinatorsTests.swift /Users/builder/builds/o86TiJKT/0/finestructure/swiftpackageindex-builder/spi-builder-workspace/Tests/ParserCombinatorsTests/PatternsTests.swift /Users/builder/builds/o86TiJKT/0/finestructure/swiftpackageindex-builder/spi-builder-workspace/Tests/ParserCombinatorsTests/PositionTests.swift /Users/builder/builds/o86TiJKT/0/finestructure/swiftpackageindex-builder/spi-builder-workspace/Tests/ParserCombinatorsTests/TestUtils.swift /Users/builder/builds/o86TiJKT/0/finestructure/swiftpackageindex-builder/spi-builder-workspace/Tests/ParserCombinatorsTests/XCTestManifests.swift -target arm64-apple-ios12.0 -Xllvm -aarch64-use-tbi -enable-objc-interop -sdk /Applications/Xcode-15.0.0-Beta.app/Contents/Developer/Platforms/iPhoneOS.platform/Developer/SDKs/iPhoneOS17.0.sdk -I /Users/builder/builds/o86TiJKT/0/finestructure/swiftpackageindex-builder/spi-builder-workspace/.derivedData/Build/Products/Debug-iphoneos -I /Applications/Xcode-15.0.0-Beta.app/Contents/Developer/Platforms/iPhoneOS.platform/Developer/usr/lib -F /Users/builder/builds/o86TiJKT/0/finestructure/swiftpackageindex-builder/spi-builder-workspace/.derivedData/Build/Products/Debug-iphoneos/PackageFrameworks -F /Users/builder/builds/o86TiJKT/0/finestructure/swiftpackageindex-builder/spi-builder-workspace/.derivedData/Build/Products/Debug-iphoneos/PackageFrameworks -F /Users/builder/builds/o86TiJKT/0/finestructure/swiftpackageindex-builder/spi-builder-workspace/.derivedData/Build/Products/Debug-iphoneos/PackageFrameworks -F /Users/builder/builds/o86TiJKT/0/finestructure/swiftpackageindex-builder/spi-builder-workspace/.derivedData/Build/Products/Debug-iphoneos/PackageFrameworks -F /Users/builder/builds/o86TiJKT/0/finestructure/swiftpackageindex-builder/spi-builder-workspace/.derivedData/Build/Products/Debug-iphoneos/PackageFrameworks -F /Users/builder/builds/o86TiJKT/0/finestructure/swiftpackageindex-builder/spi-builder-workspace/.derivedData/Build/Products/Debug-iphoneos/PackageFrameworks -F /Users/builder/builds/o86TiJKT/0/finestructure/swiftpackageindex-builder/spi-builder-workspace/.derivedData/Build/Products/Debug-iphoneos -F /Applications/Xcode-15.0.0-Beta.app/Contents/Developer/Platforms/iPhoneOS.platform/Developer/Library/Frameworks -F /Applications/Xcode-15.0.0-Beta.app/Contents/Developer/Platforms/iPhoneOS.platform/Developer/SDKs/iPhoneOS17.0.sdk/Developer/Library/Frameworks -no-color-diagnostics -enable-testing -g -module-cache-path /Users/builder/builds/o86TiJKT/0/finestructure/swiftpackageindex-builder/spi-builder-workspace/.derivedData/ModuleCache.noindex -swift-version 5 -enforce-exclusivity\=checked -Onone -D SWIFT_PACKAGE -D DEBUG -D Xcode -serialize-debugging-options -const-gather-protocols-file /Users/builder/builds/o86TiJKT/0/finestructure/swiftpackageindex-builder/spi-builder-workspace/.derivedData/Build/Intermediates.noindex/ParserCombinators.build/Debug-iphoneos/ParserCombinatorsTests.build/Objects-normal/arm64/ParserCombinatorsTests_const_extract_protocols.json -empty-abi-descriptor -plugin-path /Applications/Xcode-15.0.0-Beta.app/Contents/Developer/Toolchains/XcodeDefault.xctoolchain/usr/lib/swift/host/plugins -plugin-path /Applications/Xcode-15.0.0-Beta.app/Contents/Developer/Toolchains/XcodeDefault.xctoolchain/usr/local/lib/swift/host/plugins -validate-clang-modules-once -clang-build-session-file /Users/builder/builds/o86TiJKT/0/finestructure/swiftpackageindex-builder/spi-builder-workspace/.derivedData/ModuleCache.noindex/Session.modulevalidation -Xcc -working-directory -Xcc /Users/builder/builds/o86TiJKT/0/finestructure/swiftpackageindex-builder/spi-builder-workspace -resource-dir /Applications/Xcode-15.0.0-Beta.app/Contents/Developer/Toolchains/XcodeDefault.xctoolchain/usr/lib/swift -enable-anonymous-context-mangled-names -Xcc -ivfsstatcache -Xcc /Users/builder/builds/o86TiJKT/0/finestructure/swiftpackageindex-builder/spi-builder-workspace/.derivedData/SDKStatCaches.noindex/iphoneos17.0-21A5248u-22e9895dd8f54bee56aeb93c31b1f490.sdkstatcache -Xcc -I/Users/builder/builds/o86TiJKT/0/finestructure/swiftpackageindex-builder/spi-builder-workspace/.derivedData/Build/Products/Debug-iphoneos/include -Xcc -I/Users/builder/builds/o86TiJKT/0/finestructure/swiftpackageindex-builder/spi-builder-workspace/.derivedData/Build/Intermediates.noindex/ParserCombinators.build/Debug-iphoneos/ParserCombinatorsTests.build/DerivedSources-normal/arm64 -Xcc -I/Users/builder/builds/o86TiJKT/0/finestructure/swiftpackageindex-builder/spi-builder-workspace/.derivedData/Build/Intermediates.noindex/ParserCombinators.build/Debug-iphoneos/ParserCombinatorsTests.build/DerivedSources/arm64 -Xcc -I/Users/builder/builds/o86TiJKT/0/finestructure/swiftpackageindex-builder/spi-builder-workspace/.derivedData/Build/Intermediates.noindex/ParserCombinators.build/Debug-iphoneos/ParserCombinatorsTests.build/DerivedSources -Xcc -DSWIFT_PACKAGE -Xcc -DDEBUG\=1 -module-name ParserCombinatorsTests -disable-clang-spi -target-sdk-version 17.0 -target-sdk-name iphoneos17.0 -emit-module-doc-path /Users/builder/builds/o86TiJKT/0/finestructure/swiftpackageindex-builder/spi-builder-workspace/.derivedData/Build/Intermediates.noindex/ParserCombinators.build/Debug-iphoneos/ParserCombinatorsTests.build/Objects-normal/arm64/ParserCombinatorsTests.swiftdoc -emit-module-source-info-path /Users/builder/builds/o86TiJKT/0/finestructure/swiftpackageindex-builder/spi-builder-workspace/.derivedData/Build/Intermediates.noindex/ParserCombinators.build/Debug-iphoneos/ParserCombinatorsTests.build/Objects-normal/arm64/ParserCombinatorsTests.swiftsourceinfo -serialize-diagnostics-path /Users/builder/builds/o86TiJKT/0/finestructure/swiftpackageindex-builder/spi-builder-workspace/.derivedData/Build/Intermediates.noindex/ParserCombinators.build/Debug-iphoneos/ParserCombinatorsTests.build/Objects-normal/arm64/ParserCombinatorsTests-master-emit-module.dia -emit-dependencies-path /Users/builder/builds/o86TiJKT/0/finestructure/swiftpackageindex-builder/spi-builder-workspace/.derivedData/Build/Intermediates.noindex/ParserCombinators.build/Debug-iphoneos/ParserCombinatorsTests.build/Objects-normal/arm64/ParserCombinatorsTests-master-emit-module.d -o /Users/builder/builds/o86TiJKT/0/finestructure/swiftpackageindex-builder/spi-builder-workspace/.derivedData/Build/Intermediates.noindex/ParserCombinators.build/Debug-iphoneos/ParserCombinatorsTests.build/Objects-normal/arm64/ParserCombinatorsTests.swiftmodule -emit-abi-descriptor-path /Users/builder/builds/o86TiJKT/0/finestructure/swiftpackageindex-builder/spi-builder-workspace/.derivedData/Build/Intermediates.noindex/ParserCombinators.build/Debug-iphoneos/ParserCombinatorsTests.build/Objects-normal/arm64/ParserCombinatorsTests.abi.json

SwiftCompile normal arm64 Compiling\ PatternsTests.swift /Users/builder/builds/o86TiJKT/0/finestructure/swiftpackageindex-builder/spi-builder-workspace/Tests/ParserCombinatorsTests/PatternsTests.swift (in target 'ParserCombinatorsTests' from project 'ParserCombinators')
    cd /Users/builder/builds/o86TiJKT/0/finestructure/swiftpackageindex-builder/spi-builder-workspace
    builtin-swiftTaskExecution -- /Applications/Xcode-15.0.0-Beta.app/Contents/Developer/Toolchains/XcodeDefault.xctoolchain/usr/bin/swift-frontend -frontend -c /Users/builder/builds/o86TiJKT/0/finestructure/swiftpackageindex-builder/spi-builder-workspace/Tests/ParserCombinatorsTests/JSONParserTests.swift /Users/builder/builds/o86TiJKT/0/finestructure/swiftpackageindex-builder/spi-builder-workspace/Tests/ParserCombinatorsTests/ParserCombinatorsTests.swift -primary-file /Users/builder/builds/o86TiJKT/0/finestructure/swiftpackageindex-builder/spi-builder-workspace/Tests/ParserCombinatorsTests/PatternsTests.swift /Users/builder/builds/o86TiJKT/0/finestructure/swiftpackageindex-builder/spi-builder-workspace/Tests/ParserCombinatorsTests/PositionTests.swift /Users/builder/builds/o86TiJKT/0/finestructure/swiftpackageindex-builder/spi-builder-workspace/Tests/ParserCombinatorsTests/TestUtils.swift /Users/builder/builds/o86TiJKT/0/finestructure/swiftpackageindex-builder/spi-builder-workspace/Tests/ParserCombinatorsTests/XCTestManifests.swift -emit-dependencies-path /Users/builder/builds/o86TiJKT/0/finestructure/swiftpackageindex-builder/spi-builder-workspace/.derivedData/Build/Intermediates.noindex/ParserCombinators.build/Debug-iphoneos/ParserCombinatorsTests.build/Objects-normal/arm64/PatternsTests.d -emit-const-values-path /Users/builder/builds/o86TiJKT/0/finestructure/swiftpackageindex-builder/spi-builder-workspace/.derivedData/Build/Intermediates.noindex/ParserCombinators.build/Debug-iphoneos/ParserCombinatorsTests.build/Objects-normal/arm64/PatternsTests.swiftconstvalues -emit-reference-dependencies-path /Users/builder/builds/o86TiJKT/0/finestructure/swiftpackageindex-builder/spi-builder-workspace/.derivedData/Build/Intermediates.noindex/ParserCombinators.build/Debug-iphoneos/ParserCombinatorsTests.build/Objects-normal/arm64/PatternsTests.swiftdeps -serialize-diagnostics-path /Users/builder/builds/o86TiJKT/0/finestructure/swiftpackageindex-builder/spi-builder-workspace/.derivedData/Build/Intermediates.noindex/ParserCombinators.build/Debug-iphoneos/ParserCombinatorsTests.build/Objects-normal/arm64/PatternsTests.dia -target arm64-apple-ios12.0 -Xllvm -aarch64-use-tbi -enable-objc-interop -sdk /Applications/Xcode-15.0.0-Beta.app/Contents/Developer/Platforms/iPhoneOS.platform/Developer/SDKs/iPhoneOS17.0.sdk -I /Users/builder/builds/o86TiJKT/0/finestructure/swiftpackageindex-builder/spi-builder-workspace/.derivedData/Build/Products/Debug-iphoneos -I /Applications/Xcode-15.0.0-Beta.app/Contents/Developer/Platforms/iPhoneOS.platform/Developer/usr/lib -F /Users/builder/builds/o86TiJKT/0/finestructure/swiftpackageindex-builder/spi-builder-workspace/.derivedData/Build/Products/Debug-iphoneos/PackageFrameworks -F /Users/builder/builds/o86TiJKT/0/finestructure/swiftpackageindex-builder/spi-builder-workspace/.derivedData/Build/Products/Debug-iphoneos/PackageFrameworks -F /Users/builder/builds/o86TiJKT/0/finestructure/swiftpackageindex-builder/spi-builder-workspace/.derivedData/Build/Products/Debug-iphoneos/PackageFrameworks -F /Users/builder/builds/o86TiJKT/0/finestructure/swiftpackageindex-builder/spi-builder-workspace/.derivedData/Build/Products/Debug-iphoneos/PackageFrameworks -F /Users/builder/builds/o86TiJKT/0/finestructure/swiftpackageindex-builder/spi-builder-workspace/.derivedData/Build/Products/Debug-iphoneos/PackageFrameworks -F /Users/builder/builds/o86TiJKT/0/finestructure/swiftpackageindex-builder/spi-builder-workspace/.derivedData/Build/Products/Debug-iphoneos/PackageFrameworks -F /Users/builder/builds/o86TiJKT/0/finestructure/swiftpackageindex-builder/spi-builder-workspace/.derivedData/Build/Products/Debug-iphoneos -F /Applications/Xcode-15.0.0-Beta.app/Contents/Developer/Platforms/iPhoneOS.platform/Developer/Library/Frameworks -F /Applications/Xcode-15.0.0-Beta.app/Contents/Developer/Platforms/iPhoneOS.platform/Developer/SDKs/iPhoneOS17.0.sdk/Developer/Library/Frameworks -no-color-diagnostics -enable-testing -g -module-cache-path /Users/builder/builds/o86TiJKT/0/finestructure/swiftpackageindex-builder/spi-builder-workspace/.derivedData/ModuleCache.noindex -swift-version 5 -enforce-exclusivity\=checked -Onone -D SWIFT_PACKAGE -D DEBUG -D Xcode -serialize-debugging-options -const-gather-protocols-file /Users/builder/builds/o86TiJKT/0/finestructure/swiftpackageindex-builder/spi-builder-workspace/.derivedData/Build/Intermediates.noindex/ParserCombinators.build/Debug-iphoneos/ParserCombinatorsTests.build/Objects-normal/arm64/ParserCombinatorsTests_const_extract_protocols.json -empty-abi-descriptor -plugin-path /Applications/Xcode-15.0.0-Beta.app/Contents/Developer/Toolchains/XcodeDefault.xctoolchain/usr/lib/swift/host/plugins -plugin-path /Applications/Xcode-15.0.0-Beta.app/Contents/Developer/Toolchains/XcodeDefault.xctoolchain/usr/local/lib/swift/host/plugins -validate-clang-modules-once -clang-build-session-file /Users/builder/builds/o86TiJKT/0/finestructure/swiftpackageindex-builder/spi-builder-workspace/.derivedData/ModuleCache.noindex/Session.modulevalidation -Xcc -working-directory -Xcc /Users/builder/builds/o86TiJKT/0/finestructure/swiftpackageindex-builder/spi-builder-workspace -resource-dir /Applications/Xcode-15.0.0-Beta.app/Contents/Developer/Toolchains/XcodeDefault.xctoolchain/usr/lib/swift -enable-anonymous-context-mangled-names -Xcc -ivfsstatcache -Xcc /Users/builder/builds/o86TiJKT/0/finestructure/swiftpackageindex-builder/spi-builder-workspace/.derivedData/SDKStatCaches.noindex/iphoneos17.0-21A5248u-22e9895dd8f54bee56aeb93c31b1f490.sdkstatcache -Xcc -I/Users/builder/builds/o86TiJKT/0/finestructure/swiftpackageindex-builder/spi-builder-workspace/.derivedData/Build/Products/Debug-iphoneos/include -Xcc -I/Users/builder/builds/o86TiJKT/0/finestructure/swiftpackageindex-builder/spi-builder-workspace/.derivedData/Build/Intermediates.noindex/ParserCombinators.build/Debug-iphoneos/ParserCombinatorsTests.build/DerivedSources-normal/arm64 -Xcc -I/Users/builder/builds/o86TiJKT/0/finestructure/swiftpackageindex-builder/spi-builder-workspace/.derivedData/Build/Intermediates.noindex/ParserCombinators.build/Debug-iphoneos/ParserCombinatorsTests.build/DerivedSources/arm64 -Xcc -I/Users/builder/builds/o86TiJKT/0/finestructure/swiftpackageindex-builder/spi-builder-workspace/.derivedData/Build/Intermediates.noindex/ParserCombinators.build/Debug-iphoneos/ParserCombinatorsTests.build/DerivedSources -Xcc -DSWIFT_PACKAGE -Xcc -DDEBUG\=1 -module-name ParserCombinatorsTests -frontend-parseable-output -disable-clang-spi -target-sdk-version 17.0 -target-sdk-name iphoneos17.0 -o /Users/builder/builds/o86TiJKT/0/finestructure/swiftpackageindex-builder/spi-builder-workspace/.derivedData/Build/Intermediates.noindex/ParserCombinators.build/Debug-iphoneos/ParserCombinatorsTests.build/Objects-normal/arm64/PatternsTests.o -index-unit-output-path /ParserCombinators.build/Debug-iphoneos/ParserCombinatorsTests.build/Objects-normal/arm64/PatternsTests.o -index-store-path /Users/builder/builds/o86TiJKT/0/finestructure/swiftpackageindex-builder/spi-builder-workspace/.derivedData/Index.noindex/DataStore -index-system-modules
SwiftCompile normal arm64 /Users/builder/builds/o86TiJKT/0/finestructure/swiftpackageindex-builder/spi-builder-workspace/Tests/ParserCombinatorsTests/PatternsTests.swift (in target 'ParserCombinatorsTests' from project 'ParserCombinators')
    cd /Users/builder/builds/o86TiJKT/0/finestructure/swiftpackageindex-builder/spi-builder-workspace
    /Applications/Xcode-15.0.0-Beta.app/Contents/Developer/Toolchains/XcodeDefault.xctoolchain/usr/bin/swift-frontend -c /Users/builder/builds/o86TiJKT/0/finestructure/swiftpackageindex-builder/spi-builder-workspace/Tests/ParserCombinatorsTests/JSONParserTests.swift /Users/builder/builds/o86TiJKT/0/finestructure/swiftpackageindex-builder/spi-builder-workspace/Tests/ParserCombinatorsTests/ParserCombinatorsTests.swift -primary-file /Users/builder/builds/o86TiJKT/0/finestructure/swiftpackageindex-builder/spi-builder-workspace/Tests/ParserCombinatorsTests/PatternsTests.swift /Users/builder/builds/o86TiJKT/0/finestructure/swiftpackageindex-builder/spi-builder-workspace/Tests/ParserCombinatorsTests/PositionTests.swift /Users/builder/builds/o86TiJKT/0/finestructure/swiftpackageindex-builder/spi-builder-workspace/Tests/ParserCombinatorsTests/TestUtils.swift /Users/builder/builds/o86TiJKT/0/finestructure/swiftpackageindex-builder/spi-builder-workspace/Tests/ParserCombinatorsTests/XCTestManifests.swift -emit-dependencies-path /Users/builder/builds/o86TiJKT/0/finestructure/swiftpackageindex-builder/spi-builder-workspace/.derivedData/Build/Intermediates.noindex/ParserCombinators.build/Debug-iphoneos/ParserCombinatorsTests.build/Objects-normal/arm64/PatternsTests.d -emit-const-values-path /Users/builder/builds/o86TiJKT/0/finestructure/swiftpackageindex-builder/spi-builder-workspace/.derivedData/Build/Intermediates.noindex/ParserCombinators.build/Debug-iphoneos/ParserCombinatorsTests.build/Objects-normal/arm64/PatternsTests.swiftconstvalues -emit-reference-dependencies-path /Users/builder/builds/o86TiJKT/0/finestructure/swiftpackageindex-builder/spi-builder-workspace/.derivedData/Build/Intermediates.noindex/ParserCombinators.build/Debug-iphoneos/ParserCombinatorsTests.build/Objects-normal/arm64/PatternsTests.swiftdeps -serialize-diagnostics-path /Users/builder/builds/o86TiJKT/0/finestructure/swiftpackageindex-builder/spi-builder-workspace/.derivedData/Build/Intermediates.noindex/ParserCombinators.build/Debug-iphoneos/ParserCombinatorsTests.build/Objects-normal/arm64/PatternsTests.dia -target arm64-apple-ios12.0 -Xllvm -aarch64-use-tbi -enable-objc-interop -sdk /Applications/Xcode-15.0.0-Beta.app/Contents/Developer/Platforms/iPhoneOS.platform/Developer/SDKs/iPhoneOS17.0.sdk -I /Users/builder/builds/o86TiJKT/0/finestructure/swiftpackageindex-builder/spi-builder-workspace/.derivedData/Build/Products/Debug-iphoneos -I /Applications/Xcode-15.0.0-Beta.app/Contents/Developer/Platforms/iPhoneOS.platform/Developer/usr/lib -F /Users/builder/builds/o86TiJKT/0/finestructure/swiftpackageindex-builder/spi-builder-workspace/.derivedData/Build/Products/Debug-iphoneos/PackageFrameworks -F /Users/builder/builds/o86TiJKT/0/finestructure/swiftpackageindex-builder/spi-builder-workspace/.derivedData/Build/Products/Debug-iphoneos/PackageFrameworks -F /Users/builder/builds/o86TiJKT/0/finestructure/swiftpackageindex-builder/spi-builder-workspace/.derivedData/Build/Products/Debug-iphoneos/PackageFrameworks -F /Users/builder/builds/o86TiJKT/0/finestructure/swiftpackageindex-builder/spi-builder-workspace/.derivedData/Build/Products/Debug-iphoneos/PackageFrameworks -F /Users/builder/builds/o86TiJKT/0/finestructure/swiftpackageindex-builder/spi-builder-workspace/.derivedData/Build/Products/Debug-iphoneos/PackageFrameworks -F /Users/builder/builds/o86TiJKT/0/finestructure/swiftpackageindex-builder/spi-builder-workspace/.derivedData/Build/Products/Debug-iphoneos/PackageFrameworks -F /Users/builder/builds/o86TiJKT/0/finestructure/swiftpackageindex-builder/spi-builder-workspace/.derivedData/Build/Products/Debug-iphoneos -F /Applications/Xcode-15.0.0-Beta.app/Contents/Developer/Platforms/iPhoneOS.platform/Developer/Library/Frameworks -F /Applications/Xcode-15.0.0-Beta.app/Contents/Developer/Platforms/iPhoneOS.platform/Developer/SDKs/iPhoneOS17.0.sdk/Developer/Library/Frameworks -no-color-diagnostics -enable-testing -g -module-cache-path /Users/builder/builds/o86TiJKT/0/finestructure/swiftpackageindex-builder/spi-builder-workspace/.derivedData/ModuleCache.noindex -swift-version 5 -enforce-exclusivity\=checked -Onone -D SWIFT_PACKAGE -D DEBUG -D Xcode -serialize-debugging-options -const-gather-protocols-file /Users/builder/builds/o86TiJKT/0/finestructure/swiftpackageindex-builder/spi-builder-workspace/.derivedData/Build/Intermediates.noindex/ParserCombinators.build/Debug-iphoneos/ParserCombinatorsTests.build/Objects-normal/arm64/ParserCombinatorsTests_const_extract_protocols.json -empty-abi-descriptor -plugin-path /Applications/Xcode-15.0.0-Beta.app/Contents/Developer/Toolchains/XcodeDefault.xctoolchain/usr/lib/swift/host/plugins -plugin-path /Applications/Xcode-15.0.0-Beta.app/Contents/Developer/Toolchains/XcodeDefault.xctoolchain/usr/local/lib/swift/host/plugins -validate-clang-modules-once -clang-build-session-file /Users/builder/builds/o86TiJKT/0/finestructure/swiftpackageindex-builder/spi-builder-workspace/.derivedData/ModuleCache.noindex/Session.modulevalidation -Xcc -working-directory -Xcc /Users/builder/builds/o86TiJKT/0/finestructure/swiftpackageindex-builder/spi-builder-workspace -resource-dir /Applications/Xcode-15.0.0-Beta.app/Contents/Developer/Toolchains/XcodeDefault.xctoolchain/usr/lib/swift -enable-anonymous-context-mangled-names -Xcc -ivfsstatcache -Xcc /Users/builder/builds/o86TiJKT/0/finestructure/swiftpackageindex-builder/spi-builder-workspace/.derivedData/SDKStatCaches.noindex/iphoneos17.0-21A5248u-22e9895dd8f54bee56aeb93c31b1f490.sdkstatcache -Xcc -I/Users/builder/builds/o86TiJKT/0/finestructure/swiftpackageindex-builder/spi-builder-workspace/.derivedData/Build/Products/Debug-iphoneos/include -Xcc -I/Users/builder/builds/o86TiJKT/0/finestructure/swiftpackageindex-builder/spi-builder-workspace/.derivedData/Build/Intermediates.noindex/ParserCombinators.build/Debug-iphoneos/ParserCombinatorsTests.build/DerivedSources-normal/arm64 -Xcc -I/Users/builder/builds/o86TiJKT/0/finestructure/swiftpackageindex-builder/spi-builder-workspace/.derivedData/Build/Intermediates.noindex/ParserCombinators.build/Debug-iphoneos/ParserCombinatorsTests.build/DerivedSources/arm64 -Xcc -I/Users/builder/builds/o86TiJKT/0/finestructure/swiftpackageindex-builder/spi-builder-workspace/.derivedData/Build/Intermediates.noindex/ParserCombinators.build/Debug-iphoneos/ParserCombinatorsTests.build/DerivedSources -Xcc -DSWIFT_PACKAGE -Xcc -DDEBUG\=1 -module-name ParserCombinatorsTests -frontend-parseable-output -disable-clang-spi -target-sdk-version 17.0 -target-sdk-name iphoneos17.0 -o /Users/builder/builds/o86TiJKT/0/finestructure/swiftpackageindex-builder/spi-builder-workspace/.derivedData/Build/Intermediates.noindex/ParserCombinators.build/Debug-iphoneos/ParserCombinatorsTests.build/Objects-normal/arm64/PatternsTests.o -index-unit-output-path /ParserCombinators.build/Debug-iphoneos/ParserCombinatorsTests.build/Objects-normal/arm64/PatternsTests.o -index-store-path /Users/builder/builds/o86TiJKT/0/finestructure/swiftpackageindex-builder/spi-builder-workspace/.derivedData/Index.noindex/DataStore -index-system-modules
SwiftCompile normal arm64 Compiling\ TestUtils.swift /Users/builder/builds/o86TiJKT/0/finestructure/swiftpackageindex-builder/spi-builder-workspace/Tests/ParserCombinatorsTests/TestUtils.swift (in target 'ParserCombinatorsTests' from project 'ParserCombinators')
    cd /Users/builder/builds/o86TiJKT/0/finestructure/swiftpackageindex-builder/spi-builder-workspace
    builtin-swiftTaskExecution -- /Applications/Xcode-15.0.0-Beta.app/Contents/Developer/Toolchains/XcodeDefault.xctoolchain/usr/bin/swift-frontend -frontend -c /Users/builder/builds/o86TiJKT/0/finestructure/swiftpackageindex-builder/spi-builder-workspace/Tests/ParserCombinatorsTests/JSONParserTests.swift /Users/builder/builds/o86TiJKT/0/finestructure/swiftpackageindex-builder/spi-builder-workspace/Tests/ParserCombinatorsTests/ParserCombinatorsTests.swift /Users/builder/builds/o86TiJKT/0/finestructure/swiftpackageindex-builder/spi-builder-workspace/Tests/ParserCombinatorsTests/PatternsTests.swift /Users/builder/builds/o86TiJKT/0/finestructure/swiftpackageindex-builder/spi-builder-workspace/Tests/ParserCombinatorsTests/PositionTests.swift -primary-file /Users/builder/builds/o86TiJKT/0/finestructure/swiftpackageindex-builder/spi-builder-workspace/Tests/ParserCombinatorsTests/TestUtils.swift /Users/builder/builds/o86TiJKT/0/finestructure/swiftpackageindex-builder/spi-builder-workspace/Tests/ParserCombinatorsTests/XCTestManifests.swift -emit-dependencies-path /Users/builder/builds/o86TiJKT/0/finestructure/swiftpackageindex-builder/spi-builder-workspace/.derivedData/Build/Intermediates.noindex/ParserCombinators.build/Debug-iphoneos/ParserCombinatorsTests.build/Objects-normal/arm64/TestUtils.d -emit-const-values-path /Users/builder/builds/o86TiJKT/0/finestructure/swiftpackageindex-builder/spi-builder-workspace/.derivedData/Build/Intermediates.noindex/ParserCombinators.build/Debug-iphoneos/ParserCombinatorsTests.build/Objects-normal/arm64/TestUtils.swiftconstvalues -emit-reference-dependencies-path /Users/builder/builds/o86TiJKT/0/finestructure/swiftpackageindex-builder/spi-builder-workspace/.derivedData/Build/Intermediates.noindex/ParserCombinators.build/Debug-iphoneos/ParserCombinatorsTests.build/Objects-normal/arm64/TestUtils.swiftdeps -serialize-diagnostics-path /Users/builder/builds/o86TiJKT/0/finestructure/swiftpackageindex-builder/spi-builder-workspace/.derivedData/Build/Intermediates.noindex/ParserCombinators.build/Debug-iphoneos/ParserCombinatorsTests.build/Objects-normal/arm64/TestUtils.dia -target arm64-apple-ios12.0 -Xllvm -aarch64-use-tbi -enable-objc-interop -sdk /Applications/Xcode-15.0.0-Beta.app/Contents/Developer/Platforms/iPhoneOS.platform/Developer/SDKs/iPhoneOS17.0.sdk -I /Users/builder/builds/o86TiJKT/0/finestructure/swiftpackageindex-builder/spi-builder-workspace/.derivedData/Build/Products/Debug-iphoneos -I /Applications/Xcode-15.0.0-Beta.app/Contents/Developer/Platforms/iPhoneOS.platform/Developer/usr/lib -F /Users/builder/builds/o86TiJKT/0/finestructure/swiftpackageindex-builder/spi-builder-workspace/.derivedData/Build/Products/Debug-iphoneos/PackageFrameworks -F /Users/builder/builds/o86TiJKT/0/finestructure/swiftpackageindex-builder/spi-builder-workspace/.derivedData/Build/Products/Debug-iphoneos/PackageFrameworks -F /Users/builder/builds/o86TiJKT/0/finestructure/swiftpackageindex-builder/spi-builder-workspace/.derivedData/Build/Products/Debug-iphoneos/PackageFrameworks -F /Users/builder/builds/o86TiJKT/0/finestructure/swiftpackageindex-builder/spi-builder-workspace/.derivedData/Build/Products/Debug-iphoneos/PackageFrameworks -F /Users/builder/builds/o86TiJKT/0/finestructure/swiftpackageindex-builder/spi-builder-workspace/.derivedData/Build/Products/Debug-iphoneos/PackageFrameworks -F /Users/builder/builds/o86TiJKT/0/finestructure/swiftpackageindex-builder/spi-builder-workspace/.derivedData/Build/Products/Debug-iphoneos/PackageFrameworks -F /Users/builder/builds/o86TiJKT/0/finestructure/swiftpackageindex-builder/spi-builder-workspace/.derivedData/Build/Products/Debug-iphoneos -F /Applications/Xcode-15.0.0-Beta.app/Contents/Developer/Platforms/iPhoneOS.platform/Developer/Library/Frameworks -F /Applications/Xcode-15.0.0-Beta.app/Contents/Developer/Platforms/iPhoneOS.platform/Developer/SDKs/iPhoneOS17.0.sdk/Developer/Library/Frameworks -no-color-diagnostics -enable-testing -g -module-cache-path /Users/builder/builds/o86TiJKT/0/finestructure/swiftpackageindex-builder/spi-builder-workspace/.derivedData/ModuleCache.noindex -swift-version 5 -enforce-exclusivity\=checked -Onone -D SWIFT_PACKAGE -D DEBUG -D Xcode -serialize-debugging-options -const-gather-protocols-file /Users/builder/builds/o86TiJKT/0/finestructure/swiftpackageindex-builder/spi-builder-workspace/.derivedData/Build/Intermediates.noindex/ParserCombinators.build/Debug-iphoneos/ParserCombinatorsTests.build/Objects-normal/arm64/ParserCombinatorsTests_const_extract_protocols.json -empty-abi-descriptor -plugin-path /Applications/Xcode-15.0.0-Beta.app/Contents/Developer/Toolchains/XcodeDefault.xctoolchain/usr/lib/swift/host/plugins -plugin-path /Applications/Xcode-15.0.0-Beta.app/Contents/Developer/Toolchains/XcodeDefault.xctoolchain/usr/local/lib/swift/host/plugins -validate-clang-modules-once -clang-build-session-file /Users/builder/builds/o86TiJKT/0/finestructure/swiftpackageindex-builder/spi-builder-workspace/.derivedData/ModuleCache.noindex/Session.modulevalidation -Xcc -working-directory -Xcc /Users/builder/builds/o86TiJKT/0/finestructure/swiftpackageindex-builder/spi-builder-workspace -resource-dir /Applications/Xcode-15.0.0-Beta.app/Contents/Developer/Toolchains/XcodeDefault.xctoolchain/usr/lib/swift -enable-anonymous-context-mangled-names -Xcc -ivfsstatcache -Xcc /Users/builder/builds/o86TiJKT/0/finestructure/swiftpackageindex-builder/spi-builder-workspace/.derivedData/SDKStatCaches.noindex/iphoneos17.0-21A5248u-22e9895dd8f54bee56aeb93c31b1f490.sdkstatcache -Xcc -I/Users/builder/builds/o86TiJKT/0/finestructure/swiftpackageindex-builder/spi-builder-workspace/.derivedData/Build/Products/Debug-iphoneos/include -Xcc -I/Users/builder/builds/o86TiJKT/0/finestructure/swiftpackageindex-builder/spi-builder-workspace/.derivedData/Build/Intermediates.noindex/ParserCombinators.build/Debug-iphoneos/ParserCombinatorsTests.build/DerivedSources-normal/arm64 -Xcc -I/Users/builder/builds/o86TiJKT/0/finestructure/swiftpackageindex-builder/spi-builder-workspace/.derivedData/Build/Intermediates.noindex/ParserCombinators.build/Debug-iphoneos/ParserCombinatorsTests.build/DerivedSources/arm64 -Xcc -I/Users/builder/builds/o86TiJKT/0/finestructure/swiftpackageindex-builder/spi-builder-workspace/.derivedData/Build/Intermediates.noindex/ParserCombinators.build/Debug-iphoneos/ParserCombinatorsTests.build/DerivedSources -Xcc -DSWIFT_PACKAGE -Xcc -DDEBUG\=1 -module-name ParserCombinatorsTests -frontend-parseable-output -disable-clang-spi -target-sdk-version 17.0 -target-sdk-name iphoneos17.0 -o /Users/builder/builds/o86TiJKT/0/finestructure/swiftpackageindex-builder/spi-builder-workspace/.derivedData/Build/Intermediates.noindex/ParserCombinators.build/Debug-iphoneos/ParserCombinatorsTests.build/Objects-normal/arm64/TestUtils.o -index-unit-output-path /ParserCombinators.build/Debug-iphoneos/ParserCombinatorsTests.build/Objects-normal/arm64/TestUtils.o -index-store-path /Users/builder/builds/o86TiJKT/0/finestructure/swiftpackageindex-builder/spi-builder-workspace/.derivedData/Index.noindex/DataStore -index-system-modules
SwiftCompile normal arm64 /Users/builder/builds/o86TiJKT/0/finestructure/swiftpackageindex-builder/spi-builder-workspace/Tests/ParserCombinatorsTests/TestUtils.swift (in target 'ParserCombinatorsTests' from project 'ParserCombinators')
    cd /Users/builder/builds/o86TiJKT/0/finestructure/swiftpackageindex-builder/spi-builder-workspace
    /Applications/Xcode-15.0.0-Beta.app/Contents/Developer/Toolchains/XcodeDefault.xctoolchain/usr/bin/swift-frontend -c /Users/builder/builds/o86TiJKT/0/finestructure/swiftpackageindex-builder/spi-builder-workspace/Tests/ParserCombinatorsTests/JSONParserTests.swift /Users/builder/builds/o86TiJKT/0/finestructure/swiftpackageindex-builder/spi-builder-workspace/Tests/ParserCombinatorsTests/ParserCombinatorsTests.swift /Users/builder/builds/o86TiJKT/0/finestructure/swiftpackageindex-builder/spi-builder-workspace/Tests/ParserCombinatorsTests/PatternsTests.swift /Users/builder/builds/o86TiJKT/0/finestructure/swiftpackageindex-builder/spi-builder-workspace/Tests/ParserCombinatorsTests/PositionTests.swift -primary-file /Users/builder/builds/o86TiJKT/0/finestructure/swiftpackageindex-builder/spi-builder-workspace/Tests/ParserCombinatorsTests/TestUtils.swift /Users/builder/builds/o86TiJKT/0/finestructure/swiftpackageindex-builder/spi-builder-workspace/Tests/ParserCombinatorsTests/XCTestManifests.swift -emit-dependencies-path /Users/builder/builds/o86TiJKT/0/finestructure/swiftpackageindex-builder/spi-builder-workspace/.derivedData/Build/Intermediates.noindex/ParserCombinators.build/Debug-iphoneos/ParserCombinatorsTests.build/Objects-normal/arm64/TestUtils.d -emit-const-values-path /Users/builder/builds/o86TiJKT/0/finestructure/swiftpackageindex-builder/spi-builder-workspace/.derivedData/Build/Intermediates.noindex/ParserCombinators.build/Debug-iphoneos/ParserCombinatorsTests.build/Objects-normal/arm64/TestUtils.swiftconstvalues -emit-reference-dependencies-path /Users/builder/builds/o86TiJKT/0/finestructure/swiftpackageindex-builder/spi-builder-workspace/.derivedData/Build/Intermediates.noindex/ParserCombinators.build/Debug-iphoneos/ParserCombinatorsTests.build/Objects-normal/arm64/TestUtils.swiftdeps -serialize-diagnostics-path /Users/builder/builds/o86TiJKT/0/finestructure/swiftpackageindex-builder/spi-builder-workspace/.derivedData/Build/Intermediates.noindex/ParserCombinators.build/Debug-iphoneos/ParserCombinatorsTests.build/Objects-normal/arm64/TestUtils.dia -target arm64-apple-ios12.0 -Xllvm -aarch64-use-tbi -enable-objc-interop -sdk /Applications/Xcode-15.0.0-Beta.app/Contents/Developer/Platforms/iPhoneOS.platform/Developer/SDKs/iPhoneOS17.0.sdk -I /Users/builder/builds/o86TiJKT/0/finestructure/swiftpackageindex-builder/spi-builder-workspace/.derivedData/Build/Products/Debug-iphoneos -I /Applications/Xcode-15.0.0-Beta.app/Contents/Developer/Platforms/iPhoneOS.platform/Developer/usr/lib -F /Users/builder/builds/o86TiJKT/0/finestructure/swiftpackageindex-builder/spi-builder-workspace/.derivedData/Build/Products/Debug-iphoneos/PackageFrameworks -F /Users/builder/builds/o86TiJKT/0/finestructure/swiftpackageindex-builder/spi-builder-workspace/.derivedData/Build/Products/Debug-iphoneos/PackageFrameworks -F /Users/builder/builds/o86TiJKT/0/finestructure/swiftpackageindex-builder/spi-builder-workspace/.derivedData/Build/Products/Debug-iphoneos/PackageFrameworks -F /Users/builder/builds/o86TiJKT/0/finestructure/swiftpackageindex-builder/spi-builder-workspace/.derivedData/Build/Products/Debug-iphoneos/PackageFrameworks -F /Users/builder/builds/o86TiJKT/0/finestructure/swiftpackageindex-builder/spi-builder-workspace/.derivedData/Build/Products/Debug-iphoneos/PackageFrameworks -F /Users/builder/builds/o86TiJKT/0/finestructure/swiftpackageindex-builder/spi-builder-workspace/.derivedData/Build/Products/Debug-iphoneos/PackageFrameworks -F /Users/builder/builds/o86TiJKT/0/finestructure/swiftpackageindex-builder/spi-builder-workspace/.derivedData/Build/Products/Debug-iphoneos -F /Applications/Xcode-15.0.0-Beta.app/Contents/Developer/Platforms/iPhoneOS.platform/Developer/Library/Frameworks -F /Applications/Xcode-15.0.0-Beta.app/Contents/Developer/Platforms/iPhoneOS.platform/Developer/SDKs/iPhoneOS17.0.sdk/Developer/Library/Frameworks -no-color-diagnostics -enable-testing -g -module-cache-path /Users/builder/builds/o86TiJKT/0/finestructure/swiftpackageindex-builder/spi-builder-workspace/.derivedData/ModuleCache.noindex -swift-version 5 -enforce-exclusivity\=checked -Onone -D SWIFT_PACKAGE -D DEBUG -D Xcode -serialize-debugging-options -const-gather-protocols-file /Users/builder/builds/o86TiJKT/0/finestructure/swiftpackageindex-builder/spi-builder-workspace/.derivedData/Build/Intermediates.noindex/ParserCombinators.build/Debug-iphoneos/ParserCombinatorsTests.build/Objects-normal/arm64/ParserCombinatorsTests_const_extract_protocols.json -empty-abi-descriptor -plugin-path /Applications/Xcode-15.0.0-Beta.app/Contents/Developer/Toolchains/XcodeDefault.xctoolchain/usr/lib/swift/host/plugins -plugin-path /Applications/Xcode-15.0.0-Beta.app/Contents/Developer/Toolchains/XcodeDefault.xctoolchain/usr/local/lib/swift/host/plugins -validate-clang-modules-once -clang-build-session-file /Users/builder/builds/o86TiJKT/0/finestructure/swiftpackageindex-builder/spi-builder-workspace/.derivedData/ModuleCache.noindex/Session.modulevalidation -Xcc -working-directory -Xcc /Users/builder/builds/o86TiJKT/0/finestructure/swiftpackageindex-builder/spi-builder-workspace -resource-dir /Applications/Xcode-15.0.0-Beta.app/Contents/Developer/Toolchains/XcodeDefault.xctoolchain/usr/lib/swift -enable-anonymous-context-mangled-names -Xcc -ivfsstatcache -Xcc /Users/builder/builds/o86TiJKT/0/finestructure/swiftpackageindex-builder/spi-builder-workspace/.derivedData/SDKStatCaches.noindex/iphoneos17.0-21A5248u-22e9895dd8f54bee56aeb93c31b1f490.sdkstatcache -Xcc -I/Users/builder/builds/o86TiJKT/0/finestructure/swiftpackageindex-builder/spi-builder-workspace/.derivedData/Build/Products/Debug-iphoneos/include -Xcc -I/Users/builder/builds/o86TiJKT/0/finestructure/swiftpackageindex-builder/spi-builder-workspace/.derivedData/Build/Intermediates.noindex/ParserCombinators.build/Debug-iphoneos/ParserCombinatorsTests.build/DerivedSources-normal/arm64 -Xcc -I/Users/builder/builds/o86TiJKT/0/finestructure/swiftpackageindex-builder/spi-builder-workspace/.derivedData/Build/Intermediates.noindex/ParserCombinators.build/Debug-iphoneos/ParserCombinatorsTests.build/DerivedSources/arm64 -Xcc -I/Users/builder/builds/o86TiJKT/0/finestructure/swiftpackageindex-builder/spi-builder-workspace/.derivedData/Build/Intermediates.noindex/ParserCombinators.build/Debug-iphoneos/ParserCombinatorsTests.build/DerivedSources -Xcc -DSWIFT_PACKAGE -Xcc -DDEBUG\=1 -module-name ParserCombinatorsTests -frontend-parseable-output -disable-clang-spi -target-sdk-version 17.0 -target-sdk-name iphoneos17.0 -o /Users/builder/builds/o86TiJKT/0/finestructure/swiftpackageindex-builder/spi-builder-workspace/.derivedData/Build/Intermediates.noindex/ParserCombinators.build/Debug-iphoneos/ParserCombinatorsTests.build/Objects-normal/arm64/TestUtils.o -index-unit-output-path /ParserCombinators.build/Debug-iphoneos/ParserCombinatorsTests.build/Objects-normal/arm64/TestUtils.o -index-store-path /Users/builder/builds/o86TiJKT/0/finestructure/swiftpackageindex-builder/spi-builder-workspace/.derivedData/Index.noindex/DataStore -index-system-modules

SwiftCompile normal arm64 Compiling\ ParserCombinatorsTests.swift /Users/builder/builds/o86TiJKT/0/finestructure/swiftpackageindex-builder/spi-builder-workspace/Tests/ParserCombinatorsTests/ParserCombinatorsTests.swift (in target 'ParserCombinatorsTests' from project 'ParserCombinators')
    cd /Users/builder/builds/o86TiJKT/0/finestructure/swiftpackageindex-builder/spi-builder-workspace
    builtin-swiftTaskExecution -- /Applications/Xcode-15.0.0-Beta.app/Contents/Developer/Toolchains/XcodeDefault.xctoolchain/usr/bin/swift-frontend -frontend -c /Users/builder/builds/o86TiJKT/0/finestructure/swiftpackageindex-builder/spi-builder-workspace/Tests/ParserCombinatorsTests/JSONParserTests.swift -primary-file /Users/builder/builds/o86TiJKT/0/finestructure/swiftpackageindex-builder/spi-builder-workspace/Tests/ParserCombinatorsTests/ParserCombinatorsTests.swift /Users/builder/builds/o86TiJKT/0/finestructure/swiftpackageindex-builder/spi-builder-workspace/Tests/ParserCombinatorsTests/PatternsTests.swift /Users/builder/builds/o86TiJKT/0/finestructure/swiftpackageindex-builder/spi-builder-workspace/Tests/ParserCombinatorsTests/PositionTests.swift /Users/builder/builds/o86TiJKT/0/finestructure/swiftpackageindex-builder/spi-builder-workspace/Tests/ParserCombinatorsTests/TestUtils.swift /Users/builder/builds/o86TiJKT/0/finestructure/swiftpackageindex-builder/spi-builder-workspace/Tests/ParserCombinatorsTests/XCTestManifests.swift -emit-dependencies-path /Users/builder/builds/o86TiJKT/0/finestructure/swiftpackageindex-builder/spi-builder-workspace/.derivedData/Build/Intermediates.noindex/ParserCombinators.build/Debug-iphoneos/ParserCombinatorsTests.build/Objects-normal/arm64/ParserCombinatorsTests.d -emit-const-values-path /Users/builder/builds/o86TiJKT/0/finestructure/swiftpackageindex-builder/spi-builder-workspace/.derivedData/Build/Intermediates.noindex/ParserCombinators.build/Debug-iphoneos/ParserCombinatorsTests.build/Objects-normal/arm64/ParserCombinatorsTests.swiftconstvalues -emit-reference-dependencies-path /Users/builder/builds/o86TiJKT/0/finestructure/swiftpackageindex-builder/spi-builder-workspace/.derivedData/Build/Intermediates.noindex/ParserCombinators.build/Debug-iphoneos/ParserCombinatorsTests.build/Objects-normal/arm64/ParserCombinatorsTests.swiftdeps -serialize-diagnostics-path /Users/builder/builds/o86TiJKT/0/finestructure/swiftpackageindex-builder/spi-builder-workspace/.derivedData/Build/Intermediates.noindex/ParserCombinators.build/Debug-iphoneos/ParserCombinatorsTests.build/Objects-normal/arm64/ParserCombinatorsTests.dia -target arm64-apple-ios12.0 -Xllvm -aarch64-use-tbi -enable-objc-interop -sdk /Applications/Xcode-15.0.0-Beta.app/Contents/Developer/Platforms/iPhoneOS.platform/Developer/SDKs/iPhoneOS17.0.sdk -I /Users/builder/builds/o86TiJKT/0/finestructure/swiftpackageindex-builder/spi-builder-workspace/.derivedData/Build/Products/Debug-iphoneos -I /Applications/Xcode-15.0.0-Beta.app/Contents/Developer/Platforms/iPhoneOS.platform/Developer/usr/lib -F /Users/builder/builds/o86TiJKT/0/finestructure/swiftpackageindex-builder/spi-builder-workspace/.derivedData/Build/Products/Debug-iphoneos/PackageFrameworks -F /Users/builder/builds/o86TiJKT/0/finestructure/swiftpackageindex-builder/spi-builder-workspace/.derivedData/Build/Products/Debug-iphoneos/PackageFrameworks -F /Users/builder/builds/o86TiJKT/0/finestructure/swiftpackageindex-builder/spi-builder-workspace/.derivedData/Build/Products/Debug-iphoneos/PackageFrameworks -F /Users/builder/builds/o86TiJKT/0/finestructure/swiftpackageindex-builder/spi-builder-workspace/.derivedData/Build/Products/Debug-iphoneos/PackageFrameworks -F /Users/builder/builds/o86TiJKT/0/finestructure/swiftpackageindex-builder/spi-builder-workspace/.derivedData/Build/Products/Debug-iphoneos/PackageFrameworks -F /Users/builder/builds/o86TiJKT/0/finestructure/swiftpackageindex-builder/spi-builder-workspace/.derivedData/Build/Products/Debug-iphoneos/PackageFrameworks -F /Users/builder/builds/o86TiJKT/0/finestructure/swiftpackageindex-builder/spi-builder-workspace/.derivedData/Build/Products/Debug-iphoneos -F /Applications/Xcode-15.0.0-Beta.app/Contents/Developer/Platforms/iPhoneOS.platform/Developer/Library/Frameworks -F /Applications/Xcode-15.0.0-Beta.app/Contents/Developer/Platforms/iPhoneOS.platform/Developer/SDKs/iPhoneOS17.0.sdk/Developer/Library/Frameworks -no-color-diagnostics -enable-testing -g -module-cache-path /Users/builder/builds/o86TiJKT/0/finestructure/swiftpackageindex-builder/spi-builder-workspace/.derivedData/ModuleCache.noindex -swift-version 5 -enforce-exclusivity\=checked -Onone -D SWIFT_PACKAGE -D DEBUG -D Xcode -serialize-debugging-options -const-gather-protocols-file /Users/builder/builds/o86TiJKT/0/finestructure/swiftpackageindex-builder/spi-builder-workspace/.derivedData/Build/Intermediates.noindex/ParserCombinators.build/Debug-iphoneos/ParserCombinatorsTests.build/Objects-normal/arm64/ParserCombinatorsTests_const_extract_protocols.json -empty-abi-descriptor -plugin-path /Applications/Xcode-15.0.0-Beta.app/Contents/Developer/Toolchains/XcodeDefault.xctoolchain/usr/lib/swift/host/plugins -plugin-path /Applications/Xcode-15.0.0-Beta.app/Contents/Developer/Toolchains/XcodeDefault.xctoolchain/usr/local/lib/swift/host/plugins -validate-clang-modules-once -clang-build-session-file /Users/builder/builds/o86TiJKT/0/finestructure/swiftpackageindex-builder/spi-builder-workspace/.derivedData/ModuleCache.noindex/Session.modulevalidation -Xcc -working-directory -Xcc /Users/builder/builds/o86TiJKT/0/finestructure/swiftpackageindex-builder/spi-builder-workspace -resource-dir /Applications/Xcode-15.0.0-Beta.app/Contents/Developer/Toolchains/XcodeDefault.xctoolchain/usr/lib/swift -enable-anonymous-context-mangled-names -Xcc -ivfsstatcache -Xcc /Users/builder/builds/o86TiJKT/0/finestructure/swiftpackageindex-builder/spi-builder-workspace/.derivedData/SDKStatCaches.noindex/iphoneos17.0-21A5248u-22e9895dd8f54bee56aeb93c31b1f490.sdkstatcache -Xcc -I/Users/builder/builds/o86TiJKT/0/finestructure/swiftpackageindex-builder/spi-builder-workspace/.derivedData/Build/Products/Debug-iphoneos/include -Xcc -I/Users/builder/builds/o86TiJKT/0/finestructure/swiftpackageindex-builder/spi-builder-workspace/.derivedData/Build/Intermediates.noindex/ParserCombinators.build/Debug-iphoneos/ParserCombinatorsTests.build/DerivedSources-normal/arm64 -Xcc -I/Users/builder/builds/o86TiJKT/0/finestructure/swiftpackageindex-builder/spi-builder-workspace/.derivedData/Build/Intermediates.noindex/ParserCombinators.build/Debug-iphoneos/ParserCombinatorsTests.build/DerivedSources/arm64 -Xcc -I/Users/builder/builds/o86TiJKT/0/finestructure/swiftpackageindex-builder/spi-builder-workspace/.derivedData/Build/Intermediates.noindex/ParserCombinators.build/Debug-iphoneos/ParserCombinatorsTests.build/DerivedSources -Xcc -DSWIFT_PACKAGE -Xcc -DDEBUG\=1 -module-name ParserCombinatorsTests -frontend-parseable-output -disable-clang-spi -target-sdk-version 17.0 -target-sdk-name iphoneos17.0 -o /Users/builder/builds/o86TiJKT/0/finestructure/swiftpackageindex-builder/spi-builder-workspace/.derivedData/Build/Intermediates.noindex/ParserCombinators.build/Debug-iphoneos/ParserCombinatorsTests.build/Objects-normal/arm64/ParserCombinatorsTests.o -index-unit-output-path /ParserCombinators.build/Debug-iphoneos/ParserCombinatorsTests.build/Objects-normal/arm64/ParserCombinatorsTests.o -index-store-path /Users/builder/builds/o86TiJKT/0/finestructure/swiftpackageindex-builder/spi-builder-workspace/.derivedData/Index.noindex/DataStore -index-system-modules
SwiftCompile normal arm64 /Users/builder/builds/o86TiJKT/0/finestructure/swiftpackageindex-builder/spi-builder-workspace/Tests/ParserCombinatorsTests/ParserCombinatorsTests.swift (in target 'ParserCombinatorsTests' from project 'ParserCombinators')
    cd /Users/builder/builds/o86TiJKT/0/finestructure/swiftpackageindex-builder/spi-builder-workspace
    /Applications/Xcode-15.0.0-Beta.app/Contents/Developer/Toolchains/XcodeDefault.xctoolchain/usr/bin/swift-frontend -c /Users/builder/builds/o86TiJKT/0/finestructure/swiftpackageindex-builder/spi-builder-workspace/Tests/ParserCombinatorsTests/JSONParserTests.swift -primary-file /Users/builder/builds/o86TiJKT/0/finestructure/swiftpackageindex-builder/spi-builder-workspace/Tests/ParserCombinatorsTests/ParserCombinatorsTests.swift /Users/builder/builds/o86TiJKT/0/finestructure/swiftpackageindex-builder/spi-builder-workspace/Tests/ParserCombinatorsTests/PatternsTests.swift /Users/builder/builds/o86TiJKT/0/finestructure/swiftpackageindex-builder/spi-builder-workspace/Tests/ParserCombinatorsTests/PositionTests.swift /Users/builder/builds/o86TiJKT/0/finestructure/swiftpackageindex-builder/spi-builder-workspace/Tests/ParserCombinatorsTests/TestUtils.swift /Users/builder/builds/o86TiJKT/0/finestructure/swiftpackageindex-builder/spi-builder-workspace/Tests/ParserCombinatorsTests/XCTestManifests.swift -emit-dependencies-path /Users/builder/builds/o86TiJKT/0/finestructure/swiftpackageindex-builder/spi-builder-workspace/.derivedData/Build/Intermediates.noindex/ParserCombinators.build/Debug-iphoneos/ParserCombinatorsTests.build/Objects-normal/arm64/ParserCombinatorsTests.d -emit-const-values-path /Users/builder/builds/o86TiJKT/0/finestructure/swiftpackageindex-builder/spi-builder-workspace/.derivedData/Build/Intermediates.noindex/ParserCombinators.build/Debug-iphoneos/ParserCombinatorsTests.build/Objects-normal/arm64/ParserCombinatorsTests.swiftconstvalues -emit-reference-dependencies-path /Users/builder/builds/o86TiJKT/0/finestructure/swiftpackageindex-builder/spi-builder-workspace/.derivedData/Build/Intermediates.noindex/ParserCombinators.build/Debug-iphoneos/ParserCombinatorsTests.build/Objects-normal/arm64/ParserCombinatorsTests.swiftdeps -serialize-diagnostics-path /Users/builder/builds/o86TiJKT/0/finestructure/swiftpackageindex-builder/spi-builder-workspace/.derivedData/Build/Intermediates.noindex/ParserCombinators.build/Debug-iphoneos/ParserCombinatorsTests.build/Objects-normal/arm64/ParserCombinatorsTests.dia -target arm64-apple-ios12.0 -Xllvm -aarch64-use-tbi -enable-objc-interop -sdk /Applications/Xcode-15.0.0-Beta.app/Contents/Developer/Platforms/iPhoneOS.platform/Developer/SDKs/iPhoneOS17.0.sdk -I /Users/builder/builds/o86TiJKT/0/finestructure/swiftpackageindex-builder/spi-builder-workspace/.derivedData/Build/Products/Debug-iphoneos -I /Applications/Xcode-15.0.0-Beta.app/Contents/Developer/Platforms/iPhoneOS.platform/Developer/usr/lib -F /Users/builder/builds/o86TiJKT/0/finestructure/swiftpackageindex-builder/spi-builder-workspace/.derivedData/Build/Products/Debug-iphoneos/PackageFrameworks -F /Users/builder/builds/o86TiJKT/0/finestructure/swiftpackageindex-builder/spi-builder-workspace/.derivedData/Build/Products/Debug-iphoneos/PackageFrameworks -F /Users/builder/builds/o86TiJKT/0/finestructure/swiftpackageindex-builder/spi-builder-workspace/.derivedData/Build/Products/Debug-iphoneos/PackageFrameworks -F /Users/builder/builds/o86TiJKT/0/finestructure/swiftpackageindex-builder/spi-builder-workspace/.derivedData/Build/Products/Debug-iphoneos/PackageFrameworks -F /Users/builder/builds/o86TiJKT/0/finestructure/swiftpackageindex-builder/spi-builder-workspace/.derivedData/Build/Products/Debug-iphoneos/PackageFrameworks -F /Users/builder/builds/o86TiJKT/0/finestructure/swiftpackageindex-builder/spi-builder-workspace/.derivedData/Build/Products/Debug-iphoneos/PackageFrameworks -F /Users/builder/builds/o86TiJKT/0/finestructure/swiftpackageindex-builder/spi-builder-workspace/.derivedData/Build/Products/Debug-iphoneos -F /Applications/Xcode-15.0.0-Beta.app/Contents/Developer/Platforms/iPhoneOS.platform/Developer/Library/Frameworks -F /Applications/Xcode-15.0.0-Beta.app/Contents/Developer/Platforms/iPhoneOS.platform/Developer/SDKs/iPhoneOS17.0.sdk/Developer/Library/Frameworks -no-color-diagnostics -enable-testing -g -module-cache-path /Users/builder/builds/o86TiJKT/0/finestructure/swiftpackageindex-builder/spi-builder-workspace/.derivedData/ModuleCache.noindex -swift-version 5 -enforce-exclusivity\=checked -Onone -D SWIFT_PACKAGE -D DEBUG -D Xcode -serialize-debugging-options -const-gather-protocols-file /Users/builder/builds/o86TiJKT/0/finestructure/swiftpackageindex-builder/spi-builder-workspace/.derivedData/Build/Intermediates.noindex/ParserCombinators.build/Debug-iphoneos/ParserCombinatorsTests.build/Objects-normal/arm64/ParserCombinatorsTests_const_extract_protocols.json -empty-abi-descriptor -plugin-path /Applications/Xcode-15.0.0-Beta.app/Contents/Developer/Toolchains/XcodeDefault.xctoolchain/usr/lib/swift/host/plugins -plugin-path /Applications/Xcode-15.0.0-Beta.app/Contents/Developer/Toolchains/XcodeDefault.xctoolchain/usr/local/lib/swift/host/plugins -validate-clang-modules-once -clang-build-session-file /Users/builder/builds/o86TiJKT/0/finestructure/swiftpackageindex-builder/spi-builder-workspace/.derivedData/ModuleCache.noindex/Session.modulevalidation -Xcc -working-directory -Xcc /Users/builder/builds/o86TiJKT/0/finestructure/swiftpackageindex-builder/spi-builder-workspace -resource-dir /Applications/Xcode-15.0.0-Beta.app/Contents/Developer/Toolchains/XcodeDefault.xctoolchain/usr/lib/swift -enable-anonymous-context-mangled-names -Xcc -ivfsstatcache -Xcc /Users/builder/builds/o86TiJKT/0/finestructure/swiftpackageindex-builder/spi-builder-workspace/.derivedData/SDKStatCaches.noindex/iphoneos17.0-21A5248u-22e9895dd8f54bee56aeb93c31b1f490.sdkstatcache -Xcc -I/Users/builder/builds/o86TiJKT/0/finestructure/swiftpackageindex-builder/spi-builder-workspace/.derivedData/Build/Products/Debug-iphoneos/include -Xcc -I/Users/builder/builds/o86TiJKT/0/finestructure/swiftpackageindex-builder/spi-builder-workspace/.derivedData/Build/Intermediates.noindex/ParserCombinators.build/Debug-iphoneos/ParserCombinatorsTests.build/DerivedSources-normal/arm64 -Xcc -I/Users/builder/builds/o86TiJKT/0/finestructure/swiftpackageindex-builder/spi-builder-workspace/.derivedData/Build/Intermediates.noindex/ParserCombinators.build/Debug-iphoneos/ParserCombinatorsTests.build/DerivedSources/arm64 -Xcc -I/Users/builder/builds/o86TiJKT/0/finestructure/swiftpackageindex-builder/spi-builder-workspace/.derivedData/Build/Intermediates.noindex/ParserCombinators.build/Debug-iphoneos/ParserCombinatorsTests.build/DerivedSources -Xcc -DSWIFT_PACKAGE -Xcc -DDEBUG\=1 -module-name ParserCombinatorsTests -frontend-parseable-output -disable-clang-spi -target-sdk-version 17.0 -target-sdk-name iphoneos17.0 -o /Users/builder/builds/o86TiJKT/0/finestructure/swiftpackageindex-builder/spi-builder-workspace/.derivedData/Build/Intermediates.noindex/ParserCombinators.build/Debug-iphoneos/ParserCombinatorsTests.build/Objects-normal/arm64/ParserCombinatorsTests.o -index-unit-output-path /ParserCombinators.build/Debug-iphoneos/ParserCombinatorsTests.build/Objects-normal/arm64/ParserCombinatorsTests.o -index-store-path /Users/builder/builds/o86TiJKT/0/finestructure/swiftpackageindex-builder/spi-builder-workspace/.derivedData/Index.noindex/DataStore -index-system-modules

SwiftCompile normal arm64 Compiling\ PositionTests.swift /Users/builder/builds/o86TiJKT/0/finestructure/swiftpackageindex-builder/spi-builder-workspace/Tests/ParserCombinatorsTests/PositionTests.swift (in target 'ParserCombinatorsTests' from project 'ParserCombinators')
    cd /Users/builder/builds/o86TiJKT/0/finestructure/swiftpackageindex-builder/spi-builder-workspace
    builtin-swiftTaskExecution -- /Applications/Xcode-15.0.0-Beta.app/Contents/Developer/Toolchains/XcodeDefault.xctoolchain/usr/bin/swift-frontend -frontend -c /Users/builder/builds/o86TiJKT/0/finestructure/swiftpackageindex-builder/spi-builder-workspace/Tests/ParserCombinatorsTests/JSONParserTests.swift /Users/builder/builds/o86TiJKT/0/finestructure/swiftpackageindex-builder/spi-builder-workspace/Tests/ParserCombinatorsTests/ParserCombinatorsTests.swift /Users/builder/builds/o86TiJKT/0/finestructure/swiftpackageindex-builder/spi-builder-workspace/Tests/ParserCombinatorsTests/PatternsTests.swift -primary-file /Users/builder/builds/o86TiJKT/0/finestructure/swiftpackageindex-builder/spi-builder-workspace/Tests/ParserCombinatorsTests/PositionTests.swift /Users/builder/builds/o86TiJKT/0/finestructure/swiftpackageindex-builder/spi-builder-workspace/Tests/ParserCombinatorsTests/TestUtils.swift /Users/builder/builds/o86TiJKT/0/finestructure/swiftpackageindex-builder/spi-builder-workspace/Tests/ParserCombinatorsTests/XCTestManifests.swift -emit-dependencies-path /Users/builder/builds/o86TiJKT/0/finestructure/swiftpackageindex-builder/spi-builder-workspace/.derivedData/Build/Intermediates.noindex/ParserCombinators.build/Debug-iphoneos/ParserCombinatorsTests.build/Objects-normal/arm64/PositionTests.d -emit-const-values-path /Users/builder/builds/o86TiJKT/0/finestructure/swiftpackageindex-builder/spi-builder-workspace/.derivedData/Build/Intermediates.noindex/ParserCombinators.build/Debug-iphoneos/ParserCombinatorsTests.build/Objects-normal/arm64/PositionTests.swiftconstvalues -emit-reference-dependencies-path /Users/builder/builds/o86TiJKT/0/finestructure/swiftpackageindex-builder/spi-builder-workspace/.derivedData/Build/Intermediates.noindex/ParserCombinators.build/Debug-iphoneos/ParserCombinatorsTests.build/Objects-normal/arm64/PositionTests.swiftdeps -serialize-diagnostics-path /Users/builder/builds/o86TiJKT/0/finestructure/swiftpackageindex-builder/spi-builder-workspace/.derivedData/Build/Intermediates.noindex/ParserCombinators.build/Debug-iphoneos/ParserCombinatorsTests.build/Objects-normal/arm64/PositionTests.dia -target arm64-apple-ios12.0 -Xllvm -aarch64-use-tbi -enable-objc-interop -sdk /Applications/Xcode-15.0.0-Beta.app/Contents/Developer/Platforms/iPhoneOS.platform/Developer/SDKs/iPhoneOS17.0.sdk -I /Users/builder/builds/o86TiJKT/0/finestructure/swiftpackageindex-builder/spi-builder-workspace/.derivedData/Build/Products/Debug-iphoneos -I /Applications/Xcode-15.0.0-Beta.app/Contents/Developer/Platforms/iPhoneOS.platform/Developer/usr/lib -F /Users/builder/builds/o86TiJKT/0/finestructure/swiftpackageindex-builder/spi-builder-workspace/.derivedData/Build/Products/Debug-iphoneos/PackageFrameworks -F /Users/builder/builds/o86TiJKT/0/finestructure/swiftpackageindex-builder/spi-builder-workspace/.derivedData/Build/Products/Debug-iphoneos/PackageFrameworks -F /Users/builder/builds/o86TiJKT/0/finestructure/swiftpackageindex-builder/spi-builder-workspace/.derivedData/Build/Products/Debug-iphoneos/PackageFrameworks -F /Users/builder/builds/o86TiJKT/0/finestructure/swiftpackageindex-builder/spi-builder-workspace/.derivedData/Build/Products/Debug-iphoneos/PackageFrameworks -F /Users/builder/builds/o86TiJKT/0/finestructure/swiftpackageindex-builder/spi-builder-workspace/.derivedData/Build/Products/Debug-iphoneos/PackageFrameworks -F /Users/builder/builds/o86TiJKT/0/finestructure/swiftpackageindex-builder/spi-builder-workspace/.derivedData/Build/Products/Debug-iphoneos/PackageFrameworks -F /Users/builder/builds/o86TiJKT/0/finestructure/swiftpackageindex-builder/spi-builder-workspace/.derivedData/Build/Products/Debug-iphoneos -F /Applications/Xcode-15.0.0-Beta.app/Contents/Developer/Platforms/iPhoneOS.platform/Developer/Library/Frameworks -F /Applications/Xcode-15.0.0-Beta.app/Contents/Developer/Platforms/iPhoneOS.platform/Developer/SDKs/iPhoneOS17.0.sdk/Developer/Library/Frameworks -no-color-diagnostics -enable-testing -g -module-cache-path /Users/builder/builds/o86TiJKT/0/finestructure/swiftpackageindex-builder/spi-builder-workspace/.derivedData/ModuleCache.noindex -swift-version 5 -enforce-exclusivity\=checked -Onone -D SWIFT_PACKAGE -D DEBUG -D Xcode -serialize-debugging-options -const-gather-protocols-file /Users/builder/builds/o86TiJKT/0/finestructure/swiftpackageindex-builder/spi-builder-workspace/.derivedData/Build/Intermediates.noindex/ParserCombinators.build/Debug-iphoneos/ParserCombinatorsTests.build/Objects-normal/arm64/ParserCombinatorsTests_const_extract_protocols.json -empty-abi-descriptor -plugin-path /Applications/Xcode-15.0.0-Beta.app/Contents/Developer/Toolchains/XcodeDefault.xctoolchain/usr/lib/swift/host/plugins -plugin-path /Applications/Xcode-15.0.0-Beta.app/Contents/Developer/Toolchains/XcodeDefault.xctoolchain/usr/local/lib/swift/host/plugins -validate-clang-modules-once -clang-build-session-file /Users/builder/builds/o86TiJKT/0/finestructure/swiftpackageindex-builder/spi-builder-workspace/.derivedData/ModuleCache.noindex/Session.modulevalidation -Xcc -working-directory -Xcc /Users/builder/builds/o86TiJKT/0/finestructure/swiftpackageindex-builder/spi-builder-workspace -resource-dir /Applications/Xcode-15.0.0-Beta.app/Contents/Developer/Toolchains/XcodeDefault.xctoolchain/usr/lib/swift -enable-anonymous-context-mangled-names -Xcc -ivfsstatcache -Xcc /Users/builder/builds/o86TiJKT/0/finestructure/swiftpackageindex-builder/spi-builder-workspace/.derivedData/SDKStatCaches.noindex/iphoneos17.0-21A5248u-22e9895dd8f54bee56aeb93c31b1f490.sdkstatcache -Xcc -I/Users/builder/builds/o86TiJKT/0/finestructure/swiftpackageindex-builder/spi-builder-workspace/.derivedData/Build/Products/Debug-iphoneos/include -Xcc -I/Users/builder/builds/o86TiJKT/0/finestructure/swiftpackageindex-builder/spi-builder-workspace/.derivedData/Build/Intermediates.noindex/ParserCombinators.build/Debug-iphoneos/ParserCombinatorsTests.build/DerivedSources-normal/arm64 -Xcc -I/Users/builder/builds/o86TiJKT/0/finestructure/swiftpackageindex-builder/spi-builder-workspace/.derivedData/Build/Intermediates.noindex/ParserCombinators.build/Debug-iphoneos/ParserCombinatorsTests.build/DerivedSources/arm64 -Xcc -I/Users/builder/builds/o86TiJKT/0/finestructure/swiftpackageindex-builder/spi-builder-workspace/.derivedData/Build/Intermediates.noindex/ParserCombinators.build/Debug-iphoneos/ParserCombinatorsTests.build/DerivedSources -Xcc -DSWIFT_PACKAGE -Xcc -DDEBUG\=1 -module-name ParserCombinatorsTests -frontend-parseable-output -disable-clang-spi -target-sdk-version 17.0 -target-sdk-name iphoneos17.0 -o /Users/builder/builds/o86TiJKT/0/finestructure/swiftpackageindex-builder/spi-builder-workspace/.derivedData/Build/Intermediates.noindex/ParserCombinators.build/Debug-iphoneos/ParserCombinatorsTests.build/Objects-normal/arm64/PositionTests.o -index-unit-output-path /ParserCombinators.build/Debug-iphoneos/ParserCombinatorsTests.build/Objects-normal/arm64/PositionTests.o -index-store-path /Users/builder/builds/o86TiJKT/0/finestructure/swiftpackageindex-builder/spi-builder-workspace/.derivedData/Index.noindex/DataStore -index-system-modules

SwiftCompile normal arm64 /Users/builder/builds/o86TiJKT/0/finestructure/swiftpackageindex-builder/spi-builder-workspace/Tests/ParserCombinatorsTests/PositionTests.swift (in target 'ParserCombinatorsTests' from project 'ParserCombinators')
    cd /Users/builder/builds/o86TiJKT/0/finestructure/swiftpackageindex-builder/spi-builder-workspace
    /Applications/Xcode-15.0.0-Beta.app/Contents/Developer/Toolchains/XcodeDefault.xctoolchain/usr/bin/swift-frontend -c /Users/builder/builds/o86TiJKT/0/finestructure/swiftpackageindex-builder/spi-builder-workspace/Tests/ParserCombinatorsTests/JSONParserTests.swift /Users/builder/builds/o86TiJKT/0/finestructure/swiftpackageindex-builder/spi-builder-workspace/Tests/ParserCombinatorsTests/ParserCombinatorsTests.swift /Users/builder/builds/o86TiJKT/0/finestructure/swiftpackageindex-builder/spi-builder-workspace/Tests/ParserCombinatorsTests/PatternsTests.swift -primary-file /Users/builder/builds/o86TiJKT/0/finestructure/swiftpackageindex-builder/spi-builder-workspace/Tests/ParserCombinatorsTests/PositionTests.swift /Users/builder/builds/o86TiJKT/0/finestructure/swiftpackageindex-builder/spi-builder-workspace/Tests/ParserCombinatorsTests/TestUtils.swift /Users/builder/builds/o86TiJKT/0/finestructure/swiftpackageindex-builder/spi-builder-workspace/Tests/ParserCombinatorsTests/XCTestManifests.swift -emit-dependencies-path /Users/builder/builds/o86TiJKT/0/finestructure/swiftpackageindex-builder/spi-builder-workspace/.derivedData/Build/Intermediates.noindex/ParserCombinators.build/Debug-iphoneos/ParserCombinatorsTests.build/Objects-normal/arm64/PositionTests.d -emit-const-values-path /Users/builder/builds/o86TiJKT/0/finestructure/swiftpackageindex-builder/spi-builder-workspace/.derivedData/Build/Intermediates.noindex/ParserCombinators.build/Debug-iphoneos/ParserCombinatorsTests.build/Objects-normal/arm64/PositionTests.swiftconstvalues -emit-reference-dependencies-path /Users/builder/builds/o86TiJKT/0/finestructure/swiftpackageindex-builder/spi-builder-workspace/.derivedData/Build/Intermediates.noindex/ParserCombinators.build/Debug-iphoneos/ParserCombinatorsTests.build/Objects-normal/arm64/PositionTests.swiftdeps -serialize-diagnostics-path /Users/builder/builds/o86TiJKT/0/finestructure/swiftpackageindex-builder/spi-builder-workspace/.derivedData/Build/Intermediates.noindex/ParserCombinators.build/Debug-iphoneos/ParserCombinatorsTests.build/Objects-normal/arm64/PositionTests.dia -target arm64-apple-ios12.0 -Xllvm -aarch64-use-tbi -enable-objc-interop -sdk /Applications/Xcode-15.0.0-Beta.app/Contents/Developer/Platforms/iPhoneOS.platform/Developer/SDKs/iPhoneOS17.0.sdk -I /Users/builder/builds/o86TiJKT/0/finestructure/swiftpackageindex-builder/spi-builder-workspace/.derivedData/Build/Products/Debug-iphoneos -I /Applications/Xcode-15.0.0-Beta.app/Contents/Developer/Platforms/iPhoneOS.platform/Developer/usr/lib -F /Users/builder/builds/o86TiJKT/0/finestructure/swiftpackageindex-builder/spi-builder-workspace/.derivedData/Build/Products/Debug-iphoneos/PackageFrameworks -F /Users/builder/builds/o86TiJKT/0/finestructure/swiftpackageindex-builder/spi-builder-workspace/.derivedData/Build/Products/Debug-iphoneos/PackageFrameworks -F /Users/builder/builds/o86TiJKT/0/finestructure/swiftpackageindex-builder/spi-builder-workspace/.derivedData/Build/Products/Debug-iphoneos/PackageFrameworks -F /Users/builder/builds/o86TiJKT/0/finestructure/swiftpackageindex-builder/spi-builder-workspace/.derivedData/Build/Products/Debug-iphoneos/PackageFrameworks -F /Users/builder/builds/o86TiJKT/0/finestructure/swiftpackageindex-builder/spi-builder-workspace/.derivedData/Build/Products/Debug-iphoneos/PackageFrameworks -F /Users/builder/builds/o86TiJKT/0/finestructure/swiftpackageindex-builder/spi-builder-workspace/.derivedData/Build/Products/Debug-iphoneos/PackageFrameworks -F /Users/builder/builds/o86TiJKT/0/finestructure/swiftpackageindex-builder/spi-builder-workspace/.derivedData/Build/Products/Debug-iphoneos -F /Applications/Xcode-15.0.0-Beta.app/Contents/Developer/Platforms/iPhoneOS.platform/Developer/Library/Frameworks -F /Applications/Xcode-15.0.0-Beta.app/Contents/Developer/Platforms/iPhoneOS.platform/Developer/SDKs/iPhoneOS17.0.sdk/Developer/Library/Frameworks -no-color-diagnostics -enable-testing -g -module-cache-path /Users/builder/builds/o86TiJKT/0/finestructure/swiftpackageindex-builder/spi-builder-workspace/.derivedData/ModuleCache.noindex -swift-version 5 -enforce-exclusivity\=checked -Onone -D SWIFT_PACKAGE -D DEBUG -D Xcode -serialize-debugging-options -const-gather-protocols-file /Users/builder/builds/o86TiJKT/0/finestructure/swiftpackageindex-builder/spi-builder-workspace/.derivedData/Build/Intermediates.noindex/ParserCombinators.build/Debug-iphoneos/ParserCombinatorsTests.build/Objects-normal/arm64/ParserCombinatorsTests_const_extract_protocols.json -empty-abi-descriptor -plugin-path /Applications/Xcode-15.0.0-Beta.app/Contents/Developer/Toolchains/XcodeDefault.xctoolchain/usr/lib/swift/host/plugins -plugin-path /Applications/Xcode-15.0.0-Beta.app/Contents/Developer/Toolchains/XcodeDefault.xctoolchain/usr/local/lib/swift/host/plugins -validate-clang-modules-once -clang-build-session-file /Users/builder/builds/o86TiJKT/0/finestructure/swiftpackageindex-builder/spi-builder-workspace/.derivedData/ModuleCache.noindex/Session.modulevalidation -Xcc -working-directory -Xcc /Users/builder/builds/o86TiJKT/0/finestructure/swiftpackageindex-builder/spi-builder-workspace -resource-dir /Applications/Xcode-15.0.0-Beta.app/Contents/Developer/Toolchains/XcodeDefault.xctoolchain/usr/lib/swift -enable-anonymous-context-mangled-names -Xcc -ivfsstatcache -Xcc /Users/builder/builds/o86TiJKT/0/finestructure/swiftpackageindex-builder/spi-builder-workspace/.derivedData/SDKStatCaches.noindex/iphoneos17.0-21A5248u-22e9895dd8f54bee56aeb93c31b1f490.sdkstatcache -Xcc -I/Users/builder/builds/o86TiJKT/0/finestructure/swiftpackageindex-builder/spi-builder-workspace/.derivedData/Build/Products/Debug-iphoneos/include -Xcc -I/Users/builder/builds/o86TiJKT/0/finestructure/swiftpackageindex-builder/spi-builder-workspace/.derivedData/Build/Intermediates.noindex/ParserCombinators.build/Debug-iphoneos/ParserCombinatorsTests.build/DerivedSources-normal/arm64 -Xcc -I/Users/builder/builds/o86TiJKT/0/finestructure/swiftpackageindex-builder/spi-builder-workspace/.derivedData/Build/Intermediates.noindex/ParserCombinators.build/Debug-iphoneos/ParserCombinatorsTests.build/DerivedSources/arm64 -Xcc -I/Users/builder/builds/o86TiJKT/0/finestructure/swiftpackageindex-builder/spi-builder-workspace/.derivedData/Build/Intermediates.noindex/ParserCombinators.build/Debug-iphoneos/ParserCombinatorsTests.build/DerivedSources -Xcc -DSWIFT_PACKAGE -Xcc -DDEBUG\=1 -module-name ParserCombinatorsTests -frontend-parseable-output -disable-clang-spi -target-sdk-version 17.0 -target-sdk-name iphoneos17.0 -o /Users/builder/builds/o86TiJKT/0/finestructure/swiftpackageindex-builder/spi-builder-workspace/.derivedData/Build/Intermediates.noindex/ParserCombinators.build/Debug-iphoneos/ParserCombinatorsTests.build/Objects-normal/arm64/PositionTests.o -index-unit-output-path /ParserCombinators.build/Debug-iphoneos/ParserCombinatorsTests.build/Objects-normal/arm64/PositionTests.o -index-store-path /Users/builder/builds/o86TiJKT/0/finestructure/swiftpackageindex-builder/spi-builder-workspace/.derivedData/Index.noindex/DataStore -index-system-modules
SwiftCompile normal arm64 Compiling\ JSONParserTests.swift /Users/builder/builds/o86TiJKT/0/finestructure/swiftpackageindex-builder/spi-builder-workspace/Tests/ParserCombinatorsTests/JSONParserTests.swift (in target 'ParserCombinatorsTests' from project 'ParserCombinators')
    cd /Users/builder/builds/o86TiJKT/0/finestructure/swiftpackageindex-builder/spi-builder-workspace
    builtin-swiftTaskExecution -- /Applications/Xcode-15.0.0-Beta.app/Contents/Developer/Toolchains/XcodeDefault.xctoolchain/usr/bin/swift-frontend -frontend -c -primary-file /Users/builder/builds/o86TiJKT/0/finestructure/swiftpackageindex-builder/spi-builder-workspace/Tests/ParserCombinatorsTests/JSONParserTests.swift /Users/builder/builds/o86TiJKT/0/finestructure/swiftpackageindex-builder/spi-builder-workspace/Tests/ParserCombinatorsTests/ParserCombinatorsTests.swift /Users/builder/builds/o86TiJKT/0/finestructure/swiftpackageindex-builder/spi-builder-workspace/Tests/ParserCombinatorsTests/PatternsTests.swift /Users/builder/builds/o86TiJKT/0/finestructure/swiftpackageindex-builder/spi-builder-workspace/Tests/ParserCombinatorsTests/PositionTests.swift /Users/builder/builds/o86TiJKT/0/finestructure/swiftpackageindex-builder/spi-builder-workspace/Tests/ParserCombinatorsTests/TestUtils.swift /Users/builder/builds/o86TiJKT/0/finestructure/swiftpackageindex-builder/spi-builder-workspace/Tests/ParserCombinatorsTests/XCTestManifests.swift -emit-dependencies-path /Users/builder/builds/o86TiJKT/0/finestructure/swiftpackageindex-builder/spi-builder-workspace/.derivedData/Build/Intermediates.noindex/ParserCombinators.build/Debug-iphoneos/ParserCombinatorsTests.build/Objects-normal/arm64/JSONParserTests.d -emit-const-values-path /Users/builder/builds/o86TiJKT/0/finestructure/swiftpackageindex-builder/spi-builder-workspace/.derivedData/Build/Intermediates.noindex/ParserCombinators.build/Debug-iphoneos/ParserCombinatorsTests.build/Objects-normal/arm64/JSONParserTests.swiftconstvalues -emit-reference-dependencies-path /Users/builder/builds/o86TiJKT/0/finestructure/swiftpackageindex-builder/spi-builder-workspace/.derivedData/Build/Intermediates.noindex/ParserCombinators.build/Debug-iphoneos/ParserCombinatorsTests.build/Objects-normal/arm64/JSONParserTests.swiftdeps -serialize-diagnostics-path /Users/builder/builds/o86TiJKT/0/finestructure/swiftpackageindex-builder/spi-builder-workspace/.derivedData/Build/Intermediates.noindex/ParserCombinators.build/Debug-iphoneos/ParserCombinatorsTests.build/Objects-normal/arm64/JSONParserTests.dia -target arm64-apple-ios12.0 -Xllvm -aarch64-use-tbi -enable-objc-interop -sdk /Applications/Xcode-15.0.0-Beta.app/Contents/Developer/Platforms/iPhoneOS.platform/Developer/SDKs/iPhoneOS17.0.sdk -I /Users/builder/builds/o86TiJKT/0/finestructure/swiftpackageindex-builder/spi-builder-workspace/.derivedData/Build/Products/Debug-iphoneos -I /Applications/Xcode-15.0.0-Beta.app/Contents/Developer/Platforms/iPhoneOS.platform/Developer/usr/lib -F /Users/builder/builds/o86TiJKT/0/finestructure/swiftpackageindex-builder/spi-builder-workspace/.derivedData/Build/Products/Debug-iphoneos/PackageFrameworks -F /Users/builder/builds/o86TiJKT/0/finestructure/swiftpackageindex-builder/spi-builder-workspace/.derivedData/Build/Products/Debug-iphoneos/PackageFrameworks -F /Users/builder/builds/o86TiJKT/0/finestructure/swiftpackageindex-builder/spi-builder-workspace/.derivedData/Build/Products/Debug-iphoneos/PackageFrameworks -F /Users/builder/builds/o86TiJKT/0/finestructure/swiftpackageindex-builder/spi-builder-workspace/.derivedData/Build/Products/Debug-iphoneos/PackageFrameworks -F /Users/builder/builds/o86TiJKT/0/finestructure/swiftpackageindex-builder/spi-builder-workspace/.derivedData/Build/Products/Debug-iphoneos/PackageFrameworks -F /Users/builder/builds/o86TiJKT/0/finestructure/swiftpackageindex-builder/spi-builder-workspace/.derivedData/Build/Products/Debug-iphoneos/PackageFrameworks -F /Users/builder/builds/o86TiJKT/0/finestructure/swiftpackageindex-builder/spi-builder-workspace/.derivedData/Build/Products/Debug-iphoneos -F /Applications/Xcode-15.0.0-Beta.app/Contents/Developer/Platforms/iPhoneOS.platform/Developer/Library/Frameworks -F /Applications/Xcode-15.0.0-Beta.app/Contents/Developer/Platforms/iPhoneOS.platform/Developer/SDKs/iPhoneOS17.0.sdk/Developer/Library/Frameworks -no-color-diagnostics -enable-testing -g -module-cache-path /Users/builder/builds/o86TiJKT/0/finestructure/swiftpackageindex-builder/spi-builder-workspace/.derivedData/ModuleCache.noindex -swift-version 5 -enforce-exclusivity\=checked -Onone -D SWIFT_PACKAGE -D DEBUG -D Xcode -serialize-debugging-options -const-gather-protocols-file /Users/builder/builds/o86TiJKT/0/finestructure/swiftpackageindex-builder/spi-builder-workspace/.derivedData/Build/Intermediates.noindex/ParserCombinators.build/Debug-iphoneos/ParserCombinatorsTests.build/Objects-normal/arm64/ParserCombinatorsTests_const_extract_protocols.json -empty-abi-descriptor -plugin-path /Applications/Xcode-15.0.0-Beta.app/Contents/Developer/Toolchains/XcodeDefault.xctoolchain/usr/lib/swift/host/plugins -plugin-path /Applications/Xcode-15.0.0-Beta.app/Contents/Developer/Toolchains/XcodeDefault.xctoolchain/usr/local/lib/swift/host/plugins -validate-clang-modules-once -clang-build-session-file /Users/builder/builds/o86TiJKT/0/finestructure/swiftpackageindex-builder/spi-builder-workspace/.derivedData/ModuleCache.noindex/Session.modulevalidation -Xcc -working-directory -Xcc /Users/builder/builds/o86TiJKT/0/finestructure/swiftpackageindex-builder/spi-builder-workspace -resource-dir /Applications/Xcode-15.0.0-Beta.app/Contents/Developer/Toolchains/XcodeDefault.xctoolchain/usr/lib/swift -enable-anonymous-context-mangled-names -Xcc -ivfsstatcache -Xcc /Users/builder/builds/o86TiJKT/0/finestructure/swiftpackageindex-builder/spi-builder-workspace/.derivedData/SDKStatCaches.noindex/iphoneos17.0-21A5248u-22e9895dd8f54bee56aeb93c31b1f490.sdkstatcache -Xcc -I/Users/builder/builds/o86TiJKT/0/finestructure/swiftpackageindex-builder/spi-builder-workspace/.derivedData/Build/Products/Debug-iphoneos/include -Xcc -I/Users/builder/builds/o86TiJKT/0/finestructure/swiftpackageindex-builder/spi-builder-workspace/.derivedData/Build/Intermediates.noindex/ParserCombinators.build/Debug-iphoneos/ParserCombinatorsTests.build/DerivedSources-normal/arm64 -Xcc -I/Users/builder/builds/o86TiJKT/0/finestructure/swiftpackageindex-builder/spi-builder-workspace/.derivedData/Build/Intermediates.noindex/ParserCombinators.build/Debug-iphoneos/ParserCombinatorsTests.build/DerivedSources/arm64 -Xcc -I/Users/builder/builds/o86TiJKT/0/finestructure/swiftpackageindex-builder/spi-builder-workspace/.derivedData/Build/Intermediates.noindex/ParserCombinators.build/Debug-iphoneos/ParserCombinatorsTests.build/DerivedSources -Xcc -DSWIFT_PACKAGE -Xcc -DDEBUG\=1 -module-name ParserCombinatorsTests -frontend-parseable-output -disable-clang-spi -target-sdk-version 17.0 -target-sdk-name iphoneos17.0 -o /Users/builder/builds/o86TiJKT/0/finestructure/swiftpackageindex-builder/spi-builder-workspace/.derivedData/Build/Intermediates.noindex/ParserCombinators.build/Debug-iphoneos/ParserCombinatorsTests.build/Objects-normal/arm64/JSONParserTests.o -index-unit-output-path /ParserCombinators.build/Debug-iphoneos/ParserCombinatorsTests.build/Objects-normal/arm64/JSONParserTests.o -index-store-path /Users/builder/builds/o86TiJKT/0/finestructure/swiftpackageindex-builder/spi-builder-workspace/.derivedData/Index.noindex/DataStore -index-system-modules
SwiftDriver\ Compilation DiffedAssertEqual normal arm64 com.apple.xcode.tools.swift.compiler (in target 'DiffedAssertEqual' from project 'DiffedAssertEqual')
    cd /Users/builder/builds/o86TiJKT/0/finestructure/swiftpackageindex-builder/spi-builder-workspace
    builtin-Swift-Compilation -- /Applications/Xcode-15.0.0-Beta.app/Contents/Developer/Toolchains/XcodeDefault.xctoolchain/usr/bin/swiftc -module-name DiffedAssertEqual -Onone -enforce-exclusivity\=checked @/Users/builder/builds/o86TiJKT/0/finestructure/swiftpackageindex-builder/spi-builder-workspace/.derivedData/Build/Intermediates.noindex/DiffedAssertEqual.build/Debug-iphoneos/DiffedAssertEqual.build/Objects-normal/arm64/DiffedAssertEqual.SwiftFileList -DSWIFT_PACKAGE -DDEBUG -DXcode -sdk /Applications/Xcode-15.0.0-Beta.app/Contents/Developer/Platforms/iPhoneOS.platform/Developer/SDKs/iPhoneOS17.0.sdk -target arm64-apple-ios12.0 -g -module-cache-path /Users/builder/builds/o86TiJKT/0/finestructure/swiftpackageindex-builder/spi-builder-workspace/.derivedData/ModuleCache.noindex -Xfrontend -serialize-debugging-options -enable-testing -index-store-path /Users/builder/builds/o86TiJKT/0/finestructure/swiftpackageindex-builder/spi-builder-workspace/.derivedData/Index.noindex/DataStore -swift-version 5 -I /Users/builder/builds/o86TiJKT/0/finestructure/swiftpackageindex-builder/spi-builder-workspace/.derivedData/Build/Products/Debug-iphoneos -I /Applications/Xcode-15.0.0-Beta.app/Contents/Developer/Platforms/iPhoneOS.platform/Developer/usr/lib -F /Users/builder/builds/o86TiJKT/0/finestructure/swiftpackageindex-builder/spi-builder-workspace/.derivedData/Build/Products/Debug-iphoneos -F /Applications/Xcode-15.0.0-Beta.app/Contents/Developer/Platforms/iPhoneOS.platform/Developer/Library/Frameworks -F /Applications/Xcode-15.0.0-Beta.app/Contents/Developer/Platforms/iPhoneOS.platform/Developer/SDKs/iPhoneOS17.0.sdk/Developer/Library/Frameworks -parse-as-library -c -j8 -enable-batch-mode -incremental -Xcc -ivfsstatcache -Xcc /Users/builder/builds/o86TiJKT/0/finestructure/swiftpackageindex-builder/spi-builder-workspace/.derivedData/SDKStatCaches.noindex/iphoneos17.0-21A5248u-22e9895dd8f54bee56aeb93c31b1f490.sdkstatcache -output-file-map /Users/builder/builds/o86TiJKT/0/finestructure/swiftpackageindex-builder/spi-builder-workspace/.derivedData/Build/Intermediates.noindex/DiffedAssertEqual.build/Debug-iphoneos/DiffedAssertEqual.build/Objects-normal/arm64/DiffedAssertEqual-OutputFileMap.json -use-frontend-parseable-output -save-temps -no-color-diagnostics -serialize-diagnostics -emit-dependencies -emit-module -emit-module-path /Users/builder/builds/o86TiJKT/0/finestructure/swiftpackageindex-builder/spi-builder-workspace/.derivedData/Build/Intermediates.noindex/DiffedAssertEqual.build/Debug-iphoneos/DiffedAssertEqual.build/Objects-normal/arm64/DiffedAssertEqual.swiftmodule -validate-clang-modules-once -clang-build-session-file /Users/builder/builds/o86TiJKT/0/finestructure/swiftpackageindex-builder/spi-builder-workspace/.derivedData/ModuleCache.noindex/Session.modulevalidation -Xcc -I/Users/builder/builds/o86TiJKT/0/finestructure/swiftpackageindex-builder/spi-builder-workspace/.derivedData/Build/Intermediates.noindex/DiffedAssertEqual.build/Debug-iphoneos/DiffedAssertEqual.build/swift-overrides.hmap -emit-const-values -Xfrontend -const-gather-protocols-file -Xfrontend /Users/builder/builds/o86TiJKT/0/finestructure/swiftpackageindex-builder/spi-builder-workspace/.derivedData/Build/Intermediates.noindex/DiffedAssertEqual.build/Debug-iphoneos/DiffedAssertEqual.build/Objects-normal/arm64/DiffedAssertEqual_const_extract_protocols.json -Xcc -I/Users/builder/builds/o86TiJKT/0/finestructure/swiftpackageindex-builder/spi-builder-workspace/.derivedData/Build/Products/Debug-iphoneos/include -Xcc -I/Users/builder/builds/o86TiJKT/0/finestructure/swiftpackageindex-builder/spi-builder-workspace/.derivedData/Build/Intermediates.noindex/DiffedAssertEqual.build/Debug-iphoneos/DiffedAssertEqual.build/DerivedSources-normal/arm64 -Xcc -I/Users/builder/builds/o86TiJKT/0/finestructure/swiftpackageindex-builder/spi-builder-workspace/.derivedData/Build/Intermediates.noindex/DiffedAssertEqual.build/Debug-iphoneos/DiffedAssertEqual.build/DerivedSources/arm64 -Xcc -I/Users/builder/builds/o86TiJKT/0/finestructure/swiftpackageindex-builder/spi-builder-workspace/.derivedData/Build/Intermediates.noindex/DiffedAssertEqual.build/Debug-iphoneos/DiffedAssertEqual.build/DerivedSources -Xcc -DSWIFT_PACKAGE -Xcc -DDEBUG\=1 -emit-objc-header -emit-objc-header-path /Users/builder/builds/o86TiJKT/0/finestructure/swiftpackageindex-builder/spi-builder-workspace/.derivedData/Build/Intermediates.noindex/DiffedAssertEqual.build/Debug-iphoneos/DiffedAssertEqual.build/Objects-normal/arm64/DiffedAssertEqual-Swift.h -working-directory /Users/builder/builds/o86TiJKT/0/finestructure/swiftpackageindex-builder/spi-builder-workspace -experimental-emit-module-separately -disable-cmo

SwiftDriverJobDiscovery normal arm64 Compiling XCTestManifests.swift (in target 'ParserCombinatorsTests' from project 'ParserCombinators')

WriteAuxiliaryFile /Users/builder/builds/o86TiJKT/0/finestructure/swiftpackageindex-builder/spi-builder-workspace/.derivedData/Build/Intermediates.noindex/ParserCombinators.build/Debug-iphoneos/ParserCombinatorsTests.build/empty-ParserCombinatorsTests.plist (in target 'ParserCombinatorsTests' from project 'ParserCombinators')
    cd /Users/builder/builds/o86TiJKT/0/finestructure/swiftpackageindex-builder/spi-builder-workspace
    write-file /Users/builder/builds/o86TiJKT/0/finestructure/swiftpackageindex-builder/spi-builder-workspace/.derivedData/Build/Intermediates.noindex/ParserCombinators.build/Debug-iphoneos/ParserCombinatorsTests.build/empty-ParserCombinatorsTests.plist
WriteAuxiliaryFile /Users/builder/builds/o86TiJKT/0/finestructure/swiftpackageindex-builder/spi-builder-workspace/.derivedData/Build/Intermediates.noindex/ParserCombinators.build/Debug-iphoneos/ParserCombinatorsTests.build/Objects-normal/arm64/ParserCombinatorsTests.LinkFileList (in target 'ParserCombinatorsTests' from project 'ParserCombinators')
    cd /Users/builder/builds/o86TiJKT/0/finestructure/swiftpackageindex-builder/spi-builder-workspace
    write-file /Users/builder/builds/o86TiJKT/0/finestructure/swiftpackageindex-builder/spi-builder-workspace/.derivedData/Build/Intermediates.noindex/ParserCombinators.build/Debug-iphoneos/ParserCombinatorsTests.build/Objects-normal/arm64/ParserCombinatorsTests.LinkFileList
Resolve Package Graph
** BUILD FAILED **


The following build commands failed:
	SwiftCompile normal arm64 /Users/builder/builds/o86TiJKT/0/finestructure/swiftpackageindex-builder/spi-builder-workspace/.dependencies/checkouts/DiffedAssertEqual/Sources/DiffedAssertEqual/DiffedAssertEqual.swift (in target 'DiffedAssertEqual' from project 'DiffedAssertEqual')
	SwiftCompile normal arm64 Compiling\ DiffedAssertEqual.swift /Users/builder/builds/o86TiJKT/0/finestructure/swiftpackageindex-builder/spi-builder-workspace/.dependencies/checkouts/DiffedAssertEqual/Sources/DiffedAssertEqual/DiffedAssertEqual.swift (in target 'DiffedAssertEqual' from project 'DiffedAssertEqual')
(2 failures)
Command line invocation:
    /Applications/Xcode-15.0.0-Beta.app/Contents/Developer/usr/bin/xcodebuild -IDEClonedSourcePackagesDirPathOverride=/Users/builder/builds/o86TiJKT/0/finestructure/swiftpackageindex-builder/spi-builder-workspace/.dependencies -derivedDataPath /Users/builder/builds/o86TiJKT/0/finestructure/swiftpackageindex-builder/spi-builder-workspace/.derivedData build -scheme ParserCombinators-Package -destination generic/platform=ios

User defaults from command line:
    IDEClonedSourcePackagesDirPathOverride = /Users/builder/builds/o86TiJKT/0/finestructure/swiftpackageindex-builder/spi-builder-workspace/.dependencies
    IDEDerivedDataPathOverride = /Users/builder/builds/o86TiJKT/0/finestructure/swiftpackageindex-builder/spi-builder-workspace/.derivedData
    IDEPackageSupportUseBuiltinSCM = YES
Resolve Package Graph


Resolved source packages:
  Trampoline: https://github.com/turbolent/Trampoline.git @ 0.4.1
  ParserCombinators: /Users/builder/builds/o86TiJKT/0/finestructure/swiftpackageindex-builder/spi-builder-workspace
  DiffedAssertEqual: https://github.com/turbolent/DiffedAssertEqual.git @ 0.3.0
  ParserDescription: https://github.com/turbolent/ParserDescription.git @ 0.6.0
Prepare packages

Computing target dependency graph and provisioning inputs

Create build description

note: Building targets in dependency order
note: Target dependency graph (13 targets)
    Target 'ParserCombinatorsTests' in project 'ParserCombinators'
        ➜ Explicit dependency on target 'ParserCombinators' in project 'ParserCombinators'
        ➜ Explicit dependency on target 'ParserCombinatorOperators' in project 'ParserCombinators'
        ➜ Explicit dependency on target 'Trampoline' in project 'Trampoline'
        ➜ Explicit dependency on target 'ParserDescription' in project 'ParserDescription'
        ➜ Explicit dependency on target 'DiffedAssertEqual' in project 'DiffedAssertEqual'
        ➜ Explicit dependency on target 'ParserDescriptionOperators' in project 'ParserDescription'
    Target 'ParserDescriptionOperators' in project 'ParserDescription'
        ➜ Explicit dependency on target 'ParserDescriptionOperators' in project 'ParserDescription'
        ➜ Explicit dependency on target 'ParserDescription' in project 'ParserDescription'
    Target 'ParserDescriptionOperators' in project 'ParserDescription'
        ➜ Explicit dependency on target 'ParserDescription' in project 'ParserDescription'
    Target 'DiffedAssertEqual' in project 'DiffedAssertEqual'
        ➜ Explicit dependency on target 'DiffedAssertEqual' in project 'DiffedAssertEqual'
    Target 'DiffedAssertEqual' in project 'DiffedAssertEqual' (no dependencies)
    Target 'ParserCombinators' in project 'ParserCombinators'
        ➜ Explicit dependency on target 'ParserCombinators' in project 'ParserCombinators'
        ➜ Explicit dependency on target 'Trampoline' in project 'Trampoline'
        ➜ Explicit dependency on target 'ParserDescription' in project 'ParserDescription'
    Target 'ParserCombinatorOperators' in project 'ParserCombinators'
        ➜ Explicit dependency on target 'ParserCombinatorOperators' in project 'ParserCombinators'
        ➜ Explicit dependency on target 'ParserCombinators' in project 'ParserCombinators'
        ➜ Explicit dependency on target 'Trampoline' in project 'Trampoline'
        ➜ Explicit dependency on target 'ParserDescription' in project 'ParserDescription'
    Target 'ParserCombinatorOperators' in project 'ParserCombinators'
        ➜ Explicit dependency on target 'ParserCombinators' in project 'ParserCombinators'
        ➜ Explicit dependency on target 'Trampoline' in project 'Trampoline'
        ➜ Explicit dependency on target 'ParserDescription' in project 'ParserDescription'
    Target 'ParserCombinators' in project 'ParserCombinators'
        ➜ Explicit dependency on target 'Trampoline' in project 'Trampoline'
        ➜ Explicit dependency on target 'ParserDescription' in project 'ParserDescription'
    Target 'ParserDescription' in project 'ParserDescription'
        ➜ Explicit dependency on target 'ParserDescription' in project 'ParserDescription'
    Target 'ParserDescription' in project 'ParserDescription' (no dependencies)
    Target 'Trampoline' in project 'Trampoline'
        ➜ Explicit dependency on target 'Trampoline' in project 'Trampoline'
    Target 'Trampoline' in project 'Trampoline' (no dependencies)
ClangStatCache /Applications/Xcode-15.0.0-Beta.app/Contents/Developer/Toolchains/XcodeDefault.xctoolchain/usr/bin/clang-stat-cache /Applications/Xcode-15.0.0-Beta.app/Contents/Developer/Platforms/iPhoneOS.platform/Developer/SDKs/iPhoneOS17.0.sdk /Users/builder/builds/o86TiJKT/0/finestructure/swiftpackageindex-builder/spi-builder-workspace/.derivedData/SDKStatCaches.noindex/iphoneos17.0-21A5248u-22e9895dd8f54bee56aeb93c31b1f490.sdkstatcache
    cd /Users/builder/builds/o86TiJKT/0/finestructure/swiftpackageindex-builder/spi-builder-workspace/.swiftpm/xcode
    /Applications/Xcode-15.0.0-Beta.app/Contents/Developer/Toolchains/XcodeDefault.xctoolchain/usr/bin/clang-stat-cache /Applications/Xcode-15.0.0-Beta.app/Contents/Developer/Platforms/iPhoneOS.platform/Developer/SDKs/iPhoneOS17.0.sdk -o /Users/builder/builds/o86TiJKT/0/finestructure/swiftpackageindex-builder/spi-builder-workspace/.derivedData/SDKStatCaches.noindex/iphoneos17.0-21A5248u-22e9895dd8f54bee56aeb93c31b1f490.sdkstatcache

SwiftDriver ParserCombinatorsTests normal arm64 com.apple.xcode.tools.swift.compiler (in target 'ParserCombinatorsTests' from project 'ParserCombinators')
    cd /Users/builder/builds/o86TiJKT/0/finestructure/swiftpackageindex-builder/spi-builder-workspace
    builtin-SwiftDriver -- /Applications/Xcode-15.0.0-Beta.app/Contents/Developer/Toolchains/XcodeDefault.xctoolchain/usr/bin/swiftc -module-name ParserCombinatorsTests -Onone -enforce-exclusivity\=checked @/Users/builder/builds/o86TiJKT/0/finestructure/swiftpackageindex-builder/spi-builder-workspace/.derivedData/Build/Intermediates.noindex/ParserCombinators.build/Debug-iphoneos/ParserCombinatorsTests.build/Objects-normal/arm64/ParserCombinatorsTests.SwiftFileList -DSWIFT_PACKAGE -DDEBUG -DXcode -sdk /Applications/Xcode-15.0.0-Beta.app/Contents/Developer/Platforms/iPhoneOS.platform/Developer/SDKs/iPhoneOS17.0.sdk -target arm64-apple-ios12.0 -g -module-cache-path /Users/builder/builds/o86TiJKT/0/finestructure/swiftpackageindex-builder/spi-builder-workspace/.derivedData/ModuleCache.noindex -Xfrontend -serialize-debugging-options -enable-testing -index-store-path /Users/builder/builds/o86TiJKT/0/finestructure/swiftpackageindex-builder/spi-builder-workspace/.derivedData/Index.noindex/DataStore -swift-version 5 -I /Users/builder/builds/o86TiJKT/0/finestructure/swiftpackageindex-builder/spi-builder-workspace/.derivedData/Build/Products/Debug-iphoneos -I /Applications/Xcode-15.0.0-Beta.app/Contents/Developer/Platforms/iPhoneOS.platform/Developer/usr/lib -F /Users/builder/builds/o86TiJKT/0/finestructure/swiftpackageindex-builder/spi-builder-workspace/.derivedData/Build/Products/Debug-iphoneos/PackageFrameworks -F /Users/builder/builds/o86TiJKT/0/finestructure/swiftpackageindex-builder/spi-builder-workspace/.derivedData/Build/Products/Debug-iphoneos/PackageFrameworks -F /Users/builder/builds/o86TiJKT/0/finestructure/swiftpackageindex-builder/spi-builder-workspace/.derivedData/Build/Products/Debug-iphoneos/PackageFrameworks -F /Users/builder/builds/o86TiJKT/0/finestructure/swiftpackageindex-builder/spi-builder-workspace/.derivedData/Build/Products/Debug-iphoneos/PackageFrameworks -F /Users/builder/builds/o86TiJKT/0/finestructure/swiftpackageindex-builder/spi-builder-workspace/.derivedData/Build/Products/Debug-iphoneos/PackageFrameworks -F /Users/builder/builds/o86TiJKT/0/finestructure/swiftpackageindex-builder/spi-builder-workspace/.derivedData/Build/Products/Debug-iphoneos/PackageFrameworks -F /Users/builder/builds/o86TiJKT/0/finestructure/swiftpackageindex-builder/spi-builder-workspace/.derivedData/Build/Products/Debug-iphoneos -F /Applications/Xcode-15.0.0-Beta.app/Contents/Developer/Platforms/iPhoneOS.platform/Developer/Library/Frameworks -F /Applications/Xcode-15.0.0-Beta.app/Contents/Developer/Platforms/iPhoneOS.platform/Developer/SDKs/iPhoneOS17.0.sdk/Developer/Library/Frameworks -c -j8 -enable-batch-mode -incremental -Xcc -ivfsstatcache -Xcc /Users/builder/builds/o86TiJKT/0/finestructure/swiftpackageindex-builder/spi-builder-workspace/.derivedData/SDKStatCaches.noindex/iphoneos17.0-21A5248u-22e9895dd8f54bee56aeb93c31b1f490.sdkstatcache -output-file-map /Users/builder/builds/o86TiJKT/0/finestructure/swiftpackageindex-builder/spi-builder-workspace/.derivedData/Build/Intermediates.noindex/ParserCombinators.build/Debug-iphoneos/ParserCombinatorsTests.build/Objects-normal/arm64/ParserCombinatorsTests-OutputFileMap.json -use-frontend-parseable-output -save-temps -no-color-diagnostics -serialize-diagnostics -emit-dependencies -emit-module -emit-module-path /Users/builder/builds/o86TiJKT/0/finestructure/swiftpackageindex-builder/spi-builder-workspace/.derivedData/Build/Intermediates.noindex/ParserCombinators.build/Debug-iphoneos/ParserCombinatorsTests.build/Objects-normal/arm64/ParserCombinatorsTests.swiftmodule -validate-clang-modules-once -clang-build-session-file /Users/builder/builds/o86TiJKT/0/finestructure/swiftpackageindex-builder/spi-builder-workspace/.derivedData/ModuleCache.noindex/Session.modulevalidation -emit-const-values -Xfrontend -const-gather-protocols-file -Xfrontend /Users/builder/builds/o86TiJKT/0/finestructure/swiftpackageindex-builder/spi-builder-workspace/.derivedData/Build/Intermediates.noindex/ParserCombinators.build/Debug-iphoneos/ParserCombinatorsTests.build/Objects-normal/arm64/ParserCombinatorsTests_const_extract_protocols.json -Xcc -I/Users/builder/builds/o86TiJKT/0/finestructure/swiftpackageindex-builder/spi-builder-workspace/.derivedData/Build/Products/Debug-iphoneos/include -Xcc -I/Users/builder/builds/o86TiJKT/0/finestructure/swiftpackageindex-builder/spi-builder-workspace/.derivedData/Build/Intermediates.noindex/ParserCombinators.build/Debug-iphoneos/ParserCombinatorsTests.build/DerivedSources-normal/arm64 -Xcc -I/Users/builder/builds/o86TiJKT/0/finestructure/swiftpackageindex-builder/spi-builder-workspace/.derivedData/Build/Intermediates.noindex/ParserCombinators.build/Debug-iphoneos/ParserCombinatorsTests.build/DerivedSources/arm64 -Xcc -I/Users/builder/builds/o86TiJKT/0/finestructure/swiftpackageindex-builder/spi-builder-workspace/.derivedData/Build/Intermediates.noindex/ParserCombinators.build/Debug-iphoneos/ParserCombinatorsTests.build/DerivedSources -Xcc -DSWIFT_PACKAGE -Xcc -DDEBUG\=1 -working-directory /Users/builder/builds/o86TiJKT/0/finestructure/swiftpackageindex-builder/spi-builder-workspace -experimental-emit-module-separately -disable-cmo

SwiftDriver DiffedAssertEqual normal arm64 com.apple.xcode.tools.swift.compiler (in target 'DiffedAssertEqual' from project 'DiffedAssertEqual')
    cd /Users/builder/builds/o86TiJKT/0/finestructure/swiftpackageindex-builder/spi-builder-workspace
    builtin-SwiftDriver -- /Applications/Xcode-15.0.0-Beta.app/Contents/Developer/Toolchains/XcodeDefault.xctoolchain/usr/bin/swiftc -module-name DiffedAssertEqual -Onone -enforce-exclusivity\=checked @/Users/builder/builds/o86TiJKT/0/finestructure/swiftpackageindex-builder/spi-builder-workspace/.derivedData/Build/Intermediates.noindex/DiffedAssertEqual.build/Debug-iphoneos/DiffedAssertEqual.build/Objects-normal/arm64/DiffedAssertEqual.SwiftFileList -DSWIFT_PACKAGE -DDEBUG -DXcode -sdk /Applications/Xcode-15.0.0-Beta.app/Contents/Developer/Platforms/iPhoneOS.platform/Developer/SDKs/iPhoneOS17.0.sdk -target arm64-apple-ios12.0 -g -module-cache-path /Users/builder/builds/o86TiJKT/0/finestructure/swiftpackageindex-builder/spi-builder-workspace/.derivedData/ModuleCache.noindex -Xfrontend -serialize-debugging-options -enable-testing -index-store-path /Users/builder/builds/o86TiJKT/0/finestructure/swiftpackageindex-builder/spi-builder-workspace/.derivedData/Index.noindex/DataStore -swift-version 5 -I /Users/builder/builds/o86TiJKT/0/finestructure/swiftpackageindex-builder/spi-builder-workspace/.derivedData/Build/Products/Debug-iphoneos -I /Applications/Xcode-15.0.0-Beta.app/Contents/Developer/Platforms/iPhoneOS.platform/Developer/usr/lib -F /Users/builder/builds/o86TiJKT/0/finestructure/swiftpackageindex-builder/spi-builder-workspace/.derivedData/Build/Products/Debug-iphoneos -F /Applications/Xcode-15.0.0-Beta.app/Contents/Developer/Platforms/iPhoneOS.platform/Developer/Library/Frameworks -F /Applications/Xcode-15.0.0-Beta.app/Contents/Developer/Platforms/iPhoneOS.platform/Developer/SDKs/iPhoneOS17.0.sdk/Developer/Library/Frameworks -parse-as-library -c -j8 -enable-batch-mode -incremental -Xcc -ivfsstatcache -Xcc /Users/builder/builds/o86TiJKT/0/finestructure/swiftpackageindex-builder/spi-builder-workspace/.derivedData/SDKStatCaches.noindex/iphoneos17.0-21A5248u-22e9895dd8f54bee56aeb93c31b1f490.sdkstatcache -output-file-map /Users/builder/builds/o86TiJKT/0/finestructure/swiftpackageindex-builder/spi-builder-workspace/.derivedData/Build/Intermediates.noindex/DiffedAssertEqual.build/Debug-iphoneos/DiffedAssertEqual.build/Objects-normal/arm64/DiffedAssertEqual-OutputFileMap.json -use-frontend-parseable-output -save-temps -no-color-diagnostics -serialize-diagnostics -emit-dependencies -emit-module -emit-module-path /Users/builder/builds/o86TiJKT/0/finestructure/swiftpackageindex-builder/spi-builder-workspace/.derivedData/Build/Intermediates.noindex/DiffedAssertEqual.build/Debug-iphoneos/DiffedAssertEqual.build/Objects-normal/arm64/DiffedAssertEqual.swiftmodule -validate-clang-modules-once -clang-build-session-file /Users/builder/builds/o86TiJKT/0/finestructure/swiftpackageindex-builder/spi-builder-workspace/.derivedData/ModuleCache.noindex/Session.modulevalidation -Xcc -I/Users/builder/builds/o86TiJKT/0/finestructure/swiftpackageindex-builder/spi-builder-workspace/.derivedData/Build/Intermediates.noindex/DiffedAssertEqual.build/Debug-iphoneos/DiffedAssertEqual.build/swift-overrides.hmap -emit-const-values -Xfrontend -const-gather-protocols-file -Xfrontend /Users/builder/builds/o86TiJKT/0/finestructure/swiftpackageindex-builder/spi-builder-workspace/.derivedData/Build/Intermediates.noindex/DiffedAssertEqual.build/Debug-iphoneos/DiffedAssertEqual.build/Objects-normal/arm64/DiffedAssertEqual_const_extract_protocols.json -Xcc -I/Users/builder/builds/o86TiJKT/0/finestructure/swiftpackageindex-builder/spi-builder-workspace/.derivedData/Build/Products/Debug-iphoneos/include -Xcc -I/Users/builder/builds/o86TiJKT/0/finestructure/swiftpackageindex-builder/spi-builder-workspace/.derivedData/Build/Intermediates.noindex/DiffedAssertEqual.build/Debug-iphoneos/DiffedAssertEqual.build/DerivedSources-normal/arm64 -Xcc -I/Users/builder/builds/o86TiJKT/0/finestructure/swiftpackageindex-builder/spi-builder-workspace/.derivedData/Build/Intermediates.noindex/DiffedAssertEqual.build/Debug-iphoneos/DiffedAssertEqual.build/DerivedSources/arm64 -Xcc -I/Users/builder/builds/o86TiJKT/0/finestructure/swiftpackageindex-builder/spi-builder-workspace/.derivedData/Build/Intermediates.noindex/DiffedAssertEqual.build/Debug-iphoneos/DiffedAssertEqual.build/DerivedSources -Xcc -DSWIFT_PACKAGE -Xcc -DDEBUG\=1 -emit-objc-header -emit-objc-header-path /Users/builder/builds/o86TiJKT/0/finestructure/swiftpackageindex-builder/spi-builder-workspace/.derivedData/Build/Intermediates.noindex/DiffedAssertEqual.build/Debug-iphoneos/DiffedAssertEqual.build/Objects-normal/arm64/DiffedAssertEqual-Swift.h -working-directory /Users/builder/builds/o86TiJKT/0/finestructure/swiftpackageindex-builder/spi-builder-workspace -experimental-emit-module-separately -disable-cmo
SwiftCompile normal arm64 Compiling\ DiffedAssertEqual.swift /Users/builder/builds/o86TiJKT/0/finestructure/swiftpackageindex-builder/spi-builder-workspace/.dependencies/checkouts/DiffedAssertEqual/Sources/DiffedAssertEqual/DiffedAssertEqual.swift (in target 'DiffedAssertEqual' from project 'DiffedAssertEqual')
    cd /Users/builder/builds/o86TiJKT/0/finestructure/swiftpackageindex-builder/spi-builder-workspace
    builtin-swiftTaskExecution -- /Applications/Xcode-15.0.0-Beta.app/Contents/Developer/Toolchains/XcodeDefault.xctoolchain/usr/bin/swift-frontend -frontend -c -primary-file /Users/builder/builds/o86TiJKT/0/finestructure/swiftpackageindex-builder/spi-builder-workspace/.dependencies/checkouts/DiffedAssertEqual/Sources/DiffedAssertEqual/DiffedAssertEqual.swift -emit-dependencies-path /Users/builder/builds/o86TiJKT/0/finestructure/swiftpackageindex-builder/spi-builder-workspace/.derivedData/Build/Intermediates.noindex/DiffedAssertEqual.build/Debug-iphoneos/DiffedAssertEqual.build/Objects-normal/arm64/DiffedAssertEqual.d -emit-const-values-path /Users/builder/builds/o86TiJKT/0/finestructure/swiftpackageindex-builder/spi-builder-workspace/.derivedData/Build/Intermediates.noindex/DiffedAssertEqual.build/Debug-iphoneos/DiffedAssertEqual.build/Objects-normal/arm64/DiffedAssertEqual.swiftconstvalues -emit-reference-dependencies-path /Users/builder/builds/o86TiJKT/0/finestructure/swiftpackageindex-builder/spi-builder-workspace/.derivedData/Build/Intermediates.noindex/DiffedAssertEqual.build/Debug-iphoneos/DiffedAssertEqual.build/Objects-normal/arm64/DiffedAssertEqual.swiftdeps -serialize-diagnostics-path /Users/builder/builds/o86TiJKT/0/finestructure/swiftpackageindex-builder/spi-builder-workspace/.derivedData/Build/Intermediates.noindex/DiffedAssertEqual.build/Debug-iphoneos/DiffedAssertEqual.build/Objects-normal/arm64/DiffedAssertEqual.dia -target arm64-apple-ios12.0 -Xllvm -aarch64-use-tbi -enable-objc-interop -sdk /Applications/Xcode-15.0.0-Beta.app/Contents/Developer/Platforms/iPhoneOS.platform/Developer/SDKs/iPhoneOS17.0.sdk -I /Users/builder/builds/o86TiJKT/0/finestructure/swiftpackageindex-builder/spi-builder-workspace/.derivedData/Build/Products/Debug-iphoneos -I /Applications/Xcode-15.0.0-Beta.app/Contents/Developer/Platforms/iPhoneOS.platform/Developer/usr/lib -F /Users/builder/builds/o86TiJKT/0/finestructure/swiftpackageindex-builder/spi-builder-workspace/.derivedData/Build/Products/Debug-iphoneos -F /Applications/Xcode-15.0.0-Beta.app/Contents/Developer/Platforms/iPhoneOS.platform/Developer/Library/Frameworks -F /Applications/Xcode-15.0.0-Beta.app/Contents/Developer/Platforms/iPhoneOS.platform/Developer/SDKs/iPhoneOS17.0.sdk/Developer/Library/Frameworks -no-color-diagnostics -enable-testing -g -module-cache-path /Users/builder/builds/o86TiJKT/0/finestructure/swiftpackageindex-builder/spi-builder-workspace/.derivedData/ModuleCache.noindex -swift-version 5 -enforce-exclusivity\=checked -Onone -D SWIFT_PACKAGE -D DEBUG -D Xcode -serialize-debugging-options -const-gather-protocols-file /Users/builder/builds/o86TiJKT/0/finestructure/swiftpackageindex-builder/spi-builder-workspace/.derivedData/Build/Intermediates.noindex/DiffedAssertEqual.build/Debug-iphoneos/DiffedAssertEqual.build/Objects-normal/arm64/DiffedAssertEqual_const_extract_protocols.json -empty-abi-descriptor -plugin-path /Applications/Xcode-15.0.0-Beta.app/Contents/Developer/Toolchains/XcodeDefault.xctoolchain/usr/lib/swift/host/plugins -plugin-path /Applications/Xcode-15.0.0-Beta.app/Contents/Developer/Toolchains/XcodeDefault.xctoolchain/usr/local/lib/swift/host/plugins -validate-clang-modules-once -clang-build-session-file /Users/builder/builds/o86TiJKT/0/finestructure/swiftpackageindex-builder/spi-builder-workspace/.derivedData/ModuleCache.noindex/Session.modulevalidation -Xcc -working-directory -Xcc /Users/builder/builds/o86TiJKT/0/finestructure/swiftpackageindex-builder/spi-builder-workspace -resource-dir /Applications/Xcode-15.0.0-Beta.app/Contents/Developer/Toolchains/XcodeDefault.xctoolchain/usr/lib/swift -enable-anonymous-context-mangled-names -Xcc -ivfsstatcache -Xcc /Users/builder/builds/o86TiJKT/0/finestructure/swiftpackageindex-builder/spi-builder-workspace/.derivedData/SDKStatCaches.noindex/iphoneos17.0-21A5248u-22e9895dd8f54bee56aeb93c31b1f490.sdkstatcache -Xcc -I/Users/builder/builds/o86TiJKT/0/finestructure/swiftpackageindex-builder/spi-builder-workspace/.derivedData/Build/Intermediates.noindex/DiffedAssertEqual.build/Debug-iphoneos/DiffedAssertEqual.build/swift-overrides.hmap -Xcc -I/Users/builder/builds/o86TiJKT/0/finestructure/swiftpackageindex-builder/spi-builder-workspace/.derivedData/Build/Products/Debug-iphoneos/include -Xcc -I/Users/builder/builds/o86TiJKT/0/finestructure/swiftpackageindex-builder/spi-builder-workspace/.derivedData/Build/Intermediates.noindex/DiffedAssertEqual.build/Debug-iphoneos/DiffedAssertEqual.build/DerivedSources-normal/arm64 -Xcc -I/Users/builder/builds/o86TiJKT/0/finestructure/swiftpackageindex-builder/spi-builder-workspace/.derivedData/Build/Intermediates.noindex/DiffedAssertEqual.build/Debug-iphoneos/DiffedAssertEqual.build/DerivedSources/arm64 -Xcc -I/Users/builder/builds/o86TiJKT/0/finestructure/swiftpackageindex-builder/spi-builder-workspace/.derivedData/Build/Intermediates.noindex/DiffedAssertEqual.build/Debug-iphoneos/DiffedAssertEqual.build/DerivedSources -Xcc -DSWIFT_PACKAGE -Xcc -DDEBUG\=1 -module-name DiffedAssertEqual -frontend-parseable-output -disable-clang-spi -target-sdk-version 17.0 -target-sdk-name iphoneos17.0 -parse-as-library -o /Users/builder/builds/o86TiJKT/0/finestructure/swiftpackageindex-builder/spi-builder-workspace/.derivedData/Build/Intermediates.noindex/DiffedAssertEqual.build/Debug-iphoneos/DiffedAssertEqual.build/Objects-normal/arm64/DiffedAssertEqual.o -index-unit-output-path /DiffedAssertEqual.build/Debug-iphoneos/DiffedAssertEqual.build/Objects-normal/arm64/DiffedAssertEqual.o -index-store-path /Users/builder/builds/o86TiJKT/0/finestructure/swiftpackageindex-builder/spi-builder-workspace/.derivedData/Index.noindex/DataStore -index-system-modules

SwiftCompile normal arm64 /Users/builder/builds/o86TiJKT/0/finestructure/swiftpackageindex-builder/spi-builder-workspace/.dependencies/checkouts/DiffedAssertEqual/Sources/DiffedAssertEqual/DiffedAssertEqual.swift (in target 'DiffedAssertEqual' from project 'DiffedAssertEqual')
    cd /Users/builder/builds/o86TiJKT/0/finestructure/swiftpackageindex-builder/spi-builder-workspace
    /Applications/Xcode-15.0.0-Beta.app/Contents/Developer/Toolchains/XcodeDefault.xctoolchain/usr/bin/swift-frontend -c -primary-file /Users/builder/builds/o86TiJKT/0/finestructure/swiftpackageindex-builder/spi-builder-workspace/.dependencies/checkouts/DiffedAssertEqual/Sources/DiffedAssertEqual/DiffedAssertEqual.swift -emit-dependencies-path /Users/builder/builds/o86TiJKT/0/finestructure/swiftpackageindex-builder/spi-builder-workspace/.derivedData/Build/Intermediates.noindex/DiffedAssertEqual.build/Debug-iphoneos/DiffedAssertEqual.build/Objects-normal/arm64/DiffedAssertEqual.d -emit-const-values-path /Users/builder/builds/o86TiJKT/0/finestructure/swiftpackageindex-builder/spi-builder-workspace/.derivedData/Build/Intermediates.noindex/DiffedAssertEqual.build/Debug-iphoneos/DiffedAssertEqual.build/Objects-normal/arm64/DiffedAssertEqual.swiftconstvalues -emit-reference-dependencies-path /Users/builder/builds/o86TiJKT/0/finestructure/swiftpackageindex-builder/spi-builder-workspace/.derivedData/Build/Intermediates.noindex/DiffedAssertEqual.build/Debug-iphoneos/DiffedAssertEqual.build/Objects-normal/arm64/DiffedAssertEqual.swiftdeps -serialize-diagnostics-path /Users/builder/builds/o86TiJKT/0/finestructure/swiftpackageindex-builder/spi-builder-workspace/.derivedData/Build/Intermediates.noindex/DiffedAssertEqual.build/Debug-iphoneos/DiffedAssertEqual.build/Objects-normal/arm64/DiffedAssertEqual.dia -target arm64-apple-ios12.0 -Xllvm -aarch64-use-tbi -enable-objc-interop -sdk /Applications/Xcode-15.0.0-Beta.app/Contents/Developer/Platforms/iPhoneOS.platform/Developer/SDKs/iPhoneOS17.0.sdk -I /Users/builder/builds/o86TiJKT/0/finestructure/swiftpackageindex-builder/spi-builder-workspace/.derivedData/Build/Products/Debug-iphoneos -I /Applications/Xcode-15.0.0-Beta.app/Contents/Developer/Platforms/iPhoneOS.platform/Developer/usr/lib -F /Users/builder/builds/o86TiJKT/0/finestructure/swiftpackageindex-builder/spi-builder-workspace/.derivedData/Build/Products/Debug-iphoneos -F /Applications/Xcode-15.0.0-Beta.app/Contents/Developer/Platforms/iPhoneOS.platform/Developer/Library/Frameworks -F /Applications/Xcode-15.0.0-Beta.app/Contents/Developer/Platforms/iPhoneOS.platform/Developer/SDKs/iPhoneOS17.0.sdk/Developer/Library/Frameworks -no-color-diagnostics -enable-testing -g -module-cache-path /Users/builder/builds/o86TiJKT/0/finestructure/swiftpackageindex-builder/spi-builder-workspace/.derivedData/ModuleCache.noindex -swift-version 5 -enforce-exclusivity\=checked -Onone -D SWIFT_PACKAGE -D DEBUG -D Xcode -serialize-debugging-options -const-gather-protocols-file /Users/builder/builds/o86TiJKT/0/finestructure/swiftpackageindex-builder/spi-builder-workspace/.derivedData/Build/Intermediates.noindex/DiffedAssertEqual.build/Debug-iphoneos/DiffedAssertEqual.build/Objects-normal/arm64/DiffedAssertEqual_const_extract_protocols.json -empty-abi-descriptor -plugin-path /Applications/Xcode-15.0.0-Beta.app/Contents/Developer/Toolchains/XcodeDefault.xctoolchain/usr/lib/swift/host/plugins -plugin-path /Applications/Xcode-15.0.0-Beta.app/Contents/Developer/Toolchains/XcodeDefault.xctoolchain/usr/local/lib/swift/host/plugins -validate-clang-modules-once -clang-build-session-file /Users/builder/builds/o86TiJKT/0/finestructure/swiftpackageindex-builder/spi-builder-workspace/.derivedData/ModuleCache.noindex/Session.modulevalidation -Xcc -working-directory -Xcc /Users/builder/builds/o86TiJKT/0/finestructure/swiftpackageindex-builder/spi-builder-workspace -resource-dir /Applications/Xcode-15.0.0-Beta.app/Contents/Developer/Toolchains/XcodeDefault.xctoolchain/usr/lib/swift -enable-anonymous-context-mangled-names -Xcc -ivfsstatcache -Xcc /Users/builder/builds/o86TiJKT/0/finestructure/swiftpackageindex-builder/spi-builder-workspace/.derivedData/SDKStatCaches.noindex/iphoneos17.0-21A5248u-22e9895dd8f54bee56aeb93c31b1f490.sdkstatcache -Xcc -I/Users/builder/builds/o86TiJKT/0/finestructure/swiftpackageindex-builder/spi-builder-workspace/.derivedData/Build/Intermediates.noindex/DiffedAssertEqual.build/Debug-iphoneos/DiffedAssertEqual.build/swift-overrides.hmap -Xcc -I/Users/builder/builds/o86TiJKT/0/finestructure/swiftpackageindex-builder/spi-builder-workspace/.derivedData/Build/Products/Debug-iphoneos/include -Xcc -I/Users/builder/builds/o86TiJKT/0/finestructure/swiftpackageindex-builder/spi-builder-workspace/.derivedData/Build/Intermediates.noindex/DiffedAssertEqual.build/Debug-iphoneos/DiffedAssertEqual.build/DerivedSources-normal/arm64 -Xcc -I/Users/builder/builds/o86TiJKT/0/finestructure/swiftpackageindex-builder/spi-builder-workspace/.derivedData/Build/Intermediates.noindex/DiffedAssertEqual.build/Debug-iphoneos/DiffedAssertEqual.build/DerivedSources/arm64 -Xcc -I/Users/builder/builds/o86TiJKT/0/finestructure/swiftpackageindex-builder/spi-builder-workspace/.derivedData/Build/Intermediates.noindex/DiffedAssertEqual.build/Debug-iphoneos/DiffedAssertEqual.build/DerivedSources -Xcc -DSWIFT_PACKAGE -Xcc -DDEBUG\=1 -module-name DiffedAssertEqual -frontend-parseable-output -disable-clang-spi -target-sdk-version 17.0 -target-sdk-name iphoneos17.0 -parse-as-library -o /Users/builder/builds/o86TiJKT/0/finestructure/swiftpackageindex-builder/spi-builder-workspace/.derivedData/Build/Intermediates.noindex/DiffedAssertEqual.build/Debug-iphoneos/DiffedAssertEqual.build/Objects-normal/arm64/DiffedAssertEqual.o -index-unit-output-path /DiffedAssertEqual.build/Debug-iphoneos/DiffedAssertEqual.build/Objects-normal/arm64/DiffedAssertEqual.o -index-store-path /Users/builder/builds/o86TiJKT/0/finestructure/swiftpackageindex-builder/spi-builder-workspace/.derivedData/Index.noindex/DataStore -index-system-modules
/Users/builder/builds/o86TiJKT/0/finestructure/swiftpackageindex-builder/spi-builder-workspace/.dependencies/checkouts/DiffedAssertEqual/Sources/DiffedAssertEqual/DiffedAssertEqual.swift:97:16: error: cannot find 'Process' in scope
    let task = Process()
               ^~~~~~~
SwiftEmitModule normal arm64 Emitting\ module\ for\ ParserCombinatorsTests (in target 'ParserCombinatorsTests' from project 'ParserCombinators')
    cd /Users/builder/builds/o86TiJKT/0/finestructure/swiftpackageindex-builder/spi-builder-workspace
    builtin-swiftTaskExecution -- /Applications/Xcode-15.0.0-Beta.app/Contents/Developer/Toolchains/XcodeDefault.xctoolchain/usr/bin/swift-frontend -frontend -emit-module -experimental-skip-non-inlinable-function-bodies-without-types /Users/builder/builds/o86TiJKT/0/finestructure/swiftpackageindex-builder/spi-builder-workspace/Tests/ParserCombinatorsTests/JSONParserTests.swift /Users/builder/builds/o86TiJKT/0/finestructure/swiftpackageindex-builder/spi-builder-workspace/Tests/ParserCombinatorsTests/ParserCombinatorsTests.swift /Users/builder/builds/o86TiJKT/0/finestructure/swiftpackageindex-builder/spi-builder-workspace/Tests/ParserCombinatorsTests/PatternsTests.swift /Users/builder/builds/o86TiJKT/0/finestructure/swiftpackageindex-builder/spi-builder-workspace/Tests/ParserCombinatorsTests/PositionTests.swift /Users/builder/builds/o86TiJKT/0/finestructure/swiftpackageindex-builder/spi-builder-workspace/Tests/ParserCombinatorsTests/TestUtils.swift /Users/builder/builds/o86TiJKT/0/finestructure/swiftpackageindex-builder/spi-builder-workspace/Tests/ParserCombinatorsTests/XCTestManifests.swift -target arm64-apple-ios12.0 -Xllvm -aarch64-use-tbi -enable-objc-interop -sdk /Applications/Xcode-15.0.0-Beta.app/Contents/Developer/Platforms/iPhoneOS.platform/Developer/SDKs/iPhoneOS17.0.sdk -I /Users/builder/builds/o86TiJKT/0/finestructure/swiftpackageindex-builder/spi-builder-workspace/.derivedData/Build/Products/Debug-iphoneos -I /Applications/Xcode-15.0.0-Beta.app/Contents/Developer/Platforms/iPhoneOS.platform/Developer/usr/lib -F /Users/builder/builds/o86TiJKT/0/finestructure/swiftpackageindex-builder/spi-builder-workspace/.derivedData/Build/Products/Debug-iphoneos/PackageFrameworks -F /Users/builder/builds/o86TiJKT/0/finestructure/swiftpackageindex-builder/spi-builder-workspace/.derivedData/Build/Products/Debug-iphoneos/PackageFrameworks -F /Users/builder/builds/o86TiJKT/0/finestructure/swiftpackageindex-builder/spi-builder-workspace/.derivedData/Build/Products/Debug-iphoneos/PackageFrameworks -F /Users/builder/builds/o86TiJKT/0/finestructure/swiftpackageindex-builder/spi-builder-workspace/.derivedData/Build/Products/Debug-iphoneos/PackageFrameworks -F /Users/builder/builds/o86TiJKT/0/finestructure/swiftpackageindex-builder/spi-builder-workspace/.derivedData/Build/Products/Debug-iphoneos/PackageFrameworks -F /Users/builder/builds/o86TiJKT/0/finestructure/swiftpackageindex-builder/spi-builder-workspace/.derivedData/Build/Products/Debug-iphoneos/PackageFrameworks -F /Users/builder/builds/o86TiJKT/0/finestructure/swiftpackageindex-builder/spi-builder-workspace/.derivedData/Build/Products/Debug-iphoneos -F /Applications/Xcode-15.0.0-Beta.app/Contents/Developer/Platforms/iPhoneOS.platform/Developer/Library/Frameworks -F /Applications/Xcode-15.0.0-Beta.app/Contents/Developer/Platforms/iPhoneOS.platform/Developer/SDKs/iPhoneOS17.0.sdk/Developer/Library/Frameworks -no-color-diagnostics -enable-testing -g -module-cache-path /Users/builder/builds/o86TiJKT/0/finestructure/swiftpackageindex-builder/spi-builder-workspace/.derivedData/ModuleCache.noindex -swift-version 5 -enforce-exclusivity\=checked -Onone -D SWIFT_PACKAGE -D DEBUG -D Xcode -serialize-debugging-options -const-gather-protocols-file /Users/builder/builds/o86TiJKT/0/finestructure/swiftpackageindex-builder/spi-builder-workspace/.derivedData/Build/Intermediates.noindex/ParserCombinators.build/Debug-iphoneos/ParserCombinatorsTests.build/Objects-normal/arm64/ParserCombinatorsTests_const_extract_protocols.json -empty-abi-descriptor -plugin-path /Applications/Xcode-15.0.0-Beta.app/Contents/Developer/Toolchains/XcodeDefault.xctoolchain/usr/lib/swift/host/plugins -plugin-path /Applications/Xcode-15.0.0-Beta.app/Contents/Developer/Toolchains/XcodeDefault.xctoolchain/usr/local/lib/swift/host/plugins -validate-clang-modules-once -clang-build-session-file /Users/builder/builds/o86TiJKT/0/finestructure/swiftpackageindex-builder/spi-builder-workspace/.derivedData/ModuleCache.noindex/Session.modulevalidation -Xcc -working-directory -Xcc /Users/builder/builds/o86TiJKT/0/finestructure/swiftpackageindex-builder/spi-builder-workspace -resource-dir /Applications/Xcode-15.0.0-Beta.app/Contents/Developer/Toolchains/XcodeDefault.xctoolchain/usr/lib/swift -enable-anonymous-context-mangled-names -Xcc -ivfsstatcache -Xcc /Users/builder/builds/o86TiJKT/0/finestructure/swiftpackageindex-builder/spi-builder-workspace/.derivedData/SDKStatCaches.noindex/iphoneos17.0-21A5248u-22e9895dd8f54bee56aeb93c31b1f490.sdkstatcache -Xcc -I/Users/builder/builds/o86TiJKT/0/finestructure/swiftpackageindex-builder/spi-builder-workspace/.derivedData/Build/Products/Debug-iphoneos/include -Xcc -I/Users/builder/builds/o86TiJKT/0/finestructure/swiftpackageindex-builder/spi-builder-workspace/.derivedData/Build/Intermediates.noindex/ParserCombinators.build/Debug-iphoneos/ParserCombinatorsTests.build/DerivedSources-normal/arm64 -Xcc -I/Users/builder/builds/o86TiJKT/0/finestructure/swiftpackageindex-builder/spi-builder-workspace/.derivedData/Build/Intermediates.noindex/ParserCombinators.build/Debug-iphoneos/ParserCombinatorsTests.build/DerivedSources/arm64 -Xcc -I/Users/builder/builds/o86TiJKT/0/finestructure/swiftpackageindex-builder/spi-builder-workspace/.derivedData/Build/Intermediates.noindex/ParserCombinators.build/Debug-iphoneos/ParserCombinatorsTests.build/DerivedSources -Xcc -DSWIFT_PACKAGE -Xcc -DDEBUG\=1 -module-name ParserCombinatorsTests -disable-clang-spi -target-sdk-version 17.0 -target-sdk-name iphoneos17.0 -emit-module-doc-path /Users/builder/builds/o86TiJKT/0/finestructure/swiftpackageindex-builder/spi-builder-workspace/.derivedData/Build/Intermediates.noindex/ParserCombinators.build/Debug-iphoneos/ParserCombinatorsTests.build/Objects-normal/arm64/ParserCombinatorsTests.swiftdoc -emit-module-source-info-path /Users/builder/builds/o86TiJKT/0/finestructure/swiftpackageindex-builder/spi-builder-workspace/.derivedData/Build/Intermediates.noindex/ParserCombinators.build/Debug-iphoneos/ParserCombinatorsTests.build/Objects-normal/arm64/ParserCombinatorsTests.swiftsourceinfo -serialize-diagnostics-path /Users/builder/builds/o86TiJKT/0/finestructure/swiftpackageindex-builder/spi-builder-workspace/.derivedData/Build/Intermediates.noindex/ParserCombinators.build/Debug-iphoneos/ParserCombinatorsTests.build/Objects-normal/arm64/ParserCombinatorsTests-master-emit-module.dia -emit-dependencies-path /Users/builder/builds/o86TiJKT/0/finestructure/swiftpackageindex-builder/spi-builder-workspace/.derivedData/Build/Intermediates.noindex/ParserCombinators.build/Debug-iphoneos/ParserCombinatorsTests.build/Objects-normal/arm64/ParserCombinatorsTests-master-emit-module.d -o /Users/builder/builds/o86TiJKT/0/finestructure/swiftpackageindex-builder/spi-builder-workspace/.derivedData/Build/Intermediates.noindex/ParserCombinators.build/Debug-iphoneos/ParserCombinatorsTests.build/Objects-normal/arm64/ParserCombinatorsTests.swiftmodule -emit-abi-descriptor-path /Users/builder/builds/o86TiJKT/0/finestructure/swiftpackageindex-builder/spi-builder-workspace/.derivedData/Build/Intermediates.noindex/ParserCombinators.build/Debug-iphoneos/ParserCombinatorsTests.build/Objects-normal/arm64/ParserCombinatorsTests.abi.json

SwiftCompile normal arm64 Compiling\ TestUtils.swift /Users/builder/builds/o86TiJKT/0/finestructure/swiftpackageindex-builder/spi-builder-workspace/Tests/ParserCombinatorsTests/TestUtils.swift (in target 'ParserCombinatorsTests' from project 'ParserCombinators')
    cd /Users/builder/builds/o86TiJKT/0/finestructure/swiftpackageindex-builder/spi-builder-workspace
    builtin-swiftTaskExecution -- /Applications/Xcode-15.0.0-Beta.app/Contents/Developer/Toolchains/XcodeDefault.xctoolchain/usr/bin/swift-frontend -frontend -c /Users/builder/builds/o86TiJKT/0/finestructure/swiftpackageindex-builder/spi-builder-workspace/Tests/ParserCombinatorsTests/JSONParserTests.swift /Users/builder/builds/o86TiJKT/0/finestructure/swiftpackageindex-builder/spi-builder-workspace/Tests/ParserCombinatorsTests/ParserCombinatorsTests.swift /Users/builder/builds/o86TiJKT/0/finestructure/swiftpackageindex-builder/spi-builder-workspace/Tests/ParserCombinatorsTests/PatternsTests.swift /Users/builder/builds/o86TiJKT/0/finestructure/swiftpackageindex-builder/spi-builder-workspace/Tests/ParserCombinatorsTests/PositionTests.swift -primary-file /Users/builder/builds/o86TiJKT/0/finestructure/swiftpackageindex-builder/spi-builder-workspace/Tests/ParserCombinatorsTests/TestUtils.swift /Users/builder/builds/o86TiJKT/0/finestructure/swiftpackageindex-builder/spi-builder-workspace/Tests/ParserCombinatorsTests/XCTestManifests.swift -emit-dependencies-path /Users/builder/builds/o86TiJKT/0/finestructure/swiftpackageindex-builder/spi-builder-workspace/.derivedData/Build/Intermediates.noindex/ParserCombinators.build/Debug-iphoneos/ParserCombinatorsTests.build/Objects-normal/arm64/TestUtils.d -emit-const-values-path /Users/builder/builds/o86TiJKT/0/finestructure/swiftpackageindex-builder/spi-builder-workspace/.derivedData/Build/Intermediates.noindex/ParserCombinators.build/Debug-iphoneos/ParserCombinatorsTests.build/Objects-normal/arm64/TestUtils.swiftconstvalues -emit-reference-dependencies-path /Users/builder/builds/o86TiJKT/0/finestructure/swiftpackageindex-builder/spi-builder-workspace/.derivedData/Build/Intermediates.noindex/ParserCombinators.build/Debug-iphoneos/ParserCombinatorsTests.build/Objects-normal/arm64/TestUtils.swiftdeps -serialize-diagnostics-path /Users/builder/builds/o86TiJKT/0/finestructure/swiftpackageindex-builder/spi-builder-workspace/.derivedData/Build/Intermediates.noindex/ParserCombinators.build/Debug-iphoneos/ParserCombinatorsTests.build/Objects-normal/arm64/TestUtils.dia -target arm64-apple-ios12.0 -Xllvm -aarch64-use-tbi -enable-objc-interop -sdk /Applications/Xcode-15.0.0-Beta.app/Contents/Developer/Platforms/iPhoneOS.platform/Developer/SDKs/iPhoneOS17.0.sdk -I /Users/builder/builds/o86TiJKT/0/finestructure/swiftpackageindex-builder/spi-builder-workspace/.derivedData/Build/Products/Debug-iphoneos -I /Applications/Xcode-15.0.0-Beta.app/Contents/Developer/Platforms/iPhoneOS.platform/Developer/usr/lib -F /Users/builder/builds/o86TiJKT/0/finestructure/swiftpackageindex-builder/spi-builder-workspace/.derivedData/Build/Products/Debug-iphoneos/PackageFrameworks -F /Users/builder/builds/o86TiJKT/0/finestructure/swiftpackageindex-builder/spi-builder-workspace/.derivedData/Build/Products/Debug-iphoneos/PackageFrameworks -F /Users/builder/builds/o86TiJKT/0/finestructure/swiftpackageindex-builder/spi-builder-workspace/.derivedData/Build/Products/Debug-iphoneos/PackageFrameworks -F /Users/builder/builds/o86TiJKT/0/finestructure/swiftpackageindex-builder/spi-builder-workspace/.derivedData/Build/Products/Debug-iphoneos/PackageFrameworks -F /Users/builder/builds/o86TiJKT/0/finestructure/swiftpackageindex-builder/spi-builder-workspace/.derivedData/Build/Products/Debug-iphoneos/PackageFrameworks -F /Users/builder/builds/o86TiJKT/0/finestructure/swiftpackageindex-builder/spi-builder-workspace/.derivedData/Build/Products/Debug-iphoneos/PackageFrameworks -F /Users/builder/builds/o86TiJKT/0/finestructure/swiftpackageindex-builder/spi-builder-workspace/.derivedData/Build/Products/Debug-iphoneos -F /Applications/Xcode-15.0.0-Beta.app/Contents/Developer/Platforms/iPhoneOS.platform/Developer/Library/Frameworks -F /Applications/Xcode-15.0.0-Beta.app/Contents/Developer/Platforms/iPhoneOS.platform/Developer/SDKs/iPhoneOS17.0.sdk/Developer/Library/Frameworks -no-color-diagnostics -enable-testing -g -module-cache-path /Users/builder/builds/o86TiJKT/0/finestructure/swiftpackageindex-builder/spi-builder-workspace/.derivedData/ModuleCache.noindex -swift-version 5 -enforce-exclusivity\=checked -Onone -D SWIFT_PACKAGE -D DEBUG -D Xcode -serialize-debugging-options -const-gather-protocols-file /Users/builder/builds/o86TiJKT/0/finestructure/swiftpackageindex-builder/spi-builder-workspace/.derivedData/Build/Intermediates.noindex/ParserCombinators.build/Debug-iphoneos/ParserCombinatorsTests.build/Objects-normal/arm64/ParserCombinatorsTests_const_extract_protocols.json -empty-abi-descriptor -plugin-path /Applications/Xcode-15.0.0-Beta.app/Contents/Developer/Toolchains/XcodeDefault.xctoolchain/usr/lib/swift/host/plugins -plugin-path /Applications/Xcode-15.0.0-Beta.app/Contents/Developer/Toolchains/XcodeDefault.xctoolchain/usr/local/lib/swift/host/plugins -validate-clang-modules-once -clang-build-session-file /Users/builder/builds/o86TiJKT/0/finestructure/swiftpackageindex-builder/spi-builder-workspace/.derivedData/ModuleCache.noindex/Session.modulevalidation -Xcc -working-directory -Xcc /Users/builder/builds/o86TiJKT/0/finestructure/swiftpackageindex-builder/spi-builder-workspace -resource-dir /Applications/Xcode-15.0.0-Beta.app/Contents/Developer/Toolchains/XcodeDefault.xctoolchain/usr/lib/swift -enable-anonymous-context-mangled-names -Xcc -ivfsstatcache -Xcc /Users/builder/builds/o86TiJKT/0/finestructure/swiftpackageindex-builder/spi-builder-workspace/.derivedData/SDKStatCaches.noindex/iphoneos17.0-21A5248u-22e9895dd8f54bee56aeb93c31b1f490.sdkstatcache -Xcc -I/Users/builder/builds/o86TiJKT/0/finestructure/swiftpackageindex-builder/spi-builder-workspace/.derivedData/Build/Products/Debug-iphoneos/include -Xcc -I/Users/builder/builds/o86TiJKT/0/finestructure/swiftpackageindex-builder/spi-builder-workspace/.derivedData/Build/Intermediates.noindex/ParserCombinators.build/Debug-iphoneos/ParserCombinatorsTests.build/DerivedSources-normal/arm64 -Xcc -I/Users/builder/builds/o86TiJKT/0/finestructure/swiftpackageindex-builder/spi-builder-workspace/.derivedData/Build/Intermediates.noindex/ParserCombinators.build/Debug-iphoneos/ParserCombinatorsTests.build/DerivedSources/arm64 -Xcc -I/Users/builder/builds/o86TiJKT/0/finestructure/swiftpackageindex-builder/spi-builder-workspace/.derivedData/Build/Intermediates.noindex/ParserCombinators.build/Debug-iphoneos/ParserCombinatorsTests.build/DerivedSources -Xcc -DSWIFT_PACKAGE -Xcc -DDEBUG\=1 -module-name ParserCombinatorsTests -frontend-parseable-output -disable-clang-spi -target-sdk-version 17.0 -target-sdk-name iphoneos17.0 -o /Users/builder/builds/o86TiJKT/0/finestructure/swiftpackageindex-builder/spi-builder-workspace/.derivedData/Build/Intermediates.noindex/ParserCombinators.build/Debug-iphoneos/ParserCombinatorsTests.build/Objects-normal/arm64/TestUtils.o -index-unit-output-path /ParserCombinators.build/Debug-iphoneos/ParserCombinatorsTests.build/Objects-normal/arm64/TestUtils.o -index-store-path /Users/builder/builds/o86TiJKT/0/finestructure/swiftpackageindex-builder/spi-builder-workspace/.derivedData/Index.noindex/DataStore -index-system-modules
SwiftCompile normal arm64 /Users/builder/builds/o86TiJKT/0/finestructure/swiftpackageindex-builder/spi-builder-workspace/Tests/ParserCombinatorsTests/TestUtils.swift (in target 'ParserCombinatorsTests' from project 'ParserCombinators')
    cd /Users/builder/builds/o86TiJKT/0/finestructure/swiftpackageindex-builder/spi-builder-workspace
    /Applications/Xcode-15.0.0-Beta.app/Contents/Developer/Toolchains/XcodeDefault.xctoolchain/usr/bin/swift-frontend -c /Users/builder/builds/o86TiJKT/0/finestructure/swiftpackageindex-builder/spi-builder-workspace/Tests/ParserCombinatorsTests/JSONParserTests.swift /Users/builder/builds/o86TiJKT/0/finestructure/swiftpackageindex-builder/spi-builder-workspace/Tests/ParserCombinatorsTests/ParserCombinatorsTests.swift /Users/builder/builds/o86TiJKT/0/finestructure/swiftpackageindex-builder/spi-builder-workspace/Tests/ParserCombinatorsTests/PatternsTests.swift /Users/builder/builds/o86TiJKT/0/finestructure/swiftpackageindex-builder/spi-builder-workspace/Tests/ParserCombinatorsTests/PositionTests.swift -primary-file /Users/builder/builds/o86TiJKT/0/finestructure/swiftpackageindex-builder/spi-builder-workspace/Tests/ParserCombinatorsTests/TestUtils.swift /Users/builder/builds/o86TiJKT/0/finestructure/swiftpackageindex-builder/spi-builder-workspace/Tests/ParserCombinatorsTests/XCTestManifests.swift -emit-dependencies-path /Users/builder/builds/o86TiJKT/0/finestructure/swiftpackageindex-builder/spi-builder-workspace/.derivedData/Build/Intermediates.noindex/ParserCombinators.build/Debug-iphoneos/ParserCombinatorsTests.build/Objects-normal/arm64/TestUtils.d -emit-const-values-path /Users/builder/builds/o86TiJKT/0/finestructure/swiftpackageindex-builder/spi-builder-workspace/.derivedData/Build/Intermediates.noindex/ParserCombinators.build/Debug-iphoneos/ParserCombinatorsTests.build/Objects-normal/arm64/TestUtils.swiftconstvalues -emit-reference-dependencies-path /Users/builder/builds/o86TiJKT/0/finestructure/swiftpackageindex-builder/spi-builder-workspace/.derivedData/Build/Intermediates.noindex/ParserCombinators.build/Debug-iphoneos/ParserCombinatorsTests.build/Objects-normal/arm64/TestUtils.swiftdeps -serialize-diagnostics-path /Users/builder/builds/o86TiJKT/0/finestructure/swiftpackageindex-builder/spi-builder-workspace/.derivedData/Build/Intermediates.noindex/ParserCombinators.build/Debug-iphoneos/ParserCombinatorsTests.build/Objects-normal/arm64/TestUtils.dia -target arm64-apple-ios12.0 -Xllvm -aarch64-use-tbi -enable-objc-interop -sdk /Applications/Xcode-15.0.0-Beta.app/Contents/Developer/Platforms/iPhoneOS.platform/Developer/SDKs/iPhoneOS17.0.sdk -I /Users/builder/builds/o86TiJKT/0/finestructure/swiftpackageindex-builder/spi-builder-workspace/.derivedData/Build/Products/Debug-iphoneos -I /Applications/Xcode-15.0.0-Beta.app/Contents/Developer/Platforms/iPhoneOS.platform/Developer/usr/lib -F /Users/builder/builds/o86TiJKT/0/finestructure/swiftpackageindex-builder/spi-builder-workspace/.derivedData/Build/Products/Debug-iphoneos/PackageFrameworks -F /Users/builder/builds/o86TiJKT/0/finestructure/swiftpackageindex-builder/spi-builder-workspace/.derivedData/Build/Products/Debug-iphoneos/PackageFrameworks -F /Users/builder/builds/o86TiJKT/0/finestructure/swiftpackageindex-builder/spi-builder-workspace/.derivedData/Build/Products/Debug-iphoneos/PackageFrameworks -F /Users/builder/builds/o86TiJKT/0/finestructure/swiftpackageindex-builder/spi-builder-workspace/.derivedData/Build/Products/Debug-iphoneos/PackageFrameworks -F /Users/builder/builds/o86TiJKT/0/finestructure/swiftpackageindex-builder/spi-builder-workspace/.derivedData/Build/Products/Debug-iphoneos/PackageFrameworks -F /Users/builder/builds/o86TiJKT/0/finestructure/swiftpackageindex-builder/spi-builder-workspace/.derivedData/Build/Products/Debug-iphoneos/PackageFrameworks -F /Users/builder/builds/o86TiJKT/0/finestructure/swiftpackageindex-builder/spi-builder-workspace/.derivedData/Build/Products/Debug-iphoneos -F /Applications/Xcode-15.0.0-Beta.app/Contents/Developer/Platforms/iPhoneOS.platform/Developer/Library/Frameworks -F /Applications/Xcode-15.0.0-Beta.app/Contents/Developer/Platforms/iPhoneOS.platform/Developer/SDKs/iPhoneOS17.0.sdk/Developer/Library/Frameworks -no-color-diagnostics -enable-testing -g -module-cache-path /Users/builder/builds/o86TiJKT/0/finestructure/swiftpackageindex-builder/spi-builder-workspace/.derivedData/ModuleCache.noindex -swift-version 5 -enforce-exclusivity\=checked -Onone -D SWIFT_PACKAGE -D DEBUG -D Xcode -serialize-debugging-options -const-gather-protocols-file /Users/builder/builds/o86TiJKT/0/finestructure/swiftpackageindex-builder/spi-builder-workspace/.derivedData/Build/Intermediates.noindex/ParserCombinators.build/Debug-iphoneos/ParserCombinatorsTests.build/Objects-normal/arm64/ParserCombinatorsTests_const_extract_protocols.json -empty-abi-descriptor -plugin-path /Applications/Xcode-15.0.0-Beta.app/Contents/Developer/Toolchains/XcodeDefault.xctoolchain/usr/lib/swift/host/plugins -plugin-path /Applications/Xcode-15.0.0-Beta.app/Contents/Developer/Toolchains/XcodeDefault.xctoolchain/usr/local/lib/swift/host/plugins -validate-clang-modules-once -clang-build-session-file /Users/builder/builds/o86TiJKT/0/finestructure/swiftpackageindex-builder/spi-builder-workspace/.derivedData/ModuleCache.noindex/Session.modulevalidation -Xcc -working-directory -Xcc /Users/builder/builds/o86TiJKT/0/finestructure/swiftpackageindex-builder/spi-builder-workspace -resource-dir /Applications/Xcode-15.0.0-Beta.app/Contents/Developer/Toolchains/XcodeDefault.xctoolchain/usr/lib/swift -enable-anonymous-context-mangled-names -Xcc -ivfsstatcache -Xcc /Users/builder/builds/o86TiJKT/0/finestructure/swiftpackageindex-builder/spi-builder-workspace/.derivedData/SDKStatCaches.noindex/iphoneos17.0-21A5248u-22e9895dd8f54bee56aeb93c31b1f490.sdkstatcache -Xcc -I/Users/builder/builds/o86TiJKT/0/finestructure/swiftpackageindex-builder/spi-builder-workspace/.derivedData/Build/Products/Debug-iphoneos/include -Xcc -I/Users/builder/builds/o86TiJKT/0/finestructure/swiftpackageindex-builder/spi-builder-workspace/.derivedData/Build/Intermediates.noindex/ParserCombinators.build/Debug-iphoneos/ParserCombinatorsTests.build/DerivedSources-normal/arm64 -Xcc -I/Users/builder/builds/o86TiJKT/0/finestructure/swiftpackageindex-builder/spi-builder-workspace/.derivedData/Build/Intermediates.noindex/ParserCombinators.build/Debug-iphoneos/ParserCombinatorsTests.build/DerivedSources/arm64 -Xcc -I/Users/builder/builds/o86TiJKT/0/finestructure/swiftpackageindex-builder/spi-builder-workspace/.derivedData/Build/Intermediates.noindex/ParserCombinators.build/Debug-iphoneos/ParserCombinatorsTests.build/DerivedSources -Xcc -DSWIFT_PACKAGE -Xcc -DDEBUG\=1 -module-name ParserCombinatorsTests -frontend-parseable-output -disable-clang-spi -target-sdk-version 17.0 -target-sdk-name iphoneos17.0 -o /Users/builder/builds/o86TiJKT/0/finestructure/swiftpackageindex-builder/spi-builder-workspace/.derivedData/Build/Intermediates.noindex/ParserCombinators.build/Debug-iphoneos/ParserCombinatorsTests.build/Objects-normal/arm64/TestUtils.o -index-unit-output-path /ParserCombinators.build/Debug-iphoneos/ParserCombinatorsTests.build/Objects-normal/arm64/TestUtils.o -index-store-path /Users/builder/builds/o86TiJKT/0/finestructure/swiftpackageindex-builder/spi-builder-workspace/.derivedData/Index.noindex/DataStore -index-system-modules

SwiftCompile normal arm64 Compiling\ PositionTests.swift /Users/builder/builds/o86TiJKT/0/finestructure/swiftpackageindex-builder/spi-builder-workspace/Tests/ParserCombinatorsTests/PositionTests.swift (in target 'ParserCombinatorsTests' from project 'ParserCombinators')
    cd /Users/builder/builds/o86TiJKT/0/finestructure/swiftpackageindex-builder/spi-builder-workspace
    builtin-swiftTaskExecution -- /Applications/Xcode-15.0.0-Beta.app/Contents/Developer/Toolchains/XcodeDefault.xctoolchain/usr/bin/swift-frontend -frontend -c /Users/builder/builds/o86TiJKT/0/finestructure/swiftpackageindex-builder/spi-builder-workspace/Tests/ParserCombinatorsTests/JSONParserTests.swift /Users/builder/builds/o86TiJKT/0/finestructure/swiftpackageindex-builder/spi-builder-workspace/Tests/ParserCombinatorsTests/ParserCombinatorsTests.swift /Users/builder/builds/o86TiJKT/0/finestructure/swiftpackageindex-builder/spi-builder-workspace/Tests/ParserCombinatorsTests/PatternsTests.swift -primary-file /Users/builder/builds/o86TiJKT/0/finestructure/swiftpackageindex-builder/spi-builder-workspace/Tests/ParserCombinatorsTests/PositionTests.swift /Users/builder/builds/o86TiJKT/0/finestructure/swiftpackageindex-builder/spi-builder-workspace/Tests/ParserCombinatorsTests/TestUtils.swift /Users/builder/builds/o86TiJKT/0/finestructure/swiftpackageindex-builder/spi-builder-workspace/Tests/ParserCombinatorsTests/XCTestManifests.swift -emit-dependencies-path /Users/builder/builds/o86TiJKT/0/finestructure/swiftpackageindex-builder/spi-builder-workspace/.derivedData/Build/Intermediates.noindex/ParserCombinators.build/Debug-iphoneos/ParserCombinatorsTests.build/Objects-normal/arm64/PositionTests.d -emit-const-values-path /Users/builder/builds/o86TiJKT/0/finestructure/swiftpackageindex-builder/spi-builder-workspace/.derivedData/Build/Intermediates.noindex/ParserCombinators.build/Debug-iphoneos/ParserCombinatorsTests.build/Objects-normal/arm64/PositionTests.swiftconstvalues -emit-reference-dependencies-path /Users/builder/builds/o86TiJKT/0/finestructure/swiftpackageindex-builder/spi-builder-workspace/.derivedData/Build/Intermediates.noindex/ParserCombinators.build/Debug-iphoneos/ParserCombinatorsTests.build/Objects-normal/arm64/PositionTests.swiftdeps -serialize-diagnostics-path /Users/builder/builds/o86TiJKT/0/finestructure/swiftpackageindex-builder/spi-builder-workspace/.derivedData/Build/Intermediates.noindex/ParserCombinators.build/Debug-iphoneos/ParserCombinatorsTests.build/Objects-normal/arm64/PositionTests.dia -target arm64-apple-ios12.0 -Xllvm -aarch64-use-tbi -enable-objc-interop -sdk /Applications/Xcode-15.0.0-Beta.app/Contents/Developer/Platforms/iPhoneOS.platform/Developer/SDKs/iPhoneOS17.0.sdk -I /Users/builder/builds/o86TiJKT/0/finestructure/swiftpackageindex-builder/spi-builder-workspace/.derivedData/Build/Products/Debug-iphoneos -I /Applications/Xcode-15.0.0-Beta.app/Contents/Developer/Platforms/iPhoneOS.platform/Developer/usr/lib -F /Users/builder/builds/o86TiJKT/0/finestructure/swiftpackageindex-builder/spi-builder-workspace/.derivedData/Build/Products/Debug-iphoneos/PackageFrameworks -F /Users/builder/builds/o86TiJKT/0/finestructure/swiftpackageindex-builder/spi-builder-workspace/.derivedData/Build/Products/Debug-iphoneos/PackageFrameworks -F /Users/builder/builds/o86TiJKT/0/finestructure/swiftpackageindex-builder/spi-builder-workspace/.derivedData/Build/Products/Debug-iphoneos/PackageFrameworks -F /Users/builder/builds/o86TiJKT/0/finestructure/swiftpackageindex-builder/spi-builder-workspace/.derivedData/Build/Products/Debug-iphoneos/PackageFrameworks -F /Users/builder/builds/o86TiJKT/0/finestructure/swiftpackageindex-builder/spi-builder-workspace/.derivedData/Build/Products/Debug-iphoneos/PackageFrameworks -F /Users/builder/builds/o86TiJKT/0/finestructure/swiftpackageindex-builder/spi-builder-workspace/.derivedData/Build/Products/Debug-iphoneos/PackageFrameworks -F /Users/builder/builds/o86TiJKT/0/finestructure/swiftpackageindex-builder/spi-builder-workspace/.derivedData/Build/Products/Debug-iphoneos -F /Applications/Xcode-15.0.0-Beta.app/Contents/Developer/Platforms/iPhoneOS.platform/Developer/Library/Frameworks -F /Applications/Xcode-15.0.0-Beta.app/Contents/Developer/Platforms/iPhoneOS.platform/Developer/SDKs/iPhoneOS17.0.sdk/Developer/Library/Frameworks -no-color-diagnostics -enable-testing -g -module-cache-path /Users/builder/builds/o86TiJKT/0/finestructure/swiftpackageindex-builder/spi-builder-workspace/.derivedData/ModuleCache.noindex -swift-version 5 -enforce-exclusivity\=checked -Onone -D SWIFT_PACKAGE -D DEBUG -D Xcode -serialize-debugging-options -const-gather-protocols-file /Users/builder/builds/o86TiJKT/0/finestructure/swiftpackageindex-builder/spi-builder-workspace/.derivedData/Build/Intermediates.noindex/ParserCombinators.build/Debug-iphoneos/ParserCombinatorsTests.build/Objects-normal/arm64/ParserCombinatorsTests_const_extract_protocols.json -empty-abi-descriptor -plugin-path /Applications/Xcode-15.0.0-Beta.app/Contents/Developer/Toolchains/XcodeDefault.xctoolchain/usr/lib/swift/host/plugins -plugin-path /Applications/Xcode-15.0.0-Beta.app/Contents/Developer/Toolchains/XcodeDefault.xctoolchain/usr/local/lib/swift/host/plugins -validate-clang-modules-once -clang-build-session-file /Users/builder/builds/o86TiJKT/0/finestructure/swiftpackageindex-builder/spi-builder-workspace/.derivedData/ModuleCache.noindex/Session.modulevalidation -Xcc -working-directory -Xcc /Users/builder/builds/o86TiJKT/0/finestructure/swiftpackageindex-builder/spi-builder-workspace -resource-dir /Applications/Xcode-15.0.0-Beta.app/Contents/Developer/Toolchains/XcodeDefault.xctoolchain/usr/lib/swift -enable-anonymous-context-mangled-names -Xcc -ivfsstatcache -Xcc /Users/builder/builds/o86TiJKT/0/finestructure/swiftpackageindex-builder/spi-builder-workspace/.derivedData/SDKStatCaches.noindex/iphoneos17.0-21A5248u-22e9895dd8f54bee56aeb93c31b1f490.sdkstatcache -Xcc -I/Users/builder/builds/o86TiJKT/0/finestructure/swiftpackageindex-builder/spi-builder-workspace/.derivedData/Build/Products/Debug-iphoneos/include -Xcc -I/Users/builder/builds/o86TiJKT/0/finestructure/swiftpackageindex-builder/spi-builder-workspace/.derivedData/Build/Intermediates.noindex/ParserCombinators.build/Debug-iphoneos/ParserCombinatorsTests.build/DerivedSources-normal/arm64 -Xcc -I/Users/builder/builds/o86TiJKT/0/finestructure/swiftpackageindex-builder/spi-builder-workspace/.derivedData/Build/Intermediates.noindex/ParserCombinators.build/Debug-iphoneos/ParserCombinatorsTests.build/DerivedSources/arm64 -Xcc -I/Users/builder/builds/o86TiJKT/0/finestructure/swiftpackageindex-builder/spi-builder-workspace/.derivedData/Build/Intermediates.noindex/ParserCombinators.build/Debug-iphoneos/ParserCombinatorsTests.build/DerivedSources -Xcc -DSWIFT_PACKAGE -Xcc -DDEBUG\=1 -module-name ParserCombinatorsTests -frontend-parseable-output -disable-clang-spi -target-sdk-version 17.0 -target-sdk-name iphoneos17.0 -o /Users/builder/builds/o86TiJKT/0/finestructure/swiftpackageindex-builder/spi-builder-workspace/.derivedData/Build/Intermediates.noindex/ParserCombinators.build/Debug-iphoneos/ParserCombinatorsTests.build/Objects-normal/arm64/PositionTests.o -index-unit-output-path /ParserCombinators.build/Debug-iphoneos/ParserCombinatorsTests.build/Objects-normal/arm64/PositionTests.o -index-store-path /Users/builder/builds/o86TiJKT/0/finestructure/swiftpackageindex-builder/spi-builder-workspace/.derivedData/Index.noindex/DataStore -index-system-modules
SwiftCompile normal arm64 /Users/builder/builds/o86TiJKT/0/finestructure/swiftpackageindex-builder/spi-builder-workspace/Tests/ParserCombinatorsTests/PositionTests.swift (in target 'ParserCombinatorsTests' from project 'ParserCombinators')
    cd /Users/builder/builds/o86TiJKT/0/finestructure/swiftpackageindex-builder/spi-builder-workspace
    /Applications/Xcode-15.0.0-Beta.app/Contents/Developer/Toolchains/XcodeDefault.xctoolchain/usr/bin/swift-frontend -c /Users/builder/builds/o86TiJKT/0/finestructure/swiftpackageindex-builder/spi-builder-workspace/Tests/ParserCombinatorsTests/JSONParserTests.swift /Users/builder/builds/o86TiJKT/0/finestructure/swiftpackageindex-builder/spi-builder-workspace/Tests/ParserCombinatorsTests/ParserCombinatorsTests.swift /Users/builder/builds/o86TiJKT/0/finestructure/swiftpackageindex-builder/spi-builder-workspace/Tests/ParserCombinatorsTests/PatternsTests.swift -primary-file /Users/builder/builds/o86TiJKT/0/finestructure/swiftpackageindex-builder/spi-builder-workspace/Tests/ParserCombinatorsTests/PositionTests.swift /Users/builder/builds/o86TiJKT/0/finestructure/swiftpackageindex-builder/spi-builder-workspace/Tests/ParserCombinatorsTests/TestUtils.swift /Users/builder/builds/o86TiJKT/0/finestructure/swiftpackageindex-builder/spi-builder-workspace/Tests/ParserCombinatorsTests/XCTestManifests.swift -emit-dependencies-path /Users/builder/builds/o86TiJKT/0/finestructure/swiftpackageindex-builder/spi-builder-workspace/.derivedData/Build/Intermediates.noindex/ParserCombinators.build/Debug-iphoneos/ParserCombinatorsTests.build/Objects-normal/arm64/PositionTests.d -emit-const-values-path /Users/builder/builds/o86TiJKT/0/finestructure/swiftpackageindex-builder/spi-builder-workspace/.derivedData/Build/Intermediates.noindex/ParserCombinators.build/Debug-iphoneos/ParserCombinatorsTests.build/Objects-normal/arm64/PositionTests.swiftconstvalues -emit-reference-dependencies-path /Users/builder/builds/o86TiJKT/0/finestructure/swiftpackageindex-builder/spi-builder-workspace/.derivedData/Build/Intermediates.noindex/ParserCombinators.build/Debug-iphoneos/ParserCombinatorsTests.build/Objects-normal/arm64/PositionTests.swiftdeps -serialize-diagnostics-path /Users/builder/builds/o86TiJKT/0/finestructure/swiftpackageindex-builder/spi-builder-workspace/.derivedData/Build/Intermediates.noindex/ParserCombinators.build/Debug-iphoneos/ParserCombinatorsTests.build/Objects-normal/arm64/PositionTests.dia -target arm64-apple-ios12.0 -Xllvm -aarch64-use-tbi -enable-objc-interop -sdk /Applications/Xcode-15.0.0-Beta.app/Contents/Developer/Platforms/iPhoneOS.platform/Developer/SDKs/iPhoneOS17.0.sdk -I /Users/builder/builds/o86TiJKT/0/finestructure/swiftpackageindex-builder/spi-builder-workspace/.derivedData/Build/Products/Debug-iphoneos -I /Applications/Xcode-15.0.0-Beta.app/Contents/Developer/Platforms/iPhoneOS.platform/Developer/usr/lib -F /Users/builder/builds/o86TiJKT/0/finestructure/swiftpackageindex-builder/spi-builder-workspace/.derivedData/Build/Products/Debug-iphoneos/PackageFrameworks -F /Users/builder/builds/o86TiJKT/0/finestructure/swiftpackageindex-builder/spi-builder-workspace/.derivedData/Build/Products/Debug-iphoneos/PackageFrameworks -F /Users/builder/builds/o86TiJKT/0/finestructure/swiftpackageindex-builder/spi-builder-workspace/.derivedData/Build/Products/Debug-iphoneos/PackageFrameworks -F /Users/builder/builds/o86TiJKT/0/finestructure/swiftpackageindex-builder/spi-builder-workspace/.derivedData/Build/Products/Debug-iphoneos/PackageFrameworks -F /Users/builder/builds/o86TiJKT/0/finestructure/swiftpackageindex-builder/spi-builder-workspace/.derivedData/Build/Products/Debug-iphoneos/PackageFrameworks -F /Users/builder/builds/o86TiJKT/0/finestructure/swiftpackageindex-builder/spi-builder-workspace/.derivedData/Build/Products/Debug-iphoneos/PackageFrameworks -F /Users/builder/builds/o86TiJKT/0/finestructure/swiftpackageindex-builder/spi-builder-workspace/.derivedData/Build/Products/Debug-iphoneos -F /Applications/Xcode-15.0.0-Beta.app/Contents/Developer/Platforms/iPhoneOS.platform/Developer/Library/Frameworks -F /Applications/Xcode-15.0.0-Beta.app/Contents/Developer/Platforms/iPhoneOS.platform/Developer/SDKs/iPhoneOS17.0.sdk/Developer/Library/Frameworks -no-color-diagnostics -enable-testing -g -module-cache-path /Users/builder/builds/o86TiJKT/0/finestructure/swiftpackageindex-builder/spi-builder-workspace/.derivedData/ModuleCache.noindex -swift-version 5 -enforce-exclusivity\=checked -Onone -D SWIFT_PACKAGE -D DEBUG -D Xcode -serialize-debugging-options -const-gather-protocols-file /Users/builder/builds/o86TiJKT/0/finestructure/swiftpackageindex-builder/spi-builder-workspace/.derivedData/Build/Intermediates.noindex/ParserCombinators.build/Debug-iphoneos/ParserCombinatorsTests.build/Objects-normal/arm64/ParserCombinatorsTests_const_extract_protocols.json -empty-abi-descriptor -plugin-path /Applications/Xcode-15.0.0-Beta.app/Contents/Developer/Toolchains/XcodeDefault.xctoolchain/usr/lib/swift/host/plugins -plugin-path /Applications/Xcode-15.0.0-Beta.app/Contents/Developer/Toolchains/XcodeDefault.xctoolchain/usr/local/lib/swift/host/plugins -validate-clang-modules-once -clang-build-session-file /Users/builder/builds/o86TiJKT/0/finestructure/swiftpackageindex-builder/spi-builder-workspace/.derivedData/ModuleCache.noindex/Session.modulevalidation -Xcc -working-directory -Xcc /Users/builder/builds/o86TiJKT/0/finestructure/swiftpackageindex-builder/spi-builder-workspace -resource-dir /Applications/Xcode-15.0.0-Beta.app/Contents/Developer/Toolchains/XcodeDefault.xctoolchain/usr/lib/swift -enable-anonymous-context-mangled-names -Xcc -ivfsstatcache -Xcc /Users/builder/builds/o86TiJKT/0/finestructure/swiftpackageindex-builder/spi-builder-workspace/.derivedData/SDKStatCaches.noindex/iphoneos17.0-21A5248u-22e9895dd8f54bee56aeb93c31b1f490.sdkstatcache -Xcc -I/Users/builder/builds/o86TiJKT/0/finestructure/swiftpackageindex-builder/spi-builder-workspace/.derivedData/Build/Products/Debug-iphoneos/include -Xcc -I/Users/builder/builds/o86TiJKT/0/finestructure/swiftpackageindex-builder/spi-builder-workspace/.derivedData/Build/Intermediates.noindex/ParserCombinators.build/Debug-iphoneos/ParserCombinatorsTests.build/DerivedSources-normal/arm64 -Xcc -I/Users/builder/builds/o86TiJKT/0/finestructure/swiftpackageindex-builder/spi-builder-workspace/.derivedData/Build/Intermediates.noindex/ParserCombinators.build/Debug-iphoneos/ParserCombinatorsTests.build/DerivedSources/arm64 -Xcc -I/Users/builder/builds/o86TiJKT/0/finestructure/swiftpackageindex-builder/spi-builder-workspace/.derivedData/Build/Intermediates.noindex/ParserCombinators.build/Debug-iphoneos/ParserCombinatorsTests.build/DerivedSources -Xcc -DSWIFT_PACKAGE -Xcc -DDEBUG\=1 -module-name ParserCombinatorsTests -frontend-parseable-output -disable-clang-spi -target-sdk-version 17.0 -target-sdk-name iphoneos17.0 -o /Users/builder/builds/o86TiJKT/0/finestructure/swiftpackageindex-builder/spi-builder-workspace/.derivedData/Build/Intermediates.noindex/ParserCombinators.build/Debug-iphoneos/ParserCombinatorsTests.build/Objects-normal/arm64/PositionTests.o -index-unit-output-path /ParserCombinators.build/Debug-iphoneos/ParserCombinatorsTests.build/Objects-normal/arm64/PositionTests.o -index-store-path /Users/builder/builds/o86TiJKT/0/finestructure/swiftpackageindex-builder/spi-builder-workspace/.derivedData/Index.noindex/DataStore -index-system-modules
SwiftCompile normal arm64 Compiling\ PatternsTests.swift /Users/builder/builds/o86TiJKT/0/finestructure/swiftpackageindex-builder/spi-builder-workspace/Tests/ParserCombinatorsTests/PatternsTests.swift (in target 'ParserCombinatorsTests' from project 'ParserCombinators')
    cd /Users/builder/builds/o86TiJKT/0/finestructure/swiftpackageindex-builder/spi-builder-workspace
    builtin-swiftTaskExecution -- /Applications/Xcode-15.0.0-Beta.app/Contents/Developer/Toolchains/XcodeDefault.xctoolchain/usr/bin/swift-frontend -frontend -c /Users/builder/builds/o86TiJKT/0/finestructure/swiftpackageindex-builder/spi-builder-workspace/Tests/ParserCombinatorsTests/JSONParserTests.swift /Users/builder/builds/o86TiJKT/0/finestructure/swiftpackageindex-builder/spi-builder-workspace/Tests/ParserCombinatorsTests/ParserCombinatorsTests.swift -primary-file /Users/builder/builds/o86TiJKT/0/finestructure/swiftpackageindex-builder/spi-builder-workspace/Tests/ParserCombinatorsTests/PatternsTests.swift /Users/builder/builds/o86TiJKT/0/finestructure/swiftpackageindex-builder/spi-builder-workspace/Tests/ParserCombinatorsTests/PositionTests.swift /Users/builder/builds/o86TiJKT/0/finestructure/swiftpackageindex-builder/spi-builder-workspace/Tests/ParserCombinatorsTests/TestUtils.swift /Users/builder/builds/o86TiJKT/0/finestructure/swiftpackageindex-builder/spi-builder-workspace/Tests/ParserCombinatorsTests/XCTestManifests.swift -emit-dependencies-path /Users/builder/builds/o86TiJKT/0/finestructure/swiftpackageindex-builder/spi-builder-workspace/.derivedData/Build/Intermediates.noindex/ParserCombinators.build/Debug-iphoneos/ParserCombinatorsTests.build/Objects-normal/arm64/PatternsTests.d -emit-const-values-path /Users/builder/builds/o86TiJKT/0/finestructure/swiftpackageindex-builder/spi-builder-workspace/.derivedData/Build/Intermediates.noindex/ParserCombinators.build/Debug-iphoneos/ParserCombinatorsTests.build/Objects-normal/arm64/PatternsTests.swiftconstvalues -emit-reference-dependencies-path /Users/builder/builds/o86TiJKT/0/finestructure/swiftpackageindex-builder/spi-builder-workspace/.derivedData/Build/Intermediates.noindex/ParserCombinators.build/Debug-iphoneos/ParserCombinatorsTests.build/Objects-normal/arm64/PatternsTests.swiftdeps -serialize-diagnostics-path /Users/builder/builds/o86TiJKT/0/finestructure/swiftpackageindex-builder/spi-builder-workspace/.derivedData/Build/Intermediates.noindex/ParserCombinators.build/Debug-iphoneos/ParserCombinatorsTests.build/Objects-normal/arm64/PatternsTests.dia -target arm64-apple-ios12.0 -Xllvm -aarch64-use-tbi -enable-objc-interop -sdk /Applications/Xcode-15.0.0-Beta.app/Contents/Developer/Platforms/iPhoneOS.platform/Developer/SDKs/iPhoneOS17.0.sdk -I /Users/builder/builds/o86TiJKT/0/finestructure/swiftpackageindex-builder/spi-builder-workspace/.derivedData/Build/Products/Debug-iphoneos -I /Applications/Xcode-15.0.0-Beta.app/Contents/Developer/Platforms/iPhoneOS.platform/Developer/usr/lib -F /Users/builder/builds/o86TiJKT/0/finestructure/swiftpackageindex-builder/spi-builder-workspace/.derivedData/Build/Products/Debug-iphoneos/PackageFrameworks -F /Users/builder/builds/o86TiJKT/0/finestructure/swiftpackageindex-builder/spi-builder-workspace/.derivedData/Build/Products/Debug-iphoneos/PackageFrameworks -F /Users/builder/builds/o86TiJKT/0/finestructure/swiftpackageindex-builder/spi-builder-workspace/.derivedData/Build/Products/Debug-iphoneos/PackageFrameworks -F /Users/builder/builds/o86TiJKT/0/finestructure/swiftpackageindex-builder/spi-builder-workspace/.derivedData/Build/Products/Debug-iphoneos/PackageFrameworks -F /Users/builder/builds/o86TiJKT/0/finestructure/swiftpackageindex-builder/spi-builder-workspace/.derivedData/Build/Products/Debug-iphoneos/PackageFrameworks -F /Users/builder/builds/o86TiJKT/0/finestructure/swiftpackageindex-builder/spi-builder-workspace/.derivedData/Build/Products/Debug-iphoneos/PackageFrameworks -F /Users/builder/builds/o86TiJKT/0/finestructure/swiftpackageindex-builder/spi-builder-workspace/.derivedData/Build/Products/Debug-iphoneos -F /Applications/Xcode-15.0.0-Beta.app/Contents/Developer/Platforms/iPhoneOS.platform/Developer/Library/Frameworks -F /Applications/Xcode-15.0.0-Beta.app/Contents/Developer/Platforms/iPhoneOS.platform/Developer/SDKs/iPhoneOS17.0.sdk/Developer/Library/Frameworks -no-color-diagnostics -enable-testing -g -module-cache-path /Users/builder/builds/o86TiJKT/0/finestructure/swiftpackageindex-builder/spi-builder-workspace/.derivedData/ModuleCache.noindex -swift-version 5 -enforce-exclusivity\=checked -Onone -D SWIFT_PACKAGE -D DEBUG -D Xcode -serialize-debugging-options -const-gather-protocols-file /Users/builder/builds/o86TiJKT/0/finestructure/swiftpackageindex-builder/spi-builder-workspace/.derivedData/Build/Intermediates.noindex/ParserCombinators.build/Debug-iphoneos/ParserCombinatorsTests.build/Objects-normal/arm64/ParserCombinatorsTests_const_extract_protocols.json -empty-abi-descriptor -plugin-path /Applications/Xcode-15.0.0-Beta.app/Contents/Developer/Toolchains/XcodeDefault.xctoolchain/usr/lib/swift/host/plugins -plugin-path /Applications/Xcode-15.0.0-Beta.app/Contents/Developer/Toolchains/XcodeDefault.xctoolchain/usr/local/lib/swift/host/plugins -validate-clang-modules-once -clang-build-session-file /Users/builder/builds/o86TiJKT/0/finestructure/swiftpackageindex-builder/spi-builder-workspace/.derivedData/ModuleCache.noindex/Session.modulevalidation -Xcc -working-directory -Xcc /Users/builder/builds/o86TiJKT/0/finestructure/swiftpackageindex-builder/spi-builder-workspace -resource-dir /Applications/Xcode-15.0.0-Beta.app/Contents/Developer/Toolchains/XcodeDefault.xctoolchain/usr/lib/swift -enable-anonymous-context-mangled-names -Xcc -ivfsstatcache -Xcc /Users/builder/builds/o86TiJKT/0/finestructure/swiftpackageindex-builder/spi-builder-workspace/.derivedData/SDKStatCaches.noindex/iphoneos17.0-21A5248u-22e9895dd8f54bee56aeb93c31b1f490.sdkstatcache -Xcc -I/Users/builder/builds/o86TiJKT/0/finestructure/swiftpackageindex-builder/spi-builder-workspace/.derivedData/Build/Products/Debug-iphoneos/include -Xcc -I/Users/builder/builds/o86TiJKT/0/finestructure/swiftpackageindex-builder/spi-builder-workspace/.derivedData/Build/Intermediates.noindex/ParserCombinators.build/Debug-iphoneos/ParserCombinatorsTests.build/DerivedSources-normal/arm64 -Xcc -I/Users/builder/builds/o86TiJKT/0/finestructure/swiftpackageindex-builder/spi-builder-workspace/.derivedData/Build/Intermediates.noindex/ParserCombinators.build/Debug-iphoneos/ParserCombinatorsTests.build/DerivedSources/arm64 -Xcc -I/Users/builder/builds/o86TiJKT/0/finestructure/swiftpackageindex-builder/spi-builder-workspace/.derivedData/Build/Intermediates.noindex/ParserCombinators.build/Debug-iphoneos/ParserCombinatorsTests.build/DerivedSources -Xcc -DSWIFT_PACKAGE -Xcc -DDEBUG\=1 -module-name ParserCombinatorsTests -frontend-parseable-output -disable-clang-spi -target-sdk-version 17.0 -target-sdk-name iphoneos17.0 -o /Users/builder/builds/o86TiJKT/0/finestructure/swiftpackageindex-builder/spi-builder-workspace/.derivedData/Build/Intermediates.noindex/ParserCombinators.build/Debug-iphoneos/ParserCombinatorsTests.build/Objects-normal/arm64/PatternsTests.o -index-unit-output-path /ParserCombinators.build/Debug-iphoneos/ParserCombinatorsTests.build/Objects-normal/arm64/PatternsTests.o -index-store-path /Users/builder/builds/o86TiJKT/0/finestructure/swiftpackageindex-builder/spi-builder-workspace/.derivedData/Index.noindex/DataStore -index-system-modules
SwiftCompile normal arm64 /Users/builder/builds/o86TiJKT/0/finestructure/swiftpackageindex-builder/spi-builder-workspace/Tests/ParserCombinatorsTests/PatternsTests.swift (in target 'ParserCombinatorsTests' from project 'ParserCombinators')
    cd /Users/builder/builds/o86TiJKT/0/finestructure/swiftpackageindex-builder/spi-builder-workspace
    /Applications/Xcode-15.0.0-Beta.app/Contents/Developer/Toolchains/XcodeDefault.xctoolchain/usr/bin/swift-frontend -c /Users/builder/builds/o86TiJKT/0/finestructure/swiftpackageindex-builder/spi-builder-workspace/Tests/ParserCombinatorsTests/JSONParserTests.swift /Users/builder/builds/o86TiJKT/0/finestructure/swiftpackageindex-builder/spi-builder-workspace/Tests/ParserCombinatorsTests/ParserCombinatorsTests.swift -primary-file /Users/builder/builds/o86TiJKT/0/finestructure/swiftpackageindex-builder/spi-builder-workspace/Tests/ParserCombinatorsTests/PatternsTests.swift /Users/builder/builds/o86TiJKT/0/finestructure/swiftpackageindex-builder/spi-builder-workspace/Tests/ParserCombinatorsTests/PositionTests.swift /Users/builder/builds/o86TiJKT/0/finestructure/swiftpackageindex-builder/spi-builder-workspace/Tests/ParserCombinatorsTests/TestUtils.swift /Users/builder/builds/o86TiJKT/0/finestructure/swiftpackageindex-builder/spi-builder-workspace/Tests/ParserCombinatorsTests/XCTestManifests.swift -emit-dependencies-path /Users/builder/builds/o86TiJKT/0/finestructure/swiftpackageindex-builder/spi-builder-workspace/.derivedData/Build/Intermediates.noindex/ParserCombinators.build/Debug-iphoneos/ParserCombinatorsTests.build/Objects-normal/arm64/PatternsTests.d -emit-const-values-path /Users/builder/builds/o86TiJKT/0/finestructure/swiftpackageindex-builder/spi-builder-workspace/.derivedData/Build/Intermediates.noindex/ParserCombinators.build/Debug-iphoneos/ParserCombinatorsTests.build/Objects-normal/arm64/PatternsTests.swiftconstvalues -emit-reference-dependencies-path /Users/builder/builds/o86TiJKT/0/finestructure/swiftpackageindex-builder/spi-builder-workspace/.derivedData/Build/Intermediates.noindex/ParserCombinators.build/Debug-iphoneos/ParserCombinatorsTests.build/Objects-normal/arm64/PatternsTests.swiftdeps -serialize-diagnostics-path /Users/builder/builds/o86TiJKT/0/finestructure/swiftpackageindex-builder/spi-builder-workspace/.derivedData/Build/Intermediates.noindex/ParserCombinators.build/Debug-iphoneos/ParserCombinatorsTests.build/Objects-normal/arm64/PatternsTests.dia -target arm64-apple-ios12.0 -Xllvm -aarch64-use-tbi -enable-objc-interop -sdk /Applications/Xcode-15.0.0-Beta.app/Contents/Developer/Platforms/iPhoneOS.platform/Developer/SDKs/iPhoneOS17.0.sdk -I /Users/builder/builds/o86TiJKT/0/finestructure/swiftpackageindex-builder/spi-builder-workspace/.derivedData/Build/Products/Debug-iphoneos -I /Applications/Xcode-15.0.0-Beta.app/Contents/Developer/Platforms/iPhoneOS.platform/Developer/usr/lib -F /Users/builder/builds/o86TiJKT/0/finestructure/swiftpackageindex-builder/spi-builder-workspace/.derivedData/Build/Products/Debug-iphoneos/PackageFrameworks -F /Users/builder/builds/o86TiJKT/0/finestructure/swiftpackageindex-builder/spi-builder-workspace/.derivedData/Build/Products/Debug-iphoneos/PackageFrameworks -F /Users/builder/builds/o86TiJKT/0/finestructure/swiftpackageindex-builder/spi-builder-workspace/.derivedData/Build/Products/Debug-iphoneos/PackageFrameworks -F /Users/builder/builds/o86TiJKT/0/finestructure/swiftpackageindex-builder/spi-builder-workspace/.derivedData/Build/Products/Debug-iphoneos/PackageFrameworks -F /Users/builder/builds/o86TiJKT/0/finestructure/swiftpackageindex-builder/spi-builder-workspace/.derivedData/Build/Products/Debug-iphoneos/PackageFrameworks -F /Users/builder/builds/o86TiJKT/0/finestructure/swiftpackageindex-builder/spi-builder-workspace/.derivedData/Build/Products/Debug-iphoneos/PackageFrameworks -F /Users/builder/builds/o86TiJKT/0/finestructure/swiftpackageindex-builder/spi-builder-workspace/.derivedData/Build/Products/Debug-iphoneos -F /Applications/Xcode-15.0.0-Beta.app/Contents/Developer/Platforms/iPhoneOS.platform/Developer/Library/Frameworks -F /Applications/Xcode-15.0.0-Beta.app/Contents/Developer/Platforms/iPhoneOS.platform/Developer/SDKs/iPhoneOS17.0.sdk/Developer/Library/Frameworks -no-color-diagnostics -enable-testing -g -module-cache-path /Users/builder/builds/o86TiJKT/0/finestructure/swiftpackageindex-builder/spi-builder-workspace/.derivedData/ModuleCache.noindex -swift-version 5 -enforce-exclusivity\=checked -Onone -D SWIFT_PACKAGE -D DEBUG -D Xcode -serialize-debugging-options -const-gather-protocols-file /Users/builder/builds/o86TiJKT/0/finestructure/swiftpackageindex-builder/spi-builder-workspace/.derivedData/Build/Intermediates.noindex/ParserCombinators.build/Debug-iphoneos/ParserCombinatorsTests.build/Objects-normal/arm64/ParserCombinatorsTests_const_extract_protocols.json -empty-abi-descriptor -plugin-path /Applications/Xcode-15.0.0-Beta.app/Contents/Developer/Toolchains/XcodeDefault.xctoolchain/usr/lib/swift/host/plugins -plugin-path /Applications/Xcode-15.0.0-Beta.app/Contents/Developer/Toolchains/XcodeDefault.xctoolchain/usr/local/lib/swift/host/plugins -validate-clang-modules-once -clang-build-session-file /Users/builder/builds/o86TiJKT/0/finestructure/swiftpackageindex-builder/spi-builder-workspace/.derivedData/ModuleCache.noindex/Session.modulevalidation -Xcc -working-directory -Xcc /Users/builder/builds/o86TiJKT/0/finestructure/swiftpackageindex-builder/spi-builder-workspace -resource-dir /Applications/Xcode-15.0.0-Beta.app/Contents/Developer/Toolchains/XcodeDefault.xctoolchain/usr/lib/swift -enable-anonymous-context-mangled-names -Xcc -ivfsstatcache -Xcc /Users/builder/builds/o86TiJKT/0/finestructure/swiftpackageindex-builder/spi-builder-workspace/.derivedData/SDKStatCaches.noindex/iphoneos17.0-21A5248u-22e9895dd8f54bee56aeb93c31b1f490.sdkstatcache -Xcc -I/Users/builder/builds/o86TiJKT/0/finestructure/swiftpackageindex-builder/spi-builder-workspace/.derivedData/Build/Products/Debug-iphoneos/include -Xcc -I/Users/builder/builds/o86TiJKT/0/finestructure/swiftpackageindex-builder/spi-builder-workspace/.derivedData/Build/Intermediates.noindex/ParserCombinators.build/Debug-iphoneos/ParserCombinatorsTests.build/DerivedSources-normal/arm64 -Xcc -I/Users/builder/builds/o86TiJKT/0/finestructure/swiftpackageindex-builder/spi-builder-workspace/.derivedData/Build/Intermediates.noindex/ParserCombinators.build/Debug-iphoneos/ParserCombinatorsTests.build/DerivedSources/arm64 -Xcc -I/Users/builder/builds/o86TiJKT/0/finestructure/swiftpackageindex-builder/spi-builder-workspace/.derivedData/Build/Intermediates.noindex/ParserCombinators.build/Debug-iphoneos/ParserCombinatorsTests.build/DerivedSources -Xcc -DSWIFT_PACKAGE -Xcc -DDEBUG\=1 -module-name ParserCombinatorsTests -frontend-parseable-output -disable-clang-spi -target-sdk-version 17.0 -target-sdk-name iphoneos17.0 -o /Users/builder/builds/o86TiJKT/0/finestructure/swiftpackageindex-builder/spi-builder-workspace/.derivedData/Build/Intermediates.noindex/ParserCombinators.build/Debug-iphoneos/ParserCombinatorsTests.build/Objects-normal/arm64/PatternsTests.o -index-unit-output-path /ParserCombinators.build/Debug-iphoneos/ParserCombinatorsTests.build/Objects-normal/arm64/PatternsTests.o -index-store-path /Users/builder/builds/o86TiJKT/0/finestructure/swiftpackageindex-builder/spi-builder-workspace/.derivedData/Index.noindex/DataStore -index-system-modules
SwiftCompile normal arm64 Compiling\ ParserCombinatorsTests.swift /Users/builder/builds/o86TiJKT/0/finestructure/swiftpackageindex-builder/spi-builder-workspace/Tests/ParserCombinatorsTests/ParserCombinatorsTests.swift (in target 'ParserCombinatorsTests' from project 'ParserCombinators')
    cd /Users/builder/builds/o86TiJKT/0/finestructure/swiftpackageindex-builder/spi-builder-workspace
    builtin-swiftTaskExecution -- /Applications/Xcode-15.0.0-Beta.app/Contents/Developer/Toolchains/XcodeDefault.xctoolchain/usr/bin/swift-frontend -frontend -c /Users/builder/builds/o86TiJKT/0/finestructure/swiftpackageindex-builder/spi-builder-workspace/Tests/ParserCombinatorsTests/JSONParserTests.swift -primary-file /Users/builder/builds/o86TiJKT/0/finestructure/swiftpackageindex-builder/spi-builder-workspace/Tests/ParserCombinatorsTests/ParserCombinatorsTests.swift /Users/builder/builds/o86TiJKT/0/finestructure/swiftpackageindex-builder/spi-builder-workspace/Tests/ParserCombinatorsTests/PatternsTests.swift /Users/builder/builds/o86TiJKT/0/finestructure/swiftpackageindex-builder/spi-builder-workspace/Tests/ParserCombinatorsTests/PositionTests.swift /Users/builder/builds/o86TiJKT/0/finestructure/swiftpackageindex-builder/spi-builder-workspace/Tests/ParserCombinatorsTests/TestUtils.swift /Users/builder/builds/o86TiJKT/0/finestructure/swiftpackageindex-builder/spi-builder-workspace/Tests/ParserCombinatorsTests/XCTestManifests.swift -emit-dependencies-path /Users/builder/builds/o86TiJKT/0/finestructure/swiftpackageindex-builder/spi-builder-workspace/.derivedData/Build/Intermediates.noindex/ParserCombinators.build/Debug-iphoneos/ParserCombinatorsTests.build/Objects-normal/arm64/ParserCombinatorsTests.d -emit-const-values-path /Users/builder/builds/o86TiJKT/0/finestructure/swiftpackageindex-builder/spi-builder-workspace/.derivedData/Build/Intermediates.noindex/ParserCombinators.build/Debug-iphoneos/ParserCombinatorsTests.build/Objects-normal/arm64/ParserCombinatorsTests.swiftconstvalues -emit-reference-dependencies-path /Users/builder/builds/o86TiJKT/0/finestructure/swiftpackageindex-builder/spi-builder-workspace/.derivedData/Build/Intermediates.noindex/ParserCombinators.build/Debug-iphoneos/ParserCombinatorsTests.build/Objects-normal/arm64/ParserCombinatorsTests.swiftdeps -serialize-diagnostics-path /Users/builder/builds/o86TiJKT/0/finestructure/swiftpackageindex-builder/spi-builder-workspace/.derivedData/Build/Intermediates.noindex/ParserCombinators.build/Debug-iphoneos/ParserCombinatorsTests.build/Objects-normal/arm64/ParserCombinatorsTests.dia -target arm64-apple-ios12.0 -Xllvm -aarch64-use-tbi -enable-objc-interop -sdk /Applications/Xcode-15.0.0-Beta.app/Contents/Developer/Platforms/iPhoneOS.platform/Developer/SDKs/iPhoneOS17.0.sdk -I /Users/builder/builds/o86TiJKT/0/finestructure/swiftpackageindex-builder/spi-builder-workspace/.derivedData/Build/Products/Debug-iphoneos -I /Applications/Xcode-15.0.0-Beta.app/Contents/Developer/Platforms/iPhoneOS.platform/Developer/usr/lib -F /Users/builder/builds/o86TiJKT/0/finestructure/swiftpackageindex-builder/spi-builder-workspace/.derivedData/Build/Products/Debug-iphoneos/PackageFrameworks -F /Users/builder/builds/o86TiJKT/0/finestructure/swiftpackageindex-builder/spi-builder-workspace/.derivedData/Build/Products/Debug-iphoneos/PackageFrameworks -F /Users/builder/builds/o86TiJKT/0/finestructure/swiftpackageindex-builder/spi-builder-workspace/.derivedData/Build/Products/Debug-iphoneos/PackageFrameworks -F /Users/builder/builds/o86TiJKT/0/finestructure/swiftpackageindex-builder/spi-builder-workspace/.derivedData/Build/Products/Debug-iphoneos/PackageFrameworks -F /Users/builder/builds/o86TiJKT/0/finestructure/swiftpackageindex-builder/spi-builder-workspace/.derivedData/Build/Products/Debug-iphoneos/PackageFrameworks -F /Users/builder/builds/o86TiJKT/0/finestructure/swiftpackageindex-builder/spi-builder-workspace/.derivedData/Build/Products/Debug-iphoneos/PackageFrameworks -F /Users/builder/builds/o86TiJKT/0/finestructure/swiftpackageindex-builder/spi-builder-workspace/.derivedData/Build/Products/Debug-iphoneos -F /Applications/Xcode-15.0.0-Beta.app/Contents/Developer/Platforms/iPhoneOS.platform/Developer/Library/Frameworks -F /Applications/Xcode-15.0.0-Beta.app/Contents/Developer/Platforms/iPhoneOS.platform/Developer/SDKs/iPhoneOS17.0.sdk/Developer/Library/Frameworks -no-color-diagnostics -enable-testing -g -module-cache-path /Users/builder/builds/o86TiJKT/0/finestructure/swiftpackageindex-builder/spi-builder-workspace/.derivedData/ModuleCache.noindex -swift-version 5 -enforce-exclusivity\=checked -Onone -D SWIFT_PACKAGE -D DEBUG -D Xcode -serialize-debugging-options -const-gather-protocols-file /Users/builder/builds/o86TiJKT/0/finestructure/swiftpackageindex-builder/spi-builder-workspace/.derivedData/Build/Intermediates.noindex/ParserCombinators.build/Debug-iphoneos/ParserCombinatorsTests.build/Objects-normal/arm64/ParserCombinatorsTests_const_extract_protocols.json -empty-abi-descriptor -plugin-path /Applications/Xcode-15.0.0-Beta.app/Contents/Developer/Toolchains/XcodeDefault.xctoolchain/usr/lib/swift/host/plugins -plugin-path /Applications/Xcode-15.0.0-Beta.app/Contents/Developer/Toolchains/XcodeDefault.xctoolchain/usr/local/lib/swift/host/plugins -validate-clang-modules-once -clang-build-session-file /Users/builder/builds/o86TiJKT/0/finestructure/swiftpackageindex-builder/spi-builder-workspace/.derivedData/ModuleCache.noindex/Session.modulevalidation -Xcc -working-directory -Xcc /Users/builder/builds/o86TiJKT/0/finestructure/swiftpackageindex-builder/spi-builder-workspace -resource-dir /Applications/Xcode-15.0.0-Beta.app/Contents/Developer/Toolchains/XcodeDefault.xctoolchain/usr/lib/swift -enable-anonymous-context-mangled-names -Xcc -ivfsstatcache -Xcc /Users/builder/builds/o86TiJKT/0/finestructure/swiftpackageindex-builder/spi-builder-workspace/.derivedData/SDKStatCaches.noindex/iphoneos17.0-21A5248u-22e9895dd8f54bee56aeb93c31b1f490.sdkstatcache -Xcc -I/Users/builder/builds/o86TiJKT/0/finestructure/swiftpackageindex-builder/spi-builder-workspace/.derivedData/Build/Products/Debug-iphoneos/include -Xcc -I/Users/builder/builds/o86TiJKT/0/finestructure/swiftpackageindex-builder/spi-builder-workspace/.derivedData/Build/Intermediates.noindex/ParserCombinators.build/Debug-iphoneos/ParserCombinatorsTests.build/DerivedSources-normal/arm64 -Xcc -I/Users/builder/builds/o86TiJKT/0/finestructure/swiftpackageindex-builder/spi-builder-workspace/.derivedData/Build/Intermediates.noindex/ParserCombinators.build/Debug-iphoneos/ParserCombinatorsTests.build/DerivedSources/arm64 -Xcc -I/Users/builder/builds/o86TiJKT/0/finestructure/swiftpackageindex-builder/spi-builder-workspace/.derivedData/Build/Intermediates.noindex/ParserCombinators.build/Debug-iphoneos/ParserCombinatorsTests.build/DerivedSources -Xcc -DSWIFT_PACKAGE -Xcc -DDEBUG\=1 -module-name ParserCombinatorsTests -frontend-parseable-output -disable-clang-spi -target-sdk-version 17.0 -target-sdk-name iphoneos17.0 -o /Users/builder/builds/o86TiJKT/0/finestructure/swiftpackageindex-builder/spi-builder-workspace/.derivedData/Build/Intermediates.noindex/ParserCombinators.build/Debug-iphoneos/ParserCombinatorsTests.build/Objects-normal/arm64/ParserCombinatorsTests.o -index-unit-output-path /ParserCombinators.build/Debug-iphoneos/ParserCombinatorsTests.build/Objects-normal/arm64/ParserCombinatorsTests.o -index-store-path /Users/builder/builds/o86TiJKT/0/finestructure/swiftpackageindex-builder/spi-builder-workspace/.derivedData/Index.noindex/DataStore -index-system-modules
SwiftCompile normal arm64 /Users/builder/builds/o86TiJKT/0/finestructure/swiftpackageindex-builder/spi-builder-workspace/Tests/ParserCombinatorsTests/ParserCombinatorsTests.swift (in target 'ParserCombinatorsTests' from project 'ParserCombinators')
    cd /Users/builder/builds/o86TiJKT/0/finestructure/swiftpackageindex-builder/spi-builder-workspace
    /Applications/Xcode-15.0.0-Beta.app/Contents/Developer/Toolchains/XcodeDefault.xctoolchain/usr/bin/swift-frontend -c /Users/builder/builds/o86TiJKT/0/finestructure/swiftpackageindex-builder/spi-builder-workspace/Tests/ParserCombinatorsTests/JSONParserTests.swift -primary-file /Users/builder/builds/o86TiJKT/0/finestructure/swiftpackageindex-builder/spi-builder-workspace/Tests/ParserCombinatorsTests/ParserCombinatorsTests.swift /Users/builder/builds/o86TiJKT/0/finestructure/swiftpackageindex-builder/spi-builder-workspace/Tests/ParserCombinatorsTests/PatternsTests.swift /Users/builder/builds/o86TiJKT/0/finestructure/swiftpackageindex-builder/spi-builder-workspace/Tests/ParserCombinatorsTests/PositionTests.swift /Users/builder/builds/o86TiJKT/0/finestructure/swiftpackageindex-builder/spi-builder-workspace/Tests/ParserCombinatorsTests/TestUtils.swift /Users/builder/builds/o86TiJKT/0/finestructure/swiftpackageindex-builder/spi-builder-workspace/Tests/ParserCombinatorsTests/XCTestManifests.swift -emit-dependencies-path /Users/builder/builds/o86TiJKT/0/finestructure/swiftpackageindex-builder/spi-builder-workspace/.derivedData/Build/Intermediates.noindex/ParserCombinators.build/Debug-iphoneos/ParserCombinatorsTests.build/Objects-normal/arm64/ParserCombinatorsTests.d -emit-const-values-path /Users/builder/builds/o86TiJKT/0/finestructure/swiftpackageindex-builder/spi-builder-workspace/.derivedData/Build/Intermediates.noindex/ParserCombinators.build/Debug-iphoneos/ParserCombinatorsTests.build/Objects-normal/arm64/ParserCombinatorsTests.swiftconstvalues -emit-reference-dependencies-path /Users/builder/builds/o86TiJKT/0/finestructure/swiftpackageindex-builder/spi-builder-workspace/.derivedData/Build/Intermediates.noindex/ParserCombinators.build/Debug-iphoneos/ParserCombinatorsTests.build/Objects-normal/arm64/ParserCombinatorsTests.swiftdeps -serialize-diagnostics-path /Users/builder/builds/o86TiJKT/0/finestructure/swiftpackageindex-builder/spi-builder-workspace/.derivedData/Build/Intermediates.noindex/ParserCombinators.build/Debug-iphoneos/ParserCombinatorsTests.build/Objects-normal/arm64/ParserCombinatorsTests.dia -target arm64-apple-ios12.0 -Xllvm -aarch64-use-tbi -enable-objc-interop -sdk /Applications/Xcode-15.0.0-Beta.app/Contents/Developer/Platforms/iPhoneOS.platform/Developer/SDKs/iPhoneOS17.0.sdk -I /Users/builder/builds/o86TiJKT/0/finestructure/swiftpackageindex-builder/spi-builder-workspace/.derivedData/Build/Products/Debug-iphoneos -I /Applications/Xcode-15.0.0-Beta.app/Contents/Developer/Platforms/iPhoneOS.platform/Developer/usr/lib -F /Users/builder/builds/o86TiJKT/0/finestructure/swiftpackageindex-builder/spi-builder-workspace/.derivedData/Build/Products/Debug-iphoneos/PackageFrameworks -F /Users/builder/builds/o86TiJKT/0/finestructure/swiftpackageindex-builder/spi-builder-workspace/.derivedData/Build/Products/Debug-iphoneos/PackageFrameworks -F /Users/builder/builds/o86TiJKT/0/finestructure/swiftpackageindex-builder/spi-builder-workspace/.derivedData/Build/Products/Debug-iphoneos/PackageFrameworks -F /Users/builder/builds/o86TiJKT/0/finestructure/swiftpackageindex-builder/spi-builder-workspace/.derivedData/Build/Products/Debug-iphoneos/PackageFrameworks -F /Users/builder/builds/o86TiJKT/0/finestructure/swiftpackageindex-builder/spi-builder-workspace/.derivedData/Build/Products/Debug-iphoneos/PackageFrameworks -F /Users/builder/builds/o86TiJKT/0/finestructure/swiftpackageindex-builder/spi-builder-workspace/.derivedData/Build/Products/Debug-iphoneos/PackageFrameworks -F /Users/builder/builds/o86TiJKT/0/finestructure/swiftpackageindex-builder/spi-builder-workspace/.derivedData/Build/Products/Debug-iphoneos -F /Applications/Xcode-15.0.0-Beta.app/Contents/Developer/Platforms/iPhoneOS.platform/Developer/Library/Frameworks -F /Applications/Xcode-15.0.0-Beta.app/Contents/Developer/Platforms/iPhoneOS.platform/Developer/SDKs/iPhoneOS17.0.sdk/Developer/Library/Frameworks -no-color-diagnostics -enable-testing -g -module-cache-path /Users/builder/builds/o86TiJKT/0/finestructure/swiftpackageindex-builder/spi-builder-workspace/.derivedData/ModuleCache.noindex -swift-version 5 -enforce-exclusivity\=checked -Onone -D SWIFT_PACKAGE -D DEBUG -D Xcode -serialize-debugging-options -const-gather-protocols-file /Users/builder/builds/o86TiJKT/0/finestructure/swiftpackageindex-builder/spi-builder-workspace/.derivedData/Build/Intermediates.noindex/ParserCombinators.build/Debug-iphoneos/ParserCombinatorsTests.build/Objects-normal/arm64/ParserCombinatorsTests_const_extract_protocols.json -empty-abi-descriptor -plugin-path /Applications/Xcode-15.0.0-Beta.app/Contents/Developer/Toolchains/XcodeDefault.xctoolchain/usr/lib/swift/host/plugins -plugin-path /Applications/Xcode-15.0.0-Beta.app/Contents/Developer/Toolchains/XcodeDefault.xctoolchain/usr/local/lib/swift/host/plugins -validate-clang-modules-once -clang-build-session-file /Users/builder/builds/o86TiJKT/0/finestructure/swiftpackageindex-builder/spi-builder-workspace/.derivedData/ModuleCache.noindex/Session.modulevalidation -Xcc -working-directory -Xcc /Users/builder/builds/o86TiJKT/0/finestructure/swiftpackageindex-builder/spi-builder-workspace -resource-dir /Applications/Xcode-15.0.0-Beta.app/Contents/Developer/Toolchains/XcodeDefault.xctoolchain/usr/lib/swift -enable-anonymous-context-mangled-names -Xcc -ivfsstatcache -Xcc /Users/builder/builds/o86TiJKT/0/finestructure/swiftpackageindex-builder/spi-builder-workspace/.derivedData/SDKStatCaches.noindex/iphoneos17.0-21A5248u-22e9895dd8f54bee56aeb93c31b1f490.sdkstatcache -Xcc -I/Users/builder/builds/o86TiJKT/0/finestructure/swiftpackageindex-builder/spi-builder-workspace/.derivedData/Build/Products/Debug-iphoneos/include -Xcc -I/Users/builder/builds/o86TiJKT/0/finestructure/swiftpackageindex-builder/spi-builder-workspace/.derivedData/Build/Intermediates.noindex/ParserCombinators.build/Debug-iphoneos/ParserCombinatorsTests.build/DerivedSources-normal/arm64 -Xcc -I/Users/builder/builds/o86TiJKT/0/finestructure/swiftpackageindex-builder/spi-builder-workspace/.derivedData/Build/Intermediates.noindex/ParserCombinators.build/Debug-iphoneos/ParserCombinatorsTests.build/DerivedSources/arm64 -Xcc -I/Users/builder/builds/o86TiJKT/0/finestructure/swiftpackageindex-builder/spi-builder-workspace/.derivedData/Build/Intermediates.noindex/ParserCombinators.build/Debug-iphoneos/ParserCombinatorsTests.build/DerivedSources -Xcc -DSWIFT_PACKAGE -Xcc -DDEBUG\=1 -module-name ParserCombinatorsTests -frontend-parseable-output -disable-clang-spi -target-sdk-version 17.0 -target-sdk-name iphoneos17.0 -o /Users/builder/builds/o86TiJKT/0/finestructure/swiftpackageindex-builder/spi-builder-workspace/.derivedData/Build/Intermediates.noindex/ParserCombinators.build/Debug-iphoneos/ParserCombinatorsTests.build/Objects-normal/arm64/ParserCombinatorsTests.o -index-unit-output-path /ParserCombinators.build/Debug-iphoneos/ParserCombinatorsTests.build/Objects-normal/arm64/ParserCombinatorsTests.o -index-store-path /Users/builder/builds/o86TiJKT/0/finestructure/swiftpackageindex-builder/spi-builder-workspace/.derivedData/Index.noindex/DataStore -index-system-modules
SwiftCompile normal arm64 Compiling\ JSONParserTests.swift /Users/builder/builds/o86TiJKT/0/finestructure/swiftpackageindex-builder/spi-builder-workspace/Tests/ParserCombinatorsTests/JSONParserTests.swift (in target 'ParserCombinatorsTests' from project 'ParserCombinators')
    cd /Users/builder/builds/o86TiJKT/0/finestructure/swiftpackageindex-builder/spi-builder-workspace
    builtin-swiftTaskExecution -- /Applications/Xcode-15.0.0-Beta.app/Contents/Developer/Toolchains/XcodeDefault.xctoolchain/usr/bin/swift-frontend -frontend -c -primary-file /Users/builder/builds/o86TiJKT/0/finestructure/swiftpackageindex-builder/spi-builder-workspace/Tests/ParserCombinatorsTests/JSONParserTests.swift /Users/builder/builds/o86TiJKT/0/finestructure/swiftpackageindex-builder/spi-builder-workspace/Tests/ParserCombinatorsTests/ParserCombinatorsTests.swift /Users/builder/builds/o86TiJKT/0/finestructure/swiftpackageindex-builder/spi-builder-workspace/Tests/ParserCombinatorsTests/PatternsTests.swift /Users/builder/builds/o86TiJKT/0/finestructure/swiftpackageindex-builder/spi-builder-workspace/Tests/ParserCombinatorsTests/PositionTests.swift /Users/builder/builds/o86TiJKT/0/finestructure/swiftpackageindex-builder/spi-builder-workspace/Tests/ParserCombinatorsTests/TestUtils.swift /Users/builder/builds/o86TiJKT/0/finestructure/swiftpackageindex-builder/spi-builder-workspace/Tests/ParserCombinatorsTests/XCTestManifests.swift -emit-dependencies-path /Users/builder/builds/o86TiJKT/0/finestructure/swiftpackageindex-builder/spi-builder-workspace/.derivedData/Build/Intermediates.noindex/ParserCombinators.build/Debug-iphoneos/ParserCombinatorsTests.build/Objects-normal/arm64/JSONParserTests.d -emit-const-values-path /Users/builder/builds/o86TiJKT/0/finestructure/swiftpackageindex-builder/spi-builder-workspace/.derivedData/Build/Intermediates.noindex/ParserCombinators.build/Debug-iphoneos/ParserCombinatorsTests.build/Objects-normal/arm64/JSONParserTests.swiftconstvalues -emit-reference-dependencies-path /Users/builder/builds/o86TiJKT/0/finestructure/swiftpackageindex-builder/spi-builder-workspace/.derivedData/Build/Intermediates.noindex/ParserCombinators.build/Debug-iphoneos/ParserCombinatorsTests.build/Objects-normal/arm64/JSONParserTests.swiftdeps -serialize-diagnostics-path /Users/builder/builds/o86TiJKT/0/finestructure/swiftpackageindex-builder/spi-builder-workspace/.derivedData/Build/Intermediates.noindex/ParserCombinators.build/Debug-iphoneos/ParserCombinatorsTests.build/Objects-normal/arm64/JSONParserTests.dia -target arm64-apple-ios12.0 -Xllvm -aarch64-use-tbi -enable-objc-interop -sdk /Applications/Xcode-15.0.0-Beta.app/Contents/Developer/Platforms/iPhoneOS.platform/Developer/SDKs/iPhoneOS17.0.sdk -I /Users/builder/builds/o86TiJKT/0/finestructure/swiftpackageindex-builder/spi-builder-workspace/.derivedData/Build/Products/Debug-iphoneos -I /Applications/Xcode-15.0.0-Beta.app/Contents/Developer/Platforms/iPhoneOS.platform/Developer/usr/lib -F /Users/builder/builds/o86TiJKT/0/finestructure/swiftpackageindex-builder/spi-builder-workspace/.derivedData/Build/Products/Debug-iphoneos/PackageFrameworks -F /Users/builder/builds/o86TiJKT/0/finestructure/swiftpackageindex-builder/spi-builder-workspace/.derivedData/Build/Products/Debug-iphoneos/PackageFrameworks -F /Users/builder/builds/o86TiJKT/0/finestructure/swiftpackageindex-builder/spi-builder-workspace/.derivedData/Build/Products/Debug-iphoneos/PackageFrameworks -F /Users/builder/builds/o86TiJKT/0/finestructure/swiftpackageindex-builder/spi-builder-workspace/.derivedData/Build/Products/Debug-iphoneos/PackageFrameworks -F /Users/builder/builds/o86TiJKT/0/finestructure/swiftpackageindex-builder/spi-builder-workspace/.derivedData/Build/Products/Debug-iphoneos/PackageFrameworks -F /Users/builder/builds/o86TiJKT/0/finestructure/swiftpackageindex-builder/spi-builder-workspace/.derivedData/Build/Products/Debug-iphoneos/PackageFrameworks -F /Users/builder/builds/o86TiJKT/0/finestructure/swiftpackageindex-builder/spi-builder-workspace/.derivedData/Build/Products/Debug-iphoneos -F /Applications/Xcode-15.0.0-Beta.app/Contents/Developer/Platforms/iPhoneOS.platform/Developer/Library/Frameworks -F /Applications/Xcode-15.0.0-Beta.app/Contents/Developer/Platforms/iPhoneOS.platform/Developer/SDKs/iPhoneOS17.0.sdk/Developer/Library/Frameworks -no-color-diagnostics -enable-testing -g -module-cache-path /Users/builder/builds/o86TiJKT/0/finestructure/swiftpackageindex-builder/spi-builder-workspace/.derivedData/ModuleCache.noindex -swift-version 5 -enforce-exclusivity\=checked -Onone -D SWIFT_PACKAGE -D DEBUG -D Xcode -serialize-debugging-options -const-gather-protocols-file /Users/builder/builds/o86TiJKT/0/finestructure/swiftpackageindex-builder/spi-builder-workspace/.derivedData/Build/Intermediates.noindex/ParserCombinators.build/Debug-iphoneos/ParserCombinatorsTests.build/Objects-normal/arm64/ParserCombinatorsTests_const_extract_protocols.json -empty-abi-descriptor -plugin-path /Applications/Xcode-15.0.0-Beta.app/Contents/Developer/Toolchains/XcodeDefault.xctoolchain/usr/lib/swift/host/plugins -plugin-path /Applications/Xcode-15.0.0-Beta.app/Contents/Developer/Toolchains/XcodeDefault.xctoolchain/usr/local/lib/swift/host/plugins -validate-clang-modules-once -clang-build-session-file /Users/builder/builds/o86TiJKT/0/finestructure/swiftpackageindex-builder/spi-builder-workspace/.derivedData/ModuleCache.noindex/Session.modulevalidation -Xcc -working-directory -Xcc /Users/builder/builds/o86TiJKT/0/finestructure/swiftpackageindex-builder/spi-builder-workspace -resource-dir /Applications/Xcode-15.0.0-Beta.app/Contents/Developer/Toolchains/XcodeDefault.xctoolchain/usr/lib/swift -enable-anonymous-context-mangled-names -Xcc -ivfsstatcache -Xcc /Users/builder/builds/o86TiJKT/0/finestructure/swiftpackageindex-builder/spi-builder-workspace/.derivedData/SDKStatCaches.noindex/iphoneos17.0-21A5248u-22e9895dd8f54bee56aeb93c31b1f490.sdkstatcache -Xcc -I/Users/builder/builds/o86TiJKT/0/finestructure/swiftpackageindex-builder/spi-builder-workspace/.derivedData/Build/Products/Debug-iphoneos/include -Xcc -I/Users/builder/builds/o86TiJKT/0/finestructure/swiftpackageindex-builder/spi-builder-workspace/.derivedData/Build/Intermediates.noindex/ParserCombinators.build/Debug-iphoneos/ParserCombinatorsTests.build/DerivedSources-normal/arm64 -Xcc -I/Users/builder/builds/o86TiJKT/0/finestructure/swiftpackageindex-builder/spi-builder-workspace/.derivedData/Build/Intermediates.noindex/ParserCombinators.build/Debug-iphoneos/ParserCombinatorsTests.build/DerivedSources/arm64 -Xcc -I/Users/builder/builds/o86TiJKT/0/finestructure/swiftpackageindex-builder/spi-builder-workspace/.derivedData/Build/Intermediates.noindex/ParserCombinators.build/Debug-iphoneos/ParserCombinatorsTests.build/DerivedSources -Xcc -DSWIFT_PACKAGE -Xcc -DDEBUG\=1 -module-name ParserCombinatorsTests -frontend-parseable-output -disable-clang-spi -target-sdk-version 17.0 -target-sdk-name iphoneos17.0 -o /Users/builder/builds/o86TiJKT/0/finestructure/swiftpackageindex-builder/spi-builder-workspace/.derivedData/Build/Intermediates.noindex/ParserCombinators.build/Debug-iphoneos/ParserCombinatorsTests.build/Objects-normal/arm64/JSONParserTests.o -index-unit-output-path /ParserCombinators.build/Debug-iphoneos/ParserCombinatorsTests.build/Objects-normal/arm64/JSONParserTests.o -index-store-path /Users/builder/builds/o86TiJKT/0/finestructure/swiftpackageindex-builder/spi-builder-workspace/.derivedData/Index.noindex/DataStore -index-system-modules

SwiftCompile normal arm64 /Users/builder/builds/o86TiJKT/0/finestructure/swiftpackageindex-builder/spi-builder-workspace/Tests/ParserCombinatorsTests/JSONParserTests.swift (in target 'ParserCombinatorsTests' from project 'ParserCombinators')
    cd /Users/builder/builds/o86TiJKT/0/finestructure/swiftpackageindex-builder/spi-builder-workspace
    /Applications/Xcode-15.0.0-Beta.app/Contents/Developer/Toolchains/XcodeDefault.xctoolchain/usr/bin/swift-frontend -c -primary-file /Users/builder/builds/o86TiJKT/0/finestructure/swiftpackageindex-builder/spi-builder-workspace/Tests/ParserCombinatorsTests/JSONParserTests.swift /Users/builder/builds/o86TiJKT/0/finestructure/swiftpackageindex-builder/spi-builder-workspace/Tests/ParserCombinatorsTests/ParserCombinatorsTests.swift /Users/builder/builds/o86TiJKT/0/finestructure/swiftpackageindex-builder/spi-builder-workspace/Tests/ParserCombinatorsTests/PatternsTests.swift /Users/builder/builds/o86TiJKT/0/finestructure/swiftpackageindex-builder/spi-builder-workspace/Tests/ParserCombinatorsTests/PositionTests.swift /Users/builder/builds/o86TiJKT/0/finestructure/swiftpackageindex-builder/spi-builder-workspace/Tests/ParserCombinatorsTests/TestUtils.swift /Users/builder/builds/o86TiJKT/0/finestructure/swiftpackageindex-builder/spi-builder-workspace/Tests/ParserCombinatorsTests/XCTestManifests.swift -emit-dependencies-path /Users/builder/builds/o86TiJKT/0/finestructure/swiftpackageindex-builder/spi-builder-workspace/.derivedData/Build/Intermediates.noindex/ParserCombinators.build/Debug-iphoneos/ParserCombinatorsTests.build/Objects-normal/arm64/JSONParserTests.d -emit-const-values-path /Users/builder/builds/o86TiJKT/0/finestructure/swiftpackageindex-builder/spi-builder-workspace/.derivedData/Build/Intermediates.noindex/ParserCombinators.build/Debug-iphoneos/ParserCombinatorsTests.build/Objects-normal/arm64/JSONParserTests.swiftconstvalues -emit-reference-dependencies-path /Users/builder/builds/o86TiJKT/0/finestructure/swiftpackageindex-builder/spi-builder-workspace/.derivedData/Build/Intermediates.noindex/ParserCombinators.build/Debug-iphoneos/ParserCombinatorsTests.build/Objects-normal/arm64/JSONParserTests.swiftdeps -serialize-diagnostics-path /Users/builder/builds/o86TiJKT/0/finestructure/swiftpackageindex-builder/spi-builder-workspace/.derivedData/Build/Intermediates.noindex/ParserCombinators.build/Debug-iphoneos/ParserCombinatorsTests.build/Objects-normal/arm64/JSONParserTests.dia -target arm64-apple-ios12.0 -Xllvm -aarch64-use-tbi -enable-objc-interop -sdk /Applications/Xcode-15.0.0-Beta.app/Contents/Developer/Platforms/iPhoneOS.platform/Developer/SDKs/iPhoneOS17.0.sdk -I /Users/builder/builds/o86TiJKT/0/finestructure/swiftpackageindex-builder/spi-builder-workspace/.derivedData/Build/Products/Debug-iphoneos -I /Applications/Xcode-15.0.0-Beta.app/Contents/Developer/Platforms/iPhoneOS.platform/Developer/usr/lib -F /Users/builder/builds/o86TiJKT/0/finestructure/swiftpackageindex-builder/spi-builder-workspace/.derivedData/Build/Products/Debug-iphoneos/PackageFrameworks -F /Users/builder/builds/o86TiJKT/0/finestructure/swiftpackageindex-builder/spi-builder-workspace/.derivedData/Build/Products/Debug-iphoneos/PackageFrameworks -F /Users/builder/builds/o86TiJKT/0/finestructure/swiftpackageindex-builder/spi-builder-workspace/.derivedData/Build/Products/Debug-iphoneos/PackageFrameworks -F /Users/builder/builds/o86TiJKT/0/finestructure/swiftpackageindex-builder/spi-builder-workspace/.derivedData/Build/Products/Debug-iphoneos/PackageFrameworks -F /Users/builder/builds/o86TiJKT/0/finestructure/swiftpackageindex-builder/spi-builder-workspace/.derivedData/Build/Products/Debug-iphoneos/PackageFrameworks -F /Users/builder/builds/o86TiJKT/0/finestructure/swiftpackageindex-builder/spi-builder-workspace/.derivedData/Build/Products/Debug-iphoneos/PackageFrameworks -F /Users/builder/builds/o86TiJKT/0/finestructure/swiftpackageindex-builder/spi-builder-workspace/.derivedData/Build/Products/Debug-iphoneos -F /Applications/Xcode-15.0.0-Beta.app/Contents/Developer/Platforms/iPhoneOS.platform/Developer/Library/Frameworks -F /Applications/Xcode-15.0.0-Beta.app/Contents/Developer/Platforms/iPhoneOS.platform/Developer/SDKs/iPhoneOS17.0.sdk/Developer/Library/Frameworks -no-color-diagnostics -enable-testing -g -module-cache-path /Users/builder/builds/o86TiJKT/0/finestructure/swiftpackageindex-builder/spi-builder-workspace/.derivedData/ModuleCache.noindex -swift-version 5 -enforce-exclusivity\=checked -Onone -D SWIFT_PACKAGE -D DEBUG -D Xcode -serialize-debugging-options -const-gather-protocols-file /Users/builder/builds/o86TiJKT/0/finestructure/swiftpackageindex-builder/spi-builder-workspace/.derivedData/Build/Intermediates.noindex/ParserCombinators.build/Debug-iphoneos/ParserCombinatorsTests.build/Objects-normal/arm64/ParserCombinatorsTests_const_extract_protocols.json -empty-abi-descriptor -plugin-path /Applications/Xcode-15.0.0-Beta.app/Contents/Developer/Toolchains/XcodeDefault.xctoolchain/usr/lib/swift/host/plugins -plugin-path /Applications/Xcode-15.0.0-Beta.app/Contents/Developer/Toolchains/XcodeDefault.xctoolchain/usr/local/lib/swift/host/plugins -validate-clang-modules-once -clang-build-session-file /Users/builder/builds/o86TiJKT/0/finestructure/swiftpackageindex-builder/spi-builder-workspace/.derivedData/ModuleCache.noindex/Session.modulevalidation -Xcc -working-directory -Xcc /Users/builder/builds/o86TiJKT/0/finestructure/swiftpackageindex-builder/spi-builder-workspace -resource-dir /Applications/Xcode-15.0.0-Beta.app/Contents/Developer/Toolchains/XcodeDefault.xctoolchain/usr/lib/swift -enable-anonymous-context-mangled-names -Xcc -ivfsstatcache -Xcc /Users/builder/builds/o86TiJKT/0/finestructure/swiftpackageindex-builder/spi-builder-workspace/.derivedData/SDKStatCaches.noindex/iphoneos17.0-21A5248u-22e9895dd8f54bee56aeb93c31b1f490.sdkstatcache -Xcc -I/Users/builder/builds/o86TiJKT/0/finestructure/swiftpackageindex-builder/spi-builder-workspace/.derivedData/Build/Products/Debug-iphoneos/include -Xcc -I/Users/builder/builds/o86TiJKT/0/finestructure/swiftpackageindex-builder/spi-builder-workspace/.derivedData/Build/Intermediates.noindex/ParserCombinators.build/Debug-iphoneos/ParserCombinatorsTests.build/DerivedSources-normal/arm64 -Xcc -I/Users/builder/builds/o86TiJKT/0/finestructure/swiftpackageindex-builder/spi-builder-workspace/.derivedData/Build/Intermediates.noindex/ParserCombinators.build/Debug-iphoneos/ParserCombinatorsTests.build/DerivedSources/arm64 -Xcc -I/Users/builder/builds/o86TiJKT/0/finestructure/swiftpackageindex-builder/spi-builder-workspace/.derivedData/Build/Intermediates.noindex/ParserCombinators.build/Debug-iphoneos/ParserCombinatorsTests.build/DerivedSources -Xcc -DSWIFT_PACKAGE -Xcc -DDEBUG\=1 -module-name ParserCombinatorsTests -frontend-parseable-output -disable-clang-spi -target-sdk-version 17.0 -target-sdk-name iphoneos17.0 -o /Users/builder/builds/o86TiJKT/0/finestructure/swiftpackageindex-builder/spi-builder-workspace/.derivedData/Build/Intermediates.noindex/ParserCombinators.build/Debug-iphoneos/ParserCombinatorsTests.build/Objects-normal/arm64/JSONParserTests.o -index-unit-output-path /ParserCombinators.build/Debug-iphoneos/ParserCombinatorsTests.build/Objects-normal/arm64/JSONParserTests.o -index-store-path /Users/builder/builds/o86TiJKT/0/finestructure/swiftpackageindex-builder/spi-builder-workspace/.derivedData/Index.noindex/DataStore -index-system-modules
** BUILD FAILED **


The following build commands failed:
	SwiftCompile normal arm64 /Users/builder/builds/o86TiJKT/0/finestructure/swiftpackageindex-builder/spi-builder-workspace/.dependencies/checkouts/DiffedAssertEqual/Sources/DiffedAssertEqual/DiffedAssertEqual.swift (in target 'DiffedAssertEqual' from project 'DiffedAssertEqual')
	SwiftCompile normal arm64 Compiling\ DiffedAssertEqual.swift /Users/builder/builds/o86TiJKT/0/finestructure/swiftpackageindex-builder/spi-builder-workspace/.dependencies/checkouts/DiffedAssertEqual/Sources/DiffedAssertEqual/DiffedAssertEqual.swift (in target 'DiffedAssertEqual' from project 'DiffedAssertEqual')
(2 failures)
Retrying in 0 seconds ...
BUILD FAILURE 5.9 ios

Build Machine: Mac 5