Build Information
Failed to build SwiftAnalyticsKit, reference main (89425b), with Swift 6.4 for tvOS using Xcode 27.0 on 18 Sep 2026 21:02:17 UTC.
Build Command
env DEVELOPER_DIR=/Applications/Xcode-27.0.0-Release.Candidate.app xcrun xcodebuild -IDEClonedSourcePackagesDirPathOverride=$PWD/.dependencies -skipMacroValidation -skipPackagePluginValidation -derivedDataPath $PWD/.derivedData build -scheme SwiftAnalyticsKit-Package -destination generic/platform=tvOSBuild Log
========================================
RunAll
========================================
Builder version: 5.1.0
Interrupt handler set up.
========================================
Checkout
========================================
Clone URL: https://github.com/SwiftyLab/SwiftAnalyticsKit.git
Reference: main
Initialized empty Git repository in /Users/admin/builder/spi-builder-workspace/.git/
From https://github.com/SwiftyLab/SwiftAnalyticsKit
* branch main -> FETCH_HEAD
* [new branch] main -> origin/main
HEAD is now at 89425b8 chore(SwiftPackageIndex): remove string interpolation from dependency URL
Cloned https://github.com/SwiftyLab/SwiftAnalyticsKit.git
Revision (git rev-parse @):
89425b8053662dec097db7a3dfe10d689436bc7c
SPI manifest file found: $PWD/.spi.yml
SUCCESS checkout https://github.com/SwiftyLab/SwiftAnalyticsKit.git at main
========================================
Build
========================================
Selected platform: tvOS
Swift version: 6.4
Building package at path: $PWD
https://github.com/SwiftyLab/SwiftAnalyticsKit.git
Command line invocation:
/Applications/Xcode-27.0.0-Release.Candidate.app/Contents/Developer/usr/bin/xcodebuild -IDEClonedSourcePackagesDirPathOverride=/Users/admin/builder/spi-builder-workspace/.dependencies -resolvePackageDependencies
resolved source packages:
{
"dependencies" : [
{
"identity" : "swift-docc-plugin",
"requirement" : {
"range" : [
{
"lower_bound" : "1.0.0",
"upper_bound" : "2.0.0"
}
]
},
"type" : "sourceControl",
"url" : "https://github.com/apple/swift-docc-plugin"
},
{
"identity" : "swift-format",
"requirement" : {
"range" : [
{
"lower_bound" : "0.50700.0",
"upper_bound" : "1.0.0"
}
]
},
"type" : "sourceControl",
"url" : "https://github.com/apple/swift-format"
}
],
"manifest_display_name" : "SwiftAnalyticsKit",
"name" : "SwiftAnalyticsKit",
"path" : "/Users/admin/builder/spi-builder-workspace",
"platforms" : [
{
"name" : "ios",
"version" : "8.0"
},
{
"name" : "macos",
"version" : "10.10"
},
{
"name" : "tvos",
"version" : "9.0"
},
{
"name" : "watchos",
"version" : "2.0"
},
{
"name" : "maccatalyst",
"version" : "13.0"
}
],
"products" : [
{
"name" : "Analytics",
"targets" : [
"Analytics"
],
"type" : {
"library" : [
"automatic"
]
}
},
{
"name" : "AnalyticsMock",
"targets" : [
"AnalyticsMock"
],
"type" : {
"library" : [
"automatic"
]
}
}
],
"swift_languages_versions" : [
"5"
],
"targets" : [
{
"c99name" : "AnalyticsTests",
"module_type" : "SwiftTarget",
"name" : "AnalyticsTests",
"path" : "Tests/AnalyticsTests",
"sources" : [
"AnalyticsEventTests.swift",
"AnalyticsOrderedExpectationHandlerTests.swift",
"AnalyticsSingleExpectationHandlerTests.swift",
"AnyAnalyticsEventTests.swift",
"AnyAnalyticsHandlerTests.swift",
"MultiplexAnalyticsHandlerTests.swift",
"MultiplexAnyAnalyticsHandlerTests.swift",
"SomeAnalyticsEventTests.swift",
"StandardDictionaryEncoderTests.swift",
"StandardEvents.swift"
],
"target_dependencies" : [
"Analytics",
"AnalyticsMock"
],
"type" : "test"
},
{
"c99name" : "AnalyticsMock",
"module_type" : "SwiftTarget",
"name" : "AnalyticsMock",
"path" : "Sources/AnalyticsMock",
"product_memberships" : [
"AnalyticsMock"
],
"sources" : [
"AnalyticsExpectation.swift",
"AnalyticsExpectationHandler.swift",
"AnalyticsOrderedExpectationHandler.swift",
"AnalyticsSingleExpectationHandler.swift",
"StandardDictionaryEncoder.swift"
],
"target_dependencies" : [
"Analytics"
],
"type" : "library"
},
{
"c99name" : "Analytics",
"module_type" : "SwiftTarget",
"name" : "Analytics",
"path" : "Sources/Analytics",
"product_memberships" : [
"Analytics",
"AnalyticsMock"
],
"sources" : [
"AnalyticsEvent/AnalyticsEvent.swift",
"AnalyticsEvent/AnyAnalyticsEvent.swift",
"AnalyticsEvent/Metadata/AnalyticsMetadata.swift",
"AnalyticsEvent/Metadata/AnyMetadata.swift",
"AnalyticsEvent/Metadata/EmptyMetadata.swift",
"AnalyticsEvent/Metadata/GlobalAnalyticsMetadata.swift",
"AnalyticsEvent/Metadata/Initializable.swift",
"AnalyticsEvent/Properties/AnalyticsConfiguration.swift",
"AnalyticsEvent/Properties/AnalyticsGroup.swift",
"AnalyticsEvent/RawAnalyticsEvent.swift",
"AnalyticsEvent/SomeAnalyticsEvent.swift",
"AnalyticsHandler/AnalyticsEncoder.swift",
"AnalyticsHandler/AnalyticsHandler.swift",
"AnalyticsHandler/AnyAnalyticsEventHandler.swift",
"AnalyticsHandler/AnyAnalyticsHandler.swift",
"AnalyticsHandler/AnyHashableAnalyticsHandler.swift",
"AnalyticsHandler/MultiplexAnalyticsHandler.swift",
"AnalyticsHandler/MultiplexAnyAnalyticsHandler.swift"
],
"type" : "library"
}
],
"tools_version" : "5.6"
}
{
"project" : {
"configurations" : [
"Debug",
"Release"
],
"name" : "SwiftAnalyticsKit",
"schemes" : [
"SwiftAnalyticsKit-Package",
"SwiftAnalyticsKitPackageDescription",
"SwiftAnalyticsKitPackageTests"
],
"targets" : [
"Analytics",
"AnalyticsMock",
"AnalyticsTests",
"SwiftAnalyticsKitPackageDescription",
"SwiftAnalyticsKitPackageTests"
]
}
}
Running build ...
env DEVELOPER_DIR=/Applications/Xcode-27.0.0-Release.Candidate.app xcrun xcodebuild -IDEClonedSourcePackagesDirPathOverride=$PWD/.dependencies -skipMacroValidation -skipPackagePluginValidation -derivedDataPath $PWD/.derivedData build -scheme SwiftAnalyticsKit-Package -destination generic/platform=tvOS
Command line invocation:
/Applications/Xcode-27.0.0-Release.Candidate.app/Contents/Developer/usr/bin/xcodebuild -IDEClonedSourcePackagesDirPathOverride=/Users/admin/builder/spi-builder-workspace/.dependencies -skipMacroValidation -skipPackagePluginValidation -derivedDataPath /Users/admin/builder/spi-builder-workspace/.derivedData build -scheme SwiftAnalyticsKit-Package -destination generic/platform=tvOS
ComputePackagePrebuildTargetDependencyGraph
Prepare packages
CreateBuildRequest
SendProjectDescription
CreateBuildOperation
ComputeTargetDependencyGraph
note: Building targets in dependency order
note: Target dependency graph (2 targets)
Target 'AnalyticsMock' in project 'SwiftAnalyticsKit'
➜ Explicit dependency on target 'Analytics' in project 'SwiftAnalyticsKit'
Target 'Analytics' in project 'SwiftAnalyticsKit' (no dependencies)
GatherProvisioningInputs
CreateBuildDescription
ExecuteExternalTool /Applications/Xcode-27.0.0-Release.Candidate.app/Contents/Developer/Toolchains/XcodeDefault.xctoolchain/usr/bin/clang -v -E -dM -isysroot /Applications/Xcode-27.0.0-Release.Candidate.app/Contents/Developer/Platforms/AppleTVOS.platform/Developer/SDKs/AppleTVOS27.0.sdk -x c -c /dev/null
ExecuteExternalTool /Applications/Xcode-27.0.0-Release.Candidate.app/Contents/Developer/Toolchains/XcodeDefault.xctoolchain/usr/bin/swiftc --version
ReadFileContents /Applications/Xcode-27.0.0-Release.Candidate.app/Contents/Developer/Toolchains/XcodeDefault.xctoolchain/usr/share/docc/features.json
ExecuteExternalTool /Applications/Xcode-27.0.0-Release.Candidate.app/Contents/Developer/Toolchains/XcodeDefault.xctoolchain/usr/bin/ld -version_details
Build description signature: 345e4aec262f71c274d2057ac194b551
Build description path: /Users/admin/builder/spi-builder-workspace/.derivedData/Build/Intermediates.noindex/XCBuildData/345e4aec262f71c274d2057ac194b551.xcbuilddata
/Users/admin/builder/spi-builder-workspace/SwiftAnalyticsKit.xcodeproj: error: The tvOS deployment target 'TVOS_DEPLOYMENT_TARGET' is set to 11.0, but the range of supported deployment target versions is 15.0 to 27.0.x. (in target 'AnalyticsMock' from project 'SwiftAnalyticsKit')
/Users/admin/builder/spi-builder-workspace/SwiftAnalyticsKit.xcodeproj: error: The tvOS deployment target 'TVOS_DEPLOYMENT_TARGET' is set to 11.0, but the range of supported deployment target versions is 15.0 to 27.0.x. (in target 'Analytics' from project 'SwiftAnalyticsKit')
** BUILD FAILED **
The following build commands failed:
Building project SwiftAnalyticsKit with scheme SwiftAnalyticsKit-Package
(1 failure)
Command line invocation:
/Applications/Xcode-27.0.0-Release.Candidate.app/Contents/Developer/usr/bin/xcodebuild -IDEClonedSourcePackagesDirPathOverride=/Users/admin/builder/spi-builder-workspace/.dependencies -resolvePackageDependencies
resolved source packages:
{
"dependencies" : [
{
"identity" : "swift-docc-plugin",
"requirement" : {
"range" : [
{
"lower_bound" : "1.0.0",
"upper_bound" : "2.0.0"
}
]
},
"type" : "sourceControl",
"url" : "https://github.com/apple/swift-docc-plugin"
},
{
"identity" : "swift-format",
"requirement" : {
"range" : [
{
"lower_bound" : "0.50700.0",
"upper_bound" : "1.0.0"
}
]
},
"type" : "sourceControl",
"url" : "https://github.com/apple/swift-format"
}
],
"manifest_display_name" : "SwiftAnalyticsKit",
"name" : "SwiftAnalyticsKit",
"path" : "/Users/admin/builder/spi-builder-workspace",
"platforms" : [
{
"name" : "ios",
"version" : "8.0"
},
{
"name" : "macos",
"version" : "10.10"
},
{
"name" : "tvos",
"version" : "9.0"
},
{
"name" : "watchos",
"version" : "2.0"
},
{
"name" : "maccatalyst",
"version" : "13.0"
}
],
"products" : [
{
"name" : "Analytics",
"targets" : [
"Analytics"
],
"type" : {
"library" : [
"automatic"
]
}
},
{
"name" : "AnalyticsMock",
"targets" : [
"AnalyticsMock"
],
"type" : {
"library" : [
"automatic"
]
}
}
],
"swift_languages_versions" : [
"5"
],
"targets" : [
{
"c99name" : "AnalyticsTests",
"module_type" : "SwiftTarget",
"name" : "AnalyticsTests",
"path" : "Tests/AnalyticsTests",
"sources" : [
"AnalyticsEventTests.swift",
"AnalyticsOrderedExpectationHandlerTests.swift",
"AnalyticsSingleExpectationHandlerTests.swift",
"AnyAnalyticsEventTests.swift",
"AnyAnalyticsHandlerTests.swift",
"MultiplexAnalyticsHandlerTests.swift",
"MultiplexAnyAnalyticsHandlerTests.swift",
"SomeAnalyticsEventTests.swift",
"StandardDictionaryEncoderTests.swift",
"StandardEvents.swift"
],
"target_dependencies" : [
"Analytics",
"AnalyticsMock"
],
"type" : "test"
},
{
"c99name" : "AnalyticsMock",
"module_type" : "SwiftTarget",
"name" : "AnalyticsMock",
"path" : "Sources/AnalyticsMock",
"product_memberships" : [
"AnalyticsMock"
],
"sources" : [
"AnalyticsExpectation.swift",
"AnalyticsExpectationHandler.swift",
"AnalyticsOrderedExpectationHandler.swift",
"AnalyticsSingleExpectationHandler.swift",
"StandardDictionaryEncoder.swift"
],
"target_dependencies" : [
"Analytics"
],
"type" : "library"
},
{
"c99name" : "Analytics",
"module_type" : "SwiftTarget",
"name" : "Analytics",
"path" : "Sources/Analytics",
"product_memberships" : [
"Analytics",
"AnalyticsMock"
],
"sources" : [
"AnalyticsEvent/AnalyticsEvent.swift",
"AnalyticsEvent/AnyAnalyticsEvent.swift",
"AnalyticsEvent/Metadata/AnalyticsMetadata.swift",
"AnalyticsEvent/Metadata/AnyMetadata.swift",
"AnalyticsEvent/Metadata/EmptyMetadata.swift",
"AnalyticsEvent/Metadata/GlobalAnalyticsMetadata.swift",
"AnalyticsEvent/Metadata/Initializable.swift",
"AnalyticsEvent/Properties/AnalyticsConfiguration.swift",
"AnalyticsEvent/Properties/AnalyticsGroup.swift",
"AnalyticsEvent/RawAnalyticsEvent.swift",
"AnalyticsEvent/SomeAnalyticsEvent.swift",
"AnalyticsHandler/AnalyticsEncoder.swift",
"AnalyticsHandler/AnalyticsHandler.swift",
"AnalyticsHandler/AnyAnalyticsEventHandler.swift",
"AnalyticsHandler/AnyAnalyticsHandler.swift",
"AnalyticsHandler/AnyHashableAnalyticsHandler.swift",
"AnalyticsHandler/MultiplexAnalyticsHandler.swift",
"AnalyticsHandler/MultiplexAnyAnalyticsHandler.swift"
],
"type" : "library"
}
],
"tools_version" : "5.6"
}
{
"project" : {
"configurations" : [
"Debug",
"Release"
],
"name" : "SwiftAnalyticsKit",
"schemes" : [
"SwiftAnalyticsKit-Package",
"SwiftAnalyticsKitPackageDescription",
"SwiftAnalyticsKitPackageTests"
],
"targets" : [
"Analytics",
"AnalyticsMock",
"AnalyticsTests",
"SwiftAnalyticsKitPackageDescription",
"SwiftAnalyticsKitPackageTests"
]
}
}
Running build ...
env DEVELOPER_DIR=/Applications/Xcode-27.0.0-Release.Candidate.app xcrun xcodebuild -IDEClonedSourcePackagesDirPathOverride=$PWD/.dependencies -skipMacroValidation -skipPackagePluginValidation -derivedDataPath $PWD/.derivedData build -scheme SwiftAnalyticsKit-Package -destination generic/platform=tvOS
Command line invocation:
/Applications/Xcode-27.0.0-Release.Candidate.app/Contents/Developer/usr/bin/xcodebuild -IDEClonedSourcePackagesDirPathOverride=/Users/admin/builder/spi-builder-workspace/.dependencies -skipMacroValidation -skipPackagePluginValidation -derivedDataPath /Users/admin/builder/spi-builder-workspace/.derivedData build -scheme SwiftAnalyticsKit-Package -destination generic/platform=tvOS
ComputePackagePrebuildTargetDependencyGraph
Prepare packages
CreateBuildRequest
SendProjectDescription
CreateBuildOperation
ComputeTargetDependencyGraph
note: Building targets in dependency order
note: Target dependency graph (2 targets)
Target 'AnalyticsMock' in project 'SwiftAnalyticsKit'
➜ Explicit dependency on target 'Analytics' in project 'SwiftAnalyticsKit'
Target 'Analytics' in project 'SwiftAnalyticsKit' (no dependencies)
GatherProvisioningInputs
CreateBuildDescription
/Users/admin/builder/spi-builder-workspace/SwiftAnalyticsKit.xcodeproj: error: The tvOS deployment target 'TVOS_DEPLOYMENT_TARGET' is set to 11.0, but the range of supported deployment target versions is 15.0 to 27.0.x. (in target 'Analytics' from project 'SwiftAnalyticsKit')
/Users/admin/builder/spi-builder-workspace/SwiftAnalyticsKit.xcodeproj: error: The tvOS deployment target 'TVOS_DEPLOYMENT_TARGET' is set to 11.0, but the range of supported deployment target versions is 15.0 to 27.0.x. (in target 'AnalyticsMock' from project 'SwiftAnalyticsKit')
** BUILD FAILED **
The following build commands failed:
Building project SwiftAnalyticsKit with scheme SwiftAnalyticsKit-Package
(1 failure)
BUILD FAILURE 6.4 tvOS