Build Information
Failed to build Carlos, reference master (26ca89), with Swift 6.4 for visionOS using Xcode 27.0 on 18 Sep 2026 08:37:06 UTC.
Build Command
env DEVELOPER_DIR=/Applications/Xcode-27.0.0-Release.Candidate.app xcrun xcodebuild -IDEClonedSourcePackagesDirPathOverride=$PWD/.dependencies -skipMacroValidation -skipPackagePluginValidation -derivedDataPath $PWD/.derivedData build -scheme Carlos -destination generic/platform=xrOSBuild Log
========================================
RunAll
========================================
Builder version: 5.1.0
Interrupt handler set up.
========================================
Checkout
========================================
Clone URL: https://github.com/spring-media/Carlos.git
Reference: master
Initialized empty Git repository in /Users/admin/builder/spi-builder-workspace/.git/
From https://github.com/spring-media/Carlos
* branch master -> FETCH_HEAD
* [new branch] master -> origin/master
HEAD is now at 26ca894 Merge pull request #196 from spring-media/feature/migrate-to-action
Cloned https://github.com/spring-media/Carlos.git
Revision (git rev-parse @):
26ca894e3cef48a15b6da20803c31e5386ac45bd
SUCCESS checkout https://github.com/spring-media/Carlos.git at master
========================================
Build
========================================
Selected platform: visionOS
Swift version: 6.4
Building package at path: $PWD
https://github.com/spring-media/Carlos.git
Command line invocation:
/Applications/Xcode-27.0.0-Release.Candidate.app/Contents/Developer/usr/bin/xcodebuild -IDEClonedSourcePackagesDirPathOverride=/Users/admin/builder/spi-builder-workspace/.dependencies -resolvePackageDependencies
Resolve Package Graph
Fetching from https://github.com/Quick/Quick.git
Fetching from https://github.com/Quick/Nimble.git
Creating working copy of package ‘Nimble’
Checking out 8.1.2 of package ‘Nimble’
Creating working copy of package ‘Quick’
Checking out 3.0.0 of package ‘Quick’
Resolved source packages:
Quick: https://github.com/Quick/Quick.git @ 3.0.0
Nimble: https://github.com/Quick/Nimble.git @ 8.1.2
resolved source packages: Quick, Nimble
{
"dependencies" : [
{
"identity" : "quick",
"requirement" : {
"range" : [
{
"lower_bound" : "4.0.0",
"upper_bound" : "5.0.0"
}
]
},
"type" : "sourceControl",
"url" : "https://github.com/Quick/Quick.git"
},
{
"identity" : "nimble",
"requirement" : {
"range" : [
{
"lower_bound" : "9.2.0",
"upper_bound" : "10.0.0"
}
]
},
"type" : "sourceControl",
"url" : "https://github.com/Quick/Nimble.git"
}
],
"manifest_display_name" : "Carlos",
"name" : "Carlos",
"path" : "/Users/admin/builder/spi-builder-workspace",
"platforms" : [
{
"name" : "ios",
"version" : "13.0"
},
{
"name" : "macos",
"version" : "10.15"
},
{
"name" : "tvos",
"version" : "13.0"
},
{
"name" : "watchos",
"version" : "6.0"
}
],
"products" : [
{
"name" : "Carlos",
"targets" : [
"Carlos"
],
"type" : {
"library" : [
"automatic"
]
}
}
],
"swift_languages_versions" : [
"5"
],
"targets" : [
{
"c99name" : "CarlosTests",
"module_type" : "SwiftTarget",
"name" : "CarlosTests",
"path" : "Tests/CarlosTests",
"product_dependencies" : [
"Quick",
"Nimble"
],
"sources" : [
"BasicCacheTests.swift",
"BasicFetcherTests.swift",
"BatchTests.swift",
"CacheProviderTests.swift",
"CompositionTests.swift",
"ConditionedCacheTests.swift",
"ConditionedOneWayTransformationBoxTests.swift",
"ConditionedOutputProcessingTests.swift",
"ConditionedTransformersTests.swift",
"ConditionedTwoWayTransformationBoxTests.swift",
"ConditionedValueTransformationTests.swift",
"DiskCacheTests.swift",
"Fakes/Base64EncodedImage.swift",
"Fakes/CacheLevelFake.swift",
"Fakes/FetcherFake.swift",
"FetcherValueTransformationTests.swift",
"ImageTransformerTests.swift",
"JSONTransformerTests.swift",
"KeyTransformationTests.swift",
"MKDistanceFormatterTransformerTests.swift",
"MemoryCacheLevelTests.swift",
"MemoryWarningNotificationTests.swift",
"NSDateFormatterTransformerTests.swift",
"NSNumberFormatterTransformerTests.swift",
"NSUserDefaultsCacheLevelTests.swift",
"NetworkFetcherTests.swift",
"NormalizationTests.swift",
"OneWayTransformationBoxTests.swift",
"OneWayTransformerCompositionTests.swift",
"PoolCacheTests.swift",
"PostProcessTests.swift",
"StringConvertibleTests.swift",
"StringTransformerTests.swift",
"SwitchCacheTests.swift",
"TwoWayTransformationBoxTests.swift",
"TwoWayTransformerCompositionTests.swift",
"ValueTransformationTests.swift"
],
"target_dependencies" : [
"Carlos"
],
"type" : "test"
},
{
"c99name" : "Carlos",
"module_type" : "SwiftTarget",
"name" : "Carlos",
"path" : "Sources/Carlos",
"product_memberships" : [
"Carlos"
],
"sources" : [
"CacheLevels/BatchAllCache.swift",
"CacheLevels/Composed.swift",
"CacheLevels/Conditioned.swift",
"CacheLevels/DiskCacheLevel.swift",
"CacheLevels/Fetcher.swift",
"CacheLevels/MemoryCacheLevel.swift",
"CacheLevels/NSUserDefaultsCacheLevel.swift",
"CacheLevels/NetworkFetcher.swift",
"CacheLevels/PoolCache.swift",
"CacheProvider.swift",
"Carlos.swift",
"Core/BasicCache.swift",
"Core/BasicFetcher.swift",
"Core/Errors.swift",
"Core/ExpensiveObject.swift",
"Core/Extensions.swift",
"Core/FetcherValueTransformation.swift",
"Core/FunctionComposition.swift",
"Core/Logger.swift",
"Core/MemoryWarning.swift",
"Core/StringConvertible.swift",
"Core/UnfairLock.swift",
"Operations/CacheLevel+Batch.swift",
"Operations/KeyTransformation.swift",
"Operations/Normalize.swift",
"Operations/PostProcess.swift",
"Operations/SwitchCache.swift",
"Operations/ValueTransformation.swift",
"Transformers/ComposedOneWayTransformer.swift",
"Transformers/ComposedTwoWayTransformer.swift",
"Transformers/ConditionedOneWayTransformer.swift",
"Transformers/ConditionedOutputProcessing.swift",
"Transformers/ConditionedTwoWayTransformer.swift",
"Transformers/ConditionedValueTransformation.swift",
"Transformers/ImageTransformer.swift",
"Transformers/JSONTransformer.swift",
"Transformers/OneWayTransformer.swift",
"Transformers/StringTransformer.swift",
"Transformers/Transformers.swift",
"Transformers/TwoWayTransformer.swift"
],
"type" : "library"
}
],
"tools_version" : "5.2"
}
{
"project" : {
"configurations" : [
"Debug",
"Release"
],
"name" : "Carlos",
"schemes" : [
"Carlos iOS",
"Carlos macOS",
"Carlos tvOS",
"Carlos watchOS"
],
"targets" : [
"Carlos iOS",
"Carlos iOS Tests",
"Carlos macOS",
"Carlos macOS Tests",
"Carlos tvOS",
"Carlos tvOS Tests",
"Carlos watchOS"
]
}
}
{
"workspace" : {
"name" : "Carlos",
"schemes" : [
"Carlos"
]
}
}
2026-09-18 04:36:41.608 xcodebuild[778:4705] [MT] IDERunDestination: Supported platforms for the buildables in the current scheme is empty.
2026-09-18 04:36:41.714 xcodebuild[778:4705] [MT] IDERunDestination: Supported platforms for the buildables in the current scheme is empty.
Running build ...
env DEVELOPER_DIR=/Applications/Xcode-27.0.0-Release.Candidate.app xcrun xcodebuild -IDEClonedSourcePackagesDirPathOverride=$PWD/.dependencies -skipMacroValidation -skipPackagePluginValidation -derivedDataPath $PWD/.derivedData build -scheme Carlos -destination generic/platform=xrOS
Command line invocation:
/Applications/Xcode-27.0.0-Release.Candidate.app/Contents/Developer/usr/bin/xcodebuild -IDEClonedSourcePackagesDirPathOverride=/Users/admin/builder/spi-builder-workspace/.dependencies -skipMacroValidation -skipPackagePluginValidation -derivedDataPath /Users/admin/builder/spi-builder-workspace/.derivedData build -scheme Carlos -destination generic/platform=xrOS
Resolve Package Graph
Resolve Package Graph
Resolved source packages:
Nimble: https://github.com/Quick/Nimble.git @ 9.2.1
CwlPreconditionTesting: https://github.com/mattgallagher/CwlPreconditionTesting.git @ 2.2.2
Carlos: /Users/admin/builder/spi-builder-workspace
CwlCatchException: https://github.com/mattgallagher/CwlCatchException.git @ 2.2.1
Quick: https://github.com/Quick/Quick.git @ 4.0.0
ComputePackagePrebuildTargetDependencyGraph
Prepare packages
CreateBuildRequest
SendProjectDescription
CreateBuildOperation
ComputeTargetDependencyGraph
note: Building targets in dependency order
note: Target dependency graph (2 targets)
Target 'Carlos-product' in project 'Carlos'
➜ Explicit dependency on target 'Carlos' in project 'Carlos'
Target 'Carlos' in project 'Carlos' (no dependencies)
GatherProvisioningInputs
CreateBuildDescription
ExecuteExternalTool /Applications/Xcode-27.0.0-Release.Candidate.app/Contents/Developer/Toolchains/XcodeDefault.xctoolchain/usr/bin/clang -v -E -dM -isysroot /Applications/Xcode-27.0.0-Release.Candidate.app/Contents/Developer/Platforms/XROS.platform/Developer/SDKs/XROS27.0.sdk -x c -c /dev/null
ExecuteExternalTool /Applications/Xcode-27.0.0-Release.Candidate.app/Contents/Developer/Toolchains/XcodeDefault.xctoolchain/usr/bin/swiftc --version
ExecuteExternalTool /Applications/Xcode-27.0.0-Release.Candidate.app/Contents/Developer/Toolchains/XcodeDefault.xctoolchain/usr/bin/ld -version_details
Build description signature: b52714a31938a846d3017db1fe73b7c6
Build description path: /Users/admin/builder/spi-builder-workspace/.derivedData/Build/Intermediates.noindex/XCBuildData/b52714a31938a846d3017db1fe73b7c6.xcbuilddata
CreateBuildDirectory /Users/admin/builder/spi-builder-workspace/.derivedData/SDKExplicitPrecompiledModules
cd /Users/admin/builder/spi-builder-workspace/.swiftpm/xcode
builtin-create-build-directory /Users/admin/builder/spi-builder-workspace/.derivedData/SDKExplicitPrecompiledModules
CreateBuildDirectory /Users/admin/builder/spi-builder-workspace/.derivedData/ModuleCache.noindex
cd /Users/admin/builder/spi-builder-workspace/.swiftpm/xcode
builtin-create-build-directory /Users/admin/builder/spi-builder-workspace/.derivedData/ModuleCache.noindex
CreateBuildDirectory /Users/admin/builder/spi-builder-workspace/.derivedData/CompilationCache.noindex
cd /Users/admin/builder/spi-builder-workspace/.swiftpm/xcode
builtin-create-build-directory /Users/admin/builder/spi-builder-workspace/.derivedData/CompilationCache.noindex
CreateBuildDirectory /Users/admin/builder/spi-builder-workspace/.derivedData/Build/Products
cd /Users/admin/builder/spi-builder-workspace/.swiftpm/xcode
builtin-create-build-directory /Users/admin/builder/spi-builder-workspace/.derivedData/Build/Products
ClangStatCache /Applications/Xcode-27.0.0-Release.Candidate.app/Contents/Developer/Toolchains/XcodeDefault.xctoolchain/usr/bin/clang-stat-cache /Applications/Xcode-27.0.0-Release.Candidate.app/Contents/Developer/Platforms/XROS.platform/Developer/SDKs/XROS27.0.sdk /Users/admin/builder/spi-builder-workspace/.derivedData/SDKStatCaches.noindex/xros27.0-24M361-e829b21a6f8c9b70876ba0858053c044735bd543db762f57723cac368afd1ce4.sdkstatcache
cd /Users/admin/builder/spi-builder-workspace/.swiftpm/xcode
/Applications/Xcode-27.0.0-Release.Candidate.app/Contents/Developer/Toolchains/XcodeDefault.xctoolchain/usr/bin/clang-stat-cache /Applications/Xcode-27.0.0-Release.Candidate.app/Contents/Developer/Platforms/XROS.platform/Developer/SDKs/XROS27.0.sdk -o /Users/admin/builder/spi-builder-workspace/.derivedData/SDKStatCaches.noindex/xros27.0-24M361-e829b21a6f8c9b70876ba0858053c044735bd543db762f57723cac368afd1ce4.sdkstatcache
CreateBuildDirectory /Users/admin/builder/spi-builder-workspace/.derivedData/Build/Intermediates.noindex
cd /Users/admin/builder/spi-builder-workspace/.swiftpm/xcode
builtin-create-build-directory /Users/admin/builder/spi-builder-workspace/.derivedData/Build/Intermediates.noindex
CreateBuildDirectory /Users/admin/builder/spi-builder-workspace/.derivedData/Build/Products/Debug-xros
cd /Users/admin/builder/spi-builder-workspace/.swiftpm/xcode
builtin-create-build-directory /Users/admin/builder/spi-builder-workspace/.derivedData/Build/Products/Debug-xros
CreateBuildDirectory /Users/admin/builder/spi-builder-workspace/.derivedData/Build/Intermediates.noindex/PrecompiledHeaders
cd /Users/admin/builder/spi-builder-workspace/.swiftpm/xcode
builtin-create-build-directory /Users/admin/builder/spi-builder-workspace/.derivedData/Build/Intermediates.noindex/PrecompiledHeaders
CreateBuildDirectory /Users/admin/builder/spi-builder-workspace/.derivedData/Build/Intermediates.noindex/ExplicitPrecompiledModules
cd /Users/admin/builder/spi-builder-workspace/.swiftpm/xcode
builtin-create-build-directory /Users/admin/builder/spi-builder-workspace/.derivedData/Build/Intermediates.noindex/ExplicitPrecompiledModules
CreateBuildDirectory /Users/admin/builder/spi-builder-workspace/.derivedData/Build/Intermediates.noindex/SwiftExplicitPrecompiledModules
cd /Users/admin/builder/spi-builder-workspace/.swiftpm/xcode
builtin-create-build-directory /Users/admin/builder/spi-builder-workspace/.derivedData/Build/Intermediates.noindex/SwiftExplicitPrecompiledModules
CreateBuildDirectory /Users/admin/builder/spi-builder-workspace/.derivedData/Build/Intermediates.noindex/EagerLinkingTBDs/Debug-xros
cd /Users/admin/builder/spi-builder-workspace/.swiftpm/xcode
builtin-create-build-directory /Users/admin/builder/spi-builder-workspace/.derivedData/Build/Intermediates.noindex/EagerLinkingTBDs/Debug-xros
CreateBuildDirectory /Users/admin/builder/spi-builder-workspace/.derivedData/Build/Products/Debug-xros/PackageFrameworks
cd /Users/admin/builder/spi-builder-workspace/.swiftpm/xcode
builtin-create-build-directory /Users/admin/builder/spi-builder-workspace/.derivedData/Build/Products/Debug-xros/PackageFrameworks
WriteAuxiliaryFile /Users/admin/builder/spi-builder-workspace/.derivedData/Build/Intermediates.noindex/Carlos.build/Debug-xros/Carlos-t.build/Carlos.modulemap (in target 'Carlos' from project 'Carlos')
cd /Users/admin/builder/spi-builder-workspace
write-file /Users/admin/builder/spi-builder-workspace/.derivedData/Build/Intermediates.noindex/Carlos.build/Debug-xros/Carlos-t.build/Carlos.modulemap
WriteAuxiliaryFile /Users/admin/builder/spi-builder-workspace/.derivedData/Build/Intermediates.noindex/Carlos.build/Debug-xros/Carlos-t.build/Carlos.DependencyStaticMetadataFileList (in target 'Carlos' from project 'Carlos')
cd /Users/admin/builder/spi-builder-workspace
write-file /Users/admin/builder/spi-builder-workspace/.derivedData/Build/Intermediates.noindex/Carlos.build/Debug-xros/Carlos-t.build/Carlos.DependencyStaticMetadataFileList
WriteAuxiliaryFile /Users/admin/builder/spi-builder-workspace/.derivedData/Build/Intermediates.noindex/Carlos.build/Debug-xros/Carlos-t.build/Carlos.DependencyMetadataFileList (in target 'Carlos' from project 'Carlos')
cd /Users/admin/builder/spi-builder-workspace
write-file /Users/admin/builder/spi-builder-workspace/.derivedData/Build/Intermediates.noindex/Carlos.build/Debug-xros/Carlos-t.build/Carlos.DependencyMetadataFileList
WriteAuxiliaryFile /Users/admin/builder/spi-builder-workspace/.derivedData/Build/Intermediates.noindex/Carlos.build/Debug-xros/Carlos-t.build/Objects-normal/arm64/Carlos.SwiftConstValuesFileList (in target 'Carlos' from project 'Carlos')
cd /Users/admin/builder/spi-builder-workspace
write-file /Users/admin/builder/spi-builder-workspace/.derivedData/Build/Intermediates.noindex/Carlos.build/Debug-xros/Carlos-t.build/Objects-normal/arm64/Carlos.SwiftConstValuesFileList
WriteAuxiliaryFile /Users/admin/builder/spi-builder-workspace/.derivedData/Build/Intermediates.noindex/Carlos.build/Debug-xros/Carlos-t.build/Objects-normal/arm64/Carlos.LinkFileList (in target 'Carlos' from project 'Carlos')
cd /Users/admin/builder/spi-builder-workspace
write-file /Users/admin/builder/spi-builder-workspace/.derivedData/Build/Intermediates.noindex/Carlos.build/Debug-xros/Carlos-t.build/Objects-normal/arm64/Carlos.LinkFileList
WriteAuxiliaryFile /Users/admin/builder/spi-builder-workspace/.derivedData/Build/Intermediates.noindex/Carlos.build/Debug-xros/Carlos-t.build/Objects-normal/arm64/Carlos-OutputFileMap.json (in target 'Carlos' from project 'Carlos')
cd /Users/admin/builder/spi-builder-workspace
write-file /Users/admin/builder/spi-builder-workspace/.derivedData/Build/Intermediates.noindex/Carlos.build/Debug-xros/Carlos-t.build/Objects-normal/arm64/Carlos-OutputFileMap.json
WriteAuxiliaryFile /Users/admin/builder/spi-builder-workspace/.derivedData/Build/Intermediates.noindex/Carlos.build/Debug-xros/Carlos-t.build/Objects-normal/arm64/Carlos_const_extract_protocols.json (in target 'Carlos' from project 'Carlos')
cd /Users/admin/builder/spi-builder-workspace
write-file /Users/admin/builder/spi-builder-workspace/.derivedData/Build/Intermediates.noindex/Carlos.build/Debug-xros/Carlos-t.build/Objects-normal/arm64/Carlos_const_extract_protocols.json
WriteAuxiliaryFile /Users/admin/builder/spi-builder-workspace/.derivedData/Build/Intermediates.noindex/Carlos.build/Debug-xros/Carlos-t.build/Objects-normal/arm64/Carlos.SwiftFileList (in target 'Carlos' from project 'Carlos')
cd /Users/admin/builder/spi-builder-workspace
write-file /Users/admin/builder/spi-builder-workspace/.derivedData/Build/Intermediates.noindex/Carlos.build/Debug-xros/Carlos-t.build/Objects-normal/arm64/Carlos.SwiftFileList
Copy /Users/admin/builder/spi-builder-workspace/.derivedData/Build/Intermediates.noindex/GeneratedModuleMaps-xros/Carlos.modulemap /Users/admin/builder/spi-builder-workspace/.derivedData/Build/Intermediates.noindex/Carlos.build/Debug-xros/Carlos-t.build/Carlos.modulemap (in target 'Carlos' from project 'Carlos')
cd /Users/admin/builder/spi-builder-workspace
builtin-copy -exclude .DS_Store -exclude CVS -exclude .svn -exclude .git -exclude .hg -resolve-src-symlinks /Users/admin/builder/spi-builder-workspace/.derivedData/Build/Intermediates.noindex/Carlos.build/Debug-xros/Carlos-t.build/Carlos.modulemap /Users/admin/builder/spi-builder-workspace/.derivedData/Build/Intermediates.noindex/GeneratedModuleMaps-xros
SwiftDriver Carlos normal arm64 com.apple.xcode.tools.swift.compiler (in target 'Carlos' from project 'Carlos')
cd /Users/admin/builder/spi-builder-workspace/.swiftpm/xcode
builtin-SwiftDriver -- /Applications/Xcode-27.0.0-Release.Candidate.app/Contents/Developer/Toolchains/XcodeDefault.xctoolchain/usr/bin/swiftc -parse-as-library -module-name Carlos -Onone @/Users/admin/builder/spi-builder-workspace/.derivedData/Build/Intermediates.noindex/Carlos.build/Debug-xros/Carlos-t.build/Objects-normal/arm64/Carlos.SwiftFileList -DSWIFT_PACKAGE -DDEBUG -DSWIFT_MODULE_RESOURCE_BUNDLE_UNAVAILABLE -DXcode -plugin-path /Applications/Xcode-27.0.0-Release.Candidate.app/Contents/Developer/Toolchains/XcodeDefault.xctoolchain/usr/lib/swift/host/plugins/testing -enable-experimental-feature DebugDescriptionMacro -sdk /Applications/Xcode-27.0.0-Release.Candidate.app/Contents/Developer/Platforms/XROS.platform/Developer/SDKs/XROS27.0.sdk -target arm64-apple-xros1.0 -g -module-cache-path /Users/admin/builder/spi-builder-workspace/.derivedData/ModuleCache.noindex -Xfrontend -serialize-debugging-options -profile-coverage-mapping -profile-generate -enable-testing -index-store-path /Users/admin/builder/spi-builder-workspace/.derivedData/Index.noindex/DataStore -Xcc -D_LIBCPP_HARDENING_MODE\=_LIBCPP_HARDENING_MODE_DEBUG -swift-version 5 -I /Users/admin/builder/spi-builder-workspace/.derivedData/Build/Products/Debug-xros -Isystem /Applications/Xcode-27.0.0-Release.Candidate.app/Contents/Developer/Platforms/XROS.platform/Developer/usr/lib -F /Users/admin/builder/spi-builder-workspace/.derivedData/Build/Products/Debug-xros -F /Applications/Xcode-27.0.0-Release.Candidate.app/Contents/Developer/Platforms/XROS.platform/Developer/Library/Frameworks -F /Applications/Xcode-27.0.0-Release.Candidate.app/Contents/Developer/Platforms/XROS.platform/Developer/SDKs/XROS27.0.sdk/Developer/Library/Frameworks -c -j10 -enable-batch-mode -incremental -Xcc -ivfsstatcache -Xcc /Users/admin/builder/spi-builder-workspace/.derivedData/SDKStatCaches.noindex/xros27.0-24M361-e829b21a6f8c9b70876ba0858053c044735bd543db762f57723cac368afd1ce4.sdkstatcache -output-file-map /Users/admin/builder/spi-builder-workspace/.derivedData/Build/Intermediates.noindex/Carlos.build/Debug-xros/Carlos-t.build/Objects-normal/arm64/Carlos-OutputFileMap.json -save-temps -no-color-diagnostics -explicit-module-build -module-cache-path /Users/admin/builder/spi-builder-workspace/.derivedData/Build/Intermediates.noindex/SwiftExplicitPrecompiledModules -clang-scanner-module-cache-path /Users/admin/builder/spi-builder-workspace/.derivedData/ModuleCache.noindex -sdk-module-cache-path /Users/admin/builder/spi-builder-workspace/.derivedData/SDKExplicitPrecompiledModules -emit-dependencies -emit-module -emit-module-path /Users/admin/builder/spi-builder-workspace/.derivedData/Build/Intermediates.noindex/Carlos.build/Debug-xros/Carlos-t.build/Objects-normal/arm64/Carlos.swiftmodule -serialize-diagnostics -dependency-scan-serialize-diagnostics-path /Users/admin/builder/spi-builder-workspace/.derivedData/Build/Intermediates.noindex/Carlos.build/Debug-xros/Carlos-t.build/Objects-normal/arm64/Carlos-dependency-scan.dia -validate-clang-modules-once -clang-build-session-file /Users/admin/builder/spi-builder-workspace/.derivedData/ModuleCache.noindex/Session.modulevalidation -Xcc -fmodules-prune-interval\=86400 -Xcc -fmodules-prune-after\=345600 -emit-const-values -const-gather-protocols-list /Users/admin/builder/spi-builder-workspace/.derivedData/Build/Intermediates.noindex/Carlos.build/Debug-xros/Carlos-t.build/Objects-normal/arm64/Carlos_const_extract_protocols.json -Xcc -I/Users/admin/builder/spi-builder-workspace/.derivedData/Build/Products/Debug-xros/include -Xcc -I/Users/admin/builder/spi-builder-workspace/.derivedData/Build/Intermediates.noindex/Carlos.build/Debug-xros/Carlos-t.build/DerivedSources-normal/arm64 -Xcc -I/Users/admin/builder/spi-builder-workspace/.derivedData/Build/Intermediates.noindex/Carlos.build/Debug-xros/Carlos-t.build/DerivedSources/arm64 -Xcc -I/Users/admin/builder/spi-builder-workspace/.derivedData/Build/Intermediates.noindex/Carlos.build/Debug-xros/Carlos-t.build/DerivedSources -Xcc -DSWIFT_PACKAGE -Xcc -DDEBUG\=1 -emit-objc-header -emit-objc-header-path /Users/admin/builder/spi-builder-workspace/.derivedData/Build/Intermediates.noindex/Carlos.build/Debug-xros/Carlos-t.build/Objects-normal/arm64/Carlos-Swift.h -working-directory /Users/admin/builder/spi-builder-workspace/.swiftpm/xcode -experimental-emit-module-separately -disable-cmo
SwiftExplicitDependencyGeneratePcm arm64 /Users/admin/builder/spi-builder-workspace/.derivedData/SDKExplicitPrecompiledModules/_AvailabilityInternal-1Q8IQP6M38UWSGZ95UCEY2M44.pcm
SwiftExplicitDependencyGeneratePcm arm64 /Users/admin/builder/spi-builder-workspace/.derivedData/SDKExplicitPrecompiledModules/DeveloperToolsSupport-46GOQP8J1QTHLYQSJW81T8UZ3.pcm
SwiftExplicitDependencyGeneratePcm arm64 /Users/admin/builder/spi-builder-workspace/.derivedData/SDKExplicitPrecompiledModules/_Builtin_stddef-5NQ9Z1GV07GBSRQGAQCGXGVRI.pcm
SwiftExplicitDependencyGeneratePcm arm64 /Users/admin/builder/spi-builder-workspace/.derivedData/SDKExplicitPrecompiledModules/_Builtin_float-6WKHNW5S40U2QGHXXGETUDIRA.pcm
SwiftExplicitDependencyGeneratePcm arm64 /Users/admin/builder/spi-builder-workspace/.derivedData/SDKExplicitPrecompiledModules/ptrcheck-BXA97MNLI4BB0HF5I8MJE403D.pcm
SwiftExplicitDependencyGeneratePcm arm64 /Users/admin/builder/spi-builder-workspace/.derivedData/SDKExplicitPrecompiledModules/_Builtin_stdbool-5BU2ADS7JXQMYENKQHW9X8XOU.pcm
SwiftExplicitDependencyGeneratePcm arm64 /Users/admin/builder/spi-builder-workspace/.derivedData/SDKExplicitPrecompiledModules/_SwiftConcurrencyShims-C8XHKSHX96D5YYALNM4W70Z0O.pcm
SwiftExplicitDependencyGeneratePcm arm64 /Users/admin/builder/spi-builder-workspace/.derivedData/SDKExplicitPrecompiledModules/_Builtin_stdarg-CDA349K2K4US766844K8E0PVA.pcm
SwiftExplicitDependencyGeneratePcm arm64 /Users/admin/builder/spi-builder-workspace/.derivedData/SDKExplicitPrecompiledModules/SwiftShims-CI4H5RO9IYFFWQ2COB512Q2S9.pcm
SwiftExplicitDependencyGeneratePcm arm64 /Users/admin/builder/spi-builder-workspace/.derivedData/SDKExplicitPrecompiledModules/ptrauth-1WBA714DZSVUL5JQDJ08CLKZ.pcm
SwiftExplicitDependencyGeneratePcm arm64 /Users/admin/builder/spi-builder-workspace/.derivedData/SDKExplicitPrecompiledModules/_DarwinFoundation1-5RGRVV2TZ6WC4WZW5IXF8NQ04.pcm
SwiftExplicitDependencyGeneratePcm arm64 /Users/admin/builder/spi-builder-workspace/.derivedData/SDKExplicitPrecompiledModules/_DarwinFoundation2-ENTECK156YEWITZRRBTOCE4KR.pcm
SwiftExplicitDependencyGeneratePcm arm64 /Users/admin/builder/spi-builder-workspace/.derivedData/SDKExplicitPrecompiledModules/_Builtin_limits-425JDMN5HPM3D0UEI8LEHP6NM.pcm
SwiftExplicitDependencyGeneratePcm arm64 /Users/admin/builder/spi-builder-workspace/.derivedData/SDKExplicitPrecompiledModules/_Builtin_tgmath-BPYSMHWI520EQRL2HW519ZY7Z.pcm
SwiftExplicitDependencyGeneratePcm arm64 /Users/admin/builder/spi-builder-workspace/.derivedData/SDKExplicitPrecompiledModules/_Builtin_stdint-8OR6T47OOYJA90ZBO3N1USDE.pcm
SwiftExplicitDependencyGeneratePcm arm64 /Users/admin/builder/spi-builder-workspace/.derivedData/SDKExplicitPrecompiledModules/string_h-2GT67HHHHK5CF1V1S31LH0PU2.pcm
SwiftExplicitDependencyGeneratePcm arm64 /Users/admin/builder/spi-builder-workspace/.derivedData/SDKExplicitPrecompiledModules/sys_types-AYM0BHR77VKMWZCO2T0XGV2HF.pcm
SwiftExplicitDependencyGeneratePcm arm64 /Users/admin/builder/spi-builder-workspace/.derivedData/SDKExplicitPrecompiledModules/_Builtin_stdatomic-1VUZPM79PNCAHXVBERD53WRSF.pcm
SwiftExplicitDependencyGeneratePcm arm64 /Users/admin/builder/spi-builder-workspace/.derivedData/SDKExplicitPrecompiledModules/_DarwinFoundation3-9ZHN6JKBS40BBA81RQMV8H0IC.pcm
SwiftExplicitDependencyGeneratePcm arm64 /Users/admin/builder/spi-builder-workspace/.derivedData/SDKExplicitPrecompiledModules/_Builtin_intrinsics-BC5IJI3YI34RQ61ZNVDRDZ6RN.pcm
SwiftExplicitDependencyGeneratePcm arm64 /Users/admin/builder/spi-builder-workspace/.derivedData/SDKExplicitPrecompiledModules/_Builtin_inttypes-11B64KJD36B3YOHBR1BBXBJY8.pcm
SwiftExplicitDependencyGeneratePcm arm64 /Users/admin/builder/spi-builder-workspace/.derivedData/SDKExplicitPrecompiledModules/Darwin-60P5LVNQO3ESRRM5DCJ05PFNK.pcm
SwiftExplicitDependencyGeneratePcm arm64 /Users/admin/builder/spi-builder-workspace/.derivedData/SDKExplicitPrecompiledModules/simd-9XXAB17Y6E4BBPQADD61NZ23.pcm
SwiftExplicitDependencyGeneratePcm arm64 /Users/admin/builder/spi-builder-workspace/.derivedData/SDKExplicitPrecompiledModules/MachO-3XTHY7HWV6RF3KXKYQVHUBUXK.pcm
SwiftExplicitDependencyGeneratePcm arm64 /Users/admin/builder/spi-builder-workspace/.derivedData/SDKExplicitPrecompiledModules/ObjectiveC-26TIBFYCEJZVP216ZZAU1X8KN.pcm
SwiftExplicitDependencyGeneratePcm arm64 /Users/admin/builder/spi-builder-workspace/.derivedData/SDKExplicitPrecompiledModules/os_object-692CJ8BG6RE5H04487EJJOVXW.pcm
SwiftExplicitDependencyGeneratePcm arm64 /Users/admin/builder/spi-builder-workspace/.derivedData/SDKExplicitPrecompiledModules/os_workgroup-4U1VXMWIZD80E7PRUQF2G7P9X.pcm
SwiftExplicitDependencyGeneratePcm arm64 /Users/admin/builder/spi-builder-workspace/.derivedData/SDKExplicitPrecompiledModules/Dispatch-CLT3466HKC22GCKAWSCNG0H7T.pcm
SwiftExplicitDependencyGeneratePcm arm64 /Users/admin/builder/spi-builder-workspace/.derivedData/SDKExplicitPrecompiledModules/Spatial-5E0I2846LO3ZE24CSVR2O57TI.pcm
SwiftExplicitDependencyGeneratePcm arm64 /Users/admin/builder/spi-builder-workspace/.derivedData/SDKExplicitPrecompiledModules/CoreFoundation-AVLTZVCXBU2TO75JCN4AGU8XJ.pcm
SwiftExplicitDependencyGeneratePcm arm64 /Users/admin/builder/spi-builder-workspace/.derivedData/SDKExplicitPrecompiledModules/XPC-EP5EU7FNGP4VOA3EDM18P1KHO.pcm
SwiftExplicitDependencyGeneratePcm arm64 /Users/admin/builder/spi-builder-workspace/.derivedData/SDKExplicitPrecompiledModules/os-1004XEJ3IXOOAU0KL58SM3D0K.pcm
SwiftExplicitDependencyGeneratePcm arm64 /Users/admin/builder/spi-builder-workspace/.derivedData/SDKExplicitPrecompiledModules/CFNetwork-5MI70N1VLDQSWTX4COWLMSIRO.pcm
SwiftExplicitDependencyGeneratePcm arm64 /Users/admin/builder/spi-builder-workspace/.derivedData/SDKExplicitPrecompiledModules/CoreGraphics-BFUJ177R223UT2ZI327ZTZY91.pcm
SwiftExplicitDependencyGeneratePcm arm64 /Users/admin/builder/spi-builder-workspace/.derivedData/SDKExplicitPrecompiledModules/Security-8TH2M8WJIQMET4SADWX0N8372.pcm
SwiftExplicitDependencyGeneratePcm arm64 /Users/admin/builder/spi-builder-workspace/.derivedData/SDKExplicitPrecompiledModules/Foundation-8GON1KVEKRN3NOQI8RETBRWJP.pcm
SwiftExplicitDependencyGeneratePcm arm64 /Users/admin/builder/spi-builder-workspace/.derivedData/SDKExplicitPrecompiledModules/CoreText-6F9TY5TEPCCZ1K2KYM4GMEGHD.pcm
SwiftExplicitDependencyGeneratePcm arm64 /Users/admin/builder/spi-builder-workspace/.derivedData/SDKExplicitPrecompiledModules/ImageIO-5CC6COR9KJYI1UBL7CSHLU2OG.pcm
SwiftExplicitDependencyGeneratePcm arm64 /Users/admin/builder/spi-builder-workspace/.derivedData/SDKExplicitPrecompiledModules/Symbols-8G2XC01RPQ5HYIZE6JNUT864I.pcm
SwiftExplicitDependencyGeneratePcm arm64 /Users/admin/builder/spi-builder-workspace/.derivedData/SDKExplicitPrecompiledModules/OSLog-BNGT87TS0GMBFF7TY70HHB69.pcm
SwiftExplicitDependencyGeneratePcm arm64 /Users/admin/builder/spi-builder-workspace/.derivedData/SDKExplicitPrecompiledModules/UniformTypeIdentifiers-E5KMWDZEKS4QW9RO1KBRDEXV6.pcm
SwiftExplicitDependencyGeneratePcm arm64 /Users/admin/builder/spi-builder-workspace/.derivedData/SDKExplicitPrecompiledModules/Accessibility-1DR4J4YDVDGAYQTZ0FKZ1PU09.pcm
SwiftExplicitDependencyGeneratePcm arm64 /Users/admin/builder/spi-builder-workspace/.derivedData/SDKExplicitPrecompiledModules/_LocationEssentials-8GQGFVARUE99D8VJX3TINY0VP.pcm
SwiftExplicitDependencyGeneratePcm arm64 /Users/admin/builder/spi-builder-workspace/.derivedData/SDKExplicitPrecompiledModules/CoreTransferable-8TBYAKHCX6UC8QQSS7BD8GQK5.pcm
SwiftExplicitDependencyGeneratePcm arm64 /Users/admin/builder/spi-builder-workspace/.derivedData/SDKExplicitPrecompiledModules/IOSurface-5FE9U89GVFF9A7X7AGO2R8ENI.pcm
SwiftExplicitDependencyGeneratePcm arm64 /Users/admin/builder/spi-builder-workspace/.derivedData/SDKExplicitPrecompiledModules/UserNotifications-8IIV1V1FPNAPA4LY1Y23LOM2N.pcm
SwiftExplicitDependencyGeneratePcm arm64 /Users/admin/builder/spi-builder-workspace/.derivedData/SDKExplicitPrecompiledModules/UIUtilities-AOVGLUWEAN6CG2UZFNESGSP6C.pcm
SwiftExplicitDependencyGeneratePcm arm64 /Users/admin/builder/spi-builder-workspace/.derivedData/SDKExplicitPrecompiledModules/FileProvider-C9I28SI56F2SEVH1BCWTKGODO.pcm
SwiftExplicitDependencyGeneratePcm arm64 /Users/admin/builder/spi-builder-workspace/.derivedData/SDKExplicitPrecompiledModules/LocalAuthentication-9MSPUJ85OBXBTOD7NJCT1GZ0O.pcm
SwiftExplicitDependencyGeneratePcm arm64 /Users/admin/builder/spi-builder-workspace/.derivedData/SDKExplicitPrecompiledModules/DataDetection-BANTQ3WXXGKZJYC0LLB3MD9K0.pcm
SwiftExplicitDependencyGeneratePcm arm64 /Users/admin/builder/spi-builder-workspace/.derivedData/SDKExplicitPrecompiledModules/CoreLocation-1SN37095DAPVJ068LLP9TBDQX.pcm
SwiftExplicitDependencyGeneratePcm arm64 /Users/admin/builder/spi-builder-workspace/.derivedData/SDKExplicitPrecompiledModules/OpenGLES-56BKSYXNVAP91BYZRWAKQZKGI.pcm
SwiftExplicitDependencyGeneratePcm arm64 /Users/admin/builder/spi-builder-workspace/.derivedData/SDKExplicitPrecompiledModules/Metal-EKNUM9P3PRIBHZK1ZBD6BA2T7.pcm
SwiftExplicitDependencyGeneratePcm arm64 /Users/admin/builder/spi-builder-workspace/.derivedData/SDKExplicitPrecompiledModules/CoreMotion-10LV922UPGE28QX2SOIO7ALIZ.pcm
SwiftExplicitDependencyGeneratePcm arm64 /Users/admin/builder/spi-builder-workspace/.derivedData/SDKExplicitPrecompiledModules/CoreVideo-E12HJSJSLO0YKWYBES11UKJ02.pcm
SwiftExplicitDependencyGeneratePcm arm64 /Users/admin/builder/spi-builder-workspace/.derivedData/SDKExplicitPrecompiledModules/CoreImage-8WF1P230U10QM666EQMNV7OF1.pcm
SwiftExplicitDependencyGeneratePcm arm64 /Users/admin/builder/spi-builder-workspace/.derivedData/SDKExplicitPrecompiledModules/QuartzCore-12T8WVKUNCL1N7VXH87MM4YOB.pcm
SwiftExplicitDependencyGeneratePcm arm64 /Users/admin/builder/spi-builder-workspace/.derivedData/SDKExplicitPrecompiledModules/SwiftUICore-6OBBMA39VFD4CB6SG2PE41FAP.pcm
SwiftExplicitDependencyGeneratePcm arm64 /Users/admin/builder/spi-builder-workspace/.derivedData/SDKExplicitPrecompiledModules/UIKit-2D2PMAAE45TMO6S28UCGCO5BR.pcm
SwiftExplicitDependencyGeneratePcm arm64 /Users/admin/builder/spi-builder-workspace/.derivedData/SDKExplicitPrecompiledModules/MapKit-4R58INQN0LHPM5YCXZDHLMF9B.pcm
SwiftEmitModule normal arm64 Emitting\ module\ for\ Carlos (in target 'Carlos' from project 'Carlos')
SwiftCompile normal arm64 (in target 'Carlos' from project 'Carlos')
cd /Users/admin/builder/spi-builder-workspace/.swiftpm/xcode
SwiftCompile normal arm64 Compiling\ StringConvertible.swift,\ UnfairLock.swift,\ CacheLevel+Batch.swift,\ KeyTransformation.swift /Users/admin/builder/spi-builder-workspace/Sources/Carlos/Core/StringConvertible.swift /Users/admin/builder/spi-builder-workspace/Sources/Carlos/Core/UnfairLock.swift /Users/admin/builder/spi-builder-workspace/Sources/Carlos/Operations/CacheLevel+Batch.swift /Users/admin/builder/spi-builder-workspace/Sources/Carlos/Operations/KeyTransformation.swift (in target 'Carlos' from project 'Carlos')
SwiftCompile normal arm64 /Users/admin/builder/spi-builder-workspace/Sources/Carlos/Core/StringConvertible.swift (in target 'Carlos' from project 'Carlos')
cd /Users/admin/builder/spi-builder-workspace/.swiftpm/xcode
builtin-SwiftPerFileCompile StringConvertible.swift
SwiftCompile normal arm64 /Users/admin/builder/spi-builder-workspace/Sources/Carlos/Core/UnfairLock.swift (in target 'Carlos' from project 'Carlos')
cd /Users/admin/builder/spi-builder-workspace/.swiftpm/xcode
builtin-SwiftPerFileCompile UnfairLock.swift
SwiftCompile normal arm64 /Users/admin/builder/spi-builder-workspace/Sources/Carlos/Operations/CacheLevel+Batch.swift (in target 'Carlos' from project 'Carlos')
cd /Users/admin/builder/spi-builder-workspace/.swiftpm/xcode
builtin-SwiftPerFileCompile CacheLevel+Batch.swift
SwiftCompile normal arm64 /Users/admin/builder/spi-builder-workspace/Sources/Carlos/Operations/KeyTransformation.swift (in target 'Carlos' from project 'Carlos')
cd /Users/admin/builder/spi-builder-workspace/.swiftpm/xcode
builtin-SwiftPerFileCompile KeyTransformation.swift
SwiftCompile normal arm64 Compiling\ OneWayTransformer.swift,\ StringTransformer.swift,\ Transformers.swift,\ TwoWayTransformer.swift /Users/admin/builder/spi-builder-workspace/Sources/Carlos/Transformers/OneWayTransformer.swift /Users/admin/builder/spi-builder-workspace/Sources/Carlos/Transformers/StringTransformer.swift /Users/admin/builder/spi-builder-workspace/Sources/Carlos/Transformers/Transformers.swift /Users/admin/builder/spi-builder-workspace/Sources/Carlos/Transformers/TwoWayTransformer.swift (in target 'Carlos' from project 'Carlos')
SwiftCompile normal arm64 /Users/admin/builder/spi-builder-workspace/Sources/Carlos/Transformers/OneWayTransformer.swift (in target 'Carlos' from project 'Carlos')
cd /Users/admin/builder/spi-builder-workspace/.swiftpm/xcode
builtin-SwiftPerFileCompile OneWayTransformer.swift
SwiftCompile normal arm64 /Users/admin/builder/spi-builder-workspace/Sources/Carlos/Transformers/StringTransformer.swift (in target 'Carlos' from project 'Carlos')
cd /Users/admin/builder/spi-builder-workspace/.swiftpm/xcode
builtin-SwiftPerFileCompile StringTransformer.swift
SwiftCompile normal arm64 /Users/admin/builder/spi-builder-workspace/Sources/Carlos/Transformers/Transformers.swift (in target 'Carlos' from project 'Carlos')
cd /Users/admin/builder/spi-builder-workspace/.swiftpm/xcode
builtin-SwiftPerFileCompile Transformers.swift
SwiftCompile normal arm64 /Users/admin/builder/spi-builder-workspace/Sources/Carlos/Transformers/TwoWayTransformer.swift (in target 'Carlos' from project 'Carlos')
cd /Users/admin/builder/spi-builder-workspace/.swiftpm/xcode
builtin-SwiftPerFileCompile TwoWayTransformer.swift
SwiftCompile normal arm64 Compiling\ FetcherValueTransformation.swift,\ FunctionComposition.swift,\ Logger.swift,\ MemoryWarning.swift /Users/admin/builder/spi-builder-workspace/Sources/Carlos/Core/FetcherValueTransformation.swift /Users/admin/builder/spi-builder-workspace/Sources/Carlos/Core/FunctionComposition.swift /Users/admin/builder/spi-builder-workspace/Sources/Carlos/Core/Logger.swift /Users/admin/builder/spi-builder-workspace/Sources/Carlos/Core/MemoryWarning.swift (in target 'Carlos' from project 'Carlos')
/Users/admin/builder/spi-builder-workspace/Sources/Carlos/Core/MemoryWarning.swift:23:64: error: cannot find 'UIApplication' in scope
21 | return source
22 | #else
23 | return NotificationCenter.default.addObserver(forName: UIApplication.didReceiveMemoryWarningNotification, object: nil, queue: OperationQueue.main, using: { [weak self] _ in
| `- error: cannot find 'UIApplication' in scope
24 | self?.onMemoryWarning()
25 | })
/Users/admin/builder/spi-builder-workspace/Sources/Carlos/Core/MemoryWarning.swift:41:62: error: cannot find 'UIApplication' in scope
39 | }
40 | #else
41 | NotificationCenter.default.removeObserver(token, name: UIApplication.didReceiveMemoryWarningNotification, object: nil)
| `- error: cannot find 'UIApplication' in scope
42 | #endif
43 | }
Failed frontend command:
/Applications/Xcode-27.0.0-Release.Candidate.app/Contents/Developer/Toolchains/XcodeDefault.xctoolchain/usr/bin/swift-frontend -frontend -c /Users/admin/builder/spi-builder-workspace/Sources/Carlos/CacheLevels/BatchAllCache.swift /Users/admin/builder/spi-builder-workspace/Sources/Carlos/CacheLevels/Composed.swift /Users/admin/builder/spi-builder-workspace/Sources/Carlos/CacheLevels/Conditioned.swift /Users/admin/builder/spi-builder-workspace/Sources/Carlos/CacheLevels/DiskCacheLevel.swift /Users/admin/builder/spi-builder-workspace/Sources/Carlos/CacheLevels/Fetcher.swift /Users/admin/builder/spi-builder-workspace/Sources/Carlos/CacheLevels/MemoryCacheLevel.swift /Users/admin/builder/spi-builder-workspace/Sources/Carlos/CacheLevels/NSUserDefaultsCacheLevel.swift /Users/admin/builder/spi-builder-workspace/Sources/Carlos/CacheLevels/NetworkFetcher.swift /Users/admin/builder/spi-builder-workspace/Sources/Carlos/CacheLevels/PoolCache.swift /Users/admin/builder/spi-builder-workspace/Sources/Carlos/CacheProvider.swift /Users/admin/builder/spi-builder-workspace/Sources/Carlos/Carlos.swift /Users/admin/builder/spi-builder-workspace/Sources/Carlos/Core/BasicCache.swift /Users/admin/builder/spi-builder-workspace/Sources/Carlos/Core/BasicFetcher.swift /Users/admin/builder/spi-builder-workspace/Sources/Carlos/Core/Errors.swift /Users/admin/builder/spi-builder-workspace/Sources/Carlos/Core/ExpensiveObject.swift /Users/admin/builder/spi-builder-workspace/Sources/Carlos/Core/Extensions.swift -primary-file /Users/admin/builder/spi-builder-workspace/Sources/Carlos/Core/FetcherValueTransformation.swift -primary-file /Users/admin/builder/spi-builder-workspace/Sources/Carlos/Core/FunctionComposition.swift -primary-file /Users/admin/builder/spi-builder-workspace/Sources/Carlos/Core/Logger.swift -primary-file /Users/admin/builder/spi-builder-workspace/Sources/Carlos/Core/MemoryWarning.swift /Users/admin/builder/spi-builder-workspace/Sources/Carlos/Core/StringConvertible.swift /Users/admin/builder/spi-builder-workspace/Sources/Carlos/Core/UnfairLock.swift /Users/admin/builder/spi-builder-workspace/Sources/Carlos/Operations/CacheLevel+Batch.swift /Users/admin/builder/spi-builder-workspace/Sources/Carlos/Operations/KeyTransformation.swift /Users/admin/builder/spi-builder-workspace/Sources/Carlos/Operations/Normalize.swift /Users/admin/builder/spi-builder-workspace/Sources/Carlos/Operations/PostProcess.swift /Users/admin/builder/spi-builder-workspace/Sources/Carlos/Operations/SwitchCache.swift /Users/admin/builder/spi-builder-workspace/Sources/Carlos/Operations/ValueTransformation.swift /Users/admin/builder/spi-builder-workspace/Sources/Carlos/Transformers/ComposedOneWayTransformer.swift /Users/admin/builder/spi-builder-workspace/Sources/Carlos/Transformers/ComposedTwoWayTransformer.swift /Users/admin/builder/spi-builder-workspace/Sources/Carlos/Transformers/ConditionedOneWayTransformer.swift /Users/admin/builder/spi-builder-workspace/Sources/Carlos/Transformers/ConditionedOutputProcessing.swift /Users/admin/builder/spi-builder-workspace/Sources/Carlos/Transformers/ConditionedTwoWayTransformer.swift /Users/admin/builder/spi-builder-workspace/Sources/Carlos/Transformers/ConditionedValueTransformation.swift /Users/admin/builder/spi-builder-workspace/Sources/Carlos/Transformers/ImageTransformer.swift /Users/admin/builder/spi-builder-workspace/Sources/Carlos/Transformers/JSONTransformer.swift /Users/admin/builder/spi-builder-workspace/Sources/Carlos/Transformers/OneWayTransformer.swift /Users/admin/builder/spi-builder-workspace/Sources/Carlos/Transformers/StringTransformer.swift /Users/admin/builder/spi-builder-workspace/Sources/Carlos/Transformers/Transformers.swift /Users/admin/builder/spi-builder-workspace/Sources/Carlos/Transformers/TwoWayTransformer.swift -supplementary-output-file-map /Users/admin/builder/spi-builder-workspace/.derivedData/Build/Intermediates.noindex/Carlos.build/Debug-xros/Carlos-t.build/Objects-normal/arm64/supplementaryOutputs-5 -target arm64-apple-xros1.0 -disable-cross-import-overlay-search -swift-module-cross-import MapKit /Applications/Xcode-27.0.0-Release.Candidate.app/Contents/Developer/Platforms/XROS.platform/Developer/SDKs/XROS.sdk/System/Library/Frameworks/MapKit.framework/Modules/MapKit.swiftcrossimport/SwiftUI.swiftoverlay -swift-module-cross-import MapKit /Applications/Xcode-27.0.0-Release.Candidate.app/Contents/Developer/Platforms/XROS.platform/Developer/SDKs/XROS27.0.sdk/System/Library/Frameworks/MapKit.framework/Modules/MapKit.swiftcrossimport/SwiftUI.swiftoverlay -load-resolved-plugin /Applications/Xcode-27.0.0-Release.Candidate.app/Contents/Developer/Platforms/XROS.platform/Developer/usr/lib/swift/host/plugins/libFoundationMacros.dylib\#/Applications/Xcode-27.0.0-Release.Candidate.app/Contents/Developer/Platforms/XROS.platform/Developer/usr/bin/swift-plugin-server\#FoundationMacros -load-resolved-plugin /Applications/Xcode-27.0.0-Release.Candidate.app/Contents/Developer/Platforms/XROS.platform/Developer/usr/lib/swift/host/plugins/libObservationMacros.dylib\#/Applications/Xcode-27.0.0-Release.Candidate.app/Contents/Developer/Platforms/XROS.platform/Developer/usr/bin/swift-plugin-server\#ObservationMacros -load-resolved-plugin /Applications/Xcode-27.0.0-Release.Candidate.app/Contents/Developer/Platforms/XROS.platform/Developer/usr/lib/swift/host/plugins/libPreviewsMacros.dylib\#/Applications/Xcode-27.0.0-Release.Candidate.app/Contents/Developer/Platforms/XROS.platform/Developer/usr/bin/swift-plugin-server\#PreviewsMacros -load-resolved-plugin /Applications/Xcode-27.0.0-Release.Candidate.app/Contents/Developer/Platforms/XROS.platform/Developer/usr/lib/swift/host/plugins/libSwiftMacros.dylib\#/Applications/Xcode-27.0.0-Release.Candidate.app/Contents/Developer/Platforms/XROS.platform/Developer/usr/bin/swift-plugin-server\#SwiftMacros -load-resolved-plugin /Applications/Xcode-27.0.0-Release.Candidate.app/Contents/Developer/Platforms/XROS.platform/Developer/usr/lib/swift/host/plugins/libSwiftUIMacros.dylib\#/Applications/Xcode-27.0.0-Release.Candidate.app/Contents/Developer/Platforms/XROS.platform/Developer/usr/bin/swift-plugin-server\#SwiftUIMacros -disable-implicit-swift-modules -Xcc -fno-implicit-modules -Xcc -fno-implicit-module-maps -explicit-swift-module-map-file /Users/admin/builder/spi-builder-workspace/.derivedData/Build/Intermediates.noindex/Carlos.build/Debug-xros/Carlos-t.build/Objects-normal/arm64/Carlos-dependencies-1.json -Xllvm -aarch64-use-tbi -enable-objc-interop -stack-check -sdk /Applications/Xcode-27.0.0-Release.Candidate.app/Contents/Developer/Platforms/XROS.platform/Developer/SDKs/XROS27.0.sdk -I /Users/admin/builder/spi-builder-workspace/.derivedData/Build/Products/Debug-xros -Isystem /Applications/Xcode-27.0.0-Release.Candidate.app/Contents/Developer/Platforms/XROS.platform/Developer/usr/lib -F /Users/admin/builder/spi-builder-workspace/.derivedData/Build/Products/Debug-xros -F /Applications/Xcode-27.0.0-Release.Candidate.app/Contents/Developer/Platforms/XROS.platform/Developer/Library/Frameworks -F /Applications/Xcode-27.0.0-Release.Candidate.app/Contents/Developer/Platforms/XROS.platform/Developer/SDKs/XROS27.0.sdk/Developer/Library/Frameworks -module-cache-path /Users/admin/builder/spi-builder-workspace/.derivedData/Build/Intermediates.noindex/SwiftExplicitPrecompiledModules -no-color-diagnostics -Xcc -fno-color-diagnostics -enable-testing -g -debug-info-format\=dwarf -dwarf-version\=4 -profile-generate -profile-coverage-mapping -swift-version 5 -Onone -D SWIFT_PACKAGE -D DEBUG -D SWIFT_MODULE_RESOURCE_BUNDLE_UNAVAILABLE -D Xcode -serialize-debugging-options -enable-experimental-feature DebugDescriptionMacro -empty-abi-descriptor -validate-clang-modules-once -clang-build-session-file /Users/admin/builder/spi-builder-workspace/.derivedData/ModuleCache.noindex/Session.modulevalidation -Xcc -working-directory -Xcc /Users/admin/builder/spi-builder-workspace/.swiftpm/xcode -enable-anonymous-context-mangled-names -file-compilation-dir /Users/admin/builder/spi-builder-workspace/.swiftpm/xcode -Xcc -D_LIBCPP_HARDENING_MODE\=_LIBCPP_HARDENING_MODE_DEBUG -Xcc -ivfsstatcache -Xcc /Users/admin/builder/spi-builder-workspace/.derivedData/SDKStatCaches.noindex/xros27.0-24M361-e829b21a6f8c9b70876ba0858053c044735bd543db762f57723cac368afd1ce4.sdkstatcache -Xcc -fmodules-prune-interval\=86400 -Xcc -fmodules-prune-after\=345600 -Xcc -I/Users/admin/builder/spi-builder-workspace/.derivedData/Build/Products/Debug-xros/include -Xcc -I/Users/admin/builder/spi-builder-workspace/.derivedData/Build/Intermediates.noindex/Carlos.build/Debug-xros/Carlos-t.build/DerivedSources-normal/arm64 -Xcc -I/Users/admin/builder/spi-builder-workspace/.derivedData/Build/Intermediates.noindex/Carlos.build/Debug-xros/Carlos-t.build/DerivedSources/arm64 -Xcc -I/Users/admin/builder/spi-builder-workspace/.derivedData/Build/Intermediates.noindex/Carlos.build/Debug-xros/Carlos-t.build/DerivedSources -Xcc -DSWIFT_PACKAGE -Xcc -DDEBUG\=1 -no-auto-bridging-header-chaining -module-name Carlos -const-gather-protocols-file /Users/admin/builder/spi-builder-workspace/.derivedData/Build/Intermediates.noindex/Carlos.build/Debug-xros/Carlos-t.build/Objects-normal/arm64/Carlos_const_extract_protocols.json -disable-clang-spi -clang-target arm64-apple-xros27.0 -target-sdk-version 27.0 -target-sdk-name xros27.0 -in-process-plugin-server-path /Applications/Xcode-27.0.0-Release.Candidate.app/Contents/Developer/Toolchains/XcodeDefault.xctoolchain/usr/lib/swift/host/libSwiftInProcPluginServer.dylib -parse-as-library -o /Users/admin/builder/spi-builder-workspace/.derivedData/Build/Intermediates.noindex/Carlos.build/Debug-xros/Carlos-t.build/Objects-normal/arm64/FetcherValueTransformation.o -o /Users/admin/builder/spi-builder-workspace/.derivedData/Build/Intermediates.noindex/Carlos.build/Debug-xros/Carlos-t.build/Objects-normal/arm64/FunctionComposition.o -o /Users/admin/builder/spi-builder-workspace/.derivedData/Build/Intermediates.noindex/Carlos.build/Debug-xros/Carlos-t.build/Objects-normal/arm64/Logger.o -o /Users/admin/builder/spi-builder-workspace/.derivedData/Build/Intermediates.noindex/Carlos.build/Debug-xros/Carlos-t.build/Objects-normal/arm64/MemoryWarning.o -debug-module-path /Users/admin/builder/spi-builder-workspace/.derivedData/Build/Intermediates.noindex/Carlos.build/Debug-xros/Carlos-t.build/Objects-normal/arm64/Carlos.swiftmodule -index-unit-output-path /Carlos.build/Debug-xros/Carlos-t.build/Objects-normal/arm64/FetcherValueTransformation.o -index-unit-output-path /Carlos.build/Debug-xros/Carlos-t.build/Objects-normal/arm64/FunctionComposition.o -index-unit-output-path /Carlos.build/Debug-xros/Carlos-t.build/Objects-normal/arm64/Logger.o -index-unit-output-path /Carlos.build/Debug-xros/Carlos-t.build/Objects-normal/arm64/MemoryWarning.o -index-store-path /Users/admin/builder/spi-builder-workspace/.derivedData/Index.noindex/DataStore -index-system-modules
SwiftCompile normal arm64 /Users/admin/builder/spi-builder-workspace/Sources/Carlos/Core/FetcherValueTransformation.swift (in target 'Carlos' from project 'Carlos')
cd /Users/admin/builder/spi-builder-workspace/.swiftpm/xcode
builtin-SwiftPerFileCompile FetcherValueTransformation.swift
SwiftCompile normal arm64 /Users/admin/builder/spi-builder-workspace/Sources/Carlos/Core/FunctionComposition.swift (in target 'Carlos' from project 'Carlos')
cd /Users/admin/builder/spi-builder-workspace/.swiftpm/xcode
builtin-SwiftPerFileCompile FunctionComposition.swift
SwiftCompile normal arm64 /Users/admin/builder/spi-builder-workspace/Sources/Carlos/Core/Logger.swift (in target 'Carlos' from project 'Carlos')
cd /Users/admin/builder/spi-builder-workspace/.swiftpm/xcode
builtin-SwiftPerFileCompile Logger.swift
SwiftCompile normal arm64 /Users/admin/builder/spi-builder-workspace/Sources/Carlos/Core/MemoryWarning.swift (in target 'Carlos' from project 'Carlos')
cd /Users/admin/builder/spi-builder-workspace/.swiftpm/xcode
builtin-SwiftPerFileCompile MemoryWarning.swift
SwiftCompile normal arm64 Compiling\ BasicFetcher.swift,\ Errors.swift,\ ExpensiveObject.swift,\ Extensions.swift /Users/admin/builder/spi-builder-workspace/Sources/Carlos/Core/BasicFetcher.swift /Users/admin/builder/spi-builder-workspace/Sources/Carlos/Core/Errors.swift /Users/admin/builder/spi-builder-workspace/Sources/Carlos/Core/ExpensiveObject.swift /Users/admin/builder/spi-builder-workspace/Sources/Carlos/Core/Extensions.swift (in target 'Carlos' from project 'Carlos')
SwiftCompile normal arm64 /Users/admin/builder/spi-builder-workspace/Sources/Carlos/Core/BasicFetcher.swift (in target 'Carlos' from project 'Carlos')
cd /Users/admin/builder/spi-builder-workspace/.swiftpm/xcode
builtin-SwiftPerFileCompile BasicFetcher.swift
SwiftCompile normal arm64 /Users/admin/builder/spi-builder-workspace/Sources/Carlos/Core/Errors.swift (in target 'Carlos' from project 'Carlos')
cd /Users/admin/builder/spi-builder-workspace/.swiftpm/xcode
builtin-SwiftPerFileCompile Errors.swift
SwiftCompile normal arm64 /Users/admin/builder/spi-builder-workspace/Sources/Carlos/Core/ExpensiveObject.swift (in target 'Carlos' from project 'Carlos')
cd /Users/admin/builder/spi-builder-workspace/.swiftpm/xcode
builtin-SwiftPerFileCompile ExpensiveObject.swift
SwiftCompile normal arm64 /Users/admin/builder/spi-builder-workspace/Sources/Carlos/Core/Extensions.swift (in target 'Carlos' from project 'Carlos')
cd /Users/admin/builder/spi-builder-workspace/.swiftpm/xcode
builtin-SwiftPerFileCompile Extensions.swift
SwiftCompile normal arm64 Compiling\ Fetcher.swift,\ MemoryCacheLevel.swift,\ NSUserDefaultsCacheLevel.swift,\ NetworkFetcher.swift /Users/admin/builder/spi-builder-workspace/Sources/Carlos/CacheLevels/Fetcher.swift /Users/admin/builder/spi-builder-workspace/Sources/Carlos/CacheLevels/MemoryCacheLevel.swift /Users/admin/builder/spi-builder-workspace/Sources/Carlos/CacheLevels/NSUserDefaultsCacheLevel.swift /Users/admin/builder/spi-builder-workspace/Sources/Carlos/CacheLevels/NetworkFetcher.swift (in target 'Carlos' from project 'Carlos')
/Users/admin/builder/spi-builder-workspace/Sources/Carlos/CacheLevels/NSUserDefaultsCacheLevel.swift:99:57: warning: 'unarchiveTopLevelObjectWithData' was deprecated in iOS 1.0: Use unarchivedObject(ofClass:from:) instead [#DeprecatedDeclaration]
97 |
98 | if let cachedValue = self.safeInternalDomain[key.toString()] {
99 | if let unencodedObject = try? NSKeyedUnarchiver.unarchiveTopLevelObjectWithData(cachedValue) as? T {
| `- warning: 'unarchiveTopLevelObjectWithData' was deprecated in iOS 1.0: Use unarchivedObject(ofClass:from:) instead [#DeprecatedDeclaration]
100 | Logger.log("Fetched \(key.toString()) on user defaults level (domain \(self.domainName)")
101 | promise(.success(unencodedObject))
[#DeprecatedDeclaration]: <https://docs.swift.org/compiler/documentation/diagnostics/deprecated-declaration>
SwiftCompile normal arm64 /Users/admin/builder/spi-builder-workspace/Sources/Carlos/CacheLevels/Fetcher.swift (in target 'Carlos' from project 'Carlos')
cd /Users/admin/builder/spi-builder-workspace/.swiftpm/xcode
builtin-SwiftPerFileCompile Fetcher.swift
SwiftCompile normal arm64 /Users/admin/builder/spi-builder-workspace/Sources/Carlos/CacheLevels/MemoryCacheLevel.swift (in target 'Carlos' from project 'Carlos')
cd /Users/admin/builder/spi-builder-workspace/.swiftpm/xcode
builtin-SwiftPerFileCompile MemoryCacheLevel.swift
SwiftCompile normal arm64 /Users/admin/builder/spi-builder-workspace/Sources/Carlos/CacheLevels/NSUserDefaultsCacheLevel.swift (in target 'Carlos' from project 'Carlos')
cd /Users/admin/builder/spi-builder-workspace/.swiftpm/xcode
builtin-SwiftPerFileCompile NSUserDefaultsCacheLevel.swift
SwiftCompile normal arm64 /Users/admin/builder/spi-builder-workspace/Sources/Carlos/CacheLevels/NetworkFetcher.swift (in target 'Carlos' from project 'Carlos')
cd /Users/admin/builder/spi-builder-workspace/.swiftpm/xcode
builtin-SwiftPerFileCompile NetworkFetcher.swift
SwiftCompile normal arm64 Compiling\ PoolCache.swift,\ CacheProvider.swift,\ Carlos.swift,\ BasicCache.swift /Users/admin/builder/spi-builder-workspace/Sources/Carlos/CacheLevels/PoolCache.swift /Users/admin/builder/spi-builder-workspace/Sources/Carlos/CacheProvider.swift /Users/admin/builder/spi-builder-workspace/Sources/Carlos/Carlos.swift /Users/admin/builder/spi-builder-workspace/Sources/Carlos/Core/BasicCache.swift (in target 'Carlos' from project 'Carlos')
SwiftCompile normal arm64 /Users/admin/builder/spi-builder-workspace/Sources/Carlos/CacheLevels/PoolCache.swift (in target 'Carlos' from project 'Carlos')
cd /Users/admin/builder/spi-builder-workspace/.swiftpm/xcode
builtin-SwiftPerFileCompile PoolCache.swift
SwiftCompile normal arm64 /Users/admin/builder/spi-builder-workspace/Sources/Carlos/CacheProvider.swift (in target 'Carlos' from project 'Carlos')
cd /Users/admin/builder/spi-builder-workspace/.swiftpm/xcode
builtin-SwiftPerFileCompile CacheProvider.swift
SwiftCompile normal arm64 /Users/admin/builder/spi-builder-workspace/Sources/Carlos/Carlos.swift (in target 'Carlos' from project 'Carlos')
cd /Users/admin/builder/spi-builder-workspace/.swiftpm/xcode
builtin-SwiftPerFileCompile Carlos.swift
SwiftCompile normal arm64 /Users/admin/builder/spi-builder-workspace/Sources/Carlos/Core/BasicCache.swift (in target 'Carlos' from project 'Carlos')
cd /Users/admin/builder/spi-builder-workspace/.swiftpm/xcode
builtin-SwiftPerFileCompile BasicCache.swift
SwiftCompile normal arm64 Compiling\ BatchAllCache.swift,\ Composed.swift,\ Conditioned.swift,\ DiskCacheLevel.swift /Users/admin/builder/spi-builder-workspace/Sources/Carlos/CacheLevels/BatchAllCache.swift /Users/admin/builder/spi-builder-workspace/Sources/Carlos/CacheLevels/Composed.swift /Users/admin/builder/spi-builder-workspace/Sources/Carlos/CacheLevels/Conditioned.swift /Users/admin/builder/spi-builder-workspace/Sources/Carlos/CacheLevels/DiskCacheLevel.swift (in target 'Carlos' from project 'Carlos')
/Users/admin/builder/spi-builder-workspace/Sources/Carlos/CacheLevels/Composed.swift:20:32: warning: 'weak' ownership of capture 'self' differs from implicitly-captured strong reference in outer scope [#ImplicitStrongCapture]
12 | public func compose<A: CacheLevel>(_ cache: A) -> BasicCache<A.KeyType, A.OutputType> where A.KeyType == KeyType, A.OutputType == OutputType {
13 | BasicCache(
14 | getClosure: { key in
| |- note: 'self' implicitly strongly captured here
| `- note: add 'self' as a capture list item to silence
15 | self.get(key)
16 | .catch { _ -> AnyPublisher<OutputType, Error> in
:
18 |
19 | return cache.get(key)
20 | .flatMap { [weak self] value -> AnyPublisher<(OutputType, Void), Error> in
| |- warning: 'weak' ownership of capture 'self' differs from implicitly-captured strong reference in outer scope [#ImplicitStrongCapture]
| `- note: explicitly assign the capture list item to silence
21 | guard let self = self else {
22 | return Empty(completeImmediately: true).eraseToAnyPublisher()
/Users/admin/builder/spi-builder-workspace/Sources/Carlos/CacheLevels/DiskCacheLevel.swift:100:42: warning: 'unarchiveTopLevelObjectWithData' was deprecated in iOS 1.0: Use unarchivedObject(ofClass:from:) instead [#DeprecatedDeclaration]
98 |
99 | if let data = try? Data(contentsOf: URL(fileURLWithPath: path)),
100 | let obj = try? NSKeyedUnarchiver.unarchiveTopLevelObjectWithData(data) as? T
| `- warning: 'unarchiveTopLevelObjectWithData' was deprecated in iOS 1.0: Use unarchivedObject(ofClass:from:) instead [#DeprecatedDeclaration]
101 | {
102 | Logger.log("DiskCacheLevel| Fetched \(key.toString()) on disk level", .info)
[#DeprecatedDeclaration]: <https://docs.swift.org/compiler/documentation/diagnostics/deprecated-declaration>
[#ImplicitStrongCapture]: <https://docs.swift.org/compiler/documentation/diagnostics/implicit-strong-capture>
SwiftCompile normal arm64 /Users/admin/builder/spi-builder-workspace/Sources/Carlos/CacheLevels/BatchAllCache.swift (in target 'Carlos' from project 'Carlos')
cd /Users/admin/builder/spi-builder-workspace/.swiftpm/xcode
builtin-SwiftPerFileCompile BatchAllCache.swift
SwiftCompile normal arm64 /Users/admin/builder/spi-builder-workspace/Sources/Carlos/CacheLevels/Composed.swift (in target 'Carlos' from project 'Carlos')
cd /Users/admin/builder/spi-builder-workspace/.swiftpm/xcode
builtin-SwiftPerFileCompile Composed.swift
SwiftCompile normal arm64 /Users/admin/builder/spi-builder-workspace/Sources/Carlos/CacheLevels/Conditioned.swift (in target 'Carlos' from project 'Carlos')
cd /Users/admin/builder/spi-builder-workspace/.swiftpm/xcode
builtin-SwiftPerFileCompile Conditioned.swift
SwiftCompile normal arm64 /Users/admin/builder/spi-builder-workspace/Sources/Carlos/CacheLevels/DiskCacheLevel.swift (in target 'Carlos' from project 'Carlos')
cd /Users/admin/builder/spi-builder-workspace/.swiftpm/xcode
builtin-SwiftPerFileCompile DiskCacheLevel.swift
SwiftCompile normal arm64 Compiling\ ComposedOneWayTransformer.swift,\ ComposedTwoWayTransformer.swift,\ ConditionedOneWayTransformer.swift,\ ConditionedOutputProcessing.swift /Users/admin/builder/spi-builder-workspace/Sources/Carlos/Transformers/ComposedOneWayTransformer.swift /Users/admin/builder/spi-builder-workspace/Sources/Carlos/Transformers/ComposedTwoWayTransformer.swift /Users/admin/builder/spi-builder-workspace/Sources/Carlos/Transformers/ConditionedOneWayTransformer.swift /Users/admin/builder/spi-builder-workspace/Sources/Carlos/Transformers/ConditionedOutputProcessing.swift (in target 'Carlos' from project 'Carlos')
SwiftCompile normal arm64 /Users/admin/builder/spi-builder-workspace/Sources/Carlos/Transformers/ComposedOneWayTransformer.swift (in target 'Carlos' from project 'Carlos')
cd /Users/admin/builder/spi-builder-workspace/.swiftpm/xcode
builtin-SwiftPerFileCompile ComposedOneWayTransformer.swift
SwiftCompile normal arm64 /Users/admin/builder/spi-builder-workspace/Sources/Carlos/Transformers/ComposedTwoWayTransformer.swift (in target 'Carlos' from project 'Carlos')
cd /Users/admin/builder/spi-builder-workspace/.swiftpm/xcode
builtin-SwiftPerFileCompile ComposedTwoWayTransformer.swift
SwiftCompile normal arm64 /Users/admin/builder/spi-builder-workspace/Sources/Carlos/Transformers/ConditionedOneWayTransformer.swift (in target 'Carlos' from project 'Carlos')
cd /Users/admin/builder/spi-builder-workspace/.swiftpm/xcode
builtin-SwiftPerFileCompile ConditionedOneWayTransformer.swift
SwiftCompile normal arm64 /Users/admin/builder/spi-builder-workspace/Sources/Carlos/Transformers/ConditionedOutputProcessing.swift (in target 'Carlos' from project 'Carlos')
cd /Users/admin/builder/spi-builder-workspace/.swiftpm/xcode
builtin-SwiftPerFileCompile ConditionedOutputProcessing.swift
SwiftCompile normal arm64 Compiling\ Normalize.swift,\ PostProcess.swift,\ SwitchCache.swift,\ ValueTransformation.swift /Users/admin/builder/spi-builder-workspace/Sources/Carlos/Operations/Normalize.swift /Users/admin/builder/spi-builder-workspace/Sources/Carlos/Operations/PostProcess.swift /Users/admin/builder/spi-builder-workspace/Sources/Carlos/Operations/SwitchCache.swift /Users/admin/builder/spi-builder-workspace/Sources/Carlos/Operations/ValueTransformation.swift (in target 'Carlos' from project 'Carlos')
SwiftCompile normal arm64 /Users/admin/builder/spi-builder-workspace/Sources/Carlos/Operations/Normalize.swift (in target 'Carlos' from project 'Carlos')
cd /Users/admin/builder/spi-builder-workspace/.swiftpm/xcode
builtin-SwiftPerFileCompile Normalize.swift
SwiftCompile normal arm64 /Users/admin/builder/spi-builder-workspace/Sources/Carlos/Operations/PostProcess.swift (in target 'Carlos' from project 'Carlos')
cd /Users/admin/builder/spi-builder-workspace/.swiftpm/xcode
builtin-SwiftPerFileCompile PostProcess.swift
SwiftCompile normal arm64 /Users/admin/builder/spi-builder-workspace/Sources/Carlos/Operations/SwitchCache.swift (in target 'Carlos' from project 'Carlos')
cd /Users/admin/builder/spi-builder-workspace/.swiftpm/xcode
builtin-SwiftPerFileCompile SwitchCache.swift
SwiftCompile normal arm64 /Users/admin/builder/spi-builder-workspace/Sources/Carlos/Operations/ValueTransformation.swift (in target 'Carlos' from project 'Carlos')
cd /Users/admin/builder/spi-builder-workspace/.swiftpm/xcode
builtin-SwiftPerFileCompile ValueTransformation.swift
SwiftCompile normal arm64 Compiling\ ConditionedTwoWayTransformer.swift,\ ConditionedValueTransformation.swift,\ ImageTransformer.swift,\ JSONTransformer.swift /Users/admin/builder/spi-builder-workspace/Sources/Carlos/Transformers/ConditionedTwoWayTransformer.swift /Users/admin/builder/spi-builder-workspace/Sources/Carlos/Transformers/ConditionedValueTransformation.swift /Users/admin/builder/spi-builder-workspace/Sources/Carlos/Transformers/ImageTransformer.swift /Users/admin/builder/spi-builder-workspace/Sources/Carlos/Transformers/JSONTransformer.swift (in target 'Carlos' from project 'Carlos')
SwiftCompile normal arm64 /Users/admin/builder/spi-builder-workspace/Sources/Carlos/Transformers/ConditionedTwoWayTransformer.swift (in target 'Carlos' from project 'Carlos')
cd /Users/admin/builder/spi-builder-workspace/.swiftpm/xcode
builtin-SwiftPerFileCompile ConditionedTwoWayTransformer.swift
SwiftCompile normal arm64 /Users/admin/builder/spi-builder-workspace/Sources/Carlos/Transformers/ConditionedValueTransformation.swift (in target 'Carlos' from project 'Carlos')
cd /Users/admin/builder/spi-builder-workspace/.swiftpm/xcode
builtin-SwiftPerFileCompile ConditionedValueTransformation.swift
SwiftCompile normal arm64 /Users/admin/builder/spi-builder-workspace/Sources/Carlos/Transformers/ImageTransformer.swift (in target 'Carlos' from project 'Carlos')
cd /Users/admin/builder/spi-builder-workspace/.swiftpm/xcode
builtin-SwiftPerFileCompile ImageTransformer.swift
SwiftCompile normal arm64 /Users/admin/builder/spi-builder-workspace/Sources/Carlos/Transformers/JSONTransformer.swift (in target 'Carlos' from project 'Carlos')
cd /Users/admin/builder/spi-builder-workspace/.swiftpm/xcode
builtin-SwiftPerFileCompile JSONTransformer.swift
SwiftDriverJobDiscovery normal arm64 Emitting module for Carlos (in target 'Carlos' from project 'Carlos')
SwiftDriver\ Compilation\ Requirements Carlos normal arm64 com.apple.xcode.tools.swift.compiler (in target 'Carlos' from project 'Carlos')
cd /Users/admin/builder/spi-builder-workspace/.swiftpm/xcode
builtin-Swift-Compilation-Requirements -- /Applications/Xcode-27.0.0-Release.Candidate.app/Contents/Developer/Toolchains/XcodeDefault.xctoolchain/usr/bin/swiftc -parse-as-library -module-name Carlos -Onone @/Users/admin/builder/spi-builder-workspace/.derivedData/Build/Intermediates.noindex/Carlos.build/Debug-xros/Carlos-t.build/Objects-normal/arm64/Carlos.SwiftFileList -DSWIFT_PACKAGE -DDEBUG -DSWIFT_MODULE_RESOURCE_BUNDLE_UNAVAILABLE -DXcode -plugin-path /Applications/Xcode-27.0.0-Release.Candidate.app/Contents/Developer/Toolchains/XcodeDefault.xctoolchain/usr/lib/swift/host/plugins/testing -enable-experimental-feature DebugDescriptionMacro -sdk /Applications/Xcode-27.0.0-Release.Candidate.app/Contents/Developer/Platforms/XROS.platform/Developer/SDKs/XROS27.0.sdk -target arm64-apple-xros1.0 -g -module-cache-path /Users/admin/builder/spi-builder-workspace/.derivedData/ModuleCache.noindex -Xfrontend -serialize-debugging-options -profile-coverage-mapping -profile-generate -enable-testing -index-store-path /Users/admin/builder/spi-builder-workspace/.derivedData/Index.noindex/DataStore -Xcc -D_LIBCPP_HARDENING_MODE\=_LIBCPP_HARDENING_MODE_DEBUG -swift-version 5 -I /Users/admin/builder/spi-builder-workspace/.derivedData/Build/Products/Debug-xros -Isystem /Applications/Xcode-27.0.0-Release.Candidate.app/Contents/Developer/Platforms/XROS.platform/Developer/usr/lib -F /Users/admin/builder/spi-builder-workspace/.derivedData/Build/Products/Debug-xros -F /Applications/Xcode-27.0.0-Release.Candidate.app/Contents/Developer/Platforms/XROS.platform/Developer/Library/Frameworks -F /Applications/Xcode-27.0.0-Release.Candidate.app/Contents/Developer/Platforms/XROS.platform/Developer/SDKs/XROS27.0.sdk/Developer/Library/Frameworks -c -j10 -enable-batch-mode -incremental -Xcc -ivfsstatcache -Xcc /Users/admin/builder/spi-builder-workspace/.derivedData/SDKStatCaches.noindex/xros27.0-24M361-e829b21a6f8c9b70876ba0858053c044735bd543db762f57723cac368afd1ce4.sdkstatcache -output-file-map /Users/admin/builder/spi-builder-workspace/.derivedData/Build/Intermediates.noindex/Carlos.build/Debug-xros/Carlos-t.build/Objects-normal/arm64/Carlos-OutputFileMap.json -save-temps -no-color-diagnostics -explicit-module-build -module-cache-path /Users/admin/builder/spi-builder-workspace/.derivedData/Build/Intermediates.noindex/SwiftExplicitPrecompiledModules -clang-scanner-module-cache-path /Users/admin/builder/spi-builder-workspace/.derivedData/ModuleCache.noindex -sdk-module-cache-path /Users/admin/builder/spi-builder-workspace/.derivedData/SDKExplicitPrecompiledModules -emit-dependencies -emit-module -emit-module-path /Users/admin/builder/spi-builder-workspace/.derivedData/Build/Intermediates.noindex/Carlos.build/Debug-xros/Carlos-t.build/Objects-normal/arm64/Carlos.swiftmodule -serialize-diagnostics -dependency-scan-serialize-diagnostics-path /Users/admin/builder/spi-builder-workspace/.derivedData/Build/Intermediates.noindex/Carlos.build/Debug-xros/Carlos-t.build/Objects-normal/arm64/Carlos-dependency-scan.dia -validate-clang-modules-once -clang-build-session-file /Users/admin/builder/spi-builder-workspace/.derivedData/ModuleCache.noindex/Session.modulevalidation -Xcc -fmodules-prune-interval\=86400 -Xcc -fmodules-prune-after\=345600 -emit-const-values -const-gather-protocols-list /Users/admin/builder/spi-builder-workspace/.derivedData/Build/Intermediates.noindex/Carlos.build/Debug-xros/Carlos-t.build/Objects-normal/arm64/Carlos_const_extract_protocols.json -Xcc -I/Users/admin/builder/spi-builder-workspace/.derivedData/Build/Products/Debug-xros/include -Xcc -I/Users/admin/builder/spi-builder-workspace/.derivedData/Build/Intermediates.noindex/Carlos.build/Debug-xros/Carlos-t.build/DerivedSources-normal/arm64 -Xcc -I/Users/admin/builder/spi-builder-workspace/.derivedData/Build/Intermediates.noindex/Carlos.build/Debug-xros/Carlos-t.build/DerivedSources/arm64 -Xcc -I/Users/admin/builder/spi-builder-workspace/.derivedData/Build/Intermediates.noindex/Carlos.build/Debug-xros/Carlos-t.build/DerivedSources -Xcc -DSWIFT_PACKAGE -Xcc -DDEBUG\=1 -emit-objc-header -emit-objc-header-path /Users/admin/builder/spi-builder-workspace/.derivedData/Build/Intermediates.noindex/Carlos.build/Debug-xros/Carlos-t.build/Objects-normal/arm64/Carlos-Swift.h -working-directory /Users/admin/builder/spi-builder-workspace/.swiftpm/xcode -experimental-emit-module-separately -disable-cmo
SwiftDriverJobDiscovery normal arm64 Compiling Normalize.swift, PostProcess.swift, SwitchCache.swift, ValueTransformation.swift (in target 'Carlos' from project 'Carlos')
SwiftDriverJobDiscovery normal arm64 Compiling StringConvertible.swift, UnfairLock.swift, CacheLevel+Batch.swift, KeyTransformation.swift (in target 'Carlos' from project 'Carlos')
SwiftDriverJobDiscovery normal arm64 Compiling ComposedOneWayTransformer.swift, ComposedTwoWayTransformer.swift, ConditionedOneWayTransformer.swift, ConditionedOutputProcessing.swift (in target 'Carlos' from project 'Carlos')
SwiftMergeGeneratedHeaders /Users/admin/builder/spi-builder-workspace/.derivedData/Build/Intermediates.noindex/GeneratedModuleMaps-xros/Carlos-Swift.h /Users/admin/builder/spi-builder-workspace/.derivedData/Build/Intermediates.noindex/Carlos.build/Debug-xros/Carlos-t.build/Objects-normal/arm64/Carlos-Swift.h (in target 'Carlos' from project 'Carlos')
cd /Users/admin/builder/spi-builder-workspace
builtin-swiftHeaderTool -arch arm64 /Users/admin/builder/spi-builder-workspace/.derivedData/Build/Intermediates.noindex/Carlos.build/Debug-xros/Carlos-t.build/Objects-normal/arm64/Carlos-Swift.h -o /Users/admin/builder/spi-builder-workspace/.derivedData/Build/Intermediates.noindex/GeneratedModuleMaps-xros/Carlos-Swift.h
Copy /Users/admin/builder/spi-builder-workspace/.derivedData/Build/Products/Debug-xros/Carlos.swiftmodule/arm64-apple-xros.swiftmodule /Users/admin/builder/spi-builder-workspace/.derivedData/Build/Intermediates.noindex/Carlos.build/Debug-xros/Carlos-t.build/Objects-normal/arm64/Carlos.swiftmodule (in target 'Carlos' from project 'Carlos')
cd /Users/admin/builder/spi-builder-workspace
builtin-copy -exclude .DS_Store -exclude CVS -exclude .svn -exclude .git -exclude .hg -resolve-src-symlinks -rename /Users/admin/builder/spi-builder-workspace/.derivedData/Build/Intermediates.noindex/Carlos.build/Debug-xros/Carlos-t.build/Objects-normal/arm64/Carlos.swiftmodule /Users/admin/builder/spi-builder-workspace/.derivedData/Build/Products/Debug-xros/Carlos.swiftmodule/arm64-apple-xros.swiftmodule
Copy /Users/admin/builder/spi-builder-workspace/.derivedData/Build/Products/Debug-xros/Carlos.swiftmodule/arm64-apple-xros.swiftdoc /Users/admin/builder/spi-builder-workspace/.derivedData/Build/Intermediates.noindex/Carlos.build/Debug-xros/Carlos-t.build/Objects-normal/arm64/Carlos.swiftdoc (in target 'Carlos' from project 'Carlos')
cd /Users/admin/builder/spi-builder-workspace
builtin-copy -exclude .DS_Store -exclude CVS -exclude .svn -exclude .git -exclude .hg -resolve-src-symlinks -rename /Users/admin/builder/spi-builder-workspace/.derivedData/Build/Intermediates.noindex/Carlos.build/Debug-xros/Carlos-t.build/Objects-normal/arm64/Carlos.swiftdoc /Users/admin/builder/spi-builder-workspace/.derivedData/Build/Products/Debug-xros/Carlos.swiftmodule/arm64-apple-xros.swiftdoc
Copy /Users/admin/builder/spi-builder-workspace/.derivedData/Build/Products/Debug-xros/Carlos.swiftmodule/arm64-apple-xros.abi.json /Users/admin/builder/spi-builder-workspace/.derivedData/Build/Intermediates.noindex/Carlos.build/Debug-xros/Carlos-t.build/Objects-normal/arm64/Carlos.abi.json (in target 'Carlos' from project 'Carlos')
cd /Users/admin/builder/spi-builder-workspace
builtin-copy -exclude .DS_Store -exclude CVS -exclude .svn -exclude .git -exclude .hg -resolve-src-symlinks -rename /Users/admin/builder/spi-builder-workspace/.derivedData/Build/Intermediates.noindex/Carlos.build/Debug-xros/Carlos-t.build/Objects-normal/arm64/Carlos.abi.json /Users/admin/builder/spi-builder-workspace/.derivedData/Build/Products/Debug-xros/Carlos.swiftmodule/arm64-apple-xros.abi.json
Copy /Users/admin/builder/spi-builder-workspace/.derivedData/Build/Products/Debug-xros/Carlos.swiftmodule/Project/arm64-apple-xros.swiftsourceinfo /Users/admin/builder/spi-builder-workspace/.derivedData/Build/Intermediates.noindex/Carlos.build/Debug-xros/Carlos-t.build/Objects-normal/arm64/Carlos.swiftsourceinfo (in target 'Carlos' from project 'Carlos')
cd /Users/admin/builder/spi-builder-workspace
builtin-copy -exclude .DS_Store -exclude CVS -exclude .svn -exclude .git -exclude .hg -resolve-src-symlinks -rename /Users/admin/builder/spi-builder-workspace/.derivedData/Build/Intermediates.noindex/Carlos.build/Debug-xros/Carlos-t.build/Objects-normal/arm64/Carlos.swiftsourceinfo /Users/admin/builder/spi-builder-workspace/.derivedData/Build/Products/Debug-xros/Carlos.swiftmodule/Project/arm64-apple-xros.swiftsourceinfo
SwiftDriverJobDiscovery normal arm64 Compiling PoolCache.swift, CacheProvider.swift, Carlos.swift, BasicCache.swift (in target 'Carlos' from project 'Carlos')
SwiftDriverJobDiscovery normal arm64 Compiling Fetcher.swift, MemoryCacheLevel.swift, NSUserDefaultsCacheLevel.swift, NetworkFetcher.swift (in target 'Carlos' from project 'Carlos')
PruneExplicitPrecompiledModules /Users/admin/builder/spi-builder-workspace/.derivedData/Build/Intermediates.noindex/ExplicitPrecompiledModules
PruneExplicitPrecompiledModules /Users/admin/builder/spi-builder-workspace/.derivedData/Build/Intermediates.noindex/SwiftExplicitPrecompiledModules
PruneExplicitPrecompiledModules /Users/admin/builder/spi-builder-workspace/.derivedData/SDKExplicitPrecompiledModules
2026-09-18 04:36:51.188 xcodebuild[975:5440] [MT] IDERunDestination: Supported platforms for the buildables in the current scheme is empty.
2026-09-18 04:36:51.290 xcodebuild[975:5440] [MT] IDERunDestination: Supported platforms for the buildables in the current scheme is empty.
** BUILD FAILED **
The following build commands failed:
SwiftCompile normal arm64 Compiling\ FetcherValueTransformation.swift,\ FunctionComposition.swift,\ Logger.swift,\ MemoryWarning.swift /Users/admin/builder/spi-builder-workspace/Sources/Carlos/Core/FetcherValueTransformation.swift /Users/admin/builder/spi-builder-workspace/Sources/Carlos/Core/FunctionComposition.swift /Users/admin/builder/spi-builder-workspace/Sources/Carlos/Core/Logger.swift /Users/admin/builder/spi-builder-workspace/Sources/Carlos/Core/MemoryWarning.swift (in target 'Carlos' from project 'Carlos')
SwiftCompile normal arm64 /Users/admin/builder/spi-builder-workspace/Sources/Carlos/Core/MemoryWarning.swift (in target 'Carlos' from project 'Carlos')
Building workspace Carlos with scheme Carlos
(3 failures)
Command line invocation:
/Applications/Xcode-27.0.0-Release.Candidate.app/Contents/Developer/usr/bin/xcodebuild -IDEClonedSourcePackagesDirPathOverride=/Users/admin/builder/spi-builder-workspace/.dependencies -resolvePackageDependencies
Resolve Package Graph
Resolved source packages:
Quick: https://github.com/Quick/Quick.git @ 4.0.0
Nimble: https://github.com/Quick/Nimble.git @ 9.2.1
CwlCatchException: https://github.com/mattgallagher/CwlCatchException.git @ 2.2.1
Carlos: /Users/admin/builder/spi-builder-workspace
CwlPreconditionTesting: https://github.com/mattgallagher/CwlPreconditionTesting.git @ 2.2.2
resolved source packages: Quick, Nimble, CwlCatchException, Carlos, CwlPreconditionTesting
2026-09-18 04:37:02.849 xcodebuild[1103:6042] [MT] IDERunDestination: Supported platforms for the buildables in the current scheme is empty.
2026-09-18 04:37:02.954 xcodebuild[1103:6042] [MT] IDERunDestination: Supported platforms for the buildables in the current scheme is empty.
{
"dependencies" : [
{
"identity" : "quick",
"requirement" : {
"range" : [
{
"lower_bound" : "4.0.0",
"upper_bound" : "5.0.0"
}
]
},
"type" : "sourceControl",
"url" : "https://github.com/Quick/Quick.git"
},
{
"identity" : "nimble",
"requirement" : {
"range" : [
{
"lower_bound" : "9.2.0",
"upper_bound" : "10.0.0"
}
]
},
"type" : "sourceControl",
"url" : "https://github.com/Quick/Nimble.git"
}
],
"manifest_display_name" : "Carlos",
"name" : "Carlos",
"path" : "/Users/admin/builder/spi-builder-workspace",
"platforms" : [
{
"name" : "ios",
"version" : "13.0"
},
{
"name" : "macos",
"version" : "10.15"
},
{
"name" : "tvos",
"version" : "13.0"
},
{
"name" : "watchos",
"version" : "6.0"
}
],
"products" : [
{
"name" : "Carlos",
"targets" : [
"Carlos"
],
"type" : {
"library" : [
"automatic"
]
}
}
],
"swift_languages_versions" : [
"5"
],
"targets" : [
{
"c99name" : "CarlosTests",
"module_type" : "SwiftTarget",
"name" : "CarlosTests",
"path" : "Tests/CarlosTests",
"product_dependencies" : [
"Quick",
"Nimble"
],
"sources" : [
"BasicCacheTests.swift",
"BasicFetcherTests.swift",
"BatchTests.swift",
"CacheProviderTests.swift",
"CompositionTests.swift",
"ConditionedCacheTests.swift",
"ConditionedOneWayTransformationBoxTests.swift",
"ConditionedOutputProcessingTests.swift",
"ConditionedTransformersTests.swift",
"ConditionedTwoWayTransformationBoxTests.swift",
"ConditionedValueTransformationTests.swift",
"DiskCacheTests.swift",
"Fakes/Base64EncodedImage.swift",
"Fakes/CacheLevelFake.swift",
"Fakes/FetcherFake.swift",
"FetcherValueTransformationTests.swift",
"ImageTransformerTests.swift",
"JSONTransformerTests.swift",
"KeyTransformationTests.swift",
"MKDistanceFormatterTransformerTests.swift",
"MemoryCacheLevelTests.swift",
"MemoryWarningNotificationTests.swift",
"NSDateFormatterTransformerTests.swift",
"NSNumberFormatterTransformerTests.swift",
"NSUserDefaultsCacheLevelTests.swift",
"NetworkFetcherTests.swift",
"NormalizationTests.swift",
"OneWayTransformationBoxTests.swift",
"OneWayTransformerCompositionTests.swift",
"PoolCacheTests.swift",
"PostProcessTests.swift",
"StringConvertibleTests.swift",
"StringTransformerTests.swift",
"SwitchCacheTests.swift",
"TwoWayTransformationBoxTests.swift",
"TwoWayTransformerCompositionTests.swift",
"ValueTransformationTests.swift"
],
"target_dependencies" : [
"Carlos"
],
"type" : "test"
},
{
"c99name" : "Carlos",
"module_type" : "SwiftTarget",
"name" : "Carlos",
"path" : "Sources/Carlos",
"product_memberships" : [
"Carlos"
],
"sources" : [
"CacheLevels/BatchAllCache.swift",
"CacheLevels/Composed.swift",
"CacheLevels/Conditioned.swift",
"CacheLevels/DiskCacheLevel.swift",
"CacheLevels/Fetcher.swift",
"CacheLevels/MemoryCacheLevel.swift",
"CacheLevels/NSUserDefaultsCacheLevel.swift",
"CacheLevels/NetworkFetcher.swift",
"CacheLevels/PoolCache.swift",
"CacheProvider.swift",
"Carlos.swift",
"Core/BasicCache.swift",
"Core/BasicFetcher.swift",
"Core/Errors.swift",
"Core/ExpensiveObject.swift",
"Core/Extensions.swift",
"Core/FetcherValueTransformation.swift",
"Core/FunctionComposition.swift",
"Core/Logger.swift",
"Core/MemoryWarning.swift",
"Core/StringConvertible.swift",
"Core/UnfairLock.swift",
"Operations/CacheLevel+Batch.swift",
"Operations/KeyTransformation.swift",
"Operations/Normalize.swift",
"Operations/PostProcess.swift",
"Operations/SwitchCache.swift",
"Operations/ValueTransformation.swift",
"Transformers/ComposedOneWayTransformer.swift",
"Transformers/ComposedTwoWayTransformer.swift",
"Transformers/ConditionedOneWayTransformer.swift",
"Transformers/ConditionedOutputProcessing.swift",
"Transformers/ConditionedTwoWayTransformer.swift",
"Transformers/ConditionedValueTransformation.swift",
"Transformers/ImageTransformer.swift",
"Transformers/JSONTransformer.swift",
"Transformers/OneWayTransformer.swift",
"Transformers/StringTransformer.swift",
"Transformers/Transformers.swift",
"Transformers/TwoWayTransformer.swift"
],
"type" : "library"
}
],
"tools_version" : "5.2"
}
{
"workspace" : {
"name" : "Carlos",
"schemes" : [
"Carlos"
]
}
}
2026-09-18 04:37:04.147 xcodebuild[1111:6109] [MT] IDERunDestination: Supported platforms for the buildables in the current scheme is empty.
2026-09-18 04:37:04.248 xcodebuild[1111:6109] [MT] IDERunDestination: Supported platforms for the buildables in the current scheme is empty.
Running build ...
env DEVELOPER_DIR=/Applications/Xcode-27.0.0-Release.Candidate.app xcrun xcodebuild -IDEClonedSourcePackagesDirPathOverride=$PWD/.dependencies -skipMacroValidation -skipPackagePluginValidation -derivedDataPath $PWD/.derivedData build -scheme Carlos -destination generic/platform=xrOS
Command line invocation:
/Applications/Xcode-27.0.0-Release.Candidate.app/Contents/Developer/usr/bin/xcodebuild -IDEClonedSourcePackagesDirPathOverride=/Users/admin/builder/spi-builder-workspace/.dependencies -skipMacroValidation -skipPackagePluginValidation -derivedDataPath /Users/admin/builder/spi-builder-workspace/.derivedData build -scheme Carlos -destination generic/platform=xrOS
Resolve Package Graph
Resolved source packages:
Nimble: https://github.com/Quick/Nimble.git @ 9.2.1
Quick: https://github.com/Quick/Quick.git @ 4.0.0
CwlCatchException: https://github.com/mattgallagher/CwlCatchException.git @ 2.2.1
Carlos: /Users/admin/builder/spi-builder-workspace
CwlPreconditionTesting: https://github.com/mattgallagher/CwlPreconditionTesting.git @ 2.2.2
ComputePackagePrebuildTargetDependencyGraph
Prepare packages
CreateBuildRequest
SendProjectDescription
CreateBuildOperation
ComputeTargetDependencyGraph
note: Building targets in dependency order
note: Target dependency graph (2 targets)
Target 'Carlos-product' in project 'Carlos'
➜ Explicit dependency on target 'Carlos' in project 'Carlos'
Target 'Carlos' in project 'Carlos' (no dependencies)
GatherProvisioningInputs
CreateBuildDescription
ClangStatCache /Applications/Xcode-27.0.0-Release.Candidate.app/Contents/Developer/Toolchains/XcodeDefault.xctoolchain/usr/bin/clang-stat-cache /Applications/Xcode-27.0.0-Release.Candidate.app/Contents/Developer/Platforms/XROS.platform/Developer/SDKs/XROS27.0.sdk /Users/admin/builder/spi-builder-workspace/.derivedData/SDKStatCaches.noindex/xros27.0-24M361-e829b21a6f8c9b70876ba0858053c044735bd543db762f57723cac368afd1ce4.sdkstatcache
cd /Users/admin/builder/spi-builder-workspace/.swiftpm/xcode
/Applications/Xcode-27.0.0-Release.Candidate.app/Contents/Developer/Toolchains/XcodeDefault.xctoolchain/usr/bin/clang-stat-cache /Applications/Xcode-27.0.0-Release.Candidate.app/Contents/Developer/Platforms/XROS.platform/Developer/SDKs/XROS27.0.sdk -o /Users/admin/builder/spi-builder-workspace/.derivedData/SDKStatCaches.noindex/xros27.0-24M361-e829b21a6f8c9b70876ba0858053c044735bd543db762f57723cac368afd1ce4.sdkstatcache
SwiftDriver Carlos normal arm64 com.apple.xcode.tools.swift.compiler (in target 'Carlos' from project 'Carlos')
cd /Users/admin/builder/spi-builder-workspace/.swiftpm/xcode
builtin-SwiftDriver -- /Applications/Xcode-27.0.0-Release.Candidate.app/Contents/Developer/Toolchains/XcodeDefault.xctoolchain/usr/bin/swiftc -parse-as-library -module-name Carlos -Onone @/Users/admin/builder/spi-builder-workspace/.derivedData/Build/Intermediates.noindex/Carlos.build/Debug-xros/Carlos-t.build/Objects-normal/arm64/Carlos.SwiftFileList -DSWIFT_PACKAGE -DDEBUG -DSWIFT_MODULE_RESOURCE_BUNDLE_UNAVAILABLE -DXcode -plugin-path /Applications/Xcode-27.0.0-Release.Candidate.app/Contents/Developer/Toolchains/XcodeDefault.xctoolchain/usr/lib/swift/host/plugins/testing -enable-experimental-feature DebugDescriptionMacro -sdk /Applications/Xcode-27.0.0-Release.Candidate.app/Contents/Developer/Platforms/XROS.platform/Developer/SDKs/XROS27.0.sdk -target arm64-apple-xros1.0 -g -module-cache-path /Users/admin/builder/spi-builder-workspace/.derivedData/ModuleCache.noindex -Xfrontend -serialize-debugging-options -profile-coverage-mapping -profile-generate -enable-testing -index-store-path /Users/admin/builder/spi-builder-workspace/.derivedData/Index.noindex/DataStore -Xcc -D_LIBCPP_HARDENING_MODE\=_LIBCPP_HARDENING_MODE_DEBUG -swift-version 5 -I /Users/admin/builder/spi-builder-workspace/.derivedData/Build/Products/Debug-xros -Isystem /Applications/Xcode-27.0.0-Release.Candidate.app/Contents/Developer/Platforms/XROS.platform/Developer/usr/lib -F /Users/admin/builder/spi-builder-workspace/.derivedData/Build/Products/Debug-xros -F /Applications/Xcode-27.0.0-Release.Candidate.app/Contents/Developer/Platforms/XROS.platform/Developer/Library/Frameworks -F /Applications/Xcode-27.0.0-Release.Candidate.app/Contents/Developer/Platforms/XROS.platform/Developer/SDKs/XROS27.0.sdk/Developer/Library/Frameworks -c -j10 -enable-batch-mode -incremental -Xcc -ivfsstatcache -Xcc /Users/admin/builder/spi-builder-workspace/.derivedData/SDKStatCaches.noindex/xros27.0-24M361-e829b21a6f8c9b70876ba0858053c044735bd543db762f57723cac368afd1ce4.sdkstatcache -output-file-map /Users/admin/builder/spi-builder-workspace/.derivedData/Build/Intermediates.noindex/Carlos.build/Debug-xros/Carlos-t.build/Objects-normal/arm64/Carlos-OutputFileMap.json -save-temps -no-color-diagnostics -explicit-module-build -module-cache-path /Users/admin/builder/spi-builder-workspace/.derivedData/Build/Intermediates.noindex/SwiftExplicitPrecompiledModules -clang-scanner-module-cache-path /Users/admin/builder/spi-builder-workspace/.derivedData/ModuleCache.noindex -sdk-module-cache-path /Users/admin/builder/spi-builder-workspace/.derivedData/SDKExplicitPrecompiledModules -emit-dependencies -emit-module -emit-module-path /Users/admin/builder/spi-builder-workspace/.derivedData/Build/Intermediates.noindex/Carlos.build/Debug-xros/Carlos-t.build/Objects-normal/arm64/Carlos.swiftmodule -serialize-diagnostics -dependency-scan-serialize-diagnostics-path /Users/admin/builder/spi-builder-workspace/.derivedData/Build/Intermediates.noindex/Carlos.build/Debug-xros/Carlos-t.build/Objects-normal/arm64/Carlos-dependency-scan.dia -validate-clang-modules-once -clang-build-session-file /Users/admin/builder/spi-builder-workspace/.derivedData/ModuleCache.noindex/Session.modulevalidation -Xcc -fmodules-prune-interval\=86400 -Xcc -fmodules-prune-after\=345600 -emit-const-values -const-gather-protocols-list /Users/admin/builder/spi-builder-workspace/.derivedData/Build/Intermediates.noindex/Carlos.build/Debug-xros/Carlos-t.build/Objects-normal/arm64/Carlos_const_extract_protocols.json -Xcc -I/Users/admin/builder/spi-builder-workspace/.derivedData/Build/Products/Debug-xros/include -Xcc -I/Users/admin/builder/spi-builder-workspace/.derivedData/Build/Intermediates.noindex/Carlos.build/Debug-xros/Carlos-t.build/DerivedSources-normal/arm64 -Xcc -I/Users/admin/builder/spi-builder-workspace/.derivedData/Build/Intermediates.noindex/Carlos.build/Debug-xros/Carlos-t.build/DerivedSources/arm64 -Xcc -I/Users/admin/builder/spi-builder-workspace/.derivedData/Build/Intermediates.noindex/Carlos.build/Debug-xros/Carlos-t.build/DerivedSources -Xcc -DSWIFT_PACKAGE -Xcc -DDEBUG\=1 -emit-objc-header -emit-objc-header-path /Users/admin/builder/spi-builder-workspace/.derivedData/Build/Intermediates.noindex/Carlos.build/Debug-xros/Carlos-t.build/Objects-normal/arm64/Carlos-Swift.h -working-directory /Users/admin/builder/spi-builder-workspace/.swiftpm/xcode -experimental-emit-module-separately -disable-cmo
SwiftCompile normal arm64 Compiling\ BasicFetcher.swift,\ Errors.swift /Users/admin/builder/spi-builder-workspace/Sources/Carlos/Core/BasicFetcher.swift /Users/admin/builder/spi-builder-workspace/Sources/Carlos/Core/Errors.swift (in target 'Carlos' from project 'Carlos')
SwiftCompile normal arm64 /Users/admin/builder/spi-builder-workspace/Sources/Carlos/Core/BasicFetcher.swift (in target 'Carlos' from project 'Carlos')
cd /Users/admin/builder/spi-builder-workspace/.swiftpm/xcode
builtin-SwiftPerFileCompile BasicFetcher.swift
SwiftCompile normal arm64 /Users/admin/builder/spi-builder-workspace/Sources/Carlos/Core/Errors.swift (in target 'Carlos' from project 'Carlos')
cd /Users/admin/builder/spi-builder-workspace/.swiftpm/xcode
builtin-SwiftPerFileCompile Errors.swift
SwiftCompile normal arm64 Compiling\ ConditionedTwoWayTransformer.swift,\ ConditionedValueTransformation.swift /Users/admin/builder/spi-builder-workspace/Sources/Carlos/Transformers/ConditionedTwoWayTransformer.swift /Users/admin/builder/spi-builder-workspace/Sources/Carlos/Transformers/ConditionedValueTransformation.swift (in target 'Carlos' from project 'Carlos')
SwiftCompile normal arm64 /Users/admin/builder/spi-builder-workspace/Sources/Carlos/Transformers/ConditionedTwoWayTransformer.swift (in target 'Carlos' from project 'Carlos')
cd /Users/admin/builder/spi-builder-workspace/.swiftpm/xcode
builtin-SwiftPerFileCompile ConditionedTwoWayTransformer.swift
SwiftCompile normal arm64 /Users/admin/builder/spi-builder-workspace/Sources/Carlos/Transformers/ConditionedValueTransformation.swift (in target 'Carlos' from project 'Carlos')
cd /Users/admin/builder/spi-builder-workspace/.swiftpm/xcode
builtin-SwiftPerFileCompile ConditionedValueTransformation.swift
SwiftCompile normal arm64 Compiling\ FetcherValueTransformation.swift,\ FunctionComposition.swift /Users/admin/builder/spi-builder-workspace/Sources/Carlos/Core/FetcherValueTransformation.swift /Users/admin/builder/spi-builder-workspace/Sources/Carlos/Core/FunctionComposition.swift (in target 'Carlos' from project 'Carlos')
SwiftCompile normal arm64 /Users/admin/builder/spi-builder-workspace/Sources/Carlos/Core/FetcherValueTransformation.swift (in target 'Carlos' from project 'Carlos')
cd /Users/admin/builder/spi-builder-workspace/.swiftpm/xcode
builtin-SwiftPerFileCompile FetcherValueTransformation.swift
SwiftCompile normal arm64 /Users/admin/builder/spi-builder-workspace/Sources/Carlos/Core/FunctionComposition.swift (in target 'Carlos' from project 'Carlos')
cd /Users/admin/builder/spi-builder-workspace/.swiftpm/xcode
builtin-SwiftPerFileCompile FunctionComposition.swift
SwiftCompile normal arm64 Compiling\ Conditioned.swift,\ DiskCacheLevel.swift /Users/admin/builder/spi-builder-workspace/Sources/Carlos/CacheLevels/Conditioned.swift /Users/admin/builder/spi-builder-workspace/Sources/Carlos/CacheLevels/DiskCacheLevel.swift (in target 'Carlos' from project 'Carlos')
SwiftCompile normal arm64 /Users/admin/builder/spi-builder-workspace/Sources/Carlos/CacheLevels/Conditioned.swift (in target 'Carlos' from project 'Carlos')
cd /Users/admin/builder/spi-builder-workspace/.swiftpm/xcode
builtin-SwiftPerFileCompile Conditioned.swift
SwiftCompile normal arm64 /Users/admin/builder/spi-builder-workspace/Sources/Carlos/CacheLevels/DiskCacheLevel.swift (in target 'Carlos' from project 'Carlos')
cd /Users/admin/builder/spi-builder-workspace/.swiftpm/xcode
builtin-SwiftPerFileCompile DiskCacheLevel.swift
SwiftCompile normal arm64 Compiling\ Logger.swift,\ MemoryWarning.swift /Users/admin/builder/spi-builder-workspace/Sources/Carlos/Core/Logger.swift /Users/admin/builder/spi-builder-workspace/Sources/Carlos/Core/MemoryWarning.swift (in target 'Carlos' from project 'Carlos')
/Users/admin/builder/spi-builder-workspace/Sources/Carlos/Core/MemoryWarning.swift:23:64: error: cannot find 'UIApplication' in scope
21 | return source
22 | #else
23 | return NotificationCenter.default.addObserver(forName: UIApplication.didReceiveMemoryWarningNotification, object: nil, queue: OperationQueue.main, using: { [weak self] _ in
| `- error: cannot find 'UIApplication' in scope
24 | self?.onMemoryWarning()
25 | })
/Users/admin/builder/spi-builder-workspace/Sources/Carlos/Core/MemoryWarning.swift:41:62: error: cannot find 'UIApplication' in scope
39 | }
40 | #else
41 | NotificationCenter.default.removeObserver(token, name: UIApplication.didReceiveMemoryWarningNotification, object: nil)
| `- error: cannot find 'UIApplication' in scope
42 | #endif
43 | }
Failed frontend command:
/Applications/Xcode-27.0.0-Release.Candidate.app/Contents/Developer/Toolchains/XcodeDefault.xctoolchain/usr/bin/swift-frontend -frontend -c /Users/admin/builder/spi-builder-workspace/Sources/Carlos/CacheLevels/BatchAllCache.swift /Users/admin/builder/spi-builder-workspace/Sources/Carlos/CacheLevels/Composed.swift /Users/admin/builder/spi-builder-workspace/Sources/Carlos/CacheLevels/Conditioned.swift /Users/admin/builder/spi-builder-workspace/Sources/Carlos/CacheLevels/DiskCacheLevel.swift /Users/admin/builder/spi-builder-workspace/Sources/Carlos/CacheLevels/Fetcher.swift /Users/admin/builder/spi-builder-workspace/Sources/Carlos/CacheLevels/MemoryCacheLevel.swift /Users/admin/builder/spi-builder-workspace/Sources/Carlos/CacheLevels/NSUserDefaultsCacheLevel.swift /Users/admin/builder/spi-builder-workspace/Sources/Carlos/CacheLevels/NetworkFetcher.swift /Users/admin/builder/spi-builder-workspace/Sources/Carlos/CacheLevels/PoolCache.swift /Users/admin/builder/spi-builder-workspace/Sources/Carlos/CacheProvider.swift /Users/admin/builder/spi-builder-workspace/Sources/Carlos/Carlos.swift /Users/admin/builder/spi-builder-workspace/Sources/Carlos/Core/BasicCache.swift /Users/admin/builder/spi-builder-workspace/Sources/Carlos/Core/BasicFetcher.swift /Users/admin/builder/spi-builder-workspace/Sources/Carlos/Core/Errors.swift /Users/admin/builder/spi-builder-workspace/Sources/Carlos/Core/ExpensiveObject.swift /Users/admin/builder/spi-builder-workspace/Sources/Carlos/Core/Extensions.swift /Users/admin/builder/spi-builder-workspace/Sources/Carlos/Core/FetcherValueTransformation.swift /Users/admin/builder/spi-builder-workspace/Sources/Carlos/Core/FunctionComposition.swift -primary-file /Users/admin/builder/spi-builder-workspace/Sources/Carlos/Core/Logger.swift -primary-file /Users/admin/builder/spi-builder-workspace/Sources/Carlos/Core/MemoryWarning.swift /Users/admin/builder/spi-builder-workspace/Sources/Carlos/Core/StringConvertible.swift /Users/admin/builder/spi-builder-workspace/Sources/Carlos/Core/UnfairLock.swift /Users/admin/builder/spi-builder-workspace/Sources/Carlos/Operations/CacheLevel+Batch.swift /Users/admin/builder/spi-builder-workspace/Sources/Carlos/Operations/KeyTransformation.swift /Users/admin/builder/spi-builder-workspace/Sources/Carlos/Operations/Normalize.swift /Users/admin/builder/spi-builder-workspace/Sources/Carlos/Operations/PostProcess.swift /Users/admin/builder/spi-builder-workspace/Sources/Carlos/Operations/SwitchCache.swift /Users/admin/builder/spi-builder-workspace/Sources/Carlos/Operations/ValueTransformation.swift /Users/admin/builder/spi-builder-workspace/Sources/Carlos/Transformers/ComposedOneWayTransformer.swift /Users/admin/builder/spi-builder-workspace/Sources/Carlos/Transformers/ComposedTwoWayTransformer.swift /Users/admin/builder/spi-builder-workspace/Sources/Carlos/Transformers/ConditionedOneWayTransformer.swift /Users/admin/builder/spi-builder-workspace/Sources/Carlos/Transformers/ConditionedOutputProcessing.swift /Users/admin/builder/spi-builder-workspace/Sources/Carlos/Transformers/ConditionedTwoWayTransformer.swift /Users/admin/builder/spi-builder-workspace/Sources/Carlos/Transformers/ConditionedValueTransformation.swift /Users/admin/builder/spi-builder-workspace/Sources/Carlos/Transformers/ImageTransformer.swift /Users/admin/builder/spi-builder-workspace/Sources/Carlos/Transformers/JSONTransformer.swift /Users/admin/builder/spi-builder-workspace/Sources/Carlos/Transformers/OneWayTransformer.swift /Users/admin/builder/spi-builder-workspace/Sources/Carlos/Transformers/StringTransformer.swift /Users/admin/builder/spi-builder-workspace/Sources/Carlos/Transformers/Transformers.swift /Users/admin/builder/spi-builder-workspace/Sources/Carlos/Transformers/TwoWayTransformer.swift -emit-dependencies-path /Users/admin/builder/spi-builder-workspace/.derivedData/Build/Intermediates.noindex/Carlos.build/Debug-xros/Carlos-t.build/Objects-normal/arm64/Logger.d -emit-const-values-path /Users/admin/builder/spi-builder-workspace/.derivedData/Build/Intermediates.noindex/Carlos.build/Debug-xros/Carlos-t.build/Objects-normal/arm64/Logger.swiftconstvalues -emit-reference-dependencies-path /Users/admin/builder/spi-builder-workspace/.derivedData/Build/Intermediates.noindex/Carlos.build/Debug-xros/Carlos-t.build/Objects-normal/arm64/Logger.swiftdeps -serialize-diagnostics-path /Users/admin/builder/spi-builder-workspace/.derivedData/Build/Intermediates.noindex/Carlos.build/Debug-xros/Carlos-t.build/Objects-normal/arm64/Logger.dia -emit-dependencies-path /Users/admin/builder/spi-builder-workspace/.derivedData/Build/Intermediates.noindex/Carlos.build/Debug-xros/Carlos-t.build/Objects-normal/arm64/MemoryWarning.d -emit-const-values-path /Users/admin/builder/spi-builder-workspace/.derivedData/Build/Intermediates.noindex/Carlos.build/Debug-xros/Carlos-t.build/Objects-normal/arm64/MemoryWarning.swiftconstvalues -emit-reference-dependencies-path /Users/admin/builder/spi-builder-workspace/.derivedData/Build/Intermediates.noindex/Carlos.build/Debug-xros/Carlos-t.build/Objects-normal/arm64/MemoryWarning.swiftdeps -serialize-diagnostics-path /Users/admin/builder/spi-builder-workspace/.derivedData/Build/Intermediates.noindex/Carlos.build/Debug-xros/Carlos-t.build/Objects-normal/arm64/MemoryWarning.dia -target arm64-apple-xros1.0 -disable-cross-import-overlay-search -swift-module-cross-import MapKit /Applications/Xcode-27.0.0-Release.Candidate.app/Contents/Developer/Platforms/XROS.platform/Developer/SDKs/XROS.sdk/System/Library/Frameworks/MapKit.framework/Modules/MapKit.swiftcrossimport/SwiftUI.swiftoverlay -swift-module-cross-import MapKit /Applications/Xcode-27.0.0-Release.Candidate.app/Contents/Developer/Platforms/XROS.platform/Developer/SDKs/XROS27.0.sdk/System/Library/Frameworks/MapKit.framework/Modules/MapKit.swiftcrossimport/SwiftUI.swiftoverlay -load-resolved-plugin /Applications/Xcode-27.0.0-Release.Candidate.app/Contents/Developer/Platforms/XROS.platform/Developer/usr/lib/swift/host/plugins/libFoundationMacros.dylib\#/Applications/Xcode-27.0.0-Release.Candidate.app/Contents/Developer/Platforms/XROS.platform/Developer/usr/bin/swift-plugin-server\#FoundationMacros -load-resolved-plugin /Applications/Xcode-27.0.0-Release.Candidate.app/Contents/Developer/Platforms/XROS.platform/Developer/usr/lib/swift/host/plugins/libObservationMacros.dylib\#/Applications/Xcode-27.0.0-Release.Candidate.app/Contents/Developer/Platforms/XROS.platform/Developer/usr/bin/swift-plugin-server\#ObservationMacros -load-resolved-plugin /Applications/Xcode-27.0.0-Release.Candidate.app/Contents/Developer/Platforms/XROS.platform/Developer/usr/lib/swift/host/plugins/libPreviewsMacros.dylib\#/Applications/Xcode-27.0.0-Release.Candidate.app/Contents/Developer/Platforms/XROS.platform/Developer/usr/bin/swift-plugin-server\#PreviewsMacros -load-resolved-plugin /Applications/Xcode-27.0.0-Release.Candidate.app/Contents/Developer/Platforms/XROS.platform/Developer/usr/lib/swift/host/plugins/libSwiftMacros.dylib\#/Applications/Xcode-27.0.0-Release.Candidate.app/Contents/Developer/Platforms/XROS.platform/Developer/usr/bin/swift-plugin-server\#SwiftMacros -load-resolved-plugin /Applications/Xcode-27.0.0-Release.Candidate.app/Contents/Developer/Platforms/XROS.platform/Developer/usr/lib/swift/host/plugins/libSwiftUIMacros.dylib\#/Applications/Xcode-27.0.0-Release.Candidate.app/Contents/Developer/Platforms/XROS.platform/Developer/usr/bin/swift-plugin-server\#SwiftUIMacros -disable-implicit-swift-modules -Xcc -fno-implicit-modules -Xcc -fno-implicit-module-maps -explicit-swift-module-map-file /Users/admin/builder/spi-builder-workspace/.derivedData/Build/Intermediates.noindex/Carlos.build/Debug-xros/Carlos-t.build/Objects-normal/arm64/Carlos-dependencies-1.json -Xllvm -aarch64-use-tbi -enable-objc-interop -stack-check -sdk /Applications/Xcode-27.0.0-Release.Candidate.app/Contents/Developer/Platforms/XROS.platform/Developer/SDKs/XROS27.0.sdk -I /Users/admin/builder/spi-builder-workspace/.derivedData/Build/Products/Debug-xros -Isystem /Applications/Xcode-27.0.0-Release.Candidate.app/Contents/Developer/Platforms/XROS.platform/Developer/usr/lib -F /Users/admin/builder/spi-builder-workspace/.derivedData/Build/Products/Debug-xros -F /Applications/Xcode-27.0.0-Release.Candidate.app/Contents/Developer/Platforms/XROS.platform/Developer/Library/Frameworks -F /Applications/Xcode-27.0.0-Release.Candidate.app/Contents/Developer/Platforms/XROS.platform/Developer/SDKs/XROS27.0.sdk/Developer/Library/Frameworks -module-cache-path /Users/admin/builder/spi-builder-workspace/.derivedData/Build/Intermediates.noindex/SwiftExplicitPrecompiledModules -no-color-diagnostics -Xcc -fno-color-diagnostics -enable-testing -g -debug-info-format\=dwarf -dwarf-version\=4 -profile-generate -profile-coverage-mapping -swift-version 5 -Onone -D SWIFT_PACKAGE -D DEBUG -D SWIFT_MODULE_RESOURCE_BUNDLE_UNAVAILABLE -D Xcode -serialize-debugging-options -enable-experimental-feature DebugDescriptionMacro -empty-abi-descriptor -validate-clang-modules-once -clang-build-session-file /Users/admin/builder/spi-builder-workspace/.derivedData/ModuleCache.noindex/Session.modulevalidation -Xcc -working-directory -Xcc /Users/admin/builder/spi-builder-workspace/.swiftpm/xcode -enable-anonymous-context-mangled-names -file-compilation-dir /Users/admin/builder/spi-builder-workspace/.swiftpm/xcode -Xcc -D_LIBCPP_HARDENING_MODE\=_LIBCPP_HARDENING_MODE_DEBUG -Xcc -ivfsstatcache -Xcc /Users/admin/builder/spi-builder-workspace/.derivedData/SDKStatCaches.noindex/xros27.0-24M361-e829b21a6f8c9b70876ba0858053c044735bd543db762f57723cac368afd1ce4.sdkstatcache -Xcc -fmodules-prune-interval\=86400 -Xcc -fmodules-prune-after\=345600 -Xcc -I/Users/admin/builder/spi-builder-workspace/.derivedData/Build/Products/Debug-xros/include -Xcc -I/Users/admin/builder/spi-builder-workspace/.derivedData/Build/Intermediates.noindex/Carlos.build/Debug-xros/Carlos-t.build/DerivedSources-normal/arm64 -Xcc -I/Users/admin/builder/spi-builder-workspace/.derivedData/Build/Intermediates.noindex/Carlos.build/Debug-xros/Carlos-t.build/DerivedSources/arm64 -Xcc -I/Users/admin/builder/spi-builder-workspace/.derivedData/Build/Intermediates.noindex/Carlos.build/Debug-xros/Carlos-t.build/DerivedSources -Xcc -DSWIFT_PACKAGE -Xcc -DDEBUG\=1 -no-auto-bridging-header-chaining -module-name Carlos -const-gather-protocols-file /Users/admin/builder/spi-builder-workspace/.derivedData/Build/Intermediates.noindex/Carlos.build/Debug-xros/Carlos-t.build/Objects-normal/arm64/Carlos_const_extract_protocols.json -disable-clang-spi -clang-target arm64-apple-xros27.0 -target-sdk-version 27.0 -target-sdk-name xros27.0 -in-process-plugin-server-path /Applications/Xcode-27.0.0-Release.Candidate.app/Contents/Developer/Toolchains/XcodeDefault.xctoolchain/usr/lib/swift/host/libSwiftInProcPluginServer.dylib -parse-as-library -o /Users/admin/builder/spi-builder-workspace/.derivedData/Build/Intermediates.noindex/Carlos.build/Debug-xros/Carlos-t.build/Objects-normal/arm64/Logger.o -o /Users/admin/builder/spi-builder-workspace/.derivedData/Build/Intermediates.noindex/Carlos.build/Debug-xros/Carlos-t.build/Objects-normal/arm64/MemoryWarning.o -debug-module-path /Users/admin/builder/spi-builder-workspace/.derivedData/Build/Intermediates.noindex/Carlos.build/Debug-xros/Carlos-t.build/Objects-normal/arm64/Carlos.swiftmodule -index-unit-output-path /Carlos.build/Debug-xros/Carlos-t.build/Objects-normal/arm64/Logger.o -index-unit-output-path /Carlos.build/Debug-xros/Carlos-t.build/Objects-normal/arm64/MemoryWarning.o -index-store-path /Users/admin/builder/spi-builder-workspace/.derivedData/Index.noindex/DataStore -index-system-modules
SwiftCompile normal arm64 /Users/admin/builder/spi-builder-workspace/Sources/Carlos/Core/Logger.swift (in target 'Carlos' from project 'Carlos')
cd /Users/admin/builder/spi-builder-workspace/.swiftpm/xcode
builtin-SwiftPerFileCompile Logger.swift
SwiftCompile normal arm64 /Users/admin/builder/spi-builder-workspace/Sources/Carlos/Core/MemoryWarning.swift (in target 'Carlos' from project 'Carlos')
cd /Users/admin/builder/spi-builder-workspace/.swiftpm/xcode
builtin-SwiftPerFileCompile MemoryWarning.swift
SwiftCompile normal arm64 Compiling\ BatchAllCache.swift,\ Composed.swift /Users/admin/builder/spi-builder-workspace/Sources/Carlos/CacheLevels/BatchAllCache.swift /Users/admin/builder/spi-builder-workspace/Sources/Carlos/CacheLevels/Composed.swift (in target 'Carlos' from project 'Carlos')
SwiftCompile normal arm64 /Users/admin/builder/spi-builder-workspace/Sources/Carlos/CacheLevels/BatchAllCache.swift (in target 'Carlos' from project 'Carlos')
cd /Users/admin/builder/spi-builder-workspace/.swiftpm/xcode
builtin-SwiftPerFileCompile BatchAllCache.swift
SwiftCompile normal arm64 /Users/admin/builder/spi-builder-workspace/Sources/Carlos/CacheLevels/Composed.swift (in target 'Carlos' from project 'Carlos')
cd /Users/admin/builder/spi-builder-workspace/.swiftpm/xcode
builtin-SwiftPerFileCompile Composed.swift
SwiftEmitModule normal arm64 Emitting\ module\ for\ Carlos (in target 'Carlos' from project 'Carlos')
SwiftCompile normal arm64 (in target 'Carlos' from project 'Carlos')
cd /Users/admin/builder/spi-builder-workspace/.swiftpm/xcode
SwiftCompile normal arm64 Compiling\ ImageTransformer.swift,\ JSONTransformer.swift /Users/admin/builder/spi-builder-workspace/Sources/Carlos/Transformers/ImageTransformer.swift /Users/admin/builder/spi-builder-workspace/Sources/Carlos/Transformers/JSONTransformer.swift (in target 'Carlos' from project 'Carlos')
SwiftCompile normal arm64 /Users/admin/builder/spi-builder-workspace/Sources/Carlos/Transformers/ImageTransformer.swift (in target 'Carlos' from project 'Carlos')
cd /Users/admin/builder/spi-builder-workspace/.swiftpm/xcode
builtin-SwiftPerFileCompile ImageTransformer.swift
SwiftCompile normal arm64 /Users/admin/builder/spi-builder-workspace/Sources/Carlos/Transformers/JSONTransformer.swift (in target 'Carlos' from project 'Carlos')
cd /Users/admin/builder/spi-builder-workspace/.swiftpm/xcode
builtin-SwiftPerFileCompile JSONTransformer.swift
SwiftCompile normal arm64 Compiling\ ExpensiveObject.swift,\ Extensions.swift /Users/admin/builder/spi-builder-workspace/Sources/Carlos/Core/ExpensiveObject.swift /Users/admin/builder/spi-builder-workspace/Sources/Carlos/Core/Extensions.swift (in target 'Carlos' from project 'Carlos')
SwiftCompile normal arm64 /Users/admin/builder/spi-builder-workspace/Sources/Carlos/Core/ExpensiveObject.swift (in target 'Carlos' from project 'Carlos')
cd /Users/admin/builder/spi-builder-workspace/.swiftpm/xcode
builtin-SwiftPerFileCompile ExpensiveObject.swift
SwiftCompile normal arm64 /Users/admin/builder/spi-builder-workspace/Sources/Carlos/Core/Extensions.swift (in target 'Carlos' from project 'Carlos')
cd /Users/admin/builder/spi-builder-workspace/.swiftpm/xcode
builtin-SwiftPerFileCompile Extensions.swift
SwiftCompile normal arm64 Compiling\ OneWayTransformer.swift,\ StringTransformer.swift /Users/admin/builder/spi-builder-workspace/Sources/Carlos/Transformers/OneWayTransformer.swift /Users/admin/builder/spi-builder-workspace/Sources/Carlos/Transformers/StringTransformer.swift (in target 'Carlos' from project 'Carlos')
SwiftCompile normal arm64 /Users/admin/builder/spi-builder-workspace/Sources/Carlos/Transformers/OneWayTransformer.swift (in target 'Carlos' from project 'Carlos')
cd /Users/admin/builder/spi-builder-workspace/.swiftpm/xcode
builtin-SwiftPerFileCompile OneWayTransformer.swift
SwiftCompile normal arm64 /Users/admin/builder/spi-builder-workspace/Sources/Carlos/Transformers/StringTransformer.swift (in target 'Carlos' from project 'Carlos')
cd /Users/admin/builder/spi-builder-workspace/.swiftpm/xcode
builtin-SwiftPerFileCompile StringTransformer.swift
SwiftCompile normal arm64 Compiling\ Transformers.swift,\ TwoWayTransformer.swift /Users/admin/builder/spi-builder-workspace/Sources/Carlos/Transformers/Transformers.swift /Users/admin/builder/spi-builder-workspace/Sources/Carlos/Transformers/TwoWayTransformer.swift (in target 'Carlos' from project 'Carlos')
SwiftCompile normal arm64 /Users/admin/builder/spi-builder-workspace/Sources/Carlos/Transformers/Transformers.swift (in target 'Carlos' from project 'Carlos')
cd /Users/admin/builder/spi-builder-workspace/.swiftpm/xcode
builtin-SwiftPerFileCompile Transformers.swift
SwiftCompile normal arm64 /Users/admin/builder/spi-builder-workspace/Sources/Carlos/Transformers/TwoWayTransformer.swift (in target 'Carlos' from project 'Carlos')
cd /Users/admin/builder/spi-builder-workspace/.swiftpm/xcode
builtin-SwiftPerFileCompile TwoWayTransformer.swift
SwiftDriverJobDiscovery normal arm64 Compiling ConditionedTwoWayTransformer.swift, ConditionedValueTransformation.swift (in target 'Carlos' from project 'Carlos')
SwiftDriverJobDiscovery normal arm64 Compiling BasicFetcher.swift, Errors.swift (in target 'Carlos' from project 'Carlos')
SwiftDriverJobDiscovery normal arm64 Compiling FetcherValueTransformation.swift, FunctionComposition.swift (in target 'Carlos' from project 'Carlos')
SwiftCompile normal arm64 Compiling\ PoolCache.swift,\ CacheProvider.swift /Users/admin/builder/spi-builder-workspace/Sources/Carlos/CacheLevels/PoolCache.swift /Users/admin/builder/spi-builder-workspace/Sources/Carlos/CacheProvider.swift (in target 'Carlos' from project 'Carlos')
SwiftCompile normal arm64 /Users/admin/builder/spi-builder-workspace/Sources/Carlos/CacheLevels/PoolCache.swift (in target 'Carlos' from project 'Carlos')
cd /Users/admin/builder/spi-builder-workspace/.swiftpm/xcode
builtin-SwiftPerFileCompile PoolCache.swift
SwiftCompile normal arm64 /Users/admin/builder/spi-builder-workspace/Sources/Carlos/CacheProvider.swift (in target 'Carlos' from project 'Carlos')
cd /Users/admin/builder/spi-builder-workspace/.swiftpm/xcode
builtin-SwiftPerFileCompile CacheProvider.swift
SwiftCompile normal arm64 Compiling\ ValueTransformation.swift /Users/admin/builder/spi-builder-workspace/Sources/Carlos/Operations/ValueTransformation.swift (in target 'Carlos' from project 'Carlos')
SwiftCompile normal arm64 /Users/admin/builder/spi-builder-workspace/Sources/Carlos/Operations/ValueTransformation.swift (in target 'Carlos' from project 'Carlos')
cd /Users/admin/builder/spi-builder-workspace/.swiftpm/xcode
builtin-SwiftPerFileCompile ValueTransformation.swift
SwiftCompile normal arm64 Compiling\ NSUserDefaultsCacheLevel.swift,\ NetworkFetcher.swift /Users/admin/builder/spi-builder-workspace/Sources/Carlos/CacheLevels/NSUserDefaultsCacheLevel.swift /Users/admin/builder/spi-builder-workspace/Sources/Carlos/CacheLevels/NetworkFetcher.swift (in target 'Carlos' from project 'Carlos')
SwiftCompile normal arm64 /Users/admin/builder/spi-builder-workspace/Sources/Carlos/CacheLevels/NSUserDefaultsCacheLevel.swift (in target 'Carlos' from project 'Carlos')
cd /Users/admin/builder/spi-builder-workspace/.swiftpm/xcode
builtin-SwiftPerFileCompile NSUserDefaultsCacheLevel.swift
SwiftCompile normal arm64 /Users/admin/builder/spi-builder-workspace/Sources/Carlos/CacheLevels/NetworkFetcher.swift (in target 'Carlos' from project 'Carlos')
cd /Users/admin/builder/spi-builder-workspace/.swiftpm/xcode
builtin-SwiftPerFileCompile NetworkFetcher.swift
PruneExplicitPrecompiledModules /Users/admin/builder/spi-builder-workspace/.derivedData/Build/Intermediates.noindex/ExplicitPrecompiledModules
PruneExplicitPrecompiledModules /Users/admin/builder/spi-builder-workspace/.derivedData/Build/Intermediates.noindex/SwiftExplicitPrecompiledModules
PruneExplicitPrecompiledModules /Users/admin/builder/spi-builder-workspace/.derivedData/SDKExplicitPrecompiledModules
2026-09-18 04:37:05.194 xcodebuild[1112:6133] [MT] IDERunDestination: Supported platforms for the buildables in the current scheme is empty.
2026-09-18 04:37:05.298 xcodebuild[1112:6133] [MT] IDERunDestination: Supported platforms for the buildables in the current scheme is empty.
** BUILD FAILED **
The following build commands failed:
SwiftCompile normal arm64 Compiling\ Logger.swift,\ MemoryWarning.swift /Users/admin/builder/spi-builder-workspace/Sources/Carlos/Core/Logger.swift /Users/admin/builder/spi-builder-workspace/Sources/Carlos/Core/MemoryWarning.swift (in target 'Carlos' from project 'Carlos')
SwiftCompile normal arm64 /Users/admin/builder/spi-builder-workspace/Sources/Carlos/Core/MemoryWarning.swift (in target 'Carlos' from project 'Carlos')
Building workspace Carlos with scheme Carlos
(3 failures)
BUILD FAILURE 6.4 visionOS