The Swift Package Index logo.Swift Package Index

Build Information

Failed to build SceneKitDebugTools, reference 0.1.5 (3e0f2a), with Swift 6.4 for visionOS using Xcode 27.0 on 18 Sep 2026 13:47:48 UTC.

Build Command

env DEVELOPER_DIR=/Applications/Xcode-27.0.0-Release.Candidate.app xcrun xcodebuild -IDEClonedSourcePackagesDirPathOverride=$PWD/.dependencies -skipMacroValidation -skipPackagePluginValidation -derivedDataPath $PWD/.derivedData build -scheme SceneKitDebugTools -destination generic/platform=xrOS

Build Log

========================================
RunAll
========================================
Builder version: 5.1.0
Interrupt handler set up.
========================================
Checkout
========================================
Clone URL: https://github.com/heckj/SceneKitDebugTools.git
Reference: 0.1.5
Initialized empty Git repository in /Users/admin/builder/spi-builder-workspace/.git/
From https://github.com/heckj/SceneKitDebugTools
 * tag               0.1.5      -> FETCH_HEAD
HEAD is now at 3e0f2a2 adding explicit support for watchOS and tvOS to use this as a depdendency cleanly
Cloned https://github.com/heckj/SceneKitDebugTools.git
Revision (git rev-parse @):
3e0f2a256db6492546af477ed3c6d58e8dcc4ed9
SUCCESS checkout https://github.com/heckj/SceneKitDebugTools.git at 0.1.5
========================================
Build
========================================
Selected platform:         visionOS
Swift version:             6.4
Building package at path:  $PWD
https://github.com/heckj/SceneKitDebugTools.git
Command line invocation:
    /Applications/Xcode-27.0.0-Release.Candidate.app/Contents/Developer/usr/bin/xcodebuild -IDEClonedSourcePackagesDirPathOverride=/Users/admin/builder/spi-builder-workspace/.dependencies -resolvePackageDependencies
Resolve Package Graph
Fetching from https://github.com/heckj/MeshGenerator.git
Creating working copy of package ‘MeshGenerator’
Checking out 0.6.0 of package ‘MeshGenerator’
Resolve Package Graph
Resolved source packages:
  SceneKitDebugTools: /Users/admin/builder/spi-builder-workspace
  MeshGenerator: https://github.com/heckj/MeshGenerator.git @ 0.6.0
resolved source packages: SceneKitDebugTools, MeshGenerator
2026-09-18 09:46:50.352 xcodebuild[529:3035] [MT] IDERunDestination: Supported platforms for the buildables in the current scheme is empty.
{
  "dependencies" : [
    {
      "identity" : "meshgenerator",
      "requirement" : {
        "range" : [
          {
            "lower_bound" : "0.5.0",
            "upper_bound" : "1.0.0"
          }
        ]
      },
      "type" : "sourceControl",
      "url" : "https://github.com/heckj/MeshGenerator.git"
    }
  ],
  "manifest_display_name" : "SceneKitDebugTools",
  "name" : "SceneKitDebugTools",
  "path" : "/Users/admin/builder/spi-builder-workspace",
  "platforms" : [
    {
      "name" : "macos",
      "version" : "12.0"
    },
    {
      "name" : "ios",
      "version" : "15.0"
    },
    {
      "name" : "tvos",
      "version" : "15.0"
    },
    {
      "name" : "watchos",
      "version" : "8.0"
    }
  ],
  "products" : [
    {
      "name" : "SceneKitDebugTools",
      "targets" : [
        "SceneKitDebugTools"
      ],
      "type" : {
        "library" : [
          "automatic"
        ]
      }
    }
  ],
  "targets" : [
    {
      "c99name" : "SceneKitDebugToolsTests",
      "module_type" : "SwiftTarget",
      "name" : "SceneKitDebugToolsTests",
      "path" : "Tests/SceneKitDebugToolsTests",
      "sources" : [
        "SceneKitDebugToolsTests.swift"
      ],
      "target_dependencies" : [
        "SceneKitDebugTools"
      ],
      "type" : "test"
    },
    {
      "c99name" : "SceneKitDebugTools",
      "module_type" : "SwiftTarget",
      "name" : "SceneKitDebugTools",
      "path" : "Sources/SceneKitDebugTools",
      "product_dependencies" : [
        "MeshGenerator"
      ],
      "product_memberships" : [
        "SceneKitDebugTools"
      ],
      "sources" : [
        "AngleView.swift",
        "DebugNodes.swift",
        "DebugSceneView.swift",
        "EulerAngleView.swift",
        "NodeInfoView.swift",
        "ObservableSCNNode.swift",
        "OptionalNodeInfoView.swift",
        "PasteboardHelpers.swift",
        "QuaternionView.swift",
        "SceneInfoView.swift",
        "SearchableSceneInfoView.swift",
        "Simd3View.swift",
        "Simd4View.swift",
        "Simd4x4View.swift",
        "Transforms.swift",
        "simd+codetext.swift"
      ],
      "type" : "library"
    }
  ],
  "tools_version" : "5.5"
}
{
  "workspace" : {
    "name" : "SceneKitDebugTools",
    "schemes" : [
      "SceneKitDebugTools"
    ]
  }
}
2026-09-18 09:47:31.894 xcodebuild[687:4324] [MT] IDERunDestination: Supported platforms for the buildables in the current scheme is empty.
Running build ...
env DEVELOPER_DIR=/Applications/Xcode-27.0.0-Release.Candidate.app xcrun xcodebuild -IDEClonedSourcePackagesDirPathOverride=$PWD/.dependencies -skipMacroValidation -skipPackagePluginValidation -derivedDataPath $PWD/.derivedData build -scheme SceneKitDebugTools -destination generic/platform=xrOS
Command line invocation:
    /Applications/Xcode-27.0.0-Release.Candidate.app/Contents/Developer/usr/bin/xcodebuild -IDEClonedSourcePackagesDirPathOverride=/Users/admin/builder/spi-builder-workspace/.dependencies -skipMacroValidation -skipPackagePluginValidation -derivedDataPath /Users/admin/builder/spi-builder-workspace/.derivedData build -scheme SceneKitDebugTools -destination generic/platform=xrOS
Resolve Package Graph
Resolve Package Graph
Resolved source packages:
  MeshGenerator: https://github.com/heckj/MeshGenerator.git @ 0.6.0
  SceneKitDebugTools: /Users/admin/builder/spi-builder-workspace
ComputePackagePrebuildTargetDependencyGraph
Prepare packages
CreateBuildRequest
SendProjectDescription
CreateBuildOperation
ComputeTargetDependencyGraph
note: Building targets in dependency order
note: Target dependency graph (4 targets)
    Target 'SceneKitDebugTools-product' in project 'SceneKitDebugTools'
        ➜ Explicit dependency on target 'SceneKitDebugTools' in project 'SceneKitDebugTools'
        ➜ Explicit dependency on target 'MeshGenerator-product' in project 'MeshGenerator'
    Target 'SceneKitDebugTools' in project 'SceneKitDebugTools'
        ➜ Explicit dependency on target 'MeshGenerator-product' in project 'MeshGenerator'
    Target 'MeshGenerator-product' in project 'MeshGenerator'
        ➜ Explicit dependency on target 'MeshGenerator' in project 'MeshGenerator'
    Target 'MeshGenerator' in project 'MeshGenerator' (no dependencies)
GatherProvisioningInputs
CreateBuildDescription
ExecuteExternalTool /Applications/Xcode-27.0.0-Release.Candidate.app/Contents/Developer/Toolchains/XcodeDefault.xctoolchain/usr/bin/clang -v -E -dM -isysroot /Applications/Xcode-27.0.0-Release.Candidate.app/Contents/Developer/Platforms/XROS.platform/Developer/SDKs/XROS27.0.sdk -x c -c /dev/null
ExecuteExternalTool /Applications/Xcode-27.0.0-Release.Candidate.app/Contents/Developer/Toolchains/XcodeDefault.xctoolchain/usr/bin/swiftc --version
ExecuteExternalTool /Applications/Xcode-27.0.0-Release.Candidate.app/Contents/Developer/Toolchains/XcodeDefault.xctoolchain/usr/bin/ld -version_details
ReadFileContents /Applications/Xcode-27.0.0-Release.Candidate.app/Contents/Developer/Toolchains/XcodeDefault.xctoolchain/usr/share/docc/features.json
Build description signature: 39225ffed36c290415bd13ace13fada1
Build description path: /Users/admin/builder/spi-builder-workspace/.derivedData/Build/Intermediates.noindex/XCBuildData/39225ffed36c290415bd13ace13fada1.xcbuilddata
CreateBuildDirectory /Users/admin/builder/spi-builder-workspace/.derivedData/SDKExplicitPrecompiledModules
    cd /Users/admin/builder/spi-builder-workspace/.swiftpm/xcode
    builtin-create-build-directory /Users/admin/builder/spi-builder-workspace/.derivedData/SDKExplicitPrecompiledModules
CreateBuildDirectory /Users/admin/builder/spi-builder-workspace/.derivedData/ModuleCache.noindex
    cd /Users/admin/builder/spi-builder-workspace/.swiftpm/xcode
    builtin-create-build-directory /Users/admin/builder/spi-builder-workspace/.derivedData/ModuleCache.noindex
CreateBuildDirectory /Users/admin/builder/spi-builder-workspace/.derivedData/CompilationCache.noindex
    cd /Users/admin/builder/spi-builder-workspace/.swiftpm/xcode
    builtin-create-build-directory /Users/admin/builder/spi-builder-workspace/.derivedData/CompilationCache.noindex
CreateBuildDirectory /Users/admin/builder/spi-builder-workspace/.derivedData/Build/Products
    cd /Users/admin/builder/spi-builder-workspace/.swiftpm/xcode
    builtin-create-build-directory /Users/admin/builder/spi-builder-workspace/.derivedData/Build/Products
ClangStatCache /Applications/Xcode-27.0.0-Release.Candidate.app/Contents/Developer/Toolchains/XcodeDefault.xctoolchain/usr/bin/clang-stat-cache /Applications/Xcode-27.0.0-Release.Candidate.app/Contents/Developer/Platforms/XROS.platform/Developer/SDKs/XROS27.0.sdk /Users/admin/builder/spi-builder-workspace/.derivedData/SDKStatCaches.noindex/xros27.0-24M361-e829b21a6f8c9b70876ba0858053c044735bd543db762f57723cac368afd1ce4.sdkstatcache
    cd /Users/admin/builder/spi-builder-workspace/.swiftpm/xcode
    /Applications/Xcode-27.0.0-Release.Candidate.app/Contents/Developer/Toolchains/XcodeDefault.xctoolchain/usr/bin/clang-stat-cache /Applications/Xcode-27.0.0-Release.Candidate.app/Contents/Developer/Platforms/XROS.platform/Developer/SDKs/XROS27.0.sdk -o /Users/admin/builder/spi-builder-workspace/.derivedData/SDKStatCaches.noindex/xros27.0-24M361-e829b21a6f8c9b70876ba0858053c044735bd543db762f57723cac368afd1ce4.sdkstatcache
CreateBuildDirectory /Users/admin/builder/spi-builder-workspace/.derivedData/Build/Intermediates.noindex
    cd /Users/admin/builder/spi-builder-workspace/.swiftpm/xcode
    builtin-create-build-directory /Users/admin/builder/spi-builder-workspace/.derivedData/Build/Intermediates.noindex
CreateBuildDirectory /Users/admin/builder/spi-builder-workspace/.derivedData/Build/Intermediates.noindex/SwiftExplicitPrecompiledModules
    cd /Users/admin/builder/spi-builder-workspace/.swiftpm/xcode
    builtin-create-build-directory /Users/admin/builder/spi-builder-workspace/.derivedData/Build/Intermediates.noindex/SwiftExplicitPrecompiledModules
CreateBuildDirectory /Users/admin/builder/spi-builder-workspace/.derivedData/Build/Intermediates.noindex/PrecompiledHeaders
    cd /Users/admin/builder/spi-builder-workspace/.swiftpm/xcode
    builtin-create-build-directory /Users/admin/builder/spi-builder-workspace/.derivedData/Build/Intermediates.noindex/PrecompiledHeaders
CreateBuildDirectory /Users/admin/builder/spi-builder-workspace/.derivedData/Build/Intermediates.noindex/ExplicitPrecompiledModules
    cd /Users/admin/builder/spi-builder-workspace/.swiftpm/xcode
    builtin-create-build-directory /Users/admin/builder/spi-builder-workspace/.derivedData/Build/Intermediates.noindex/ExplicitPrecompiledModules
CreateBuildDirectory /Users/admin/builder/spi-builder-workspace/.derivedData/Build/Intermediates.noindex/EagerLinkingTBDs/Debug-xros
    cd /Users/admin/builder/spi-builder-workspace/.swiftpm/xcode
    builtin-create-build-directory /Users/admin/builder/spi-builder-workspace/.derivedData/Build/Intermediates.noindex/EagerLinkingTBDs/Debug-xros
CreateBuildDirectory /Users/admin/builder/spi-builder-workspace/.derivedData/Build/Products/Debug-xros
    cd /Users/admin/builder/spi-builder-workspace/.swiftpm/xcode
    builtin-create-build-directory /Users/admin/builder/spi-builder-workspace/.derivedData/Build/Products/Debug-xros
CreateBuildDirectory /Users/admin/builder/spi-builder-workspace/.derivedData/Build/Products/Debug-xros/PackageFrameworks
    cd /Users/admin/builder/spi-builder-workspace/.swiftpm/xcode
    builtin-create-build-directory /Users/admin/builder/spi-builder-workspace/.derivedData/Build/Products/Debug-xros/PackageFrameworks
WriteAuxiliaryFile /Users/admin/builder/spi-builder-workspace/.derivedData/Build/Intermediates.noindex/SceneKitDebugTools.build/Debug-xros/SceneKitDebugTools-t.build/SceneKitDebugTools.DependencyStaticMetadataFileList (in target 'SceneKitDebugTools' from project 'SceneKitDebugTools')
    cd /Users/admin/builder/spi-builder-workspace
    write-file /Users/admin/builder/spi-builder-workspace/.derivedData/Build/Intermediates.noindex/SceneKitDebugTools.build/Debug-xros/SceneKitDebugTools-t.build/SceneKitDebugTools.DependencyStaticMetadataFileList
WriteAuxiliaryFile /Users/admin/builder/spi-builder-workspace/.derivedData/Build/Intermediates.noindex/SceneKitDebugTools.build/Debug-xros/SceneKitDebugTools-t.build/SceneKitDebugTools.modulemap (in target 'SceneKitDebugTools' from project 'SceneKitDebugTools')
    cd /Users/admin/builder/spi-builder-workspace
    write-file /Users/admin/builder/spi-builder-workspace/.derivedData/Build/Intermediates.noindex/SceneKitDebugTools.build/Debug-xros/SceneKitDebugTools-t.build/SceneKitDebugTools.modulemap
WriteAuxiliaryFile /Users/admin/builder/spi-builder-workspace/.derivedData/Build/Intermediates.noindex/SceneKitDebugTools.build/Debug-xros/SceneKitDebugTools-t.build/SceneKitDebugTools.DependencyMetadataFileList (in target 'SceneKitDebugTools' from project 'SceneKitDebugTools')
    cd /Users/admin/builder/spi-builder-workspace
    write-file /Users/admin/builder/spi-builder-workspace/.derivedData/Build/Intermediates.noindex/SceneKitDebugTools.build/Debug-xros/SceneKitDebugTools-t.build/SceneKitDebugTools.DependencyMetadataFileList
WriteAuxiliaryFile /Users/admin/builder/spi-builder-workspace/.derivedData/Build/Intermediates.noindex/SceneKitDebugTools.build/Debug-xros/SceneKitDebugTools-t.build/Objects-normal/arm64/SceneKitDebugTools.SwiftFileList (in target 'SceneKitDebugTools' from project 'SceneKitDebugTools')
    cd /Users/admin/builder/spi-builder-workspace
    write-file /Users/admin/builder/spi-builder-workspace/.derivedData/Build/Intermediates.noindex/SceneKitDebugTools.build/Debug-xros/SceneKitDebugTools-t.build/Objects-normal/arm64/SceneKitDebugTools.SwiftFileList
WriteAuxiliaryFile /Users/admin/builder/spi-builder-workspace/.derivedData/Build/Intermediates.noindex/SceneKitDebugTools.build/Debug-xros/SceneKitDebugTools-t.build/Objects-normal/arm64/SceneKitDebugTools.SwiftConstValuesFileList (in target 'SceneKitDebugTools' from project 'SceneKitDebugTools')
    cd /Users/admin/builder/spi-builder-workspace
    write-file /Users/admin/builder/spi-builder-workspace/.derivedData/Build/Intermediates.noindex/SceneKitDebugTools.build/Debug-xros/SceneKitDebugTools-t.build/Objects-normal/arm64/SceneKitDebugTools.SwiftConstValuesFileList
WriteAuxiliaryFile /Users/admin/builder/spi-builder-workspace/.derivedData/Build/Intermediates.noindex/SceneKitDebugTools.build/Debug-xros/SceneKitDebugTools-t.build/Objects-normal/arm64/SceneKitDebugTools_const_extract_protocols.json (in target 'SceneKitDebugTools' from project 'SceneKitDebugTools')
    cd /Users/admin/builder/spi-builder-workspace
    write-file /Users/admin/builder/spi-builder-workspace/.derivedData/Build/Intermediates.noindex/SceneKitDebugTools.build/Debug-xros/SceneKitDebugTools-t.build/Objects-normal/arm64/SceneKitDebugTools_const_extract_protocols.json
WriteAuxiliaryFile /Users/admin/builder/spi-builder-workspace/.derivedData/Build/Intermediates.noindex/SceneKitDebugTools.build/Debug-xros/SceneKitDebugTools-t.build/Objects-normal/arm64/SceneKitDebugTools.LinkFileList (in target 'SceneKitDebugTools' from project 'SceneKitDebugTools')
    cd /Users/admin/builder/spi-builder-workspace
    write-file /Users/admin/builder/spi-builder-workspace/.derivedData/Build/Intermediates.noindex/SceneKitDebugTools.build/Debug-xros/SceneKitDebugTools-t.build/Objects-normal/arm64/SceneKitDebugTools.LinkFileList
WriteAuxiliaryFile /Users/admin/builder/spi-builder-workspace/.derivedData/Build/Intermediates.noindex/SceneKitDebugTools.build/Debug-xros/SceneKitDebugTools-t.build/Objects-normal/arm64/SceneKitDebugTools-OutputFileMap.json (in target 'SceneKitDebugTools' from project 'SceneKitDebugTools')
    cd /Users/admin/builder/spi-builder-workspace
    write-file /Users/admin/builder/spi-builder-workspace/.derivedData/Build/Intermediates.noindex/SceneKitDebugTools.build/Debug-xros/SceneKitDebugTools-t.build/Objects-normal/arm64/SceneKitDebugTools-OutputFileMap.json
WriteAuxiliaryFile /Users/admin/builder/spi-builder-workspace/.derivedData/Build/Intermediates.noindex/MeshGenerator.build/Debug-xros/MeshGenerator-t.build/Objects-normal/arm64/MeshGenerator_const_extract_protocols.json (in target 'MeshGenerator' from project 'MeshGenerator')
    cd /Users/admin/builder/spi-builder-workspace/.dependencies/checkouts/MeshGenerator
    write-file /Users/admin/builder/spi-builder-workspace/.derivedData/Build/Intermediates.noindex/MeshGenerator.build/Debug-xros/MeshGenerator-t.build/Objects-normal/arm64/MeshGenerator_const_extract_protocols.json
WriteAuxiliaryFile /Users/admin/builder/spi-builder-workspace/.derivedData/Build/Intermediates.noindex/MeshGenerator.build/Debug-xros/MeshGenerator-t.build/Objects-normal/arm64/MeshGenerator.SwiftFileList (in target 'MeshGenerator' from project 'MeshGenerator')
    cd /Users/admin/builder/spi-builder-workspace/.dependencies/checkouts/MeshGenerator
    write-file /Users/admin/builder/spi-builder-workspace/.derivedData/Build/Intermediates.noindex/MeshGenerator.build/Debug-xros/MeshGenerator-t.build/Objects-normal/arm64/MeshGenerator.SwiftFileList
WriteAuxiliaryFile /Users/admin/builder/spi-builder-workspace/.derivedData/Build/Intermediates.noindex/MeshGenerator.build/Debug-xros/MeshGenerator-t.build/Objects-normal/arm64/MeshGenerator.SwiftConstValuesFileList (in target 'MeshGenerator' from project 'MeshGenerator')
    cd /Users/admin/builder/spi-builder-workspace/.dependencies/checkouts/MeshGenerator
    write-file /Users/admin/builder/spi-builder-workspace/.derivedData/Build/Intermediates.noindex/MeshGenerator.build/Debug-xros/MeshGenerator-t.build/Objects-normal/arm64/MeshGenerator.SwiftConstValuesFileList
WriteAuxiliaryFile /Users/admin/builder/spi-builder-workspace/.derivedData/Build/Intermediates.noindex/MeshGenerator.build/Debug-xros/MeshGenerator-t.build/Objects-normal/arm64/MeshGenerator.LinkFileList (in target 'MeshGenerator' from project 'MeshGenerator')
    cd /Users/admin/builder/spi-builder-workspace/.dependencies/checkouts/MeshGenerator
    write-file /Users/admin/builder/spi-builder-workspace/.derivedData/Build/Intermediates.noindex/MeshGenerator.build/Debug-xros/MeshGenerator-t.build/Objects-normal/arm64/MeshGenerator.LinkFileList
WriteAuxiliaryFile /Users/admin/builder/spi-builder-workspace/.derivedData/Build/Intermediates.noindex/MeshGenerator.build/Debug-xros/MeshGenerator-t.build/Objects-normal/arm64/MeshGenerator-OutputFileMap.json (in target 'MeshGenerator' from project 'MeshGenerator')
    cd /Users/admin/builder/spi-builder-workspace/.dependencies/checkouts/MeshGenerator
    write-file /Users/admin/builder/spi-builder-workspace/.derivedData/Build/Intermediates.noindex/MeshGenerator.build/Debug-xros/MeshGenerator-t.build/Objects-normal/arm64/MeshGenerator-OutputFileMap.json
Copy /Users/admin/builder/spi-builder-workspace/.derivedData/Build/Intermediates.noindex/GeneratedModuleMaps-xros/SceneKitDebugTools.modulemap /Users/admin/builder/spi-builder-workspace/.derivedData/Build/Intermediates.noindex/SceneKitDebugTools.build/Debug-xros/SceneKitDebugTools-t.build/SceneKitDebugTools.modulemap (in target 'SceneKitDebugTools' from project 'SceneKitDebugTools')
    cd /Users/admin/builder/spi-builder-workspace
    builtin-copy -exclude .DS_Store -exclude CVS -exclude .svn -exclude .git -exclude .hg -resolve-src-symlinks /Users/admin/builder/spi-builder-workspace/.derivedData/Build/Intermediates.noindex/SceneKitDebugTools.build/Debug-xros/SceneKitDebugTools-t.build/SceneKitDebugTools.modulemap /Users/admin/builder/spi-builder-workspace/.derivedData/Build/Intermediates.noindex/GeneratedModuleMaps-xros
WriteAuxiliaryFile /Users/admin/builder/spi-builder-workspace/.derivedData/Build/Intermediates.noindex/MeshGenerator.build/Debug-xros/MeshGenerator-t.build/MeshGenerator.modulemap (in target 'MeshGenerator' from project 'MeshGenerator')
    cd /Users/admin/builder/spi-builder-workspace/.dependencies/checkouts/MeshGenerator
    write-file /Users/admin/builder/spi-builder-workspace/.derivedData/Build/Intermediates.noindex/MeshGenerator.build/Debug-xros/MeshGenerator-t.build/MeshGenerator.modulemap
WriteAuxiliaryFile /Users/admin/builder/spi-builder-workspace/.derivedData/Build/Intermediates.noindex/MeshGenerator.build/Debug-xros/MeshGenerator-t.build/MeshGenerator.DependencyStaticMetadataFileList (in target 'MeshGenerator' from project 'MeshGenerator')
    cd /Users/admin/builder/spi-builder-workspace/.dependencies/checkouts/MeshGenerator
    write-file /Users/admin/builder/spi-builder-workspace/.derivedData/Build/Intermediates.noindex/MeshGenerator.build/Debug-xros/MeshGenerator-t.build/MeshGenerator.DependencyStaticMetadataFileList
WriteAuxiliaryFile /Users/admin/builder/spi-builder-workspace/.derivedData/Build/Intermediates.noindex/MeshGenerator.build/Debug-xros/MeshGenerator-t.build/MeshGenerator.DependencyMetadataFileList (in target 'MeshGenerator' from project 'MeshGenerator')
    cd /Users/admin/builder/spi-builder-workspace/.dependencies/checkouts/MeshGenerator
    write-file /Users/admin/builder/spi-builder-workspace/.derivedData/Build/Intermediates.noindex/MeshGenerator.build/Debug-xros/MeshGenerator-t.build/MeshGenerator.DependencyMetadataFileList
Copy /Users/admin/builder/spi-builder-workspace/.derivedData/Build/Intermediates.noindex/GeneratedModuleMaps-xros/MeshGenerator.modulemap /Users/admin/builder/spi-builder-workspace/.derivedData/Build/Intermediates.noindex/MeshGenerator.build/Debug-xros/MeshGenerator-t.build/MeshGenerator.modulemap (in target 'MeshGenerator' from project 'MeshGenerator')
    cd /Users/admin/builder/spi-builder-workspace/.dependencies/checkouts/MeshGenerator
    builtin-copy -exclude .DS_Store -exclude CVS -exclude .svn -exclude .git -exclude .hg -resolve-src-symlinks /Users/admin/builder/spi-builder-workspace/.derivedData/Build/Intermediates.noindex/MeshGenerator.build/Debug-xros/MeshGenerator-t.build/MeshGenerator.modulemap /Users/admin/builder/spi-builder-workspace/.derivedData/Build/Intermediates.noindex/GeneratedModuleMaps-xros
SwiftDriver MeshGenerator normal arm64 com.apple.xcode.tools.swift.compiler (in target 'MeshGenerator' from project 'MeshGenerator')
    cd /Users/admin/builder/spi-builder-workspace/.swiftpm/xcode
    builtin-SwiftDriver -- /Applications/Xcode-27.0.0-Release.Candidate.app/Contents/Developer/Toolchains/XcodeDefault.xctoolchain/usr/bin/swiftc -parse-as-library -module-name MeshGenerator -Onone @/Users/admin/builder/spi-builder-workspace/.derivedData/Build/Intermediates.noindex/MeshGenerator.build/Debug-xros/MeshGenerator-t.build/Objects-normal/arm64/MeshGenerator.SwiftFileList -DSWIFT_PACKAGE -DDEBUG -DSWIFT_MODULE_RESOURCE_BUNDLE_UNAVAILABLE -DXcode -plugin-path /Applications/Xcode-27.0.0-Release.Candidate.app/Contents/Developer/Toolchains/XcodeDefault.xctoolchain/usr/lib/swift/host/plugins/testing -enable-experimental-feature DebugDescriptionMacro -sdk /Applications/Xcode-27.0.0-Release.Candidate.app/Contents/Developer/Platforms/XROS.platform/Developer/SDKs/XROS27.0.sdk -target arm64-apple-xros1.0 -g -module-cache-path /Users/admin/builder/spi-builder-workspace/.derivedData/ModuleCache.noindex -Xfrontend -serialize-debugging-options -profile-coverage-mapping -profile-generate -enable-testing -suppress-warnings -index-store-path /Users/admin/builder/spi-builder-workspace/.derivedData/Index.noindex/DataStore -Xcc -D_LIBCPP_HARDENING_MODE\=_LIBCPP_HARDENING_MODE_DEBUG -swift-version 5 -I /Users/admin/builder/spi-builder-workspace/.derivedData/Build/Products/Debug-xros -Isystem /Applications/Xcode-27.0.0-Release.Candidate.app/Contents/Developer/Platforms/XROS.platform/Developer/usr/lib -F /Users/admin/builder/spi-builder-workspace/.derivedData/Build/Products/Debug-xros -F /Applications/Xcode-27.0.0-Release.Candidate.app/Contents/Developer/Platforms/XROS.platform/Developer/Library/Frameworks -F /Applications/Xcode-27.0.0-Release.Candidate.app/Contents/Developer/Platforms/XROS.platform/Developer/SDKs/XROS27.0.sdk/Developer/Library/Frameworks -c -j10 -enable-batch-mode -incremental -Xcc -ivfsstatcache -Xcc /Users/admin/builder/spi-builder-workspace/.derivedData/SDKStatCaches.noindex/xros27.0-24M361-e829b21a6f8c9b70876ba0858053c044735bd543db762f57723cac368afd1ce4.sdkstatcache -output-file-map /Users/admin/builder/spi-builder-workspace/.derivedData/Build/Intermediates.noindex/MeshGenerator.build/Debug-xros/MeshGenerator-t.build/Objects-normal/arm64/MeshGenerator-OutputFileMap.json -save-temps -no-color-diagnostics -explicit-module-build -module-cache-path /Users/admin/builder/spi-builder-workspace/.derivedData/Build/Intermediates.noindex/SwiftExplicitPrecompiledModules -clang-scanner-module-cache-path /Users/admin/builder/spi-builder-workspace/.derivedData/ModuleCache.noindex -sdk-module-cache-path /Users/admin/builder/spi-builder-workspace/.derivedData/SDKExplicitPrecompiledModules -emit-dependencies -emit-module -emit-module-path /Users/admin/builder/spi-builder-workspace/.derivedData/Build/Intermediates.noindex/MeshGenerator.build/Debug-xros/MeshGenerator-t.build/Objects-normal/arm64/MeshGenerator.swiftmodule -serialize-diagnostics -dependency-scan-serialize-diagnostics-path /Users/admin/builder/spi-builder-workspace/.derivedData/Build/Intermediates.noindex/MeshGenerator.build/Debug-xros/MeshGenerator-t.build/Objects-normal/arm64/MeshGenerator-dependency-scan.dia -validate-clang-modules-once -clang-build-session-file /Users/admin/builder/spi-builder-workspace/.derivedData/ModuleCache.noindex/Session.modulevalidation -Xcc -fmodules-prune-interval\=86400 -Xcc -fmodules-prune-after\=345600 -emit-const-values -const-gather-protocols-list /Users/admin/builder/spi-builder-workspace/.derivedData/Build/Intermediates.noindex/MeshGenerator.build/Debug-xros/MeshGenerator-t.build/Objects-normal/arm64/MeshGenerator_const_extract_protocols.json -Xcc -I/Users/admin/builder/spi-builder-workspace/.derivedData/Build/Products/Debug-xros/include -Xcc -I/Users/admin/builder/spi-builder-workspace/.derivedData/Build/Intermediates.noindex/MeshGenerator.build/Debug-xros/MeshGenerator-t.build/DerivedSources-normal/arm64 -Xcc -I/Users/admin/builder/spi-builder-workspace/.derivedData/Build/Intermediates.noindex/MeshGenerator.build/Debug-xros/MeshGenerator-t.build/DerivedSources/arm64 -Xcc -I/Users/admin/builder/spi-builder-workspace/.derivedData/Build/Intermediates.noindex/MeshGenerator.build/Debug-xros/MeshGenerator-t.build/DerivedSources -Xcc -DSWIFT_PACKAGE -Xcc -DDEBUG\=1 -emit-objc-header -emit-objc-header-path /Users/admin/builder/spi-builder-workspace/.derivedData/Build/Intermediates.noindex/MeshGenerator.build/Debug-xros/MeshGenerator-t.build/Objects-normal/arm64/MeshGenerator-Swift.h -working-directory /Users/admin/builder/spi-builder-workspace/.swiftpm/xcode -experimental-emit-module-separately -disable-cmo
SwiftExplicitDependencyGeneratePcm arm64 /Users/admin/builder/spi-builder-workspace/.derivedData/SDKExplicitPrecompiledModules/SwiftShims-CI4H5RO9IYFFWQ2COB512Q2S9.pcm
SwiftExplicitDependencyGeneratePcm arm64 /Users/admin/builder/spi-builder-workspace/.derivedData/SDKExplicitPrecompiledModules/_Builtin_stdarg-CDA349K2K4US766844K8E0PVA.pcm
SwiftExplicitDependencyGeneratePcm arm64 /Users/admin/builder/spi-builder-workspace/.derivedData/SDKExplicitPrecompiledModules/RealityCoreTextureProcessing-8QLQPA19YF2PPHFODB8BAJCS2.pcm
SwiftExplicitDependencyGeneratePcm arm64 /Users/admin/builder/spi-builder-workspace/.derivedData/SDKExplicitPrecompiledModules/DeveloperToolsSupport-46GOQP8J1QTHLYQSJW81T8UZ3.pcm
SwiftExplicitDependencyGeneratePcm arm64 /Users/admin/builder/spi-builder-workspace/.derivedData/SDKExplicitPrecompiledModules/ptrcheck-BXA97MNLI4BB0HF5I8MJE403D.pcm
SwiftExplicitDependencyGeneratePcm arm64 /Users/admin/builder/spi-builder-workspace/.derivedData/SDKExplicitPrecompiledModules/GroupActivities-9DH6EA1Q2QXCQYXVI12G7WMUR.pcm
SwiftExplicitDependencyGeneratePcm arm64 /Users/admin/builder/spi-builder-workspace/.derivedData/SDKExplicitPrecompiledModules/_AvailabilityInternal-1Q8IQP6M38UWSGZ95UCEY2M44.pcm
SwiftExplicitDependencyGeneratePcm arm64 /Users/admin/builder/spi-builder-workspace/.derivedData/SDKExplicitPrecompiledModules/ShaderGraph-AW1O397P711WTY8KSK8LZX9YA.pcm
SwiftExplicitDependencyGeneratePcm arm64 /Users/admin/builder/spi-builder-workspace/.derivedData/SDKExplicitPrecompiledModules/_SwiftConcurrencyShims-C8XHKSHX96D5YYALNM4W70Z0O.pcm
SwiftExplicitDependencyGeneratePcm arm64 /Users/admin/builder/spi-builder-workspace/.derivedData/SDKExplicitPrecompiledModules/_Builtin_float-6WKHNW5S40U2QGHXXGETUDIRA.pcm
SwiftExplicitDependencyGeneratePcm arm64 /Users/admin/builder/spi-builder-workspace/.derivedData/SDKExplicitPrecompiledModules/ptrauth-1WBA714DZSVUL5JQDJ08CLKZ.pcm
SwiftExplicitDependencyGeneratePcm arm64 /Users/admin/builder/spi-builder-workspace/.derivedData/SDKExplicitPrecompiledModules/_Builtin_stdbool-5BU2ADS7JXQMYENKQHW9X8XOU.pcm
SwiftExplicitDependencyGeneratePcm arm64 /Users/admin/builder/spi-builder-workspace/.derivedData/SDKExplicitPrecompiledModules/_Builtin_stddef-5NQ9Z1GV07GBSRQGAQCGXGVRI.pcm
SwiftExplicitDependencyGeneratePcm arm64 /Users/admin/builder/spi-builder-workspace/.derivedData/SDKExplicitPrecompiledModules/_DarwinFoundation1-5RGRVV2TZ6WC4WZW5IXF8NQ04.pcm
SwiftExplicitDependencyGeneratePcm arm64 /Users/admin/builder/spi-builder-workspace/.derivedData/SDKExplicitPrecompiledModules/_DarwinFoundation2-ENTECK156YEWITZRRBTOCE4KR.pcm
SwiftExplicitDependencyGeneratePcm arm64 /Users/admin/builder/spi-builder-workspace/.derivedData/SDKExplicitPrecompiledModules/_Builtin_limits-425JDMN5HPM3D0UEI8LEHP6NM.pcm
SwiftExplicitDependencyGeneratePcm arm64 /Users/admin/builder/spi-builder-workspace/.derivedData/SDKExplicitPrecompiledModules/_Builtin_stdint-8OR6T47OOYJA90ZBO3N1USDE.pcm
SwiftExplicitDependencyGeneratePcm arm64 /Users/admin/builder/spi-builder-workspace/.derivedData/SDKExplicitPrecompiledModules/string_h-2GT67HHHHK5CF1V1S31LH0PU2.pcm
SwiftExplicitDependencyGeneratePcm arm64 /Users/admin/builder/spi-builder-workspace/.derivedData/SDKExplicitPrecompiledModules/_Builtin_tgmath-BPYSMHWI520EQRL2HW519ZY7Z.pcm
SwiftExplicitDependencyGeneratePcm arm64 /Users/admin/builder/spi-builder-workspace/.derivedData/SDKExplicitPrecompiledModules/sys_types-AYM0BHR77VKMWZCO2T0XGV2HF.pcm
SwiftExplicitDependencyGeneratePcm arm64 /Users/admin/builder/spi-builder-workspace/.derivedData/SDKExplicitPrecompiledModules/_Builtin_intrinsics-BC5IJI3YI34RQ61ZNVDRDZ6RN.pcm
SwiftExplicitDependencyGeneratePcm arm64 /Users/admin/builder/spi-builder-workspace/.derivedData/SDKExplicitPrecompiledModules/_Builtin_stdatomic-1VUZPM79PNCAHXVBERD53WRSF.pcm
SwiftExplicitDependencyGeneratePcm arm64 /Users/admin/builder/spi-builder-workspace/.derivedData/SDKExplicitPrecompiledModules/_DarwinFoundation3-9ZHN6JKBS40BBA81RQMV8H0IC.pcm
SwiftExplicitDependencyGeneratePcm arm64 /Users/admin/builder/spi-builder-workspace/.derivedData/SDKExplicitPrecompiledModules/_Builtin_inttypes-11B64KJD36B3YOHBR1BBXBJY8.pcm
SwiftExplicitDependencyGeneratePcm arm64 /Users/admin/builder/spi-builder-workspace/.derivedData/SDKExplicitPrecompiledModules/Darwin-60P5LVNQO3ESRRM5DCJ05PFNK.pcm
SwiftExplicitDependencyGeneratePcm arm64 /Users/admin/builder/spi-builder-workspace/.derivedData/SDKExplicitPrecompiledModules/simd-9XXAB17Y6E4BBPQADD61NZ23.pcm
SwiftExplicitDependencyGeneratePcm arm64 /Users/admin/builder/spi-builder-workspace/.derivedData/SDKExplicitPrecompiledModules/MachO-3XTHY7HWV6RF3KXKYQVHUBUXK.pcm
SwiftExplicitDependencyGeneratePcm arm64 /Users/admin/builder/spi-builder-workspace/.derivedData/SDKExplicitPrecompiledModules/ObjectiveC-26TIBFYCEJZVP216ZZAU1X8KN.pcm
SwiftExplicitDependencyGeneratePcm arm64 /Users/admin/builder/spi-builder-workspace/.derivedData/SDKExplicitPrecompiledModules/os_object-692CJ8BG6RE5H04487EJJOVXW.pcm
SwiftExplicitDependencyGeneratePcm arm64 /Users/admin/builder/spi-builder-workspace/.derivedData/SDKExplicitPrecompiledModules/os_workgroup-4U1VXMWIZD80E7PRUQF2G7P9X.pcm
SwiftExplicitDependencyGeneratePcm arm64 /Users/admin/builder/spi-builder-workspace/.derivedData/SDKExplicitPrecompiledModules/Dispatch-CLT3466HKC22GCKAWSCNG0H7T.pcm
SwiftExplicitDependencyGeneratePcm arm64 /Users/admin/builder/spi-builder-workspace/.derivedData/SDKExplicitPrecompiledModules/Spatial-5E0I2846LO3ZE24CSVR2O57TI.pcm
SwiftExplicitDependencyGeneratePcm arm64 /Users/admin/builder/spi-builder-workspace/.derivedData/SDKExplicitPrecompiledModules/CoreFoundation-AVLTZVCXBU2TO75JCN4AGU8XJ.pcm
SwiftExplicitDependencyGeneratePcm arm64 /Users/admin/builder/spi-builder-workspace/.derivedData/SDKExplicitPrecompiledModules/dnssd-CCUV1M8EULNEQJUXO7L0PJAL4.pcm
SwiftExplicitDependencyGeneratePcm arm64 /Users/admin/builder/spi-builder-workspace/.derivedData/SDKExplicitPrecompiledModules/XPC-EP5EU7FNGP4VOA3EDM18P1KHO.pcm
SwiftExplicitDependencyGeneratePcm arm64 /Users/admin/builder/spi-builder-workspace/.derivedData/SDKExplicitPrecompiledModules/os-1004XEJ3IXOOAU0KL58SM3D0K.pcm
SwiftExplicitDependencyGeneratePcm arm64 /Users/admin/builder/spi-builder-workspace/.derivedData/SDKExplicitPrecompiledModules/CoreAudioTypes-45UXYEQRN95KG6BF2CW0QIYK9.pcm
SwiftExplicitDependencyGeneratePcm arm64 /Users/admin/builder/spi-builder-workspace/.derivedData/SDKExplicitPrecompiledModules/Security-8TH2M8WJIQMET4SADWX0N8372.pcm
SwiftExplicitDependencyGeneratePcm arm64 /Users/admin/builder/spi-builder-workspace/.derivedData/SDKExplicitPrecompiledModules/CoreGraphics-BFUJ177R223UT2ZI327ZTZY91.pcm
SwiftExplicitDependencyGeneratePcm arm64 /Users/admin/builder/spi-builder-workspace/.derivedData/SDKExplicitPrecompiledModules/CFNetwork-5MI70N1VLDQSWTX4COWLMSIRO.pcm
SwiftExplicitDependencyGeneratePcm arm64 /Users/admin/builder/spi-builder-workspace/.derivedData/SDKExplicitPrecompiledModules/CoreAudio-CXS3C78T5TQDGLEGXIBJ04WJ4.pcm
SwiftExplicitDependencyGeneratePcm arm64 /Users/admin/builder/spi-builder-workspace/.derivedData/SDKExplicitPrecompiledModules/Foundation-8GON1KVEKRN3NOQI8RETBRWJP.pcm
SwiftExplicitDependencyGeneratePcm arm64 /Users/admin/builder/spi-builder-workspace/.derivedData/SDKExplicitPrecompiledModules/CoreText-6F9TY5TEPCCZ1K2KYM4GMEGHD.pcm
SwiftExplicitDependencyGeneratePcm arm64 /Users/admin/builder/spi-builder-workspace/.derivedData/SDKExplicitPrecompiledModules/ImageIO-5CC6COR9KJYI1UBL7CSHLU2OG.pcm
SwiftExplicitDependencyGeneratePcm arm64 /Users/admin/builder/spi-builder-workspace/.derivedData/SDKExplicitPrecompiledModules/Network-EQPZZF3W6BWG89K0PY9NZO3T0.pcm
SwiftExplicitDependencyGeneratePcm arm64 /Users/admin/builder/spi-builder-workspace/.derivedData/SDKExplicitPrecompiledModules/CoreTransferable-8TBYAKHCX6UC8QQSS7BD8GQK5.pcm
SwiftExplicitDependencyGeneratePcm arm64 /Users/admin/builder/spi-builder-workspace/.derivedData/SDKExplicitPrecompiledModules/UserNotifications-8IIV1V1FPNAPA4LY1Y23LOM2N.pcm
SwiftExplicitDependencyGeneratePcm arm64 /Users/admin/builder/spi-builder-workspace/.derivedData/SDKExplicitPrecompiledModules/DataDetection-BANTQ3WXXGKZJYC0LLB3MD9K0.pcm
SwiftExplicitDependencyGeneratePcm arm64 /Users/admin/builder/spi-builder-workspace/.derivedData/SDKExplicitPrecompiledModules/UIUtilities-AOVGLUWEAN6CG2UZFNESGSP6C.pcm
SwiftExplicitDependencyGeneratePcm arm64 /Users/admin/builder/spi-builder-workspace/.derivedData/SDKExplicitPrecompiledModules/UniformTypeIdentifiers-E5KMWDZEKS4QW9RO1KBRDEXV6.pcm
SwiftExplicitDependencyGeneratePcm arm64 /Users/admin/builder/spi-builder-workspace/.derivedData/SDKExplicitPrecompiledModules/Symbols-8G2XC01RPQ5HYIZE6JNUT864I.pcm
SwiftExplicitDependencyGeneratePcm arm64 /Users/admin/builder/spi-builder-workspace/.derivedData/SDKExplicitPrecompiledModules/LocalAuthentication-9MSPUJ85OBXBTOD7NJCT1GZ0O.pcm
SwiftExplicitDependencyGeneratePcm arm64 /Users/admin/builder/spi-builder-workspace/.derivedData/SDKExplicitPrecompiledModules/IOSurface-5FE9U89GVFF9A7X7AGO2R8ENI.pcm
SwiftExplicitDependencyGeneratePcm arm64 /Users/admin/builder/spi-builder-workspace/.derivedData/SDKExplicitPrecompiledModules/Accessibility-1DR4J4YDVDGAYQTZ0FKZ1PU09.pcm
SwiftExplicitDependencyGeneratePcm arm64 /Users/admin/builder/spi-builder-workspace/.derivedData/SDKExplicitPrecompiledModules/FileProvider-C9I28SI56F2SEVH1BCWTKGODO.pcm
SwiftExplicitDependencyGeneratePcm arm64 /Users/admin/builder/spi-builder-workspace/.derivedData/SDKExplicitPrecompiledModules/ModelIO-2GC9DR6EX2QUPSE88GWC4T99P.pcm
SwiftExplicitDependencyGeneratePcm arm64 /Users/admin/builder/spi-builder-workspace/.derivedData/SDKExplicitPrecompiledModules/OSLog-BNGT87TS0GMBFF7TY70HHB69.pcm
SwiftExplicitDependencyGeneratePcm arm64 /Users/admin/builder/spi-builder-workspace/.derivedData/SDKExplicitPrecompiledModules/CoreData-73N6Z547OZUEZ8ADGEC6XRHWN.pcm
SwiftExplicitDependencyGeneratePcm arm64 /Users/admin/builder/spi-builder-workspace/.derivedData/SDKExplicitPrecompiledModules/CoreMIDI-7L19IC4ZH9BPYLVTD8IIFWN9R.pcm
SwiftExplicitDependencyGeneratePcm arm64 /Users/admin/builder/spi-builder-workspace/.derivedData/SDKExplicitPrecompiledModules/_LocationEssentials-8GQGFVARUE99D8VJX3TINY0VP.pcm
SwiftExplicitDependencyGeneratePcm arm64 /Users/admin/builder/spi-builder-workspace/.derivedData/SDKExplicitPrecompiledModules/Metal-EKNUM9P3PRIBHZK1ZBD6BA2T7.pcm
SwiftExplicitDependencyGeneratePcm arm64 /Users/admin/builder/spi-builder-workspace/.derivedData/SDKExplicitPrecompiledModules/OpenGLES-56BKSYXNVAP91BYZRWAKQZKGI.pcm
SwiftExplicitDependencyGeneratePcm arm64 /Users/admin/builder/spi-builder-workspace/.derivedData/SDKExplicitPrecompiledModules/AVRouting-55P8FRNK50AFZOMMB2LBBOX33.pcm
SwiftExplicitDependencyGeneratePcm arm64 /Users/admin/builder/spi-builder-workspace/.derivedData/SDKExplicitPrecompiledModules/CoreLocation-1SN37095DAPVJ068LLP9TBDQX.pcm
SwiftExplicitDependencyGeneratePcm arm64 /Users/admin/builder/spi-builder-workspace/.derivedData/SDKExplicitPrecompiledModules/AudioToolbox-2K3S8EA590EB3GMH6D6784BWZ.pcm
SwiftExplicitDependencyGeneratePcm arm64 /Users/admin/builder/spi-builder-workspace/.derivedData/SDKExplicitPrecompiledModules/CoreMotion-10LV922UPGE28QX2SOIO7ALIZ.pcm
SwiftExplicitDependencyGeneratePcm arm64 /Users/admin/builder/spi-builder-workspace/.derivedData/SDKExplicitPrecompiledModules/CloudKit-8H34CCWTKF0HWDZN9I1SWPFRC.pcm
SwiftExplicitDependencyCompileModuleFromInterface arm64 /Users/admin/builder/spi-builder-workspace/.derivedData/SDKExplicitPrecompiledModules/RealityCoreDeformation-3V2TNFJF8KODL.swiftmodule
SwiftExplicitDependencyCompileModuleFromInterface arm64 /Users/admin/builder/spi-builder-workspace/.derivedData/SDKExplicitPrecompiledModules/RealityCoreTextureProcessing-1N2A3U6JL8K1P.swiftmodule
SwiftExplicitDependencyGeneratePcm arm64 /Users/admin/builder/spi-builder-workspace/.derivedData/SDKExplicitPrecompiledModules/CoreVideo-E12HJSJSLO0YKWYBES11UKJ02.pcm
SwiftExplicitDependencyCompileModuleFromInterface arm64 /Users/admin/builder/spi-builder-workspace/.derivedData/SDKExplicitPrecompiledModules/ShaderGraph-URHKVVOFZL5Z.swiftmodule
SwiftExplicitDependencyGeneratePcm arm64 /Users/admin/builder/spi-builder-workspace/.derivedData/SDKExplicitPrecompiledModules/QuartzCore-12T8WVKUNCL1N7VXH87MM4YOB.pcm
SwiftExplicitDependencyGeneratePcm arm64 /Users/admin/builder/spi-builder-workspace/.derivedData/SDKExplicitPrecompiledModules/ARKitFoundation-3N77COW7DLP77CM0PWZXSR9BD.pcm
SwiftExplicitDependencyGeneratePcm arm64 /Users/admin/builder/spi-builder-workspace/.derivedData/SDKExplicitPrecompiledModules/CoreMedia-D1IBHC28BRHWLNUG1Q75G5YN0.pcm
SwiftExplicitDependencyGeneratePcm arm64 /Users/admin/builder/spi-builder-workspace/.derivedData/SDKExplicitPrecompiledModules/CoreImage-8WF1P230U10QM666EQMNV7OF1.pcm
SwiftExplicitDependencyGeneratePcm arm64 /Users/admin/builder/spi-builder-workspace/.derivedData/SDKExplicitPrecompiledModules/CoreML-37QYERWC0RQN4IY4377UD0TY1.pcm
SwiftExplicitDependencyGeneratePcm arm64 /Users/admin/builder/spi-builder-workspace/.derivedData/SDKExplicitPrecompiledModules/SwiftUICore-6OBBMA39VFD4CB6SG2PE41FAP.pcm
SwiftExplicitDependencyGeneratePcm arm64 /Users/admin/builder/spi-builder-workspace/.derivedData/SDKExplicitPrecompiledModules/VideoToolbox-7I4MDYIPJ4IWU1ZSL4JE3I7M6.pcm
SwiftExplicitDependencyGeneratePcm arm64 /Users/admin/builder/spi-builder-workspace/.derivedData/SDKExplicitPrecompiledModules/Vision-DVVG9MQGC3IMTVPTC1691MQ6Z.pcm
SwiftExplicitDependencyGeneratePcm arm64 /Users/admin/builder/spi-builder-workspace/.derivedData/SDKExplicitPrecompiledModules/AVFAudio-E8GATWFYYBEBB41O9N0LRRGYC.pcm
SwiftExplicitDependencyGeneratePcm arm64 /Users/admin/builder/spi-builder-workspace/.derivedData/SDKExplicitPrecompiledModules/MediaToolbox-1J5U29ERBPNPI1HKEJHXOP8EV.pcm
SwiftExplicitDependencyGeneratePcm arm64 /Users/admin/builder/spi-builder-workspace/.derivedData/SDKExplicitPrecompiledModules/UIKit-2D2PMAAE45TMO6S28UCGCO5BR.pcm
SwiftExplicitDependencyCompileModuleFromInterface arm64 /Users/admin/builder/spi-builder-workspace/.derivedData/SDKExplicitPrecompiledModules/RealityCoreRenderer-1BXNYUA9X4EGQ.swiftmodule
SwiftExplicitDependencyGeneratePcm arm64 /Users/admin/builder/spi-builder-workspace/.derivedData/SDKExplicitPrecompiledModules/AVFoundation-DFCX8GQJWVA3CZBITWEHAZEFX.pcm
SwiftExplicitDependencyGeneratePcm arm64 /Users/admin/builder/spi-builder-workspace/.derivedData/SDKExplicitPrecompiledModules/ARKitCore-307YVPJLQNB66BTBIONHZNP86.pcm
SwiftExplicitDependencyCompileModuleFromInterface arm64 /Users/admin/builder/spi-builder-workspace/.derivedData/SDKExplicitPrecompiledModules/RealityFoundationCloth-21YG2223CW7S9.swiftmodule
SwiftExplicitDependencyGeneratePcm arm64 /Users/admin/builder/spi-builder-workspace/.derivedData/SDKExplicitPrecompiledModules/MultipeerConnectivity-36RZ59WKAK6KLYXH3MOCI7E94.pcm
SwiftExplicitDependencyGeneratePcm arm64 /Users/admin/builder/spi-builder-workspace/.derivedData/SDKExplicitPrecompiledModules/GameController-7QL0VMQHE24OWQFUR0UFT89DW.pcm
SwiftExplicitDependencyGeneratePcm arm64 /Users/admin/builder/spi-builder-workspace/.derivedData/SDKExplicitPrecompiledModules/SwiftUI-77PUPXISY3V3TUF5FJEHUQC86.pcm
SwiftExplicitDependencyGeneratePcm arm64 /Users/admin/builder/spi-builder-workspace/.derivedData/SDKExplicitPrecompiledModules/SceneKit-3LQ7RIWK9ZSXE3W7UOIFUAOC6.pcm
SwiftExplicitDependencyGeneratePcm arm64 /Users/admin/builder/spi-builder-workspace/.derivedData/SDKExplicitPrecompiledModules/ARKit-27VDPOZ50FG2MJG7OFV6IFQYQ.pcm
SwiftEmitModule normal arm64 Emitting\ module\ for\ MeshGenerator (in target 'MeshGenerator' from project 'MeshGenerator')
SwiftCompile normal arm64 (in target 'MeshGenerator' from project 'MeshGenerator')
    cd /Users/admin/builder/spi-builder-workspace/.swiftpm/xcode

SwiftCompile normal arm64 Compiling\ Vector.swift /Users/admin/builder/spi-builder-workspace/.dependencies/checkouts/MeshGenerator/Sources/MeshGenerator/Vector.swift (in target 'MeshGenerator' from project 'MeshGenerator')
SwiftCompile normal arm64 /Users/admin/builder/spi-builder-workspace/.dependencies/checkouts/MeshGenerator/Sources/MeshGenerator/Vector.swift (in target 'MeshGenerator' from project 'MeshGenerator')
    cd /Users/admin/builder/spi-builder-workspace/.swiftpm/xcode
    builtin-SwiftPerFileCompile Vector.swift
SwiftCompile normal arm64 Compiling\ Vertex.swift /Users/admin/builder/spi-builder-workspace/.dependencies/checkouts/MeshGenerator/Sources/MeshGenerator/Vertex.swift (in target 'MeshGenerator' from project 'MeshGenerator')
SwiftCompile normal arm64 /Users/admin/builder/spi-builder-workspace/.dependencies/checkouts/MeshGenerator/Sources/MeshGenerator/Vertex.swift (in target 'MeshGenerator' from project 'MeshGenerator')
    cd /Users/admin/builder/spi-builder-workspace/.swiftpm/xcode
    builtin-SwiftPerFileCompile Vertex.swift
SwiftCompile normal arm64 Compiling\ Triangle.swift /Users/admin/builder/spi-builder-workspace/.dependencies/checkouts/MeshGenerator/Sources/MeshGenerator/Triangle.swift (in target 'MeshGenerator' from project 'MeshGenerator')
SwiftCompile normal arm64 /Users/admin/builder/spi-builder-workspace/.dependencies/checkouts/MeshGenerator/Sources/MeshGenerator/Triangle.swift (in target 'MeshGenerator' from project 'MeshGenerator')
    cd /Users/admin/builder/spi-builder-workspace/.swiftpm/xcode
    builtin-SwiftPerFileCompile Triangle.swift
SwiftCompile normal arm64 Compiling\ QuickTestView.swift /Users/admin/builder/spi-builder-workspace/.dependencies/checkouts/MeshGenerator/Sources/MeshGenerator/QuickTestView.swift (in target 'MeshGenerator' from project 'MeshGenerator')
SwiftCompile normal arm64 /Users/admin/builder/spi-builder-workspace/.dependencies/checkouts/MeshGenerator/Sources/MeshGenerator/QuickTestView.swift (in target 'MeshGenerator' from project 'MeshGenerator')
    cd /Users/admin/builder/spi-builder-workspace/.swiftpm/xcode
    builtin-SwiftPerFileCompile QuickTestView.swift
SwiftCompile normal arm64 Compiling\ TextureCoordinates.swift /Users/admin/builder/spi-builder-workspace/.dependencies/checkouts/MeshGenerator/Sources/MeshGenerator/TextureCoordinates.swift (in target 'MeshGenerator' from project 'MeshGenerator')
SwiftCompile normal arm64 /Users/admin/builder/spi-builder-workspace/.dependencies/checkouts/MeshGenerator/Sources/MeshGenerator/TextureCoordinates.swift (in target 'MeshGenerator' from project 'MeshGenerator')
    cd /Users/admin/builder/spi-builder-workspace/.swiftpm/xcode
    builtin-SwiftPerFileCompile TextureCoordinates.swift
SwiftCompile normal arm64 Compiling\ Plane.swift /Users/admin/builder/spi-builder-workspace/.dependencies/checkouts/MeshGenerator/Sources/MeshGenerator/Plane.swift (in target 'MeshGenerator' from project 'MeshGenerator')
SwiftCompile normal arm64 /Users/admin/builder/spi-builder-workspace/.dependencies/checkouts/MeshGenerator/Sources/MeshGenerator/Plane.swift (in target 'MeshGenerator' from project 'MeshGenerator')
    cd /Users/admin/builder/spi-builder-workspace/.swiftpm/xcode
    builtin-SwiftPerFileCompile Plane.swift
SwiftCompile normal arm64 Compiling\ LineSegment.swift,\ Mesh.swift /Users/admin/builder/spi-builder-workspace/.dependencies/checkouts/MeshGenerator/Sources/MeshGenerator/LineSegment.swift /Users/admin/builder/spi-builder-workspace/.dependencies/checkouts/MeshGenerator/Sources/MeshGenerator/Mesh.swift (in target 'MeshGenerator' from project 'MeshGenerator')
SwiftCompile normal arm64 /Users/admin/builder/spi-builder-workspace/.dependencies/checkouts/MeshGenerator/Sources/MeshGenerator/LineSegment.swift (in target 'MeshGenerator' from project 'MeshGenerator')
    cd /Users/admin/builder/spi-builder-workspace/.swiftpm/xcode
    builtin-SwiftPerFileCompile LineSegment.swift
SwiftCompile normal arm64 /Users/admin/builder/spi-builder-workspace/.dependencies/checkouts/MeshGenerator/Sources/MeshGenerator/Mesh.swift (in target 'MeshGenerator' from project 'MeshGenerator')
    cd /Users/admin/builder/spi-builder-workspace/.swiftpm/xcode
    builtin-SwiftPerFileCompile Mesh.swift
SwiftCompile normal arm64 Compiling\ MeshGenerator+AppKit.swift,\ MeshGenerator+RealityKit.swift /Users/admin/builder/spi-builder-workspace/.dependencies/checkouts/MeshGenerator/Sources/MeshGenerator/MeshGenerator+AppKit.swift /Users/admin/builder/spi-builder-workspace/.dependencies/checkouts/MeshGenerator/Sources/MeshGenerator/MeshGenerator+RealityKit.swift (in target 'MeshGenerator' from project 'MeshGenerator')
SwiftCompile normal arm64 /Users/admin/builder/spi-builder-workspace/.dependencies/checkouts/MeshGenerator/Sources/MeshGenerator/MeshGenerator+AppKit.swift (in target 'MeshGenerator' from project 'MeshGenerator')
    cd /Users/admin/builder/spi-builder-workspace/.swiftpm/xcode
    builtin-SwiftPerFileCompile MeshGenerator+AppKit.swift
SwiftCompile normal arm64 /Users/admin/builder/spi-builder-workspace/.dependencies/checkouts/MeshGenerator/Sources/MeshGenerator/MeshGenerator+RealityKit.swift (in target 'MeshGenerator' from project 'MeshGenerator')
    cd /Users/admin/builder/spi-builder-workspace/.swiftpm/xcode
    builtin-SwiftPerFileCompile MeshGenerator+RealityKit.swift
SwiftCompile normal arm64 Compiling\ MeshGenerator+SceneKit.swift,\ MeshGenerator+UIKit.swift /Users/admin/builder/spi-builder-workspace/.dependencies/checkouts/MeshGenerator/Sources/MeshGenerator/MeshGenerator+SceneKit.swift /Users/admin/builder/spi-builder-workspace/.dependencies/checkouts/MeshGenerator/Sources/MeshGenerator/MeshGenerator+UIKit.swift (in target 'MeshGenerator' from project 'MeshGenerator')
SwiftCompile normal arm64 /Users/admin/builder/spi-builder-workspace/.dependencies/checkouts/MeshGenerator/Sources/MeshGenerator/MeshGenerator+SceneKit.swift (in target 'MeshGenerator' from project 'MeshGenerator')
    cd /Users/admin/builder/spi-builder-workspace/.swiftpm/xcode
    builtin-SwiftPerFileCompile MeshGenerator+SceneKit.swift
SwiftCompile normal arm64 /Users/admin/builder/spi-builder-workspace/.dependencies/checkouts/MeshGenerator/Sources/MeshGenerator/MeshGenerator+UIKit.swift (in target 'MeshGenerator' from project 'MeshGenerator')
    cd /Users/admin/builder/spi-builder-workspace/.swiftpm/xcode
    builtin-SwiftPerFileCompile MeshGenerator+UIKit.swift
SwiftCompile normal arm64 Compiling\ Bounds.swift,\ ColorRepresentation.swift /Users/admin/builder/spi-builder-workspace/.dependencies/checkouts/MeshGenerator/Sources/MeshGenerator/Bounds.swift /Users/admin/builder/spi-builder-workspace/.dependencies/checkouts/MeshGenerator/Sources/MeshGenerator/ColorRepresentation.swift (in target 'MeshGenerator' from project 'MeshGenerator')
SwiftCompile normal arm64 /Users/admin/builder/spi-builder-workspace/.dependencies/checkouts/MeshGenerator/Sources/MeshGenerator/Bounds.swift (in target 'MeshGenerator' from project 'MeshGenerator')
    cd /Users/admin/builder/spi-builder-workspace/.swiftpm/xcode
    builtin-SwiftPerFileCompile Bounds.swift
SwiftCompile normal arm64 /Users/admin/builder/spi-builder-workspace/.dependencies/checkouts/MeshGenerator/Sources/MeshGenerator/ColorRepresentation.swift (in target 'MeshGenerator' from project 'MeshGenerator')
    cd /Users/admin/builder/spi-builder-workspace/.swiftpm/xcode
    builtin-SwiftPerFileCompile ColorRepresentation.swift
SwiftDriverJobDiscovery normal arm64 Emitting module for MeshGenerator (in target 'MeshGenerator' from project 'MeshGenerator')
SwiftDriver\ Compilation\ Requirements MeshGenerator normal arm64 com.apple.xcode.tools.swift.compiler (in target 'MeshGenerator' from project 'MeshGenerator')
    cd /Users/admin/builder/spi-builder-workspace/.swiftpm/xcode
    builtin-Swift-Compilation-Requirements -- /Applications/Xcode-27.0.0-Release.Candidate.app/Contents/Developer/Toolchains/XcodeDefault.xctoolchain/usr/bin/swiftc -parse-as-library -module-name MeshGenerator -Onone @/Users/admin/builder/spi-builder-workspace/.derivedData/Build/Intermediates.noindex/MeshGenerator.build/Debug-xros/MeshGenerator-t.build/Objects-normal/arm64/MeshGenerator.SwiftFileList -DSWIFT_PACKAGE -DDEBUG -DSWIFT_MODULE_RESOURCE_BUNDLE_UNAVAILABLE -DXcode -plugin-path /Applications/Xcode-27.0.0-Release.Candidate.app/Contents/Developer/Toolchains/XcodeDefault.xctoolchain/usr/lib/swift/host/plugins/testing -enable-experimental-feature DebugDescriptionMacro -sdk /Applications/Xcode-27.0.0-Release.Candidate.app/Contents/Developer/Platforms/XROS.platform/Developer/SDKs/XROS27.0.sdk -target arm64-apple-xros1.0 -g -module-cache-path /Users/admin/builder/spi-builder-workspace/.derivedData/ModuleCache.noindex -Xfrontend -serialize-debugging-options -profile-coverage-mapping -profile-generate -enable-testing -suppress-warnings -index-store-path /Users/admin/builder/spi-builder-workspace/.derivedData/Index.noindex/DataStore -Xcc -D_LIBCPP_HARDENING_MODE\=_LIBCPP_HARDENING_MODE_DEBUG -swift-version 5 -I /Users/admin/builder/spi-builder-workspace/.derivedData/Build/Products/Debug-xros -Isystem /Applications/Xcode-27.0.0-Release.Candidate.app/Contents/Developer/Platforms/XROS.platform/Developer/usr/lib -F /Users/admin/builder/spi-builder-workspace/.derivedData/Build/Products/Debug-xros -F /Applications/Xcode-27.0.0-Release.Candidate.app/Contents/Developer/Platforms/XROS.platform/Developer/Library/Frameworks -F /Applications/Xcode-27.0.0-Release.Candidate.app/Contents/Developer/Platforms/XROS.platform/Developer/SDKs/XROS27.0.sdk/Developer/Library/Frameworks -c -j10 -enable-batch-mode -incremental -Xcc -ivfsstatcache -Xcc /Users/admin/builder/spi-builder-workspace/.derivedData/SDKStatCaches.noindex/xros27.0-24M361-e829b21a6f8c9b70876ba0858053c044735bd543db762f57723cac368afd1ce4.sdkstatcache -output-file-map /Users/admin/builder/spi-builder-workspace/.derivedData/Build/Intermediates.noindex/MeshGenerator.build/Debug-xros/MeshGenerator-t.build/Objects-normal/arm64/MeshGenerator-OutputFileMap.json -save-temps -no-color-diagnostics -explicit-module-build -module-cache-path /Users/admin/builder/spi-builder-workspace/.derivedData/Build/Intermediates.noindex/SwiftExplicitPrecompiledModules -clang-scanner-module-cache-path /Users/admin/builder/spi-builder-workspace/.derivedData/ModuleCache.noindex -sdk-module-cache-path /Users/admin/builder/spi-builder-workspace/.derivedData/SDKExplicitPrecompiledModules -emit-dependencies -emit-module -emit-module-path /Users/admin/builder/spi-builder-workspace/.derivedData/Build/Intermediates.noindex/MeshGenerator.build/Debug-xros/MeshGenerator-t.build/Objects-normal/arm64/MeshGenerator.swiftmodule -serialize-diagnostics -dependency-scan-serialize-diagnostics-path /Users/admin/builder/spi-builder-workspace/.derivedData/Build/Intermediates.noindex/MeshGenerator.build/Debug-xros/MeshGenerator-t.build/Objects-normal/arm64/MeshGenerator-dependency-scan.dia -validate-clang-modules-once -clang-build-session-file /Users/admin/builder/spi-builder-workspace/.derivedData/ModuleCache.noindex/Session.modulevalidation -Xcc -fmodules-prune-interval\=86400 -Xcc -fmodules-prune-after\=345600 -emit-const-values -const-gather-protocols-list /Users/admin/builder/spi-builder-workspace/.derivedData/Build/Intermediates.noindex/MeshGenerator.build/Debug-xros/MeshGenerator-t.build/Objects-normal/arm64/MeshGenerator_const_extract_protocols.json -Xcc -I/Users/admin/builder/spi-builder-workspace/.derivedData/Build/Products/Debug-xros/include -Xcc -I/Users/admin/builder/spi-builder-workspace/.derivedData/Build/Intermediates.noindex/MeshGenerator.build/Debug-xros/MeshGenerator-t.build/DerivedSources-normal/arm64 -Xcc -I/Users/admin/builder/spi-builder-workspace/.derivedData/Build/Intermediates.noindex/MeshGenerator.build/Debug-xros/MeshGenerator-t.build/DerivedSources/arm64 -Xcc -I/Users/admin/builder/spi-builder-workspace/.derivedData/Build/Intermediates.noindex/MeshGenerator.build/Debug-xros/MeshGenerator-t.build/DerivedSources -Xcc -DSWIFT_PACKAGE -Xcc -DDEBUG\=1 -emit-objc-header -emit-objc-header-path /Users/admin/builder/spi-builder-workspace/.derivedData/Build/Intermediates.noindex/MeshGenerator.build/Debug-xros/MeshGenerator-t.build/Objects-normal/arm64/MeshGenerator-Swift.h -working-directory /Users/admin/builder/spi-builder-workspace/.swiftpm/xcode -experimental-emit-module-separately -disable-cmo
SwiftDriverJobDiscovery normal arm64 Compiling Plane.swift (in target 'MeshGenerator' from project 'MeshGenerator')
SwiftMergeGeneratedHeaders /Users/admin/builder/spi-builder-workspace/.derivedData/Build/Intermediates.noindex/GeneratedModuleMaps-xros/MeshGenerator-Swift.h /Users/admin/builder/spi-builder-workspace/.derivedData/Build/Intermediates.noindex/MeshGenerator.build/Debug-xros/MeshGenerator-t.build/Objects-normal/arm64/MeshGenerator-Swift.h (in target 'MeshGenerator' from project 'MeshGenerator')
    cd /Users/admin/builder/spi-builder-workspace/.dependencies/checkouts/MeshGenerator
    builtin-swiftHeaderTool -arch arm64 /Users/admin/builder/spi-builder-workspace/.derivedData/Build/Intermediates.noindex/MeshGenerator.build/Debug-xros/MeshGenerator-t.build/Objects-normal/arm64/MeshGenerator-Swift.h -o /Users/admin/builder/spi-builder-workspace/.derivedData/Build/Intermediates.noindex/GeneratedModuleMaps-xros/MeshGenerator-Swift.h
Copy /Users/admin/builder/spi-builder-workspace/.derivedData/Build/Products/Debug-xros/MeshGenerator.swiftmodule/arm64-apple-xros.swiftmodule /Users/admin/builder/spi-builder-workspace/.derivedData/Build/Intermediates.noindex/MeshGenerator.build/Debug-xros/MeshGenerator-t.build/Objects-normal/arm64/MeshGenerator.swiftmodule (in target 'MeshGenerator' from project 'MeshGenerator')
    cd /Users/admin/builder/spi-builder-workspace/.dependencies/checkouts/MeshGenerator
    builtin-copy -exclude .DS_Store -exclude CVS -exclude .svn -exclude .git -exclude .hg -resolve-src-symlinks -rename /Users/admin/builder/spi-builder-workspace/.derivedData/Build/Intermediates.noindex/MeshGenerator.build/Debug-xros/MeshGenerator-t.build/Objects-normal/arm64/MeshGenerator.swiftmodule /Users/admin/builder/spi-builder-workspace/.derivedData/Build/Products/Debug-xros/MeshGenerator.swiftmodule/arm64-apple-xros.swiftmodule
Copy /Users/admin/builder/spi-builder-workspace/.derivedData/Build/Products/Debug-xros/MeshGenerator.swiftmodule/arm64-apple-xros.swiftdoc /Users/admin/builder/spi-builder-workspace/.derivedData/Build/Intermediates.noindex/MeshGenerator.build/Debug-xros/MeshGenerator-t.build/Objects-normal/arm64/MeshGenerator.swiftdoc (in target 'MeshGenerator' from project 'MeshGenerator')
    cd /Users/admin/builder/spi-builder-workspace/.dependencies/checkouts/MeshGenerator
    builtin-copy -exclude .DS_Store -exclude CVS -exclude .svn -exclude .git -exclude .hg -resolve-src-symlinks -rename /Users/admin/builder/spi-builder-workspace/.derivedData/Build/Intermediates.noindex/MeshGenerator.build/Debug-xros/MeshGenerator-t.build/Objects-normal/arm64/MeshGenerator.swiftdoc /Users/admin/builder/spi-builder-workspace/.derivedData/Build/Products/Debug-xros/MeshGenerator.swiftmodule/arm64-apple-xros.swiftdoc
Copy /Users/admin/builder/spi-builder-workspace/.derivedData/Build/Products/Debug-xros/MeshGenerator.swiftmodule/arm64-apple-xros.abi.json /Users/admin/builder/spi-builder-workspace/.derivedData/Build/Intermediates.noindex/MeshGenerator.build/Debug-xros/MeshGenerator-t.build/Objects-normal/arm64/MeshGenerator.abi.json (in target 'MeshGenerator' from project 'MeshGenerator')
    cd /Users/admin/builder/spi-builder-workspace/.dependencies/checkouts/MeshGenerator
    builtin-copy -exclude .DS_Store -exclude CVS -exclude .svn -exclude .git -exclude .hg -resolve-src-symlinks -rename /Users/admin/builder/spi-builder-workspace/.derivedData/Build/Intermediates.noindex/MeshGenerator.build/Debug-xros/MeshGenerator-t.build/Objects-normal/arm64/MeshGenerator.abi.json /Users/admin/builder/spi-builder-workspace/.derivedData/Build/Products/Debug-xros/MeshGenerator.swiftmodule/arm64-apple-xros.abi.json
Copy /Users/admin/builder/spi-builder-workspace/.derivedData/Build/Products/Debug-xros/MeshGenerator.swiftmodule/Project/arm64-apple-xros.swiftsourceinfo /Users/admin/builder/spi-builder-workspace/.derivedData/Build/Intermediates.noindex/MeshGenerator.build/Debug-xros/MeshGenerator-t.build/Objects-normal/arm64/MeshGenerator.swiftsourceinfo (in target 'MeshGenerator' from project 'MeshGenerator')
    cd /Users/admin/builder/spi-builder-workspace/.dependencies/checkouts/MeshGenerator
    builtin-copy -exclude .DS_Store -exclude CVS -exclude .svn -exclude .git -exclude .hg -resolve-src-symlinks -rename /Users/admin/builder/spi-builder-workspace/.derivedData/Build/Intermediates.noindex/MeshGenerator.build/Debug-xros/MeshGenerator-t.build/Objects-normal/arm64/MeshGenerator.swiftsourceinfo /Users/admin/builder/spi-builder-workspace/.derivedData/Build/Products/Debug-xros/MeshGenerator.swiftmodule/Project/arm64-apple-xros.swiftsourceinfo
SwiftDriver SceneKitDebugTools normal arm64 com.apple.xcode.tools.swift.compiler (in target 'SceneKitDebugTools' from project 'SceneKitDebugTools')
    cd /Users/admin/builder/spi-builder-workspace/.swiftpm/xcode
    builtin-SwiftDriver -- /Applications/Xcode-27.0.0-Release.Candidate.app/Contents/Developer/Toolchains/XcodeDefault.xctoolchain/usr/bin/swiftc -parse-as-library -module-name SceneKitDebugTools -Onone @/Users/admin/builder/spi-builder-workspace/.derivedData/Build/Intermediates.noindex/SceneKitDebugTools.build/Debug-xros/SceneKitDebugTools-t.build/Objects-normal/arm64/SceneKitDebugTools.SwiftFileList -DSWIFT_PACKAGE -DDEBUG -DSWIFT_MODULE_RESOURCE_BUNDLE_UNAVAILABLE -DXcode -plugin-path /Applications/Xcode-27.0.0-Release.Candidate.app/Contents/Developer/Toolchains/XcodeDefault.xctoolchain/usr/lib/swift/host/plugins/testing -enable-experimental-feature DebugDescriptionMacro -sdk /Applications/Xcode-27.0.0-Release.Candidate.app/Contents/Developer/Platforms/XROS.platform/Developer/SDKs/XROS27.0.sdk -target arm64-apple-xros1.0 -g -module-cache-path /Users/admin/builder/spi-builder-workspace/.derivedData/ModuleCache.noindex -Xfrontend -serialize-debugging-options -profile-coverage-mapping -profile-generate -enable-testing -index-store-path /Users/admin/builder/spi-builder-workspace/.derivedData/Index.noindex/DataStore -Xcc -D_LIBCPP_HARDENING_MODE\=_LIBCPP_HARDENING_MODE_DEBUG -swift-version 5 -I /Users/admin/builder/spi-builder-workspace/.derivedData/Build/Products/Debug-xros -Isystem /Applications/Xcode-27.0.0-Release.Candidate.app/Contents/Developer/Platforms/XROS.platform/Developer/usr/lib -F /Users/admin/builder/spi-builder-workspace/.derivedData/Build/Products/Debug-xros/PackageFrameworks -F /Users/admin/builder/spi-builder-workspace/.derivedData/Build/Products/Debug-xros -F /Applications/Xcode-27.0.0-Release.Candidate.app/Contents/Developer/Platforms/XROS.platform/Developer/Library/Frameworks -F /Applications/Xcode-27.0.0-Release.Candidate.app/Contents/Developer/Platforms/XROS.platform/Developer/SDKs/XROS27.0.sdk/Developer/Library/Frameworks -c -j10 -enable-batch-mode -incremental -Xcc -ivfsstatcache -Xcc /Users/admin/builder/spi-builder-workspace/.derivedData/SDKStatCaches.noindex/xros27.0-24M361-e829b21a6f8c9b70876ba0858053c044735bd543db762f57723cac368afd1ce4.sdkstatcache -output-file-map /Users/admin/builder/spi-builder-workspace/.derivedData/Build/Intermediates.noindex/SceneKitDebugTools.build/Debug-xros/SceneKitDebugTools-t.build/Objects-normal/arm64/SceneKitDebugTools-OutputFileMap.json -save-temps -no-color-diagnostics -explicit-module-build -module-cache-path /Users/admin/builder/spi-builder-workspace/.derivedData/Build/Intermediates.noindex/SwiftExplicitPrecompiledModules -clang-scanner-module-cache-path /Users/admin/builder/spi-builder-workspace/.derivedData/ModuleCache.noindex -sdk-module-cache-path /Users/admin/builder/spi-builder-workspace/.derivedData/SDKExplicitPrecompiledModules -emit-dependencies -emit-module -emit-module-path /Users/admin/builder/spi-builder-workspace/.derivedData/Build/Intermediates.noindex/SceneKitDebugTools.build/Debug-xros/SceneKitDebugTools-t.build/Objects-normal/arm64/SceneKitDebugTools.swiftmodule -serialize-diagnostics -dependency-scan-serialize-diagnostics-path /Users/admin/builder/spi-builder-workspace/.derivedData/Build/Intermediates.noindex/SceneKitDebugTools.build/Debug-xros/SceneKitDebugTools-t.build/Objects-normal/arm64/SceneKitDebugTools-dependency-scan.dia -validate-clang-modules-once -clang-build-session-file /Users/admin/builder/spi-builder-workspace/.derivedData/ModuleCache.noindex/Session.modulevalidation -Xcc -fmodules-prune-interval\=86400 -Xcc -fmodules-prune-after\=345600 -emit-const-values -const-gather-protocols-list /Users/admin/builder/spi-builder-workspace/.derivedData/Build/Intermediates.noindex/SceneKitDebugTools.build/Debug-xros/SceneKitDebugTools-t.build/Objects-normal/arm64/SceneKitDebugTools_const_extract_protocols.json -Xcc -I/Users/admin/builder/spi-builder-workspace/.derivedData/Build/Products/Debug-xros/include -Xcc -I/Users/admin/builder/spi-builder-workspace/.derivedData/Build/Intermediates.noindex/SceneKitDebugTools.build/Debug-xros/SceneKitDebugTools-t.build/DerivedSources-normal/arm64 -Xcc -I/Users/admin/builder/spi-builder-workspace/.derivedData/Build/Intermediates.noindex/SceneKitDebugTools.build/Debug-xros/SceneKitDebugTools-t.build/DerivedSources/arm64 -Xcc -I/Users/admin/builder/spi-builder-workspace/.derivedData/Build/Intermediates.noindex/SceneKitDebugTools.build/Debug-xros/SceneKitDebugTools-t.build/DerivedSources -Xcc -DSWIFT_PACKAGE -Xcc -DDEBUG\=1 -emit-objc-header -emit-objc-header-path /Users/admin/builder/spi-builder-workspace/.derivedData/Build/Intermediates.noindex/SceneKitDebugTools.build/Debug-xros/SceneKitDebugTools-t.build/Objects-normal/arm64/SceneKitDebugTools-Swift.h -working-directory /Users/admin/builder/spi-builder-workspace/.swiftpm/xcode -experimental-emit-module-separately -disable-cmo
SwiftEmitModule normal arm64 Emitting\ module\ for\ SceneKitDebugTools (in target 'SceneKitDebugTools' from project 'SceneKitDebugTools')
SwiftCompile normal arm64 (in target 'SceneKitDebugTools' from project 'SceneKitDebugTools')
    cd /Users/admin/builder/spi-builder-workspace/.swiftpm/xcode

SwiftCompile normal arm64 Compiling\ Simd4View.swift /Users/admin/builder/spi-builder-workspace/Sources/SceneKitDebugTools/Simd4View.swift (in target 'SceneKitDebugTools' from project 'SceneKitDebugTools')
/Users/admin/builder/spi-builder-workspace/Sources/SceneKitDebugTools/Simd4View.swift:30:17: error: cannot find 'writeStringToPasteboard' in scope
28 |
29 |             Button {
30 |                 writeStringToPasteboard(simdValue.codetext)
   |                 `- error: cannot find 'writeStringToPasteboard' in scope
31 |             } label: {
32 |                 Image(systemName: "doc.on.clipboard")
Failed frontend command:
/Applications/Xcode-27.0.0-Release.Candidate.app/Contents/Developer/Toolchains/XcodeDefault.xctoolchain/usr/bin/swift-frontend -frontend -c /Users/admin/builder/spi-builder-workspace/Sources/SceneKitDebugTools/AngleView.swift /Users/admin/builder/spi-builder-workspace/Sources/SceneKitDebugTools/DebugNodes.swift /Users/admin/builder/spi-builder-workspace/Sources/SceneKitDebugTools/DebugSceneView.swift /Users/admin/builder/spi-builder-workspace/Sources/SceneKitDebugTools/EulerAngleView.swift /Users/admin/builder/spi-builder-workspace/Sources/SceneKitDebugTools/NodeInfoView.swift /Users/admin/builder/spi-builder-workspace/Sources/SceneKitDebugTools/ObservableSCNNode.swift /Users/admin/builder/spi-builder-workspace/Sources/SceneKitDebugTools/OptionalNodeInfoView.swift /Users/admin/builder/spi-builder-workspace/Sources/SceneKitDebugTools/PasteboardHelpers.swift /Users/admin/builder/spi-builder-workspace/Sources/SceneKitDebugTools/QuaternionView.swift /Users/admin/builder/spi-builder-workspace/Sources/SceneKitDebugTools/SceneInfoView.swift /Users/admin/builder/spi-builder-workspace/Sources/SceneKitDebugTools/SearchableSceneInfoView.swift /Users/admin/builder/spi-builder-workspace/Sources/SceneKitDebugTools/Simd3View.swift -primary-file /Users/admin/builder/spi-builder-workspace/Sources/SceneKitDebugTools/Simd4View.swift /Users/admin/builder/spi-builder-workspace/Sources/SceneKitDebugTools/Simd4x4View.swift /Users/admin/builder/spi-builder-workspace/Sources/SceneKitDebugTools/Transforms.swift /Users/admin/builder/spi-builder-workspace/Sources/SceneKitDebugTools/simd+codetext.swift -emit-dependencies-path /Users/admin/builder/spi-builder-workspace/.derivedData/Build/Intermediates.noindex/SceneKitDebugTools.build/Debug-xros/SceneKitDebugTools-t.build/Objects-normal/arm64/Simd4View.d -emit-const-values-path /Users/admin/builder/spi-builder-workspace/.derivedData/Build/Intermediates.noindex/SceneKitDebugTools.build/Debug-xros/SceneKitDebugTools-t.build/Objects-normal/arm64/Simd4View.swiftconstvalues -emit-reference-dependencies-path /Users/admin/builder/spi-builder-workspace/.derivedData/Build/Intermediates.noindex/SceneKitDebugTools.build/Debug-xros/SceneKitDebugTools-t.build/Objects-normal/arm64/Simd4View.swiftdeps -serialize-diagnostics-path /Users/admin/builder/spi-builder-workspace/.derivedData/Build/Intermediates.noindex/SceneKitDebugTools.build/Debug-xros/SceneKitDebugTools-t.build/Objects-normal/arm64/Simd4View.dia -target arm64-apple-xros1.0 -disable-cross-import-overlay-search -swift-module-cross-import SceneKit /Applications/Xcode-27.0.0-Release.Candidate.app/Contents/Developer/Platforms/XROS.platform/Developer/SDKs/XROS.sdk/System/Library/Frameworks/SceneKit.framework/Modules/SceneKit.swiftcrossimport/SwiftUI.swiftoverlay -load-resolved-plugin /Applications/Xcode-27.0.0-Release.Candidate.app/Contents/Developer/Platforms/XROS.platform/Developer/usr/lib/swift/host/plugins/libFoundationMacros.dylib\#/Applications/Xcode-27.0.0-Release.Candidate.app/Contents/Developer/Platforms/XROS.platform/Developer/usr/bin/swift-plugin-server\#FoundationMacros -load-resolved-plugin /Applications/Xcode-27.0.0-Release.Candidate.app/Contents/Developer/Platforms/XROS.platform/Developer/usr/lib/swift/host/plugins/libObservationMacros.dylib\#/Applications/Xcode-27.0.0-Release.Candidate.app/Contents/Developer/Platforms/XROS.platform/Developer/usr/bin/swift-plugin-server\#ObservationMacros -load-resolved-plugin /Applications/Xcode-27.0.0-Release.Candidate.app/Contents/Developer/Platforms/XROS.platform/Developer/usr/lib/swift/host/plugins/libPreviewsMacros.dylib\#/Applications/Xcode-27.0.0-Release.Candidate.app/Contents/Developer/Platforms/XROS.platform/Developer/usr/bin/swift-plugin-server\#PreviewsMacros -load-resolved-plugin /Applications/Xcode-27.0.0-Release.Candidate.app/Contents/Developer/Platforms/XROS.platform/Developer/usr/lib/swift/host/plugins/libSwiftMacros.dylib\#/Applications/Xcode-27.0.0-Release.Candidate.app/Contents/Developer/Platforms/XROS.platform/Developer/usr/bin/swift-plugin-server\#SwiftMacros -load-resolved-plugin /Applications/Xcode-27.0.0-Release.Candidate.app/Contents/Developer/Platforms/XROS.platform/Developer/usr/lib/swift/host/plugins/libSwiftUIMacros.dylib\#/Applications/Xcode-27.0.0-Release.Candidate.app/Contents/Developer/Platforms/XROS.platform/Developer/usr/bin/swift-plugin-server\#SwiftUIMacros -disable-implicit-swift-modules -Xcc -fno-implicit-modules -Xcc -fno-implicit-module-maps -explicit-swift-module-map-file /Users/admin/builder/spi-builder-workspace/.derivedData/Build/Intermediates.noindex/SceneKitDebugTools.build/Debug-xros/SceneKitDebugTools-t.build/Objects-normal/arm64/SceneKitDebugTools-dependencies-1.json -Xllvm -aarch64-use-tbi -enable-objc-interop -stack-check -sdk /Applications/Xcode-27.0.0-Release.Candidate.app/Contents/Developer/Platforms/XROS.platform/Developer/SDKs/XROS27.0.sdk -I /Users/admin/builder/spi-builder-workspace/.derivedData/Build/Products/Debug-xros -Isystem /Applications/Xcode-27.0.0-Release.Candidate.app/Contents/Developer/Platforms/XROS.platform/Developer/usr/lib -F /Users/admin/builder/spi-builder-workspace/.derivedData/Build/Products/Debug-xros/PackageFrameworks -F /Users/admin/builder/spi-builder-workspace/.derivedData/Build/Products/Debug-xros -F /Applications/Xcode-27.0.0-Release.Candidate.app/Contents/Developer/Platforms/XROS.platform/Developer/Library/Frameworks -F /Applications/Xcode-27.0.0-Release.Candidate.app/Contents/Developer/Platforms/XROS.platform/Developer/SDKs/XROS27.0.sdk/Developer/Library/Frameworks -module-cache-path /Users/admin/builder/spi-builder-workspace/.derivedData/Build/Intermediates.noindex/SwiftExplicitPrecompiledModules -no-color-diagnostics -Xcc -fno-color-diagnostics -enable-testing -g -debug-info-format\=dwarf -dwarf-version\=4 -profile-generate -profile-coverage-mapping -swift-version 5 -Onone -D SWIFT_PACKAGE -D DEBUG -D SWIFT_MODULE_RESOURCE_BUNDLE_UNAVAILABLE -D Xcode -serialize-debugging-options -enable-experimental-feature DebugDescriptionMacro -empty-abi-descriptor -validate-clang-modules-once -clang-build-session-file /Users/admin/builder/spi-builder-workspace/.derivedData/ModuleCache.noindex/Session.modulevalidation -Xcc -working-directory -Xcc /Users/admin/builder/spi-builder-workspace/.swiftpm/xcode -enable-anonymous-context-mangled-names -file-compilation-dir /Users/admin/builder/spi-builder-workspace/.swiftpm/xcode -Xcc -D_LIBCPP_HARDENING_MODE\=_LIBCPP_HARDENING_MODE_DEBUG -Xcc -ivfsstatcache -Xcc /Users/admin/builder/spi-builder-workspace/.derivedData/SDKStatCaches.noindex/xros27.0-24M361-e829b21a6f8c9b70876ba0858053c044735bd543db762f57723cac368afd1ce4.sdkstatcache -Xcc -fmodules-prune-interval\=86400 -Xcc -fmodules-prune-after\=345600 -Xcc -I/Users/admin/builder/spi-builder-workspace/.derivedData/Build/Products/Debug-xros/include -Xcc -I/Users/admin/builder/spi-builder-workspace/.derivedData/Build/Intermediates.noindex/SceneKitDebugTools.build/Debug-xros/SceneKitDebugTools-t.build/DerivedSources-normal/arm64 -Xcc -I/Users/admin/builder/spi-builder-workspace/.derivedData/Build/Intermediates.noindex/SceneKitDebugTools.build/Debug-xros/SceneKitDebugTools-t.build/DerivedSources/arm64 -Xcc -I/Users/admin/builder/spi-builder-workspace/.derivedData/Build/Intermediates.noindex/SceneKitDebugTools.build/Debug-xros/SceneKitDebugTools-t.build/DerivedSources -Xcc -DSWIFT_PACKAGE -Xcc -DDEBUG\=1 -no-auto-bridging-header-chaining -module-name SceneKitDebugTools -const-gather-protocols-file /Users/admin/builder/spi-builder-workspace/.derivedData/Build/Intermediates.noindex/SceneKitDebugTools.build/Debug-xros/SceneKitDebugTools-t.build/Objects-normal/arm64/SceneKitDebugTools_const_extract_protocols.json -disable-clang-spi -clang-target arm64-apple-xros27.0 -target-sdk-version 27.0 -target-sdk-name xros27.0 -in-process-plugin-server-path /Applications/Xcode-27.0.0-Release.Candidate.app/Contents/Developer/Toolchains/XcodeDefault.xctoolchain/usr/lib/swift/host/libSwiftInProcPluginServer.dylib -parse-as-library -o /Users/admin/builder/spi-builder-workspace/.derivedData/Build/Intermediates.noindex/SceneKitDebugTools.build/Debug-xros/SceneKitDebugTools-t.build/Objects-normal/arm64/Simd4View.o -debug-module-path /Users/admin/builder/spi-builder-workspace/.derivedData/Build/Intermediates.noindex/SceneKitDebugTools.build/Debug-xros/SceneKitDebugTools-t.build/Objects-normal/arm64/SceneKitDebugTools.swiftmodule -index-unit-output-path /SceneKitDebugTools.build/Debug-xros/SceneKitDebugTools-t.build/Objects-normal/arm64/Simd4View.o -index-store-path /Users/admin/builder/spi-builder-workspace/.derivedData/Index.noindex/DataStore -index-system-modules
SwiftCompile normal arm64 /Users/admin/builder/spi-builder-workspace/Sources/SceneKitDebugTools/Simd4View.swift (in target 'SceneKitDebugTools' from project 'SceneKitDebugTools')
    cd /Users/admin/builder/spi-builder-workspace/.swiftpm/xcode
    builtin-SwiftPerFileCompile Simd4View.swift
SwiftDriverJobDiscovery normal arm64 Compiling Bounds.swift, ColorRepresentation.swift (in target 'MeshGenerator' from project 'MeshGenerator')
SwiftCompile normal arm64 Compiling\ AngleView.swift,\ DebugNodes.swift /Users/admin/builder/spi-builder-workspace/Sources/SceneKitDebugTools/AngleView.swift /Users/admin/builder/spi-builder-workspace/Sources/SceneKitDebugTools/DebugNodes.swift (in target 'SceneKitDebugTools' from project 'SceneKitDebugTools')
SwiftCompile normal arm64 /Users/admin/builder/spi-builder-workspace/Sources/SceneKitDebugTools/AngleView.swift (in target 'SceneKitDebugTools' from project 'SceneKitDebugTools')
    cd /Users/admin/builder/spi-builder-workspace/.swiftpm/xcode
    builtin-SwiftPerFileCompile AngleView.swift
SwiftCompile normal arm64 /Users/admin/builder/spi-builder-workspace/Sources/SceneKitDebugTools/DebugNodes.swift (in target 'SceneKitDebugTools' from project 'SceneKitDebugTools')
    cd /Users/admin/builder/spi-builder-workspace/.swiftpm/xcode
    builtin-SwiftPerFileCompile DebugNodes.swift
SwiftDriverJobDiscovery normal arm64 Compiling LineSegment.swift, Mesh.swift (in target 'MeshGenerator' from project 'MeshGenerator')
SwiftCompile normal arm64 Compiling\ simd+codetext.swift /Users/admin/builder/spi-builder-workspace/Sources/SceneKitDebugTools/simd+codetext.swift (in target 'SceneKitDebugTools' from project 'SceneKitDebugTools')
SwiftCompile normal arm64 /Users/admin/builder/spi-builder-workspace/Sources/SceneKitDebugTools/simd+codetext.swift (in target 'SceneKitDebugTools' from project 'SceneKitDebugTools')
    cd /Users/admin/builder/spi-builder-workspace/.swiftpm/xcode
    builtin-SwiftPerFileCompile simd+codetext.swift
SwiftDriverJobDiscovery normal arm64 Compiling Vertex.swift (in target 'MeshGenerator' from project 'MeshGenerator')
SwiftCompile normal arm64 Compiling\ OptionalNodeInfoView.swift,\ PasteboardHelpers.swift /Users/admin/builder/spi-builder-workspace/Sources/SceneKitDebugTools/OptionalNodeInfoView.swift /Users/admin/builder/spi-builder-workspace/Sources/SceneKitDebugTools/PasteboardHelpers.swift (in target 'SceneKitDebugTools' from project 'SceneKitDebugTools')
SwiftCompile normal arm64 /Users/admin/builder/spi-builder-workspace/Sources/SceneKitDebugTools/OptionalNodeInfoView.swift (in target 'SceneKitDebugTools' from project 'SceneKitDebugTools')
    cd /Users/admin/builder/spi-builder-workspace/.swiftpm/xcode
    builtin-SwiftPerFileCompile OptionalNodeInfoView.swift
SwiftCompile normal arm64 /Users/admin/builder/spi-builder-workspace/Sources/SceneKitDebugTools/PasteboardHelpers.swift (in target 'SceneKitDebugTools' from project 'SceneKitDebugTools')
    cd /Users/admin/builder/spi-builder-workspace/.swiftpm/xcode
    builtin-SwiftPerFileCompile PasteboardHelpers.swift
SwiftDriverJobDiscovery normal arm64 Compiling Triangle.swift (in target 'MeshGenerator' from project 'MeshGenerator')
SwiftCompile normal arm64 Compiling\ QuaternionView.swift,\ SceneInfoView.swift /Users/admin/builder/spi-builder-workspace/Sources/SceneKitDebugTools/QuaternionView.swift /Users/admin/builder/spi-builder-workspace/Sources/SceneKitDebugTools/SceneInfoView.swift (in target 'SceneKitDebugTools' from project 'SceneKitDebugTools')
SwiftCompile normal arm64 /Users/admin/builder/spi-builder-workspace/Sources/SceneKitDebugTools/QuaternionView.swift (in target 'SceneKitDebugTools' from project 'SceneKitDebugTools')
    cd /Users/admin/builder/spi-builder-workspace/.swiftpm/xcode
    builtin-SwiftPerFileCompile QuaternionView.swift
SwiftCompile normal arm64 /Users/admin/builder/spi-builder-workspace/Sources/SceneKitDebugTools/SceneInfoView.swift (in target 'SceneKitDebugTools' from project 'SceneKitDebugTools')
    cd /Users/admin/builder/spi-builder-workspace/.swiftpm/xcode
    builtin-SwiftPerFileCompile SceneInfoView.swift
SwiftDriverJobDiscovery normal arm64 Emitting module for SceneKitDebugTools (in target 'SceneKitDebugTools' from project 'SceneKitDebugTools')
SwiftDriver\ Compilation\ Requirements SceneKitDebugTools normal arm64 com.apple.xcode.tools.swift.compiler (in target 'SceneKitDebugTools' from project 'SceneKitDebugTools')
    cd /Users/admin/builder/spi-builder-workspace/.swiftpm/xcode
    builtin-Swift-Compilation-Requirements -- /Applications/Xcode-27.0.0-Release.Candidate.app/Contents/Developer/Toolchains/XcodeDefault.xctoolchain/usr/bin/swiftc -parse-as-library -module-name SceneKitDebugTools -Onone @/Users/admin/builder/spi-builder-workspace/.derivedData/Build/Intermediates.noindex/SceneKitDebugTools.build/Debug-xros/SceneKitDebugTools-t.build/Objects-normal/arm64/SceneKitDebugTools.SwiftFileList -DSWIFT_PACKAGE -DDEBUG -DSWIFT_MODULE_RESOURCE_BUNDLE_UNAVAILABLE -DXcode -plugin-path /Applications/Xcode-27.0.0-Release.Candidate.app/Contents/Developer/Toolchains/XcodeDefault.xctoolchain/usr/lib/swift/host/plugins/testing -enable-experimental-feature DebugDescriptionMacro -sdk /Applications/Xcode-27.0.0-Release.Candidate.app/Contents/Developer/Platforms/XROS.platform/Developer/SDKs/XROS27.0.sdk -target arm64-apple-xros1.0 -g -module-cache-path /Users/admin/builder/spi-builder-workspace/.derivedData/ModuleCache.noindex -Xfrontend -serialize-debugging-options -profile-coverage-mapping -profile-generate -enable-testing -index-store-path /Users/admin/builder/spi-builder-workspace/.derivedData/Index.noindex/DataStore -Xcc -D_LIBCPP_HARDENING_MODE\=_LIBCPP_HARDENING_MODE_DEBUG -swift-version 5 -I /Users/admin/builder/spi-builder-workspace/.derivedData/Build/Products/Debug-xros -Isystem /Applications/Xcode-27.0.0-Release.Candidate.app/Contents/Developer/Platforms/XROS.platform/Developer/usr/lib -F /Users/admin/builder/spi-builder-workspace/.derivedData/Build/Products/Debug-xros/PackageFrameworks -F /Users/admin/builder/spi-builder-workspace/.derivedData/Build/Products/Debug-xros -F /Applications/Xcode-27.0.0-Release.Candidate.app/Contents/Developer/Platforms/XROS.platform/Developer/Library/Frameworks -F /Applications/Xcode-27.0.0-Release.Candidate.app/Contents/Developer/Platforms/XROS.platform/Developer/SDKs/XROS27.0.sdk/Developer/Library/Frameworks -c -j10 -enable-batch-mode -incremental -Xcc -ivfsstatcache -Xcc /Users/admin/builder/spi-builder-workspace/.derivedData/SDKStatCaches.noindex/xros27.0-24M361-e829b21a6f8c9b70876ba0858053c044735bd543db762f57723cac368afd1ce4.sdkstatcache -output-file-map /Users/admin/builder/spi-builder-workspace/.derivedData/Build/Intermediates.noindex/SceneKitDebugTools.build/Debug-xros/SceneKitDebugTools-t.build/Objects-normal/arm64/SceneKitDebugTools-OutputFileMap.json -save-temps -no-color-diagnostics -explicit-module-build -module-cache-path /Users/admin/builder/spi-builder-workspace/.derivedData/Build/Intermediates.noindex/SwiftExplicitPrecompiledModules -clang-scanner-module-cache-path /Users/admin/builder/spi-builder-workspace/.derivedData/ModuleCache.noindex -sdk-module-cache-path /Users/admin/builder/spi-builder-workspace/.derivedData/SDKExplicitPrecompiledModules -emit-dependencies -emit-module -emit-module-path /Users/admin/builder/spi-builder-workspace/.derivedData/Build/Intermediates.noindex/SceneKitDebugTools.build/Debug-xros/SceneKitDebugTools-t.build/Objects-normal/arm64/SceneKitDebugTools.swiftmodule -serialize-diagnostics -dependency-scan-serialize-diagnostics-path /Users/admin/builder/spi-builder-workspace/.derivedData/Build/Intermediates.noindex/SceneKitDebugTools.build/Debug-xros/SceneKitDebugTools-t.build/Objects-normal/arm64/SceneKitDebugTools-dependency-scan.dia -validate-clang-modules-once -clang-build-session-file /Users/admin/builder/spi-builder-workspace/.derivedData/ModuleCache.noindex/Session.modulevalidation -Xcc -fmodules-prune-interval\=86400 -Xcc -fmodules-prune-after\=345600 -emit-const-values -const-gather-protocols-list /Users/admin/builder/spi-builder-workspace/.derivedData/Build/Intermediates.noindex/SceneKitDebugTools.build/Debug-xros/SceneKitDebugTools-t.build/Objects-normal/arm64/SceneKitDebugTools_const_extract_protocols.json -Xcc -I/Users/admin/builder/spi-builder-workspace/.derivedData/Build/Products/Debug-xros/include -Xcc -I/Users/admin/builder/spi-builder-workspace/.derivedData/Build/Intermediates.noindex/SceneKitDebugTools.build/Debug-xros/SceneKitDebugTools-t.build/DerivedSources-normal/arm64 -Xcc -I/Users/admin/builder/spi-builder-workspace/.derivedData/Build/Intermediates.noindex/SceneKitDebugTools.build/Debug-xros/SceneKitDebugTools-t.build/DerivedSources/arm64 -Xcc -I/Users/admin/builder/spi-builder-workspace/.derivedData/Build/Intermediates.noindex/SceneKitDebugTools.build/Debug-xros/SceneKitDebugTools-t.build/DerivedSources -Xcc -DSWIFT_PACKAGE -Xcc -DDEBUG\=1 -emit-objc-header -emit-objc-header-path /Users/admin/builder/spi-builder-workspace/.derivedData/Build/Intermediates.noindex/SceneKitDebugTools.build/Debug-xros/SceneKitDebugTools-t.build/Objects-normal/arm64/SceneKitDebugTools-Swift.h -working-directory /Users/admin/builder/spi-builder-workspace/.swiftpm/xcode -experimental-emit-module-separately -disable-cmo
SwiftDriverJobDiscovery normal arm64 Compiling TextureCoordinates.swift (in target 'MeshGenerator' from project 'MeshGenerator')
SwiftCompile normal arm64 Compiling\ SearchableSceneInfoView.swift,\ Simd3View.swift /Users/admin/builder/spi-builder-workspace/Sources/SceneKitDebugTools/SearchableSceneInfoView.swift /Users/admin/builder/spi-builder-workspace/Sources/SceneKitDebugTools/Simd3View.swift (in target 'SceneKitDebugTools' from project 'SceneKitDebugTools')
SwiftCompile normal arm64 /Users/admin/builder/spi-builder-workspace/Sources/SceneKitDebugTools/SearchableSceneInfoView.swift (in target 'SceneKitDebugTools' from project 'SceneKitDebugTools')
    cd /Users/admin/builder/spi-builder-workspace/.swiftpm/xcode
    builtin-SwiftPerFileCompile SearchableSceneInfoView.swift
SwiftCompile normal arm64 /Users/admin/builder/spi-builder-workspace/Sources/SceneKitDebugTools/Simd3View.swift (in target 'SceneKitDebugTools' from project 'SceneKitDebugTools')
    cd /Users/admin/builder/spi-builder-workspace/.swiftpm/xcode
    builtin-SwiftPerFileCompile Simd3View.swift
SwiftMergeGeneratedHeaders /Users/admin/builder/spi-builder-workspace/.derivedData/Build/Intermediates.noindex/GeneratedModuleMaps-xros/SceneKitDebugTools-Swift.h /Users/admin/builder/spi-builder-workspace/.derivedData/Build/Intermediates.noindex/SceneKitDebugTools.build/Debug-xros/SceneKitDebugTools-t.build/Objects-normal/arm64/SceneKitDebugTools-Swift.h (in target 'SceneKitDebugTools' from project 'SceneKitDebugTools')
    cd /Users/admin/builder/spi-builder-workspace
    builtin-swiftHeaderTool -arch arm64 /Users/admin/builder/spi-builder-workspace/.derivedData/Build/Intermediates.noindex/SceneKitDebugTools.build/Debug-xros/SceneKitDebugTools-t.build/Objects-normal/arm64/SceneKitDebugTools-Swift.h -o /Users/admin/builder/spi-builder-workspace/.derivedData/Build/Intermediates.noindex/GeneratedModuleMaps-xros/SceneKitDebugTools-Swift.h
SwiftDriverJobDiscovery normal arm64 Compiling Vector.swift (in target 'MeshGenerator' from project 'MeshGenerator')
Copy /Users/admin/builder/spi-builder-workspace/.derivedData/Build/Products/Debug-xros/SceneKitDebugTools.swiftmodule/arm64-apple-xros.swiftmodule /Users/admin/builder/spi-builder-workspace/.derivedData/Build/Intermediates.noindex/SceneKitDebugTools.build/Debug-xros/SceneKitDebugTools-t.build/Objects-normal/arm64/SceneKitDebugTools.swiftmodule (in target 'SceneKitDebugTools' from project 'SceneKitDebugTools')
    cd /Users/admin/builder/spi-builder-workspace
    builtin-copy -exclude .DS_Store -exclude CVS -exclude .svn -exclude .git -exclude .hg -resolve-src-symlinks -rename /Users/admin/builder/spi-builder-workspace/.derivedData/Build/Intermediates.noindex/SceneKitDebugTools.build/Debug-xros/SceneKitDebugTools-t.build/Objects-normal/arm64/SceneKitDebugTools.swiftmodule /Users/admin/builder/spi-builder-workspace/.derivedData/Build/Products/Debug-xros/SceneKitDebugTools.swiftmodule/arm64-apple-xros.swiftmodule
Copy /Users/admin/builder/spi-builder-workspace/.derivedData/Build/Products/Debug-xros/SceneKitDebugTools.swiftmodule/arm64-apple-xros.swiftdoc /Users/admin/builder/spi-builder-workspace/.derivedData/Build/Intermediates.noindex/SceneKitDebugTools.build/Debug-xros/SceneKitDebugTools-t.build/Objects-normal/arm64/SceneKitDebugTools.swiftdoc (in target 'SceneKitDebugTools' from project 'SceneKitDebugTools')
    cd /Users/admin/builder/spi-builder-workspace
    builtin-copy -exclude .DS_Store -exclude CVS -exclude .svn -exclude .git -exclude .hg -resolve-src-symlinks -rename /Users/admin/builder/spi-builder-workspace/.derivedData/Build/Intermediates.noindex/SceneKitDebugTools.build/Debug-xros/SceneKitDebugTools-t.build/Objects-normal/arm64/SceneKitDebugTools.swiftdoc /Users/admin/builder/spi-builder-workspace/.derivedData/Build/Products/Debug-xros/SceneKitDebugTools.swiftmodule/arm64-apple-xros.swiftdoc
Copy /Users/admin/builder/spi-builder-workspace/.derivedData/Build/Products/Debug-xros/SceneKitDebugTools.swiftmodule/arm64-apple-xros.abi.json /Users/admin/builder/spi-builder-workspace/.derivedData/Build/Intermediates.noindex/SceneKitDebugTools.build/Debug-xros/SceneKitDebugTools-t.build/Objects-normal/arm64/SceneKitDebugTools.abi.json (in target 'SceneKitDebugTools' from project 'SceneKitDebugTools')
    cd /Users/admin/builder/spi-builder-workspace
    builtin-copy -exclude .DS_Store -exclude CVS -exclude .svn -exclude .git -exclude .hg -resolve-src-symlinks -rename /Users/admin/builder/spi-builder-workspace/.derivedData/Build/Intermediates.noindex/SceneKitDebugTools.build/Debug-xros/SceneKitDebugTools-t.build/Objects-normal/arm64/SceneKitDebugTools.abi.json /Users/admin/builder/spi-builder-workspace/.derivedData/Build/Products/Debug-xros/SceneKitDebugTools.swiftmodule/arm64-apple-xros.abi.json
Copy /Users/admin/builder/spi-builder-workspace/.derivedData/Build/Products/Debug-xros/SceneKitDebugTools.swiftmodule/Project/arm64-apple-xros.swiftsourceinfo /Users/admin/builder/spi-builder-workspace/.derivedData/Build/Intermediates.noindex/SceneKitDebugTools.build/Debug-xros/SceneKitDebugTools-t.build/Objects-normal/arm64/SceneKitDebugTools.swiftsourceinfo (in target 'SceneKitDebugTools' from project 'SceneKitDebugTools')
    cd /Users/admin/builder/spi-builder-workspace
    builtin-copy -exclude .DS_Store -exclude CVS -exclude .svn -exclude .git -exclude .hg -resolve-src-symlinks -rename /Users/admin/builder/spi-builder-workspace/.derivedData/Build/Intermediates.noindex/SceneKitDebugTools.build/Debug-xros/SceneKitDebugTools-t.build/Objects-normal/arm64/SceneKitDebugTools.swiftsourceinfo /Users/admin/builder/spi-builder-workspace/.derivedData/Build/Products/Debug-xros/SceneKitDebugTools.swiftmodule/Project/arm64-apple-xros.swiftsourceinfo
SwiftCompile normal arm64 Compiling\ Transforms.swift /Users/admin/builder/spi-builder-workspace/Sources/SceneKitDebugTools/Transforms.swift (in target 'SceneKitDebugTools' from project 'SceneKitDebugTools')
SwiftCompile normal arm64 /Users/admin/builder/spi-builder-workspace/Sources/SceneKitDebugTools/Transforms.swift (in target 'SceneKitDebugTools' from project 'SceneKitDebugTools')
    cd /Users/admin/builder/spi-builder-workspace/.swiftpm/xcode
    builtin-SwiftPerFileCompile Transforms.swift
SwiftDriverJobDiscovery normal arm64 Compiling simd+codetext.swift (in target 'SceneKitDebugTools' from project 'SceneKitDebugTools')
SwiftCompile normal arm64 Compiling\ DebugSceneView.swift,\ EulerAngleView.swift /Users/admin/builder/spi-builder-workspace/Sources/SceneKitDebugTools/DebugSceneView.swift /Users/admin/builder/spi-builder-workspace/Sources/SceneKitDebugTools/EulerAngleView.swift (in target 'SceneKitDebugTools' from project 'SceneKitDebugTools')
SwiftCompile normal arm64 /Users/admin/builder/spi-builder-workspace/Sources/SceneKitDebugTools/DebugSceneView.swift (in target 'SceneKitDebugTools' from project 'SceneKitDebugTools')
    cd /Users/admin/builder/spi-builder-workspace/.swiftpm/xcode
    builtin-SwiftPerFileCompile DebugSceneView.swift
SwiftCompile normal arm64 /Users/admin/builder/spi-builder-workspace/Sources/SceneKitDebugTools/EulerAngleView.swift (in target 'SceneKitDebugTools' from project 'SceneKitDebugTools')
    cd /Users/admin/builder/spi-builder-workspace/.swiftpm/xcode
    builtin-SwiftPerFileCompile EulerAngleView.swift
SwiftDriverJobDiscovery normal arm64 Compiling MeshGenerator+SceneKit.swift, MeshGenerator+UIKit.swift (in target 'MeshGenerator' from project 'MeshGenerator')
SwiftCompile normal arm64 Compiling\ Simd4x4View.swift /Users/admin/builder/spi-builder-workspace/Sources/SceneKitDebugTools/Simd4x4View.swift (in target 'SceneKitDebugTools' from project 'SceneKitDebugTools')
SwiftCompile normal arm64 /Users/admin/builder/spi-builder-workspace/Sources/SceneKitDebugTools/Simd4x4View.swift (in target 'SceneKitDebugTools' from project 'SceneKitDebugTools')
    cd /Users/admin/builder/spi-builder-workspace/.swiftpm/xcode
    builtin-SwiftPerFileCompile Simd4x4View.swift
PruneExplicitPrecompiledModules /Users/admin/builder/spi-builder-workspace/.derivedData/SDKExplicitPrecompiledModules
PruneExplicitPrecompiledModules /Users/admin/builder/spi-builder-workspace/.derivedData/Build/Intermediates.noindex/ExplicitPrecompiledModules
PruneExplicitPrecompiledModules /Users/admin/builder/spi-builder-workspace/.derivedData/Build/Intermediates.noindex/SwiftExplicitPrecompiledModules
2026-09-18 09:47:34.107 xcodebuild[688:4377] [MT] IDERunDestination: Supported platforms for the buildables in the current scheme is empty.
** BUILD FAILED **
The following build commands failed:
	SwiftCompile normal arm64 Compiling\ Simd4View.swift /Users/admin/builder/spi-builder-workspace/Sources/SceneKitDebugTools/Simd4View.swift (in target 'SceneKitDebugTools' from project 'SceneKitDebugTools')
	SwiftCompile normal arm64 /Users/admin/builder/spi-builder-workspace/Sources/SceneKitDebugTools/Simd4View.swift (in target 'SceneKitDebugTools' from project 'SceneKitDebugTools')
	Building workspace SceneKitDebugTools with scheme SceneKitDebugTools
(3 failures)
Command line invocation:
    /Applications/Xcode-27.0.0-Release.Candidate.app/Contents/Developer/usr/bin/xcodebuild -IDEClonedSourcePackagesDirPathOverride=/Users/admin/builder/spi-builder-workspace/.dependencies -resolvePackageDependencies
Resolve Package Graph
Resolved source packages:
  SceneKitDebugTools: /Users/admin/builder/spi-builder-workspace
  MeshGenerator: https://github.com/heckj/MeshGenerator.git @ 0.6.0
resolved source packages: SceneKitDebugTools, MeshGenerator
2026-09-18 09:47:45.029 xcodebuild[843:5048] [MT] IDERunDestination: Supported platforms for the buildables in the current scheme is empty.
{
  "dependencies" : [
    {
      "identity" : "meshgenerator",
      "requirement" : {
        "range" : [
          {
            "lower_bound" : "0.5.0",
            "upper_bound" : "1.0.0"
          }
        ]
      },
      "type" : "sourceControl",
      "url" : "https://github.com/heckj/MeshGenerator.git"
    }
  ],
  "manifest_display_name" : "SceneKitDebugTools",
  "name" : "SceneKitDebugTools",
  "path" : "/Users/admin/builder/spi-builder-workspace",
  "platforms" : [
    {
      "name" : "macos",
      "version" : "12.0"
    },
    {
      "name" : "ios",
      "version" : "15.0"
    },
    {
      "name" : "tvos",
      "version" : "15.0"
    },
    {
      "name" : "watchos",
      "version" : "8.0"
    }
  ],
  "products" : [
    {
      "name" : "SceneKitDebugTools",
      "targets" : [
        "SceneKitDebugTools"
      ],
      "type" : {
        "library" : [
          "automatic"
        ]
      }
    }
  ],
  "targets" : [
    {
      "c99name" : "SceneKitDebugToolsTests",
      "module_type" : "SwiftTarget",
      "name" : "SceneKitDebugToolsTests",
      "path" : "Tests/SceneKitDebugToolsTests",
      "sources" : [
        "SceneKitDebugToolsTests.swift"
      ],
      "target_dependencies" : [
        "SceneKitDebugTools"
      ],
      "type" : "test"
    },
    {
      "c99name" : "SceneKitDebugTools",
      "module_type" : "SwiftTarget",
      "name" : "SceneKitDebugTools",
      "path" : "Sources/SceneKitDebugTools",
      "product_dependencies" : [
        "MeshGenerator"
      ],
      "product_memberships" : [
        "SceneKitDebugTools"
      ],
      "sources" : [
        "AngleView.swift",
        "DebugNodes.swift",
        "DebugSceneView.swift",
        "EulerAngleView.swift",
        "NodeInfoView.swift",
        "ObservableSCNNode.swift",
        "OptionalNodeInfoView.swift",
        "PasteboardHelpers.swift",
        "QuaternionView.swift",
        "SceneInfoView.swift",
        "SearchableSceneInfoView.swift",
        "Simd3View.swift",
        "Simd4View.swift",
        "Simd4x4View.swift",
        "Transforms.swift",
        "simd+codetext.swift"
      ],
      "type" : "library"
    }
  ],
  "tools_version" : "5.5"
}
{
  "workspace" : {
    "name" : "SceneKitDebugTools",
    "schemes" : [
      "SceneKitDebugTools"
    ]
  }
}
2026-09-18 09:47:46.280 xcodebuild[851:5116] [MT] IDERunDestination: Supported platforms for the buildables in the current scheme is empty.
Running build ...
env DEVELOPER_DIR=/Applications/Xcode-27.0.0-Release.Candidate.app xcrun xcodebuild -IDEClonedSourcePackagesDirPathOverride=$PWD/.dependencies -skipMacroValidation -skipPackagePluginValidation -derivedDataPath $PWD/.derivedData build -scheme SceneKitDebugTools -destination generic/platform=xrOS
Command line invocation:
    /Applications/Xcode-27.0.0-Release.Candidate.app/Contents/Developer/usr/bin/xcodebuild -IDEClonedSourcePackagesDirPathOverride=/Users/admin/builder/spi-builder-workspace/.dependencies -skipMacroValidation -skipPackagePluginValidation -derivedDataPath /Users/admin/builder/spi-builder-workspace/.derivedData build -scheme SceneKitDebugTools -destination generic/platform=xrOS
Resolve Package Graph
Resolved source packages:
  SceneKitDebugTools: /Users/admin/builder/spi-builder-workspace
  MeshGenerator: https://github.com/heckj/MeshGenerator.git @ 0.6.0
ComputePackagePrebuildTargetDependencyGraph
Prepare packages
CreateBuildRequest
SendProjectDescription
CreateBuildOperation
ComputeTargetDependencyGraph
note: Building targets in dependency order
note: Target dependency graph (4 targets)
    Target 'SceneKitDebugTools-product' in project 'SceneKitDebugTools'
        ➜ Explicit dependency on target 'SceneKitDebugTools' in project 'SceneKitDebugTools'
        ➜ Explicit dependency on target 'MeshGenerator-product' in project 'MeshGenerator'
    Target 'SceneKitDebugTools' in project 'SceneKitDebugTools'
        ➜ Explicit dependency on target 'MeshGenerator-product' in project 'MeshGenerator'
    Target 'MeshGenerator-product' in project 'MeshGenerator'
        ➜ Explicit dependency on target 'MeshGenerator' in project 'MeshGenerator'
    Target 'MeshGenerator' in project 'MeshGenerator' (no dependencies)
GatherProvisioningInputs
CreateBuildDescription
ClangStatCache /Applications/Xcode-27.0.0-Release.Candidate.app/Contents/Developer/Toolchains/XcodeDefault.xctoolchain/usr/bin/clang-stat-cache /Applications/Xcode-27.0.0-Release.Candidate.app/Contents/Developer/Platforms/XROS.platform/Developer/SDKs/XROS27.0.sdk /Users/admin/builder/spi-builder-workspace/.derivedData/SDKStatCaches.noindex/xros27.0-24M361-e829b21a6f8c9b70876ba0858053c044735bd543db762f57723cac368afd1ce4.sdkstatcache
    cd /Users/admin/builder/spi-builder-workspace/.swiftpm/xcode
    /Applications/Xcode-27.0.0-Release.Candidate.app/Contents/Developer/Toolchains/XcodeDefault.xctoolchain/usr/bin/clang-stat-cache /Applications/Xcode-27.0.0-Release.Candidate.app/Contents/Developer/Platforms/XROS.platform/Developer/SDKs/XROS27.0.sdk -o /Users/admin/builder/spi-builder-workspace/.derivedData/SDKStatCaches.noindex/xros27.0-24M361-e829b21a6f8c9b70876ba0858053c044735bd543db762f57723cac368afd1ce4.sdkstatcache
SwiftDriver SceneKitDebugTools normal arm64 com.apple.xcode.tools.swift.compiler (in target 'SceneKitDebugTools' from project 'SceneKitDebugTools')
    cd /Users/admin/builder/spi-builder-workspace/.swiftpm/xcode
    builtin-SwiftDriver -- /Applications/Xcode-27.0.0-Release.Candidate.app/Contents/Developer/Toolchains/XcodeDefault.xctoolchain/usr/bin/swiftc -parse-as-library -module-name SceneKitDebugTools -Onone @/Users/admin/builder/spi-builder-workspace/.derivedData/Build/Intermediates.noindex/SceneKitDebugTools.build/Debug-xros/SceneKitDebugTools-t.build/Objects-normal/arm64/SceneKitDebugTools.SwiftFileList -DSWIFT_PACKAGE -DDEBUG -DSWIFT_MODULE_RESOURCE_BUNDLE_UNAVAILABLE -DXcode -plugin-path /Applications/Xcode-27.0.0-Release.Candidate.app/Contents/Developer/Toolchains/XcodeDefault.xctoolchain/usr/lib/swift/host/plugins/testing -enable-experimental-feature DebugDescriptionMacro -sdk /Applications/Xcode-27.0.0-Release.Candidate.app/Contents/Developer/Platforms/XROS.platform/Developer/SDKs/XROS27.0.sdk -target arm64-apple-xros1.0 -g -module-cache-path /Users/admin/builder/spi-builder-workspace/.derivedData/ModuleCache.noindex -Xfrontend -serialize-debugging-options -profile-coverage-mapping -profile-generate -enable-testing -index-store-path /Users/admin/builder/spi-builder-workspace/.derivedData/Index.noindex/DataStore -Xcc -D_LIBCPP_HARDENING_MODE\=_LIBCPP_HARDENING_MODE_DEBUG -swift-version 5 -I /Users/admin/builder/spi-builder-workspace/.derivedData/Build/Products/Debug-xros -Isystem /Applications/Xcode-27.0.0-Release.Candidate.app/Contents/Developer/Platforms/XROS.platform/Developer/usr/lib -F /Users/admin/builder/spi-builder-workspace/.derivedData/Build/Products/Debug-xros/PackageFrameworks -F /Users/admin/builder/spi-builder-workspace/.derivedData/Build/Products/Debug-xros -F /Applications/Xcode-27.0.0-Release.Candidate.app/Contents/Developer/Platforms/XROS.platform/Developer/Library/Frameworks -F /Applications/Xcode-27.0.0-Release.Candidate.app/Contents/Developer/Platforms/XROS.platform/Developer/SDKs/XROS27.0.sdk/Developer/Library/Frameworks -c -j10 -enable-batch-mode -incremental -Xcc -ivfsstatcache -Xcc /Users/admin/builder/spi-builder-workspace/.derivedData/SDKStatCaches.noindex/xros27.0-24M361-e829b21a6f8c9b70876ba0858053c044735bd543db762f57723cac368afd1ce4.sdkstatcache -output-file-map /Users/admin/builder/spi-builder-workspace/.derivedData/Build/Intermediates.noindex/SceneKitDebugTools.build/Debug-xros/SceneKitDebugTools-t.build/Objects-normal/arm64/SceneKitDebugTools-OutputFileMap.json -save-temps -no-color-diagnostics -explicit-module-build -module-cache-path /Users/admin/builder/spi-builder-workspace/.derivedData/Build/Intermediates.noindex/SwiftExplicitPrecompiledModules -clang-scanner-module-cache-path /Users/admin/builder/spi-builder-workspace/.derivedData/ModuleCache.noindex -sdk-module-cache-path /Users/admin/builder/spi-builder-workspace/.derivedData/SDKExplicitPrecompiledModules -emit-dependencies -emit-module -emit-module-path /Users/admin/builder/spi-builder-workspace/.derivedData/Build/Intermediates.noindex/SceneKitDebugTools.build/Debug-xros/SceneKitDebugTools-t.build/Objects-normal/arm64/SceneKitDebugTools.swiftmodule -serialize-diagnostics -dependency-scan-serialize-diagnostics-path /Users/admin/builder/spi-builder-workspace/.derivedData/Build/Intermediates.noindex/SceneKitDebugTools.build/Debug-xros/SceneKitDebugTools-t.build/Objects-normal/arm64/SceneKitDebugTools-dependency-scan.dia -validate-clang-modules-once -clang-build-session-file /Users/admin/builder/spi-builder-workspace/.derivedData/ModuleCache.noindex/Session.modulevalidation -Xcc -fmodules-prune-interval\=86400 -Xcc -fmodules-prune-after\=345600 -emit-const-values -const-gather-protocols-list /Users/admin/builder/spi-builder-workspace/.derivedData/Build/Intermediates.noindex/SceneKitDebugTools.build/Debug-xros/SceneKitDebugTools-t.build/Objects-normal/arm64/SceneKitDebugTools_const_extract_protocols.json -Xcc -I/Users/admin/builder/spi-builder-workspace/.derivedData/Build/Products/Debug-xros/include -Xcc -I/Users/admin/builder/spi-builder-workspace/.derivedData/Build/Intermediates.noindex/SceneKitDebugTools.build/Debug-xros/SceneKitDebugTools-t.build/DerivedSources-normal/arm64 -Xcc -I/Users/admin/builder/spi-builder-workspace/.derivedData/Build/Intermediates.noindex/SceneKitDebugTools.build/Debug-xros/SceneKitDebugTools-t.build/DerivedSources/arm64 -Xcc -I/Users/admin/builder/spi-builder-workspace/.derivedData/Build/Intermediates.noindex/SceneKitDebugTools.build/Debug-xros/SceneKitDebugTools-t.build/DerivedSources -Xcc -DSWIFT_PACKAGE -Xcc -DDEBUG\=1 -emit-objc-header -emit-objc-header-path /Users/admin/builder/spi-builder-workspace/.derivedData/Build/Intermediates.noindex/SceneKitDebugTools.build/Debug-xros/SceneKitDebugTools-t.build/Objects-normal/arm64/SceneKitDebugTools-Swift.h -working-directory /Users/admin/builder/spi-builder-workspace/.swiftpm/xcode -experimental-emit-module-separately -disable-cmo
SwiftDriver MeshGenerator normal arm64 com.apple.xcode.tools.swift.compiler (in target 'MeshGenerator' from project 'MeshGenerator')
    cd /Users/admin/builder/spi-builder-workspace/.swiftpm/xcode
    builtin-SwiftDriver -- /Applications/Xcode-27.0.0-Release.Candidate.app/Contents/Developer/Toolchains/XcodeDefault.xctoolchain/usr/bin/swiftc -parse-as-library -module-name MeshGenerator -Onone @/Users/admin/builder/spi-builder-workspace/.derivedData/Build/Intermediates.noindex/MeshGenerator.build/Debug-xros/MeshGenerator-t.build/Objects-normal/arm64/MeshGenerator.SwiftFileList -DSWIFT_PACKAGE -DDEBUG -DSWIFT_MODULE_RESOURCE_BUNDLE_UNAVAILABLE -DXcode -plugin-path /Applications/Xcode-27.0.0-Release.Candidate.app/Contents/Developer/Toolchains/XcodeDefault.xctoolchain/usr/lib/swift/host/plugins/testing -enable-experimental-feature DebugDescriptionMacro -sdk /Applications/Xcode-27.0.0-Release.Candidate.app/Contents/Developer/Platforms/XROS.platform/Developer/SDKs/XROS27.0.sdk -target arm64-apple-xros1.0 -g -module-cache-path /Users/admin/builder/spi-builder-workspace/.derivedData/ModuleCache.noindex -Xfrontend -serialize-debugging-options -profile-coverage-mapping -profile-generate -enable-testing -suppress-warnings -index-store-path /Users/admin/builder/spi-builder-workspace/.derivedData/Index.noindex/DataStore -Xcc -D_LIBCPP_HARDENING_MODE\=_LIBCPP_HARDENING_MODE_DEBUG -swift-version 5 -I /Users/admin/builder/spi-builder-workspace/.derivedData/Build/Products/Debug-xros -Isystem /Applications/Xcode-27.0.0-Release.Candidate.app/Contents/Developer/Platforms/XROS.platform/Developer/usr/lib -F /Users/admin/builder/spi-builder-workspace/.derivedData/Build/Products/Debug-xros -F /Applications/Xcode-27.0.0-Release.Candidate.app/Contents/Developer/Platforms/XROS.platform/Developer/Library/Frameworks -F /Applications/Xcode-27.0.0-Release.Candidate.app/Contents/Developer/Platforms/XROS.platform/Developer/SDKs/XROS27.0.sdk/Developer/Library/Frameworks -c -j10 -enable-batch-mode -incremental -Xcc -ivfsstatcache -Xcc /Users/admin/builder/spi-builder-workspace/.derivedData/SDKStatCaches.noindex/xros27.0-24M361-e829b21a6f8c9b70876ba0858053c044735bd543db762f57723cac368afd1ce4.sdkstatcache -output-file-map /Users/admin/builder/spi-builder-workspace/.derivedData/Build/Intermediates.noindex/MeshGenerator.build/Debug-xros/MeshGenerator-t.build/Objects-normal/arm64/MeshGenerator-OutputFileMap.json -save-temps -no-color-diagnostics -explicit-module-build -module-cache-path /Users/admin/builder/spi-builder-workspace/.derivedData/Build/Intermediates.noindex/SwiftExplicitPrecompiledModules -clang-scanner-module-cache-path /Users/admin/builder/spi-builder-workspace/.derivedData/ModuleCache.noindex -sdk-module-cache-path /Users/admin/builder/spi-builder-workspace/.derivedData/SDKExplicitPrecompiledModules -emit-dependencies -emit-module -emit-module-path /Users/admin/builder/spi-builder-workspace/.derivedData/Build/Intermediates.noindex/MeshGenerator.build/Debug-xros/MeshGenerator-t.build/Objects-normal/arm64/MeshGenerator.swiftmodule -serialize-diagnostics -dependency-scan-serialize-diagnostics-path /Users/admin/builder/spi-builder-workspace/.derivedData/Build/Intermediates.noindex/MeshGenerator.build/Debug-xros/MeshGenerator-t.build/Objects-normal/arm64/MeshGenerator-dependency-scan.dia -validate-clang-modules-once -clang-build-session-file /Users/admin/builder/spi-builder-workspace/.derivedData/ModuleCache.noindex/Session.modulevalidation -Xcc -fmodules-prune-interval\=86400 -Xcc -fmodules-prune-after\=345600 -emit-const-values -const-gather-protocols-list /Users/admin/builder/spi-builder-workspace/.derivedData/Build/Intermediates.noindex/MeshGenerator.build/Debug-xros/MeshGenerator-t.build/Objects-normal/arm64/MeshGenerator_const_extract_protocols.json -Xcc -I/Users/admin/builder/spi-builder-workspace/.derivedData/Build/Products/Debug-xros/include -Xcc -I/Users/admin/builder/spi-builder-workspace/.derivedData/Build/Intermediates.noindex/MeshGenerator.build/Debug-xros/MeshGenerator-t.build/DerivedSources-normal/arm64 -Xcc -I/Users/admin/builder/spi-builder-workspace/.derivedData/Build/Intermediates.noindex/MeshGenerator.build/Debug-xros/MeshGenerator-t.build/DerivedSources/arm64 -Xcc -I/Users/admin/builder/spi-builder-workspace/.derivedData/Build/Intermediates.noindex/MeshGenerator.build/Debug-xros/MeshGenerator-t.build/DerivedSources -Xcc -DSWIFT_PACKAGE -Xcc -DDEBUG\=1 -emit-objc-header -emit-objc-header-path /Users/admin/builder/spi-builder-workspace/.derivedData/Build/Intermediates.noindex/MeshGenerator.build/Debug-xros/MeshGenerator-t.build/Objects-normal/arm64/MeshGenerator-Swift.h -working-directory /Users/admin/builder/spi-builder-workspace/.swiftpm/xcode -experimental-emit-module-separately -disable-cmo
SwiftCompile normal arm64 Compiling\ MeshGenerator+RealityKit.swift /Users/admin/builder/spi-builder-workspace/.dependencies/checkouts/MeshGenerator/Sources/MeshGenerator/MeshGenerator+RealityKit.swift (in target 'MeshGenerator' from project 'MeshGenerator')
SwiftCompile normal arm64 /Users/admin/builder/spi-builder-workspace/.dependencies/checkouts/MeshGenerator/Sources/MeshGenerator/MeshGenerator+RealityKit.swift (in target 'MeshGenerator' from project 'MeshGenerator')
    cd /Users/admin/builder/spi-builder-workspace/.swiftpm/xcode
    builtin-SwiftPerFileCompile MeshGenerator+RealityKit.swift
SwiftEmitModule normal arm64 Emitting\ module\ for\ MeshGenerator (in target 'MeshGenerator' from project 'MeshGenerator')
SwiftCompile normal arm64 (in target 'MeshGenerator' from project 'MeshGenerator')
    cd /Users/admin/builder/spi-builder-workspace/.swiftpm/xcode

SwiftCompile normal arm64 Compiling\ QuickTestView.swift /Users/admin/builder/spi-builder-workspace/.dependencies/checkouts/MeshGenerator/Sources/MeshGenerator/QuickTestView.swift (in target 'MeshGenerator' from project 'MeshGenerator')
SwiftCompile normal arm64 /Users/admin/builder/spi-builder-workspace/.dependencies/checkouts/MeshGenerator/Sources/MeshGenerator/QuickTestView.swift (in target 'MeshGenerator' from project 'MeshGenerator')
    cd /Users/admin/builder/spi-builder-workspace/.swiftpm/xcode
    builtin-SwiftPerFileCompile QuickTestView.swift
SwiftCompile normal arm64 Compiling\ MeshGenerator+AppKit.swift /Users/admin/builder/spi-builder-workspace/.dependencies/checkouts/MeshGenerator/Sources/MeshGenerator/MeshGenerator+AppKit.swift (in target 'MeshGenerator' from project 'MeshGenerator')
SwiftCompile normal arm64 /Users/admin/builder/spi-builder-workspace/.dependencies/checkouts/MeshGenerator/Sources/MeshGenerator/MeshGenerator+AppKit.swift (in target 'MeshGenerator' from project 'MeshGenerator')
    cd /Users/admin/builder/spi-builder-workspace/.swiftpm/xcode
    builtin-SwiftPerFileCompile MeshGenerator+AppKit.swift
SwiftCompile normal arm64 Compiling\ DebugSceneView.swift,\ EulerAngleView.swift /Users/admin/builder/spi-builder-workspace/Sources/SceneKitDebugTools/DebugSceneView.swift /Users/admin/builder/spi-builder-workspace/Sources/SceneKitDebugTools/EulerAngleView.swift (in target 'SceneKitDebugTools' from project 'SceneKitDebugTools')
SwiftCompile normal arm64 /Users/admin/builder/spi-builder-workspace/Sources/SceneKitDebugTools/DebugSceneView.swift (in target 'SceneKitDebugTools' from project 'SceneKitDebugTools')
    cd /Users/admin/builder/spi-builder-workspace/.swiftpm/xcode
    builtin-SwiftPerFileCompile DebugSceneView.swift
SwiftCompile normal arm64 /Users/admin/builder/spi-builder-workspace/Sources/SceneKitDebugTools/EulerAngleView.swift (in target 'SceneKitDebugTools' from project 'SceneKitDebugTools')
    cd /Users/admin/builder/spi-builder-workspace/.swiftpm/xcode
    builtin-SwiftPerFileCompile EulerAngleView.swift
SwiftCompile normal arm64 Compiling\ QuaternionView.swift,\ SceneInfoView.swift /Users/admin/builder/spi-builder-workspace/Sources/SceneKitDebugTools/QuaternionView.swift /Users/admin/builder/spi-builder-workspace/Sources/SceneKitDebugTools/SceneInfoView.swift (in target 'SceneKitDebugTools' from project 'SceneKitDebugTools')
SwiftCompile normal arm64 /Users/admin/builder/spi-builder-workspace/Sources/SceneKitDebugTools/QuaternionView.swift (in target 'SceneKitDebugTools' from project 'SceneKitDebugTools')
    cd /Users/admin/builder/spi-builder-workspace/.swiftpm/xcode
    builtin-SwiftPerFileCompile QuaternionView.swift
SwiftCompile normal arm64 /Users/admin/builder/spi-builder-workspace/Sources/SceneKitDebugTools/SceneInfoView.swift (in target 'SceneKitDebugTools' from project 'SceneKitDebugTools')
    cd /Users/admin/builder/spi-builder-workspace/.swiftpm/xcode
    builtin-SwiftPerFileCompile SceneInfoView.swift
SwiftCompile normal arm64 Compiling\ NodeInfoView.swift,\ ObservableSCNNode.swift /Users/admin/builder/spi-builder-workspace/Sources/SceneKitDebugTools/NodeInfoView.swift /Users/admin/builder/spi-builder-workspace/Sources/SceneKitDebugTools/ObservableSCNNode.swift (in target 'SceneKitDebugTools' from project 'SceneKitDebugTools')
SwiftCompile normal arm64 /Users/admin/builder/spi-builder-workspace/Sources/SceneKitDebugTools/NodeInfoView.swift (in target 'SceneKitDebugTools' from project 'SceneKitDebugTools')
    cd /Users/admin/builder/spi-builder-workspace/.swiftpm/xcode
    builtin-SwiftPerFileCompile NodeInfoView.swift
SwiftCompile normal arm64 /Users/admin/builder/spi-builder-workspace/Sources/SceneKitDebugTools/ObservableSCNNode.swift (in target 'SceneKitDebugTools' from project 'SceneKitDebugTools')
    cd /Users/admin/builder/spi-builder-workspace/.swiftpm/xcode
    builtin-SwiftPerFileCompile ObservableSCNNode.swift
SwiftEmitModule normal arm64 Emitting\ module\ for\ SceneKitDebugTools (in target 'SceneKitDebugTools' from project 'SceneKitDebugTools')
SwiftCompile normal arm64 (in target 'SceneKitDebugTools' from project 'SceneKitDebugTools')
    cd /Users/admin/builder/spi-builder-workspace/.swiftpm/xcode

SwiftCompile normal arm64 Compiling\ Simd4View.swift /Users/admin/builder/spi-builder-workspace/Sources/SceneKitDebugTools/Simd4View.swift (in target 'SceneKitDebugTools' from project 'SceneKitDebugTools')
/Users/admin/builder/spi-builder-workspace/Sources/SceneKitDebugTools/Simd4View.swift:30:17: error: cannot find 'writeStringToPasteboard' in scope
28 |
29 |             Button {
30 |                 writeStringToPasteboard(simdValue.codetext)
   |                 `- error: cannot find 'writeStringToPasteboard' in scope
31 |             } label: {
32 |                 Image(systemName: "doc.on.clipboard")
Failed frontend command:
/Applications/Xcode-27.0.0-Release.Candidate.app/Contents/Developer/Toolchains/XcodeDefault.xctoolchain/usr/bin/swift-frontend -frontend -c /Users/admin/builder/spi-builder-workspace/Sources/SceneKitDebugTools/AngleView.swift /Users/admin/builder/spi-builder-workspace/Sources/SceneKitDebugTools/DebugNodes.swift /Users/admin/builder/spi-builder-workspace/Sources/SceneKitDebugTools/DebugSceneView.swift /Users/admin/builder/spi-builder-workspace/Sources/SceneKitDebugTools/EulerAngleView.swift /Users/admin/builder/spi-builder-workspace/Sources/SceneKitDebugTools/NodeInfoView.swift /Users/admin/builder/spi-builder-workspace/Sources/SceneKitDebugTools/ObservableSCNNode.swift /Users/admin/builder/spi-builder-workspace/Sources/SceneKitDebugTools/OptionalNodeInfoView.swift /Users/admin/builder/spi-builder-workspace/Sources/SceneKitDebugTools/PasteboardHelpers.swift /Users/admin/builder/spi-builder-workspace/Sources/SceneKitDebugTools/QuaternionView.swift /Users/admin/builder/spi-builder-workspace/Sources/SceneKitDebugTools/SceneInfoView.swift /Users/admin/builder/spi-builder-workspace/Sources/SceneKitDebugTools/SearchableSceneInfoView.swift /Users/admin/builder/spi-builder-workspace/Sources/SceneKitDebugTools/Simd3View.swift -primary-file /Users/admin/builder/spi-builder-workspace/Sources/SceneKitDebugTools/Simd4View.swift /Users/admin/builder/spi-builder-workspace/Sources/SceneKitDebugTools/Simd4x4View.swift /Users/admin/builder/spi-builder-workspace/Sources/SceneKitDebugTools/Transforms.swift /Users/admin/builder/spi-builder-workspace/Sources/SceneKitDebugTools/simd+codetext.swift -emit-dependencies-path /Users/admin/builder/spi-builder-workspace/.derivedData/Build/Intermediates.noindex/SceneKitDebugTools.build/Debug-xros/SceneKitDebugTools-t.build/Objects-normal/arm64/Simd4View.d -emit-const-values-path /Users/admin/builder/spi-builder-workspace/.derivedData/Build/Intermediates.noindex/SceneKitDebugTools.build/Debug-xros/SceneKitDebugTools-t.build/Objects-normal/arm64/Simd4View.swiftconstvalues -emit-reference-dependencies-path /Users/admin/builder/spi-builder-workspace/.derivedData/Build/Intermediates.noindex/SceneKitDebugTools.build/Debug-xros/SceneKitDebugTools-t.build/Objects-normal/arm64/Simd4View.swiftdeps -serialize-diagnostics-path /Users/admin/builder/spi-builder-workspace/.derivedData/Build/Intermediates.noindex/SceneKitDebugTools.build/Debug-xros/SceneKitDebugTools-t.build/Objects-normal/arm64/Simd4View.dia -target arm64-apple-xros1.0 -disable-cross-import-overlay-search -swift-module-cross-import SceneKit /Applications/Xcode-27.0.0-Release.Candidate.app/Contents/Developer/Platforms/XROS.platform/Developer/SDKs/XROS.sdk/System/Library/Frameworks/SceneKit.framework/Modules/SceneKit.swiftcrossimport/SwiftUI.swiftoverlay -load-resolved-plugin /Applications/Xcode-27.0.0-Release.Candidate.app/Contents/Developer/Platforms/XROS.platform/Developer/usr/lib/swift/host/plugins/libFoundationMacros.dylib\#/Applications/Xcode-27.0.0-Release.Candidate.app/Contents/Developer/Platforms/XROS.platform/Developer/usr/bin/swift-plugin-server\#FoundationMacros -load-resolved-plugin /Applications/Xcode-27.0.0-Release.Candidate.app/Contents/Developer/Platforms/XROS.platform/Developer/usr/lib/swift/host/plugins/libObservationMacros.dylib\#/Applications/Xcode-27.0.0-Release.Candidate.app/Contents/Developer/Platforms/XROS.platform/Developer/usr/bin/swift-plugin-server\#ObservationMacros -load-resolved-plugin /Applications/Xcode-27.0.0-Release.Candidate.app/Contents/Developer/Platforms/XROS.platform/Developer/usr/lib/swift/host/plugins/libPreviewsMacros.dylib\#/Applications/Xcode-27.0.0-Release.Candidate.app/Contents/Developer/Platforms/XROS.platform/Developer/usr/bin/swift-plugin-server\#PreviewsMacros -load-resolved-plugin /Applications/Xcode-27.0.0-Release.Candidate.app/Contents/Developer/Platforms/XROS.platform/Developer/usr/lib/swift/host/plugins/libSwiftMacros.dylib\#/Applications/Xcode-27.0.0-Release.Candidate.app/Contents/Developer/Platforms/XROS.platform/Developer/usr/bin/swift-plugin-server\#SwiftMacros -load-resolved-plugin /Applications/Xcode-27.0.0-Release.Candidate.app/Contents/Developer/Platforms/XROS.platform/Developer/usr/lib/swift/host/plugins/libSwiftUIMacros.dylib\#/Applications/Xcode-27.0.0-Release.Candidate.app/Contents/Developer/Platforms/XROS.platform/Developer/usr/bin/swift-plugin-server\#SwiftUIMacros -disable-implicit-swift-modules -Xcc -fno-implicit-modules -Xcc -fno-implicit-module-maps -explicit-swift-module-map-file /Users/admin/builder/spi-builder-workspace/.derivedData/Build/Intermediates.noindex/SceneKitDebugTools.build/Debug-xros/SceneKitDebugTools-t.build/Objects-normal/arm64/SceneKitDebugTools-dependencies-1.json -Xllvm -aarch64-use-tbi -enable-objc-interop -stack-check -sdk /Applications/Xcode-27.0.0-Release.Candidate.app/Contents/Developer/Platforms/XROS.platform/Developer/SDKs/XROS27.0.sdk -I /Users/admin/builder/spi-builder-workspace/.derivedData/Build/Products/Debug-xros -Isystem /Applications/Xcode-27.0.0-Release.Candidate.app/Contents/Developer/Platforms/XROS.platform/Developer/usr/lib -F /Users/admin/builder/spi-builder-workspace/.derivedData/Build/Products/Debug-xros/PackageFrameworks -F /Users/admin/builder/spi-builder-workspace/.derivedData/Build/Products/Debug-xros -F /Applications/Xcode-27.0.0-Release.Candidate.app/Contents/Developer/Platforms/XROS.platform/Developer/Library/Frameworks -F /Applications/Xcode-27.0.0-Release.Candidate.app/Contents/Developer/Platforms/XROS.platform/Developer/SDKs/XROS27.0.sdk/Developer/Library/Frameworks -module-cache-path /Users/admin/builder/spi-builder-workspace/.derivedData/Build/Intermediates.noindex/SwiftExplicitPrecompiledModules -no-color-diagnostics -Xcc -fno-color-diagnostics -enable-testing -g -debug-info-format\=dwarf -dwarf-version\=4 -profile-generate -profile-coverage-mapping -swift-version 5 -Onone -D SWIFT_PACKAGE -D DEBUG -D SWIFT_MODULE_RESOURCE_BUNDLE_UNAVAILABLE -D Xcode -serialize-debugging-options -enable-experimental-feature DebugDescriptionMacro -empty-abi-descriptor -validate-clang-modules-once -clang-build-session-file /Users/admin/builder/spi-builder-workspace/.derivedData/ModuleCache.noindex/Session.modulevalidation -Xcc -working-directory -Xcc /Users/admin/builder/spi-builder-workspace/.swiftpm/xcode -enable-anonymous-context-mangled-names -file-compilation-dir /Users/admin/builder/spi-builder-workspace/.swiftpm/xcode -Xcc -D_LIBCPP_HARDENING_MODE\=_LIBCPP_HARDENING_MODE_DEBUG -Xcc -ivfsstatcache -Xcc /Users/admin/builder/spi-builder-workspace/.derivedData/SDKStatCaches.noindex/xros27.0-24M361-e829b21a6f8c9b70876ba0858053c044735bd543db762f57723cac368afd1ce4.sdkstatcache -Xcc -fmodules-prune-interval\=86400 -Xcc -fmodules-prune-after\=345600 -Xcc -I/Users/admin/builder/spi-builder-workspace/.derivedData/Build/Products/Debug-xros/include -Xcc -I/Users/admin/builder/spi-builder-workspace/.derivedData/Build/Intermediates.noindex/SceneKitDebugTools.build/Debug-xros/SceneKitDebugTools-t.build/DerivedSources-normal/arm64 -Xcc -I/Users/admin/builder/spi-builder-workspace/.derivedData/Build/Intermediates.noindex/SceneKitDebugTools.build/Debug-xros/SceneKitDebugTools-t.build/DerivedSources/arm64 -Xcc -I/Users/admin/builder/spi-builder-workspace/.derivedData/Build/Intermediates.noindex/SceneKitDebugTools.build/Debug-xros/SceneKitDebugTools-t.build/DerivedSources -Xcc -DSWIFT_PACKAGE -Xcc -DDEBUG\=1 -no-auto-bridging-header-chaining -module-name SceneKitDebugTools -const-gather-protocols-file /Users/admin/builder/spi-builder-workspace/.derivedData/Build/Intermediates.noindex/SceneKitDebugTools.build/Debug-xros/SceneKitDebugTools-t.build/Objects-normal/arm64/SceneKitDebugTools_const_extract_protocols.json -disable-clang-spi -clang-target arm64-apple-xros27.0 -target-sdk-version 27.0 -target-sdk-name xros27.0 -in-process-plugin-server-path /Applications/Xcode-27.0.0-Release.Candidate.app/Contents/Developer/Toolchains/XcodeDefault.xctoolchain/usr/lib/swift/host/libSwiftInProcPluginServer.dylib -parse-as-library -o /Users/admin/builder/spi-builder-workspace/.derivedData/Build/Intermediates.noindex/SceneKitDebugTools.build/Debug-xros/SceneKitDebugTools-t.build/Objects-normal/arm64/Simd4View.o -debug-module-path /Users/admin/builder/spi-builder-workspace/.derivedData/Build/Intermediates.noindex/SceneKitDebugTools.build/Debug-xros/SceneKitDebugTools-t.build/Objects-normal/arm64/SceneKitDebugTools.swiftmodule -index-unit-output-path /SceneKitDebugTools.build/Debug-xros/SceneKitDebugTools-t.build/Objects-normal/arm64/Simd4View.o -index-store-path /Users/admin/builder/spi-builder-workspace/.derivedData/Index.noindex/DataStore -index-system-modules
SwiftCompile normal arm64 /Users/admin/builder/spi-builder-workspace/Sources/SceneKitDebugTools/Simd4View.swift (in target 'SceneKitDebugTools' from project 'SceneKitDebugTools')
    cd /Users/admin/builder/spi-builder-workspace/.swiftpm/xcode
    builtin-SwiftPerFileCompile Simd4View.swift
SwiftCompile normal arm64 Compiling\ Simd4x4View.swift /Users/admin/builder/spi-builder-workspace/Sources/SceneKitDebugTools/Simd4x4View.swift (in target 'SceneKitDebugTools' from project 'SceneKitDebugTools')
SwiftCompile normal arm64 /Users/admin/builder/spi-builder-workspace/Sources/SceneKitDebugTools/Simd4x4View.swift (in target 'SceneKitDebugTools' from project 'SceneKitDebugTools')
    cd /Users/admin/builder/spi-builder-workspace/.swiftpm/xcode
    builtin-SwiftPerFileCompile Simd4x4View.swift
SwiftCompile normal arm64 Compiling\ Transforms.swift /Users/admin/builder/spi-builder-workspace/Sources/SceneKitDebugTools/Transforms.swift (in target 'SceneKitDebugTools' from project 'SceneKitDebugTools')
SwiftCompile normal arm64 /Users/admin/builder/spi-builder-workspace/Sources/SceneKitDebugTools/Transforms.swift (in target 'SceneKitDebugTools' from project 'SceneKitDebugTools')
    cd /Users/admin/builder/spi-builder-workspace/.swiftpm/xcode
    builtin-SwiftPerFileCompile Transforms.swift
SwiftDriverJobDiscovery normal arm64 Compiling MeshGenerator+AppKit.swift (in target 'MeshGenerator' from project 'MeshGenerator')
SwiftCompile normal arm64 Compiling\ SearchableSceneInfoView.swift /Users/admin/builder/spi-builder-workspace/Sources/SceneKitDebugTools/SearchableSceneInfoView.swift (in target 'SceneKitDebugTools' from project 'SceneKitDebugTools')
SwiftCompile normal arm64 /Users/admin/builder/spi-builder-workspace/Sources/SceneKitDebugTools/SearchableSceneInfoView.swift (in target 'SceneKitDebugTools' from project 'SceneKitDebugTools')
    cd /Users/admin/builder/spi-builder-workspace/.swiftpm/xcode
    builtin-SwiftPerFileCompile SearchableSceneInfoView.swift
PruneExplicitPrecompiledModules /Users/admin/builder/spi-builder-workspace/.derivedData/Build/Intermediates.noindex/SwiftExplicitPrecompiledModules
PruneExplicitPrecompiledModules /Users/admin/builder/spi-builder-workspace/.derivedData/Build/Intermediates.noindex/ExplicitPrecompiledModules
PruneExplicitPrecompiledModules /Users/admin/builder/spi-builder-workspace/.derivedData/SDKExplicitPrecompiledModules
2026-09-18 09:47:47.250 xcodebuild[852:5144] [MT] IDERunDestination: Supported platforms for the buildables in the current scheme is empty.
** BUILD FAILED **
The following build commands failed:
	SwiftCompile normal arm64 Compiling\ Simd4View.swift /Users/admin/builder/spi-builder-workspace/Sources/SceneKitDebugTools/Simd4View.swift (in target 'SceneKitDebugTools' from project 'SceneKitDebugTools')
	SwiftCompile normal arm64 /Users/admin/builder/spi-builder-workspace/Sources/SceneKitDebugTools/Simd4View.swift (in target 'SceneKitDebugTools' from project 'SceneKitDebugTools')
	Building workspace SceneKitDebugTools with scheme SceneKitDebugTools
(3 failures)
BUILD FAILURE 6.4 visionOS