The Swift Package Index logo.Swift Package Index

Build Information

Failed to build XcodesLoginKit, reference v1.1.0 (929f9a), with Swift 6.2 for Wasm on 14 Sep 2026 21:25:17 UTC.

Build Command

bash -c docker run --pull=always --rm -v "checkouts-54344845-1":/host -w "$PWD" -e JAVA_HOME="/root/.sdkman/candidates/java/current" -e SPI_BUILD="1" -e SPI_PROCESSING="1" registry.gitlab.com/saguaro1/spi-images:wasm-6.2-latest swift build --swift-sdk swift-6.2-RELEASE_wasm 2>&1

Build Log

========================================
RunAll
========================================
Builder version: 5.0.2
Interrupt handler set up.
========================================
Checkout
========================================
Clone URL: https://github.com/XcodesOrg/XcodesLoginKit.git
Reference: v1.1.0
Initialized empty Git repository in /host/spi-builder-workspace/.git/
hint: Using 'master' as the name for the initial branch. This default branch name
hint: is subject to change. To configure the initial branch name to use in all
hint: of your new repositories, which will suppress this warning, call:
hint:
hint: 	git config --global init.defaultBranch <name>
hint:
hint: Names commonly chosen instead of 'master' are 'main', 'trunk' and
hint: 'development'. The just-created branch can be renamed via this command:
hint:
hint: 	git branch -m <name>
From https://github.com/XcodesOrg/XcodesLoginKit
 * tag               v1.1.0     -> FETCH_HEAD
HEAD is now at 929f9aa Merge pull request #6 from XcodesOrg/fix-asc-key-not-olympus
Cloned https://github.com/XcodesOrg/XcodesLoginKit.git
Revision (git rev-parse @):
929f9aac3140caf7b64cbb5385f4f645c5f9913d
SUCCESS checkout https://github.com/XcodesOrg/XcodesLoginKit.git at v1.1.0
========================================
Build
========================================
Selected platform:         wasm
Swift version:             6.2
Building package at path:  $PWD
https://github.com/XcodesOrg/XcodesLoginKit.git
Running build ...
bash -c docker run --pull=always --rm -v "checkouts-54344845-1":/host -w "$PWD" -e JAVA_HOME="/root/.sdkman/candidates/java/current" -e SPI_BUILD="1" -e SPI_PROCESSING="1" registry.gitlab.com/saguaro1/spi-images:wasm-6.2-latest swift build --swift-sdk swift-6.2-RELEASE_wasm 2>&1
wasm-6.2-latest: Pulling from saguaro1/spi-images
Digest: sha256:ff44196b45f83e5a0a99a627b185f548850d9bc1242e3dee2178fb1570812fe8
Status: Image is up to date for registry.gitlab.com/saguaro1/spi-images:wasm-6.2-latest
Fetching https://github.com/XcodesOrg/swift-srp
[1/238] Fetching swift-srp
Fetched https://github.com/XcodesOrg/swift-srp from cache (0.52s)
Fetching https://github.com/XcodesOrg/AsyncHTTPNetworkService
[1/329] Fetching asynchttpnetworkservice
Fetched https://github.com/XcodesOrg/AsyncHTTPNetworkService from cache (0.53s)
Fetching https://github.com/adam-fowler/big-num
Fetching https://github.com/jpsim/Yams
Fetching https://github.com/kinoroy/LibFido2Swift
Fetching https://github.com/apple/swift-crypto
[1/11861] Fetching yams
[2/30351] Fetching yams, swift-crypto
[714/31995] Fetching yams, swift-crypto, big-num
[1436/32375] Fetching yams, swift-crypto, big-num, libfido2swift
Fetched https://github.com/adam-fowler/big-num from cache (1.61s)
[15919/30731] Fetching yams, swift-crypto, libfido2swift
Fetched https://github.com/kinoroy/LibFido2Swift from cache (2.41s)
Fetched https://github.com/apple/swift-crypto from cache (2.43s)
Fetched https://github.com/jpsim/Yams from cache (2.44s)
Computing version for https://github.com/kinoroy/LibFido2Swift
Computed https://github.com/kinoroy/LibFido2Swift at 0.1.6 (2.75s)
Computing version for https://github.com/adam-fowler/big-num
Computed https://github.com/adam-fowler/big-num at 2.0.3 (0.38s)
Computing version for https://github.com/jpsim/Yams
Computed https://github.com/jpsim/Yams at 5.0.6 (0.31s)
Computing version for https://github.com/apple/swift-crypto
Computed https://github.com/apple/swift-crypto at 1.1.7 (0.33s)
Creating working copy for https://github.com/XcodesOrg/AsyncHTTPNetworkService
Working copy of https://github.com/XcodesOrg/AsyncHTTPNetworkService resolved at main (12e225a)
Creating working copy for https://github.com/adam-fowler/big-num
Working copy of https://github.com/adam-fowler/big-num resolved at 2.0.3
Creating working copy for https://github.com/jpsim/Yams
Working copy of https://github.com/jpsim/Yams resolved at 5.0.6
Creating working copy for https://github.com/kinoroy/LibFido2Swift
Working copy of https://github.com/kinoroy/LibFido2Swift resolved at 0.1.6
Creating working copy for https://github.com/apple/swift-crypto
Working copy of https://github.com/apple/swift-crypto resolved at 1.1.7
Creating working copy for https://github.com/XcodesOrg/swift-srp
Working copy of https://github.com/XcodesOrg/swift-srp resolved at main (543aa01)
Building for debugging...
[0/567] Write sources
[7/567] Compiling reader.c
[8/567] Compiling cpu_aarch64_apple.c
[9/567] Compiling writer.c
[10/567] Write swift-version-24593BA9C3E375BF.txt
[11/567] Compiling parser.c
[12/567] Compiling api.c
[13/569] Compiling emitter.c
[14/588] Compiling v3_skey.c
[15/588] Compiling scanner.c
[16/588] Compiling v3_utl.c
[17/588] Compiling CCryptoBoringSSLShims shims.c
[18/588] Compiling v3_purp.c
[19/603] Compiling v3_pmaps.c
[20/603] Compiling v3_pcia.c
[21/603] Compiling v3_prn.c
[22/603] Compiling v3_pcons.c
[23/603] Compiling v3_pci.c
[24/603] Compiling v3_int.c
[25/603] Compiling v3_ocsp.c
[26/603] Compiling v3_lib.c
[27/603] Compiling v3_ncons.c
[28/603] Compiling v3_info.c
[29/603] Compiling v3_ia5.c
[30/603] Compiling v3_enum.c
[31/603] Compiling v3_genn.c
[32/603] Compiling v3_extku.c
[33/603] Compiling v3_bitst.c
[34/603] Compiling v3_cpols.c
[35/603] Compiling v3_crld.c
[36/603] Compiling v3_bcons.c
[37/603] Compiling v3_conf.c
[38/603] Compiling v3_akeya.c
[39/603] Compiling v3_akey.c
[40/603] Compiling v3_alt.c
[41/603] Compiling pcy_lib.c
[42/603] Compiling pcy_tree.c
[43/603] Compiling pcy_node.c
[44/603] Compiling pcy_data.c
[45/603] Compiling pcy_map.c
[46/603] Compiling x_x509.c
[47/603] Compiling x_x509a.c
[48/603] Compiling pcy_cache.c
[49/603] Compiling x_req.c
[50/603] Compiling x_spki.c
[51/603] Compiling x_val.c
[52/603] Compiling x_sig.c
[53/603] Compiling x_pubkey.c
error: emit-module command failed with exit code 1 (use -v to see invocation)
[55/603] Emitting module LibFido2Swift
/host/spi-builder-workspace/.build/checkouts/LibFido2Swift/LibFido2Swift/Sources/LibFido2Swift/LibFido2Swift.swift:3:8: error: no such module 'libfido2'
  1 | // The Swift Programming Language
  2 | // https://docs.swift.org/swift-book
  3 | import libfido2
    |        `- error: no such module 'libfido2'
  4 | import Foundation
  5 | import CryptoKit
[55/603] Compiling x_pkey.c
error: emit-module command failed with exit code 1 (use -v to see invocation)
[57/603] Emitting module AsyncNetworkService
/host/spi-builder-workspace/.build/checkouts/AsyncHTTPNetworkService/AsyncNetworkService/Common/NetworkLogger.swift:9:8: error: no such module 'os.log'
 7 |
 8 | import Foundation
 9 | import os.log
   |        `- error: no such module 'os.log'
10 |
11 | public protocol NetworkLogger {
[57/605] Compiling x_info.c
[57/605] Compiling x_exten.c
[59/605] Compiling x_name.c
[60/605] Compiling x_crl.c
[61/605] Compiling x_attrib.c
[62/605] Compiling x_algor.c
[63/605] Compiling x509name.c
[64/605] Compiling x_all.c
[65/605] Compiling x509spki.c
[66/605] Compiling x509_vpm.c
[67/605] Compiling x509rset.c
[68/605] Compiling x509cset.c
[69/605] Compiling x509_trs.c
[70/605] Compiling x509_txt.c
[71/605] Compiling x509_v3.c
[72/605] Compiling x509_obj.c
[73/605] Compiling x509_set.c
[74/605] Compiling x509_ext.c
[75/605] Compiling x509_vfy.c
[76/605] Compiling x509_d2.c
[77/605] Compiling x509_req.c
[78/605] Compiling x509_att.c
[79/605] Compiling x509_lu.c
[80/605] Compiling x509_cmp.c
[81/605] Compiling x509_def.c
[82/605] Compiling x509.c
[83/605] Compiling t_x509a.c
[84/605] Compiling t_req.c
[85/605] Compiling i2d_pr.c
[86/605] Compiling t_crl.c
[87/605] Compiling rsa_pss.c
[88/605] Compiling t_x509.c
[89/605] Compiling asn1_gen.c
[90/605] Compiling by_file.c
[91/605] Compiling by_dir.c
[92/605] Compiling a_verify.c
[93/605] Compiling a_strex.c
[94/605] Compiling a_sign.c
[95/605] Compiling algorithm.c
[96/605] Compiling thread_win.c
[97/605] Compiling voprf.c
[98/605] Compiling trust_token.c
[99/605] Compiling thread_pthread.c
[100/605] Compiling a_digest.c
[101/605] Compiling thread.c
[102/605] Compiling thread_none.c
[103/605] Compiling rsa_asn1.c
[104/605] Compiling stack.c
[105/605] Compiling pmbtoken.c
[106/605] Compiling siphash.c
[107/605] Compiling refcount_lock.c
[108/605] Compiling rsa_print.c
[109/605] Compiling rc4.c
[110/605] Compiling refcount_c11.c
[111/605] Compiling windows.c
[112/605] Compiling fuchsia.c
[113/605] Compiling rand_extra.c
[114/605] Compiling passive.c
[115/605] Compiling deterministic.c
[116/605] Compiling forkunsafe.c
[117/605] Compiling poly1305_vec.c
[118/605] Compiling poly1305_arm_asm.S
[119/605] Compiling pool.c
[120/605] Compiling poly1305_arm.c
[121/605] Compiling poly1305.c
[122/605] Compiling pkcs7.c
[123/605] Compiling p5_pbev2.c
[124/605] Compiling pkcs7_x509.c
[125/605] Compiling pkcs8.c
[126/605] Compiling pem_xaux.c
[127/605] Compiling pkcs8_x509.c
[128/605] Compiling pem_pkey.c
[129/605] Compiling pem_x509.c
[130/605] Compiling pem_pk8.c
[131/605] Compiling obj_xref.c
[132/605] Compiling pem_oth.c
[133/605] Compiling pem_info.c
[134/605] Compiling pem_lib.c
[135/605] Compiling mem.c
[136/605] Compiling lhash.c
[137/605] Compiling pem_all.c
[138/605] Compiling poly_rq_mul.S
[139/605] Compiling x86_64-mont5.mac.x86_64.S
[140/605] Compiling hkdf.c
[141/605] Compiling hrss.c
[142/605] Compiling obj.c
[143/605] Compiling x86_64-mont5.linux.x86_64.S
[144/605] Compiling x86_64-mont.mac.x86_64.S
[145/605] Compiling x86_64-mont.linux.x86_64.S
[146/605] Compiling hpke.c
[147/605] Compiling x86-mont.windows.x86.S
[148/605] Compiling vpaes-x86_64.mac.x86_64.S
[149/605] Compiling vpaes-x86_64.linux.x86_64.S
[150/605] Compiling x86-mont.linux.x86.S
[151/605] Compiling vpaes-x86.windows.x86.S
[152/605] Compiling vpaes-armv8.linux.aarch64.S
[153/605] Compiling vpaes-armv8.ios.aarch64.S
[154/605] Compiling vpaes-x86.linux.x86.S
[155/605] Compiling vpaes-armv7.linux.arm.S
[156/605] Compiling vpaes-armv7.ios.arm.S
[157/605] Compiling sha512-x86_64.linux.x86_64.S
[158/605] Compiling sha512-x86_64.mac.x86_64.S
[159/605] Compiling sha512-armv8.linux.aarch64.S
[160/605] Compiling sha512-armv4.ios.arm.S
[161/605] Compiling sha512-armv8.ios.aarch64.S
[162/605] Compiling sha512-586.linux.x86.S
[163/605] Compiling sha512-armv4.linux.arm.S
[164/605] Compiling kdf.c
[165/605] Compiling sha512-586.windows.x86.S
[166/605] Compiling sha256-x86_64.mac.x86_64.S
[167/605] Compiling sha256-x86_64.linux.x86_64.S
[168/605] Compiling sha256-armv8.ios.aarch64.S
[169/605] Compiling sha256-armv8.linux.aarch64.S
[170/605] Compiling sha256-armv4.ios.arm.S
[171/605] Compiling sha256-armv4.linux.arm.S
[172/605] Compiling sha1-x86_64.mac.x86_64.S
[173/605] Compiling sha256-586.linux.x86.S
[174/605] Compiling sha1-x86_64.linux.x86_64.S
[175/605] Compiling sha256-586.windows.x86.S
[176/605] Compiling sha1-armv4-large.linux.arm.S
[177/605] Compiling sha1-armv8.linux.aarch64.S
[178/605] Compiling sha1-armv4-large.ios.arm.S
[179/605] Compiling sha1-586.windows.x86.S
[180/605] Compiling sha1-armv8.ios.aarch64.S
[181/605] Compiling sha1-586.linux.x86.S
[182/605] Compiling sha256.c
[183/605] Compiling rsaz-avx2.mac.x86_64.S
[184/605] Compiling sha1-altivec.c
[185/605] Compiling rsaz-avx2.linux.x86_64.S
[186/605] Compiling sha512.c
[187/605] Compiling sha1.c
[188/605] Compiling self_check.c
[189/605] Compiling padding.c
[190/605] Compiling rdrand-x86_64.mac.x86_64.S
[191/605] Compiling rsa_impl.c
[192/605] Compiling blinding.c
[193/605] Compiling rsa.c
[194/605] Compiling rdrand-x86_64.linux.x86_64.S
[195/605] Compiling p256_beeu-x86_64-asm.mac.x86_64.S
[196/605] Compiling fork_detect.c
[197/605] Compiling p256_beeu-x86_64-asm.linux.x86_64.S
[198/605] Compiling urandom.c
[199/605] Compiling rand.c
[200/605] Compiling ctrdrbg.c
[201/605] Compiling p256-x86_64-asm.mac.x86_64.S
[202/605] Compiling p256-x86_64-asm.linux.x86_64.S
[203/605] Compiling polyval.c
[204/605] Compiling ofb.c
[205/605] Compiling gcm_nohw.c
[206/605] Compiling cfb.c
[207/605] Compiling ctr.c
[208/605] Compiling cbc.c
[209/605] Compiling gcm.c
[210/605] Compiling md5-586.windows.x86.S
[211/605] Compiling md5-x86_64.mac.x86_64.S
[212/605] Compiling md5-586.linux.x86.S
[213/605] Compiling md5-x86_64.linux.x86_64.S
[214/605] Compiling md5.c
[215/605] Compiling ghashv8-armx64.linux.aarch64.S
[216/605] Compiling is_fips.c
[217/605] Compiling ghashv8-armx64.ios.aarch64.S
[218/605] Compiling hmac.c
[219/605] Compiling ghashv8-armx32.ios.arm.S
[220/605] Compiling md4.c
[221/605] Compiling ghashv8-armx32.linux.arm.S
[222/605] Compiling ghash-x86_64.mac.x86_64.S
[223/605] Compiling ghash-x86_64.linux.x86_64.S
[224/605] Compiling ghash-ssse3-x86_64.mac.x86_64.S
[225/605] Compiling ghash-x86.linux.x86.S
[226/605] Compiling ghash-ssse3-x86_64.linux.x86_64.S
[227/605] Compiling ghash-ssse3-x86.linux.x86.S
[228/605] Compiling ghash-x86.windows.x86.S
[229/605] Compiling ghash-ssse3-x86.windows.x86.S
[230/605] Compiling ghash-neon-armv8.linux.aarch64.S
[230/605] Compiling ghash-armv4.linux.arm.S
[232/605] Compiling ghash-neon-armv8.ios.aarch64.S
[233/605] Compiling fips_shared_support.c
[234/605] Compiling ghash-armv4.ios.arm.S
[235/605] Compiling wnaf.c
[236/605] Compiling util.c
[237/605] Compiling ecdh.c
[238/605] Compiling ecdsa.c
[239/605] Compiling simple_mul.c
[240/605] Compiling p256-x86_64.c
[241/605] Compiling scalar.c
[242/605] Compiling simple.c
[243/605] Compiling oct.c
[244/605] Compiling p224-64.c
[245/605] Compiling ec_key.c
[246/605] Compiling ec_montgomery.c
[247/605] Compiling felem.c
[248/605] Compiling digests.c
[249/605] Compiling check.c
[250/605] Compiling digest.c
[251/605] Compiling dh.c
[252/605] Compiling co-586.windows.x86.S
[253/605] Compiling co-586.linux.x86.S
[254/605] Compiling e_des.c
[255/605] Compiling ec.c
[256/605] Compiling des.c
[257/605] Compiling bsaes-armv7.linux.arm.S
[258/605] Compiling bsaes-armv7.ios.arm.S
[259/605] Compiling aead.c
[260/605] Compiling cipher.c
[261/605] Compiling sqrt.c
[262/605] Compiling e_aes.c
[263/605] Compiling rsaz_exp.c
[264/605] Compiling shift.c
[265/605] Compiling random.c
[266/605] Compiling p256.c
[267/605] Compiling montgomery_inv.c
[268/605] Compiling prime.c
[269/605] Compiling montgomery.c
[270/605] Compiling mul.c
[271/605] Compiling jacobi.c
[272/605] Compiling gcd_extra.c
[273/605] Compiling gcd.c
[274/605] Compiling div_extra.c
[275/605] Compiling generic.c
[276/605] Compiling exponentiation.c
[277/605] Compiling div.c
[278/605] Compiling ctx.c
[279/605] Compiling cmp.c
[280/605] Compiling bytes.c
[281/605] Compiling x86_64-gcc.c
[282/605] Compiling bn-586.linux.x86.S
[283/605] Compiling bn-586.windows.x86.S
[284/605] Compiling armv8-mont.linux.aarch64.S
[285/605] Compiling bn.c
[286/605] Compiling add.c
[287/605] Compiling armv8-mont.ios.aarch64.S
[288/605] Compiling armv4-mont.linux.arm.S
[289/605] Compiling aesv8-armx64.ios.aarch64.S
[290/605] Compiling armv4-mont.ios.arm.S
[291/605] Compiling aesv8-armx64.linux.aarch64.S
[292/605] Compiling aesv8-armx32.linux.arm.S
[293/605] Compiling aesv8-armx32.ios.arm.S
[294/605] Compiling aesni-x86_64.mac.x86_64.S
[295/605] Compiling aesni-x86.windows.x86.S
[296/605] Compiling aesni-x86_64.linux.x86_64.S
[297/605] Compiling aesni-x86.linux.x86.S
[298/605] Compiling aesni-gcm-x86_64.linux.x86_64.S
[299/605] Compiling aesni-gcm-x86_64.mac.x86_64.S
[300/605] Compiling key_wrap.c
[301/605] Compiling mode_wrappers.c
[302/605] Compiling aes.c
[302/605] Compiling sign.c
[304/605] Compiling ex_data.c
[305/605] Compiling scrypt.c
[306/605] Compiling aes_nohw.c
[307/605] Compiling pbkdf.c
[308/605] Compiling print.c
[309/605] Compiling p_x25519_asn1.c
[310/605] Compiling p_ed25519_asn1.c
[311/605] Compiling p_x25519.c
[312/605] Compiling p_rsa_asn1.c
[313/605] Compiling p_ec_asn1.c
[314/605] Compiling p_ec.c
[315/605] Compiling p_rsa.c
[316/605] Compiling evp_ctx.c
[318/605] Compiling Yams Mark.swift
/root/.swiftpm/swift-sdks/swift-6.2-RELEASE_wasm.artifactbundle/swift-6.2-RELEASE_wasm/wasm32-unknown-wasip1/WASI.sdk/include/wasm32-wasip1/signal.h:2:2: error: "wasm lacks signal support; to enable minimal signal emulation, compile with -D_WASI_EMULATED_SIGNAL and link with -lwasi-emulated-signal"
  1 | #ifndef _WASI_EMULATED_SIGNAL
  2 | #error "wasm lacks signal support; to enable minimal signal emulation, \
    |  `- error: "wasm lacks signal support; to enable minimal signal emulation, compile with -D_WASI_EMULATED_SIGNAL and link with -lwasi-emulated-signal"
  3 | compile with -D_WASI_EMULATED_SIGNAL and link with -lwasi-emulated-signal"
  4 | #else
<module-includes>:1:10: note: in file included from <module-includes>:1:
1 | #include "CoreFoundation.h"
  |          `- note: in file included from <module-includes>:1:
2 |
/root/.swiftpm/swift-sdks/swift-6.2-RELEASE_wasm.artifactbundle/swift-6.2-RELEASE_wasm/wasm32-unknown-wasip1/swift.xctoolchain/usr/lib/swift_static/CoreFoundation/CoreFoundation.h:28:10: error: could not build module 'wasi_emulated_signal'
 26 | #include <setjmp.h>
 27 | #endif
 28 | #include <signal.h>
    |          `- error: could not build module 'wasi_emulated_signal'
 29 | #include <stddef.h>
 30 | #include <stdio.h>
/root/.swiftpm/swift-sdks/swift-6.2-RELEASE_wasm.artifactbundle/swift-6.2-RELEASE_wasm/wasm32-unknown-wasip1/swift.xctoolchain/usr/lib/swift_static/CoreFoundation/ForSwiftFoundationOnly.h:86:10: note: while building module 'wasi_emulated_mman' imported from /root/.swiftpm/swift-sdks/swift-6.2-RELEASE_wasm.artifactbundle/swift-6.2-RELEASE_wasm/wasm32-unknown-wasip1/swift.xctoolchain/usr/lib/swift_static/CoreFoundation/ForSwiftFoundationOnly.h:86:
 84 | #undef _WASI_EMULATED_MMAN
 85 | #define _WASI_EMULATED_MMAN
 86 | #include <sys/mman.h>
    |          `- note: while building module 'wasi_emulated_mman' imported from /root/.swiftpm/swift-sdks/swift-6.2-RELEASE_wasm.artifactbundle/swift-6.2-RELEASE_wasm/wasm32-unknown-wasip1/swift.xctoolchain/usr/lib/swift_static/CoreFoundation/ForSwiftFoundationOnly.h:86:
 87 | #elif TARGET_OS_LINUX
 88 | #include <errno.h>
<module-includes>:1:10: note: in file included from <module-includes>:1:
1 | #include "sys/mman.h"
  |          `- note: in file included from <module-includes>:1:
2 |
/root/.swiftpm/swift-sdks/swift-6.2-RELEASE_wasm.artifactbundle/swift-6.2-RELEASE_wasm/wasm32-unknown-wasip1/WASI.sdk/include/wasm32-wasip1/sys/mman.h:2:2: error: "WASI lacks a true mmap; to enable minimal mmap emulation, compile with -D_WASI_EMULATED_MMAN and link with -lwasi-emulated-mman"
  1 | #ifndef _WASI_EMULATED_MMAN
  2 | #error "WASI lacks a true mmap; to enable minimal mmap emulation, \
    |  `- error: "WASI lacks a true mmap; to enable minimal mmap emulation, compile with -D_WASI_EMULATED_MMAN and link with -lwasi-emulated-mman"
  3 | compile with -D_WASI_EMULATED_MMAN and link with -lwasi-emulated-mman"
  4 | #else
/host/spi-builder-workspace/.build/checkouts/Yams/Sources/Yams/Representer.swift:18:8: error: could not build C module 'CoreFoundation'
 16 | private let cpow: (_: Double, _: Double) -> Double = ucrt.pow
 17 | #else
 18 | import CoreFoundation
    |        `- error: could not build C module 'CoreFoundation'
 19 | import Glibc
 20 | private let cpow: (_: Double, _: Double) -> Double = Glibc.pow
[319/605] Compiling Yams Node.Mapping.swift
/root/.swiftpm/swift-sdks/swift-6.2-RELEASE_wasm.artifactbundle/swift-6.2-RELEASE_wasm/wasm32-unknown-wasip1/WASI.sdk/include/wasm32-wasip1/signal.h:2:2: error: "wasm lacks signal support; to enable minimal signal emulation, compile with -D_WASI_EMULATED_SIGNAL and link with -lwasi-emulated-signal"
  1 | #ifndef _WASI_EMULATED_SIGNAL
  2 | #error "wasm lacks signal support; to enable minimal signal emulation, \
    |  `- error: "wasm lacks signal support; to enable minimal signal emulation, compile with -D_WASI_EMULATED_SIGNAL and link with -lwasi-emulated-signal"
  3 | compile with -D_WASI_EMULATED_SIGNAL and link with -lwasi-emulated-signal"
  4 | #else
<module-includes>:1:10: note: in file included from <module-includes>:1:
1 | #include "CoreFoundation.h"
  |          `- note: in file included from <module-includes>:1:
2 |
/root/.swiftpm/swift-sdks/swift-6.2-RELEASE_wasm.artifactbundle/swift-6.2-RELEASE_wasm/wasm32-unknown-wasip1/swift.xctoolchain/usr/lib/swift_static/CoreFoundation/CoreFoundation.h:28:10: error: could not build module 'wasi_emulated_signal'
 26 | #include <setjmp.h>
 27 | #endif
 28 | #include <signal.h>
    |          `- error: could not build module 'wasi_emulated_signal'
 29 | #include <stddef.h>
 30 | #include <stdio.h>
/root/.swiftpm/swift-sdks/swift-6.2-RELEASE_wasm.artifactbundle/swift-6.2-RELEASE_wasm/wasm32-unknown-wasip1/swift.xctoolchain/usr/lib/swift_static/CoreFoundation/ForSwiftFoundationOnly.h:86:10: note: while building module 'wasi_emulated_mman' imported from /root/.swiftpm/swift-sdks/swift-6.2-RELEASE_wasm.artifactbundle/swift-6.2-RELEASE_wasm/wasm32-unknown-wasip1/swift.xctoolchain/usr/lib/swift_static/CoreFoundation/ForSwiftFoundationOnly.h:86:
 84 | #undef _WASI_EMULATED_MMAN
 85 | #define _WASI_EMULATED_MMAN
 86 | #include <sys/mman.h>
    |          `- note: while building module 'wasi_emulated_mman' imported from /root/.swiftpm/swift-sdks/swift-6.2-RELEASE_wasm.artifactbundle/swift-6.2-RELEASE_wasm/wasm32-unknown-wasip1/swift.xctoolchain/usr/lib/swift_static/CoreFoundation/ForSwiftFoundationOnly.h:86:
 87 | #elif TARGET_OS_LINUX
 88 | #include <errno.h>
<module-includes>:1:10: note: in file included from <module-includes>:1:
1 | #include "sys/mman.h"
  |          `- note: in file included from <module-includes>:1:
2 |
/root/.swiftpm/swift-sdks/swift-6.2-RELEASE_wasm.artifactbundle/swift-6.2-RELEASE_wasm/wasm32-unknown-wasip1/WASI.sdk/include/wasm32-wasip1/sys/mman.h:2:2: error: "WASI lacks a true mmap; to enable minimal mmap emulation, compile with -D_WASI_EMULATED_MMAN and link with -lwasi-emulated-mman"
  1 | #ifndef _WASI_EMULATED_MMAN
  2 | #error "WASI lacks a true mmap; to enable minimal mmap emulation, \
    |  `- error: "WASI lacks a true mmap; to enable minimal mmap emulation, compile with -D_WASI_EMULATED_MMAN and link with -lwasi-emulated-mman"
  3 | compile with -D_WASI_EMULATED_MMAN and link with -lwasi-emulated-mman"
  4 | #else
/host/spi-builder-workspace/.build/checkouts/Yams/Sources/Yams/Representer.swift:18:8: error: could not build C module 'CoreFoundation'
 16 | private let cpow: (_: Double, _: Double) -> Double = ucrt.pow
 17 | #else
 18 | import CoreFoundation
    |        `- error: could not build C module 'CoreFoundation'
 19 | import Glibc
 20 | private let cpow: (_: Double, _: Double) -> Double = Glibc.pow
[319/606] Compiling evp_asn1.c
[320/606] Compiling p_ed25519.c
[321/606] Compiling p_dsa_asn1.c
[322/606] Compiling err_data.c
[323/606] Compiling digestsign.c
[324/606] Compiling engine.c
[325/606] Compiling evp.c
[326/606] Compiling err.c
[327/606] Compiling ecdsa_asn1.c
[328/606] Compiling ecdh_extra.c
[329/606] Compiling ec_derive.c
[330/606] Compiling ec_asn1.c
[331/606] Compiling dsa_asn1.c
[332/606] Compiling hash_to_curve.c
[333/606] Compiling dh_asn1.c
[334/606] Compiling params.c
[335/606] Compiling digest_extra.c
[336/606] Compiling dsa.c
[337/606] Compiling x25519-asm-arm.S
[338/606] Compiling spake25519.c
[339/606] Compiling cpu-ppc64le.c
[340/606] Compiling crypto.c
[341/606] Compiling cpu-arm.c
[342/606] Compiling cpu-intel.c
[343/606] Compiling cpu-arm-linux.c
[344/606] Compiling cpu-aarch64-win.c
[345/606] Compiling cpu-aarch64-linux.c
[346/606] Compiling cpu-aarch64-fuchsia.c
[347/606] Compiling cmac.c
[348/606] Compiling conf.c
[349/606] Compiling tls_cbc.c
[350/606] Compiling e_rc4.c
[351/606] Compiling e_tls.c
[352/606] Compiling e_rc2.c
[353/606] Compiling e_null.c
[354/606] Compiling e_chacha20poly1305.c
[355/606] Compiling e_aesgcmsiv.c
[356/606] Compiling derive_key.c
[357/606] Compiling chacha20_poly1305_x86_64.mac.x86_64.S
[358/606] Compiling cipher_extra.c
[359/606] Compiling curve25519.c
[360/606] Compiling e_aesctrhmac.c
[361/606] Compiling e_aesccm.c
[362/606] Compiling chacha20_poly1305_x86_64.linux.x86_64.S
[363/606] Compiling aes128gcmsiv-x86_64.mac.x86_64.S
[364/606] Compiling aes128gcmsiv-x86_64.linux.x86_64.S
[365/606] Compiling chacha-x86.windows.x86.S
[365/606] Compiling chacha-x86_64.mac.x86_64.S
[367/606] Compiling chacha-x86.linux.x86.S
[368/606] Compiling chacha-x86_64.linux.x86_64.S
[369/606] Compiling chacha-armv8.ios.aarch64.S
[370/606] Compiling chacha-armv8.linux.aarch64.S
[371/606] Compiling chacha-armv4.ios.arm.S
[372/606] Compiling chacha-armv4.linux.arm.S
[373/606] Compiling chacha.c
[374/606] Compiling ber.c
[375/606] Compiling unicode.c
[376/606] Compiling asn1_compat.c
[377/606] Compiling buf.c
[378/606] Compiling bn_asn1.c
[379/606] Compiling blake2.c
[380/606] Compiling cbb.c
[381/606] Compiling cbs.c
[382/606] Compiling socket.c
[383/606] Compiling convert.c
/host/spi-builder-workspace/.build/checkouts/swift-crypto/Sources/CCryptoBoringSSL/crypto/bio/socket_helper.c:28:10: fatal error: 'netdb.h' file not found
   28 | #include <netdb.h>
      |          ^~~~~~~~~
1 error generated.
[384/606] Compiling socket_helper.c
[384/606] Compiling hexdump.c
[384/606] Compiling printf.c
[384/606] Compiling file.c
[384/606] Compiling pair.c
[385/606] Compiling Yams Node.Scalar.swift
/root/.swiftpm/swift-sdks/swift-6.2-RELEASE_wasm.artifactbundle/swift-6.2-RELEASE_wasm/wasm32-unknown-wasip1/WASI.sdk/include/wasm32-wasip1/signal.h:2:2: error: "wasm lacks signal support; to enable minimal signal emulation, compile with -D_WASI_EMULATED_SIGNAL and link with -lwasi-emulated-signal"
  1 | #ifndef _WASI_EMULATED_SIGNAL
  2 | #error "wasm lacks signal support; to enable minimal signal emulation, \
    |  `- error: "wasm lacks signal support; to enable minimal signal emulation, compile with -D_WASI_EMULATED_SIGNAL and link with -lwasi-emulated-signal"
  3 | compile with -D_WASI_EMULATED_SIGNAL and link with -lwasi-emulated-signal"
  4 | #else
<module-includes>:1:10: note: in file included from <module-includes>:1:
1 | #include "CoreFoundation.h"
  |          `- note: in file included from <module-includes>:1:
2 |
/root/.swiftpm/swift-sdks/swift-6.2-RELEASE_wasm.artifactbundle/swift-6.2-RELEASE_wasm/wasm32-unknown-wasip1/swift.xctoolchain/usr/lib/swift_static/CoreFoundation/CoreFoundation.h:28:10: error: could not build module 'wasi_emulated_signal'
 26 | #include <setjmp.h>
 27 | #endif
 28 | #include <signal.h>
    |          `- error: could not build module 'wasi_emulated_signal'
 29 | #include <stddef.h>
 30 | #include <stdio.h>
/root/.swiftpm/swift-sdks/swift-6.2-RELEASE_wasm.artifactbundle/swift-6.2-RELEASE_wasm/wasm32-unknown-wasip1/swift.xctoolchain/usr/lib/swift_static/CoreFoundation/ForSwiftFoundationOnly.h:86:10: note: while building module 'wasi_emulated_mman' imported from /root/.swiftpm/swift-sdks/swift-6.2-RELEASE_wasm.artifactbundle/swift-6.2-RELEASE_wasm/wasm32-unknown-wasip1/swift.xctoolchain/usr/lib/swift_static/CoreFoundation/ForSwiftFoundationOnly.h:86:
 84 | #undef _WASI_EMULATED_MMAN
 85 | #define _WASI_EMULATED_MMAN
 86 | #include <sys/mman.h>
    |          `- note: while building module 'wasi_emulated_mman' imported from /root/.swiftpm/swift-sdks/swift-6.2-RELEASE_wasm.artifactbundle/swift-6.2-RELEASE_wasm/wasm32-unknown-wasip1/swift.xctoolchain/usr/lib/swift_static/CoreFoundation/ForSwiftFoundationOnly.h:86:
 87 | #elif TARGET_OS_LINUX
 88 | #include <errno.h>
<module-includes>:1:10: note: in file included from <module-includes>:1:
1 | #include "sys/mman.h"
  |          `- note: in file included from <module-includes>:1:
2 |
/root/.swiftpm/swift-sdks/swift-6.2-RELEASE_wasm.artifactbundle/swift-6.2-RELEASE_wasm/wasm32-unknown-wasip1/WASI.sdk/include/wasm32-wasip1/sys/mman.h:2:2: error: "WASI lacks a true mmap; to enable minimal mmap emulation, compile with -D_WASI_EMULATED_MMAN and link with -lwasi-emulated-mman"
  1 | #ifndef _WASI_EMULATED_MMAN
  2 | #error "WASI lacks a true mmap; to enable minimal mmap emulation, \
    |  `- error: "WASI lacks a true mmap; to enable minimal mmap emulation, compile with -D_WASI_EMULATED_MMAN and link with -lwasi-emulated-mman"
  3 | compile with -D_WASI_EMULATED_MMAN and link with -lwasi-emulated-mman"
  4 | #else
/host/spi-builder-workspace/.build/checkouts/Yams/Sources/Yams/Representer.swift:18:8: error: could not build C module 'CoreFoundation'
 16 | private let cpow: (_: Double, _: Double) -> Double = ucrt.pow
 17 | #else
 18 | import CoreFoundation
    |        `- error: could not build C module 'CoreFoundation'
 19 | import Glibc
 20 | private let cpow: (_: Double, _: Double) -> Double = Glibc.pow
[386/606] Compiling Yams Node.Sequence.swift
/root/.swiftpm/swift-sdks/swift-6.2-RELEASE_wasm.artifactbundle/swift-6.2-RELEASE_wasm/wasm32-unknown-wasip1/WASI.sdk/include/wasm32-wasip1/signal.h:2:2: error: "wasm lacks signal support; to enable minimal signal emulation, compile with -D_WASI_EMULATED_SIGNAL and link with -lwasi-emulated-signal"
  1 | #ifndef _WASI_EMULATED_SIGNAL
  2 | #error "wasm lacks signal support; to enable minimal signal emulation, \
    |  `- error: "wasm lacks signal support; to enable minimal signal emulation, compile with -D_WASI_EMULATED_SIGNAL and link with -lwasi-emulated-signal"
  3 | compile with -D_WASI_EMULATED_SIGNAL and link with -lwasi-emulated-signal"
  4 | #else
<module-includes>:1:10: note: in file included from <module-includes>:1:
1 | #include "CoreFoundation.h"
  |          `- note: in file included from <module-includes>:1:
2 |
/root/.swiftpm/swift-sdks/swift-6.2-RELEASE_wasm.artifactbundle/swift-6.2-RELEASE_wasm/wasm32-unknown-wasip1/swift.xctoolchain/usr/lib/swift_static/CoreFoundation/CoreFoundation.h:28:10: error: could not build module 'wasi_emulated_signal'
 26 | #include <setjmp.h>
 27 | #endif
 28 | #include <signal.h>
    |          `- error: could not build module 'wasi_emulated_signal'
 29 | #include <stddef.h>
 30 | #include <stdio.h>
/root/.swiftpm/swift-sdks/swift-6.2-RELEASE_wasm.artifactbundle/swift-6.2-RELEASE_wasm/wasm32-unknown-wasip1/swift.xctoolchain/usr/lib/swift_static/CoreFoundation/ForSwiftFoundationOnly.h:86:10: note: while building module 'wasi_emulated_mman' imported from /root/.swiftpm/swift-sdks/swift-6.2-RELEASE_wasm.artifactbundle/swift-6.2-RELEASE_wasm/wasm32-unknown-wasip1/swift.xctoolchain/usr/lib/swift_static/CoreFoundation/ForSwiftFoundationOnly.h:86:
 84 | #undef _WASI_EMULATED_MMAN
 85 | #define _WASI_EMULATED_MMAN
 86 | #include <sys/mman.h>
    |          `- note: while building module 'wasi_emulated_mman' imported from /root/.swiftpm/swift-sdks/swift-6.2-RELEASE_wasm.artifactbundle/swift-6.2-RELEASE_wasm/wasm32-unknown-wasip1/swift.xctoolchain/usr/lib/swift_static/CoreFoundation/ForSwiftFoundationOnly.h:86:
 87 | #elif TARGET_OS_LINUX
 88 | #include <errno.h>
<module-includes>:1:10: note: in file included from <module-includes>:1:
1 | #include "sys/mman.h"
  |          `- note: in file included from <module-includes>:1:
2 |
/root/.swiftpm/swift-sdks/swift-6.2-RELEASE_wasm.artifactbundle/swift-6.2-RELEASE_wasm/wasm32-unknown-wasip1/WASI.sdk/include/wasm32-wasip1/sys/mman.h:2:2: error: "WASI lacks a true mmap; to enable minimal mmap emulation, compile with -D_WASI_EMULATED_MMAN and link with -lwasi-emulated-mman"
  1 | #ifndef _WASI_EMULATED_MMAN
  2 | #error "WASI lacks a true mmap; to enable minimal mmap emulation, \
    |  `- error: "WASI lacks a true mmap; to enable minimal mmap emulation, compile with -D_WASI_EMULATED_MMAN and link with -lwasi-emulated-mman"
  3 | compile with -D_WASI_EMULATED_MMAN and link with -lwasi-emulated-mman"
  4 | #else
/host/spi-builder-workspace/.build/checkouts/Yams/Sources/Yams/Representer.swift:18:8: error: could not build C module 'CoreFoundation'
 16 | private let cpow: (_: Double, _: Double) -> Double = ucrt.pow
 17 | #else
 18 | import CoreFoundation
    |        `- error: could not build C module 'CoreFoundation'
 19 | import Glibc
 20 | private let cpow: (_: Double, _: Double) -> Double = Glibc.pow
/root/.swiftpm/swift-sdks/swift-6.2-RELEASE_wasm.artifactbundle/swift-6.2-RELEASE_wasm/wasm32-unknown-wasip1/WASI.sdk/include/wasm32-wasip1/signal.h:2:2: error: "wasm lacks signal support; to enable minimal signal emulation, compile with -D_WASI_EMULATED_SIGNAL and link with -lwasi-emulated-signal"
  1 | #ifndef _WASI_EMULATED_SIGNAL
  2 | #error "wasm lacks signal support; to enable minimal signal emulation, \
    |  `- error: "wasm lacks signal support; to enable minimal signal emulation, compile with -D_WASI_EMULATED_SIGNAL and link with -lwasi-emulated-signal"
  3 | compile with -D_WASI_EMULATED_SIGNAL and link with -lwasi-emulated-signal"
  4 | #else
<module-includes>:1:10: note: in file included from <module-includes>:1:
1 | #include "CoreFoundation.h"
  |          `- note: in file included from <module-includes>:1:
2 |
/root/.swiftpm/swift-sdks/swift-6.2-RELEASE_wasm.artifactbundle/swift-6.2-RELEASE_wasm/wasm32-unknown-wasip1/swift.xctoolchain/usr/lib/swift_static/CoreFoundation/CoreFoundation.h:28:10: error: could not build module 'wasi_emulated_signal'
 26 | #include <setjmp.h>
 27 | #endif
 28 | #include <signal.h>
    |          `- error: could not build module 'wasi_emulated_signal'
 29 | #include <stddef.h>
 30 | #include <stdio.h>
/root/.swiftpm/swift-sdks/swift-6.2-RELEASE_wasm.artifactbundle/swift-6.2-RELEASE_wasm/wasm32-unknown-wasip1/swift.xctoolchain/usr/lib/swift_static/CoreFoundation/ForSwiftFoundationOnly.h:86:10: note: while building module 'wasi_emulated_mman' imported from /root/.swiftpm/swift-sdks/swift-6.2-RELEASE_wasm.artifactbundle/swift-6.2-RELEASE_wasm/wasm32-unknown-wasip1/swift.xctoolchain/usr/lib/swift_static/CoreFoundation/ForSwiftFoundationOnly.h:86:
 84 | #undef _WASI_EMULATED_MMAN
 85 | #define _WASI_EMULATED_MMAN
 86 | #include <sys/mman.h>
    |          `- note: while building module 'wasi_emulated_mman' imported from /root/.swiftpm/swift-sdks/swift-6.2-RELEASE_wasm.artifactbundle/swift-6.2-RELEASE_wasm/wasm32-unknown-wasip1/swift.xctoolchain/usr/lib/swift_static/CoreFoundation/ForSwiftFoundationOnly.h:86:
 87 | #elif TARGET_OS_LINUX
 88 | #include <errno.h>
<module-includes>:1:10: note: in file included from <module-includes>:1:
1 | #include "sys/mman.h"
  |          `- note: in file included from <module-includes>:1:
2 |
/root/.swiftpm/swift-sdks/swift-6.2-RELEASE_wasm.artifactbundle/swift-6.2-RELEASE_wasm/wasm32-unknown-wasip1/WASI.sdk/include/wasm32-wasip1/sys/mman.h:2:2: error: "WASI lacks a true mmap; to enable minimal mmap emulation, compile with -D_WASI_EMULATED_MMAN and link with -lwasi-emulated-mman"
  1 | #ifndef _WASI_EMULATED_MMAN
  2 | #error "WASI lacks a true mmap; to enable minimal mmap emulation, \
    |  `- error: "WASI lacks a true mmap; to enable minimal mmap emulation, compile with -D_WASI_EMULATED_MMAN and link with -lwasi-emulated-mman"
  3 | compile with -D_WASI_EMULATED_MMAN and link with -lwasi-emulated-mman"
  4 | #else
BUILD FAILURE 6.2 wasm