The Swift Package Index logo.Swift Package Index

Build Information

Failed to build JPNetworking, reference main (5595d2), with Swift 6.4 for visionOS using Xcode 27.0 on 23 Sep 2026 02:14:13 UTC.

Build Command

env DEVELOPER_DIR=/Applications/Xcode-27.0.0-Release.Candidate.app xcrun xcodebuild -IDEClonedSourcePackagesDirPathOverride=$PWD/.dependencies -skipMacroValidation -skipPackagePluginValidation -derivedDataPath $PWD/.derivedData build -scheme JPNetworking -destination generic/platform=xrOS

Build Log

========================================
RunAll
========================================
Builder version: 5.1.0
Interrupt handler set up.
========================================
Checkout
========================================
Clone URL: https://github.com/iamjpsharma/JPNetworking.git
Reference: main
Initialized empty Git repository in /Users/admin/builder/spi-builder-workspace/.git/
From https://github.com/iamjpsharma/JPNetworking
 * branch            main       -> FETCH_HEAD
 * [new branch]      main       -> origin/main
HEAD is now at 5595d21 Update README.md
Cloned https://github.com/iamjpsharma/JPNetworking.git
Revision (git rev-parse @):
5595d2153a63ea027bd3fc5da18b11e475411597
SUCCESS checkout https://github.com/iamjpsharma/JPNetworking.git at main
========================================
Build
========================================
Selected platform:         visionOS
Swift version:             6.4
Building package at path:  $PWD
https://github.com/iamjpsharma/JPNetworking.git
Command line invocation:
    /Applications/Xcode-27.0.0-Release.Candidate.app/Contents/Developer/usr/bin/xcodebuild -IDEClonedSourcePackagesDirPathOverride=/Users/admin/builder/spi-builder-workspace/.dependencies -resolvePackageDependencies
Resolve Package Graph
Resolve Package Graph
Resolved source packages:
  JPNetworking: /Users/admin/builder/spi-builder-workspace
resolved source packages: JPNetworking
2026-09-22 22:13:17.926 xcodebuild[524:2990] [MT] IDERunDestination: Supported platforms for the buildables in the current scheme is empty.
{
  "dependencies" : [
  ],
  "manifest_display_name" : "JPNetworking",
  "name" : "JPNetworking",
  "path" : "/Users/admin/builder/spi-builder-workspace",
  "platforms" : [
    {
      "name" : "ios",
      "version" : "13.0"
    },
    {
      "name" : "macos",
      "version" : "10.15"
    },
    {
      "name" : "tvos",
      "version" : "13.0"
    },
    {
      "name" : "watchos",
      "version" : "6.0"
    }
  ],
  "products" : [
    {
      "name" : "JPNetworking",
      "targets" : [
        "JPNetworking"
      ],
      "type" : {
        "library" : [
          "automatic"
        ]
      }
    }
  ],
  "targets" : [
    {
      "c99name" : "JPNetworkingTests",
      "module_type" : "SwiftTarget",
      "name" : "JPNetworkingTests",
      "path" : "Tests/JPNetworkingTests",
      "sources" : [
        "AdvancedFeaturesTests.swift",
        "AuthenticationInterceptorTests.swift",
        "CachingRetryTests.swift",
        "SwiftNetFrameworkTests.swift",
        "SwiftNetTests.swift",
        "TokenRefreshTests.swift"
      ],
      "target_dependencies" : [
        "JPNetworking"
      ],
      "type" : "test"
    },
    {
      "c99name" : "JPNetworking",
      "module_type" : "SwiftTarget",
      "name" : "JPNetworking",
      "path" : "Sources/JPNetworking",
      "product_memberships" : [
        "JPNetworking"
      ],
      "sources" : [
        "ActivityIndicator/NetworkActivityIndicatorManager.swift",
        "Authentication/AuthenticationProvider.swift",
        "Caching/CacheManager.swift",
        "Caching/CachePolicy.swift",
        "Core/NetworkError.swift",
        "Core/NetworkManager.swift",
        "Core/Request.swift",
        "Core/Response.swift",
        "Downloads/BackgroundTaskManager.swift",
        "Downloads/ProgressTracker.swift",
        "Extensions/SwiftNetExtensions.swift",
        "Interceptors/Interceptor.swift",
        "JPNetworking.swift",
        "Reachability/NetworkReachabilityManager.swift",
        "Retry/RetryManager.swift",
        "Security/SSLPinningManager.swift",
        "Serialization/ResponseSerializer.swift",
        "Utilities/Logger.swift"
      ],
      "type" : "library"
    }
  ],
  "tools_version" : "5.7"
}
{
  "workspace" : {
    "name" : "JPNetworking",
    "schemes" : [
      "JPNetworking"
    ]
  }
}
2026-09-22 22:13:58.872 xcodebuild[622:3882] [MT] IDERunDestination: Supported platforms for the buildables in the current scheme is empty.
Running build ...
env DEVELOPER_DIR=/Applications/Xcode-27.0.0-Release.Candidate.app xcrun xcodebuild -IDEClonedSourcePackagesDirPathOverride=$PWD/.dependencies -skipMacroValidation -skipPackagePluginValidation -derivedDataPath $PWD/.derivedData build -scheme JPNetworking -destination generic/platform=xrOS
Command line invocation:
    /Applications/Xcode-27.0.0-Release.Candidate.app/Contents/Developer/usr/bin/xcodebuild -IDEClonedSourcePackagesDirPathOverride=/Users/admin/builder/spi-builder-workspace/.dependencies -skipMacroValidation -skipPackagePluginValidation -derivedDataPath /Users/admin/builder/spi-builder-workspace/.derivedData build -scheme JPNetworking -destination generic/platform=xrOS
Resolve Package Graph
Resolved source packages:
  JPNetworking: /Users/admin/builder/spi-builder-workspace
ComputePackagePrebuildTargetDependencyGraph
Prepare packages
CreateBuildRequest
SendProjectDescription
CreateBuildOperation
ComputeTargetDependencyGraph
note: Building targets in dependency order
note: Target dependency graph (2 targets)
    Target 'JPNetworking-product' in project 'JPNetworking'
        ➜ Explicit dependency on target 'JPNetworking' in project 'JPNetworking'
    Target 'JPNetworking' in project 'JPNetworking' (no dependencies)
GatherProvisioningInputs
CreateBuildDescription
ExecuteExternalTool /Applications/Xcode-27.0.0-Release.Candidate.app/Contents/Developer/Toolchains/XcodeDefault.xctoolchain/usr/bin/clang -v -E -dM -isysroot /Applications/Xcode-27.0.0-Release.Candidate.app/Contents/Developer/Platforms/XROS.platform/Developer/SDKs/XROS27.0.sdk -x c -c /dev/null
ExecuteExternalTool /Applications/Xcode-27.0.0-Release.Candidate.app/Contents/Developer/Toolchains/XcodeDefault.xctoolchain/usr/bin/swiftc --version
ExecuteExternalTool /Applications/Xcode-27.0.0-Release.Candidate.app/Contents/Developer/Toolchains/XcodeDefault.xctoolchain/usr/bin/ld -version_details
Build description signature: bf7ae72e5b098e719b4262822a527a28
Build description path: /Users/admin/builder/spi-builder-workspace/.derivedData/Build/Intermediates.noindex/XCBuildData/bf7ae72e5b098e719b4262822a527a28.xcbuilddata
CreateBuildDirectory /Users/admin/builder/spi-builder-workspace/.derivedData/SDKExplicitPrecompiledModules
    cd /Users/admin/builder/spi-builder-workspace/.swiftpm/xcode
    builtin-create-build-directory /Users/admin/builder/spi-builder-workspace/.derivedData/SDKExplicitPrecompiledModules
CreateBuildDirectory /Users/admin/builder/spi-builder-workspace/.derivedData/ModuleCache.noindex
    cd /Users/admin/builder/spi-builder-workspace/.swiftpm/xcode
    builtin-create-build-directory /Users/admin/builder/spi-builder-workspace/.derivedData/ModuleCache.noindex
CreateBuildDirectory /Users/admin/builder/spi-builder-workspace/.derivedData/CompilationCache.noindex
    cd /Users/admin/builder/spi-builder-workspace/.swiftpm/xcode
    builtin-create-build-directory /Users/admin/builder/spi-builder-workspace/.derivedData/CompilationCache.noindex
CreateBuildDirectory /Users/admin/builder/spi-builder-workspace/.derivedData/Build/Intermediates.noindex
    cd /Users/admin/builder/spi-builder-workspace/.swiftpm/xcode
    builtin-create-build-directory /Users/admin/builder/spi-builder-workspace/.derivedData/Build/Intermediates.noindex
CreateBuildDirectory /Users/admin/builder/spi-builder-workspace/.derivedData/Build/Products
    cd /Users/admin/builder/spi-builder-workspace/.swiftpm/xcode
    builtin-create-build-directory /Users/admin/builder/spi-builder-workspace/.derivedData/Build/Products
ClangStatCache /Applications/Xcode-27.0.0-Release.Candidate.app/Contents/Developer/Toolchains/XcodeDefault.xctoolchain/usr/bin/clang-stat-cache /Applications/Xcode-27.0.0-Release.Candidate.app/Contents/Developer/Platforms/XROS.platform/Developer/SDKs/XROS27.0.sdk /Users/admin/builder/spi-builder-workspace/.derivedData/SDKStatCaches.noindex/xros27.0-24M361-e829b21a6f8c9b70876ba0858053c044735bd543db762f57723cac368afd1ce4.sdkstatcache
    cd /Users/admin/builder/spi-builder-workspace/.swiftpm/xcode
    /Applications/Xcode-27.0.0-Release.Candidate.app/Contents/Developer/Toolchains/XcodeDefault.xctoolchain/usr/bin/clang-stat-cache /Applications/Xcode-27.0.0-Release.Candidate.app/Contents/Developer/Platforms/XROS.platform/Developer/SDKs/XROS27.0.sdk -o /Users/admin/builder/spi-builder-workspace/.derivedData/SDKStatCaches.noindex/xros27.0-24M361-e829b21a6f8c9b70876ba0858053c044735bd543db762f57723cac368afd1ce4.sdkstatcache
CreateBuildDirectory /Users/admin/builder/spi-builder-workspace/.derivedData/Build/Intermediates.noindex/SwiftExplicitPrecompiledModules
    cd /Users/admin/builder/spi-builder-workspace/.swiftpm/xcode
    builtin-create-build-directory /Users/admin/builder/spi-builder-workspace/.derivedData/Build/Intermediates.noindex/SwiftExplicitPrecompiledModules
CreateBuildDirectory /Users/admin/builder/spi-builder-workspace/.derivedData/Build/Intermediates.noindex/PrecompiledHeaders
    cd /Users/admin/builder/spi-builder-workspace/.swiftpm/xcode
    builtin-create-build-directory /Users/admin/builder/spi-builder-workspace/.derivedData/Build/Intermediates.noindex/PrecompiledHeaders
CreateBuildDirectory /Users/admin/builder/spi-builder-workspace/.derivedData/Build/Intermediates.noindex/ExplicitPrecompiledModules
    cd /Users/admin/builder/spi-builder-workspace/.swiftpm/xcode
    builtin-create-build-directory /Users/admin/builder/spi-builder-workspace/.derivedData/Build/Intermediates.noindex/ExplicitPrecompiledModules
CreateBuildDirectory /Users/admin/builder/spi-builder-workspace/.derivedData/Build/Intermediates.noindex/EagerLinkingTBDs/Debug-xros
    cd /Users/admin/builder/spi-builder-workspace/.swiftpm/xcode
    builtin-create-build-directory /Users/admin/builder/spi-builder-workspace/.derivedData/Build/Intermediates.noindex/EagerLinkingTBDs/Debug-xros
CreateBuildDirectory /Users/admin/builder/spi-builder-workspace/.derivedData/Build/Products/Debug-xros
    cd /Users/admin/builder/spi-builder-workspace/.swiftpm/xcode
    builtin-create-build-directory /Users/admin/builder/spi-builder-workspace/.derivedData/Build/Products/Debug-xros
CreateBuildDirectory /Users/admin/builder/spi-builder-workspace/.derivedData/Build/Products/Debug-xros/PackageFrameworks
    cd /Users/admin/builder/spi-builder-workspace/.swiftpm/xcode
    builtin-create-build-directory /Users/admin/builder/spi-builder-workspace/.derivedData/Build/Products/Debug-xros/PackageFrameworks
WriteAuxiliaryFile /Users/admin/builder/spi-builder-workspace/.derivedData/Build/Intermediates.noindex/JPNetworking.build/Debug-xros/JPNetworking-t.build/JPNetworking.DependencyMetadataFileList (in target 'JPNetworking' from project 'JPNetworking')
    cd /Users/admin/builder/spi-builder-workspace
    write-file /Users/admin/builder/spi-builder-workspace/.derivedData/Build/Intermediates.noindex/JPNetworking.build/Debug-xros/JPNetworking-t.build/JPNetworking.DependencyMetadataFileList
WriteAuxiliaryFile /Users/admin/builder/spi-builder-workspace/.derivedData/Build/Intermediates.noindex/JPNetworking.build/Debug-xros/JPNetworking-t.build/JPNetworking.modulemap (in target 'JPNetworking' from project 'JPNetworking')
    cd /Users/admin/builder/spi-builder-workspace
    write-file /Users/admin/builder/spi-builder-workspace/.derivedData/Build/Intermediates.noindex/JPNetworking.build/Debug-xros/JPNetworking-t.build/JPNetworking.modulemap
WriteAuxiliaryFile /Users/admin/builder/spi-builder-workspace/.derivedData/Build/Intermediates.noindex/JPNetworking.build/Debug-xros/JPNetworking-t.build/JPNetworking.DependencyStaticMetadataFileList (in target 'JPNetworking' from project 'JPNetworking')
    cd /Users/admin/builder/spi-builder-workspace
    write-file /Users/admin/builder/spi-builder-workspace/.derivedData/Build/Intermediates.noindex/JPNetworking.build/Debug-xros/JPNetworking-t.build/JPNetworking.DependencyStaticMetadataFileList
WriteAuxiliaryFile /Users/admin/builder/spi-builder-workspace/.derivedData/Build/Intermediates.noindex/JPNetworking.build/Debug-xros/JPNetworking-t.build/Objects-normal/arm64/JPNetworking.SwiftConstValuesFileList (in target 'JPNetworking' from project 'JPNetworking')
    cd /Users/admin/builder/spi-builder-workspace
    write-file /Users/admin/builder/spi-builder-workspace/.derivedData/Build/Intermediates.noindex/JPNetworking.build/Debug-xros/JPNetworking-t.build/Objects-normal/arm64/JPNetworking.SwiftConstValuesFileList
WriteAuxiliaryFile /Users/admin/builder/spi-builder-workspace/.derivedData/Build/Intermediates.noindex/JPNetworking.build/Debug-xros/JPNetworking-t.build/Objects-normal/arm64/JPNetworking.SwiftFileList (in target 'JPNetworking' from project 'JPNetworking')
    cd /Users/admin/builder/spi-builder-workspace
    write-file /Users/admin/builder/spi-builder-workspace/.derivedData/Build/Intermediates.noindex/JPNetworking.build/Debug-xros/JPNetworking-t.build/Objects-normal/arm64/JPNetworking.SwiftFileList
WriteAuxiliaryFile /Users/admin/builder/spi-builder-workspace/.derivedData/Build/Intermediates.noindex/JPNetworking.build/Debug-xros/JPNetworking-t.build/Objects-normal/arm64/JPNetworking-OutputFileMap.json (in target 'JPNetworking' from project 'JPNetworking')
    cd /Users/admin/builder/spi-builder-workspace
    write-file /Users/admin/builder/spi-builder-workspace/.derivedData/Build/Intermediates.noindex/JPNetworking.build/Debug-xros/JPNetworking-t.build/Objects-normal/arm64/JPNetworking-OutputFileMap.json
WriteAuxiliaryFile /Users/admin/builder/spi-builder-workspace/.derivedData/Build/Intermediates.noindex/JPNetworking.build/Debug-xros/JPNetworking-t.build/Objects-normal/arm64/JPNetworking_const_extract_protocols.json (in target 'JPNetworking' from project 'JPNetworking')
    cd /Users/admin/builder/spi-builder-workspace
    write-file /Users/admin/builder/spi-builder-workspace/.derivedData/Build/Intermediates.noindex/JPNetworking.build/Debug-xros/JPNetworking-t.build/Objects-normal/arm64/JPNetworking_const_extract_protocols.json
WriteAuxiliaryFile /Users/admin/builder/spi-builder-workspace/.derivedData/Build/Intermediates.noindex/JPNetworking.build/Debug-xros/JPNetworking-t.build/Objects-normal/arm64/JPNetworking.LinkFileList (in target 'JPNetworking' from project 'JPNetworking')
    cd /Users/admin/builder/spi-builder-workspace
    write-file /Users/admin/builder/spi-builder-workspace/.derivedData/Build/Intermediates.noindex/JPNetworking.build/Debug-xros/JPNetworking-t.build/Objects-normal/arm64/JPNetworking.LinkFileList
Copy /Users/admin/builder/spi-builder-workspace/.derivedData/Build/Intermediates.noindex/GeneratedModuleMaps-xros/JPNetworking.modulemap /Users/admin/builder/spi-builder-workspace/.derivedData/Build/Intermediates.noindex/JPNetworking.build/Debug-xros/JPNetworking-t.build/JPNetworking.modulemap (in target 'JPNetworking' from project 'JPNetworking')
    cd /Users/admin/builder/spi-builder-workspace
    builtin-copy -exclude .DS_Store -exclude CVS -exclude .svn -exclude .git -exclude .hg -resolve-src-symlinks /Users/admin/builder/spi-builder-workspace/.derivedData/Build/Intermediates.noindex/JPNetworking.build/Debug-xros/JPNetworking-t.build/JPNetworking.modulemap /Users/admin/builder/spi-builder-workspace/.derivedData/Build/Intermediates.noindex/GeneratedModuleMaps-xros
SwiftDriver JPNetworking normal arm64 com.apple.xcode.tools.swift.compiler (in target 'JPNetworking' from project 'JPNetworking')
    cd /Users/admin/builder/spi-builder-workspace/.swiftpm/xcode
    builtin-SwiftDriver -- /Applications/Xcode-27.0.0-Release.Candidate.app/Contents/Developer/Toolchains/XcodeDefault.xctoolchain/usr/bin/swiftc -parse-as-library -module-name JPNetworking -Onone @/Users/admin/builder/spi-builder-workspace/.derivedData/Build/Intermediates.noindex/JPNetworking.build/Debug-xros/JPNetworking-t.build/Objects-normal/arm64/JPNetworking.SwiftFileList -DSWIFT_PACKAGE -DDEBUG -DSWIFT_MODULE_RESOURCE_BUNDLE_UNAVAILABLE -DXcode -plugin-path /Applications/Xcode-27.0.0-Release.Candidate.app/Contents/Developer/Toolchains/XcodeDefault.xctoolchain/usr/lib/swift/host/plugins/testing -enable-experimental-feature DebugDescriptionMacro -sdk /Applications/Xcode-27.0.0-Release.Candidate.app/Contents/Developer/Platforms/XROS.platform/Developer/SDKs/XROS27.0.sdk -target arm64-apple-xros1.0 -g -module-cache-path /Users/admin/builder/spi-builder-workspace/.derivedData/ModuleCache.noindex -Xfrontend -serialize-debugging-options -profile-coverage-mapping -profile-generate -enable-testing -index-store-path /Users/admin/builder/spi-builder-workspace/.derivedData/Index.noindex/DataStore -Xcc -D_LIBCPP_HARDENING_MODE\=_LIBCPP_HARDENING_MODE_DEBUG -swift-version 5 -I /Users/admin/builder/spi-builder-workspace/.derivedData/Build/Products/Debug-xros -Isystem /Applications/Xcode-27.0.0-Release.Candidate.app/Contents/Developer/Platforms/XROS.platform/Developer/usr/lib -F /Users/admin/builder/spi-builder-workspace/.derivedData/Build/Products/Debug-xros -F /Applications/Xcode-27.0.0-Release.Candidate.app/Contents/Developer/Platforms/XROS.platform/Developer/Library/Frameworks -F /Applications/Xcode-27.0.0-Release.Candidate.app/Contents/Developer/Platforms/XROS.platform/Developer/SDKs/XROS27.0.sdk/Developer/Library/Frameworks -c -j10 -enable-batch-mode -incremental -Xcc -ivfsstatcache -Xcc /Users/admin/builder/spi-builder-workspace/.derivedData/SDKStatCaches.noindex/xros27.0-24M361-e829b21a6f8c9b70876ba0858053c044735bd543db762f57723cac368afd1ce4.sdkstatcache -output-file-map /Users/admin/builder/spi-builder-workspace/.derivedData/Build/Intermediates.noindex/JPNetworking.build/Debug-xros/JPNetworking-t.build/Objects-normal/arm64/JPNetworking-OutputFileMap.json -save-temps -no-color-diagnostics -explicit-module-build -module-cache-path /Users/admin/builder/spi-builder-workspace/.derivedData/Build/Intermediates.noindex/SwiftExplicitPrecompiledModules -clang-scanner-module-cache-path /Users/admin/builder/spi-builder-workspace/.derivedData/ModuleCache.noindex -sdk-module-cache-path /Users/admin/builder/spi-builder-workspace/.derivedData/SDKExplicitPrecompiledModules -emit-dependencies -emit-module -emit-module-path /Users/admin/builder/spi-builder-workspace/.derivedData/Build/Intermediates.noindex/JPNetworking.build/Debug-xros/JPNetworking-t.build/Objects-normal/arm64/JPNetworking.swiftmodule -serialize-diagnostics -dependency-scan-serialize-diagnostics-path /Users/admin/builder/spi-builder-workspace/.derivedData/Build/Intermediates.noindex/JPNetworking.build/Debug-xros/JPNetworking-t.build/Objects-normal/arm64/JPNetworking-dependency-scan.dia -validate-clang-modules-once -clang-build-session-file /Users/admin/builder/spi-builder-workspace/.derivedData/ModuleCache.noindex/Session.modulevalidation -Xcc -fmodules-prune-interval\=86400 -Xcc -fmodules-prune-after\=345600 -emit-const-values -const-gather-protocols-list /Users/admin/builder/spi-builder-workspace/.derivedData/Build/Intermediates.noindex/JPNetworking.build/Debug-xros/JPNetworking-t.build/Objects-normal/arm64/JPNetworking_const_extract_protocols.json -Xcc -I/Users/admin/builder/spi-builder-workspace/.derivedData/Build/Products/Debug-xros/include -Xcc -I/Users/admin/builder/spi-builder-workspace/.derivedData/Build/Intermediates.noindex/JPNetworking.build/Debug-xros/JPNetworking-t.build/DerivedSources-normal/arm64 -Xcc -I/Users/admin/builder/spi-builder-workspace/.derivedData/Build/Intermediates.noindex/JPNetworking.build/Debug-xros/JPNetworking-t.build/DerivedSources/arm64 -Xcc -I/Users/admin/builder/spi-builder-workspace/.derivedData/Build/Intermediates.noindex/JPNetworking.build/Debug-xros/JPNetworking-t.build/DerivedSources -Xcc -DSWIFT_PACKAGE -Xcc -DDEBUG\=1 -emit-objc-header -emit-objc-header-path /Users/admin/builder/spi-builder-workspace/.derivedData/Build/Intermediates.noindex/JPNetworking.build/Debug-xros/JPNetworking-t.build/Objects-normal/arm64/JPNetworking-Swift.h -working-directory /Users/admin/builder/spi-builder-workspace/.swiftpm/xcode -experimental-emit-module-separately -disable-cmo
SwiftExplicitDependencyGeneratePcm arm64 /Users/admin/builder/spi-builder-workspace/.derivedData/SDKExplicitPrecompiledModules/_Builtin_float-6WKHNW5S40U2QGHXXGETUDIRA.pcm
SwiftExplicitDependencyGeneratePcm arm64 /Users/admin/builder/spi-builder-workspace/.derivedData/SDKExplicitPrecompiledModules/_Builtin_stdarg-CDA349K2K4US766844K8E0PVA.pcm
SwiftExplicitDependencyGeneratePcm arm64 /Users/admin/builder/spi-builder-workspace/.derivedData/SDKExplicitPrecompiledModules/ptrauth-1WBA714DZSVUL5JQDJ08CLKZ.pcm
SwiftExplicitDependencyGeneratePcm arm64 /Users/admin/builder/spi-builder-workspace/.derivedData/SDKExplicitPrecompiledModules/ptrcheck-BXA97MNLI4BB0HF5I8MJE403D.pcm
SwiftExplicitDependencyGeneratePcm arm64 /Users/admin/builder/spi-builder-workspace/.derivedData/SDKExplicitPrecompiledModules/ShaderGraph-AW1O397P711WTY8KSK8LZX9YA.pcm
SwiftExplicitDependencyGeneratePcm arm64 /Users/admin/builder/spi-builder-workspace/.derivedData/SDKExplicitPrecompiledModules/_Builtin_stddef-5NQ9Z1GV07GBSRQGAQCGXGVRI.pcm
SwiftExplicitDependencyGeneratePcm arm64 /Users/admin/builder/spi-builder-workspace/.derivedData/SDKExplicitPrecompiledModules/DeveloperToolsSupport-46GOQP8J1QTHLYQSJW81T8UZ3.pcm
SwiftExplicitDependencyGeneratePcm arm64 /Users/admin/builder/spi-builder-workspace/.derivedData/SDKExplicitPrecompiledModules/SwiftShims-CI4H5RO9IYFFWQ2COB512Q2S9.pcm
SwiftExplicitDependencyGeneratePcm arm64 /Users/admin/builder/spi-builder-workspace/.derivedData/SDKExplicitPrecompiledModules/_AvailabilityInternal-1Q8IQP6M38UWSGZ95UCEY2M44.pcm
SwiftExplicitDependencyGeneratePcm arm64 /Users/admin/builder/spi-builder-workspace/.derivedData/SDKExplicitPrecompiledModules/_Builtin_stdbool-5BU2ADS7JXQMYENKQHW9X8XOU.pcm
SwiftExplicitDependencyGeneratePcm arm64 /Users/admin/builder/spi-builder-workspace/.derivedData/SDKExplicitPrecompiledModules/_SwiftConcurrencyShims-C8XHKSHX96D5YYALNM4W70Z0O.pcm
SwiftExplicitDependencyGeneratePcm arm64 /Users/admin/builder/spi-builder-workspace/.derivedData/SDKExplicitPrecompiledModules/_DarwinFoundation1-5RGRVV2TZ6WC4WZW5IXF8NQ04.pcm
SwiftExplicitDependencyGeneratePcm arm64 /Users/admin/builder/spi-builder-workspace/.derivedData/SDKExplicitPrecompiledModules/_Builtin_limits-425JDMN5HPM3D0UEI8LEHP6NM.pcm
SwiftExplicitDependencyGeneratePcm arm64 /Users/admin/builder/spi-builder-workspace/.derivedData/SDKExplicitPrecompiledModules/_DarwinFoundation2-ENTECK156YEWITZRRBTOCE4KR.pcm
SwiftExplicitDependencyGeneratePcm arm64 /Users/admin/builder/spi-builder-workspace/.derivedData/SDKExplicitPrecompiledModules/string_h-2GT67HHHHK5CF1V1S31LH0PU2.pcm
SwiftExplicitDependencyGeneratePcm arm64 /Users/admin/builder/spi-builder-workspace/.derivedData/SDKExplicitPrecompiledModules/_Builtin_tgmath-BPYSMHWI520EQRL2HW519ZY7Z.pcm
SwiftExplicitDependencyGeneratePcm arm64 /Users/admin/builder/spi-builder-workspace/.derivedData/SDKExplicitPrecompiledModules/_Builtin_stdint-8OR6T47OOYJA90ZBO3N1USDE.pcm
SwiftExplicitDependencyGeneratePcm arm64 /Users/admin/builder/spi-builder-workspace/.derivedData/SDKExplicitPrecompiledModules/sys_types-AYM0BHR77VKMWZCO2T0XGV2HF.pcm
SwiftExplicitDependencyGeneratePcm arm64 /Users/admin/builder/spi-builder-workspace/.derivedData/SDKExplicitPrecompiledModules/_Builtin_stdatomic-1VUZPM79PNCAHXVBERD53WRSF.pcm
SwiftExplicitDependencyGeneratePcm arm64 /Users/admin/builder/spi-builder-workspace/.derivedData/SDKExplicitPrecompiledModules/_Builtin_intrinsics-BC5IJI3YI34RQ61ZNVDRDZ6RN.pcm
SwiftExplicitDependencyGeneratePcm arm64 /Users/admin/builder/spi-builder-workspace/.derivedData/SDKExplicitPrecompiledModules/_DarwinFoundation3-9ZHN6JKBS40BBA81RQMV8H0IC.pcm
SwiftExplicitDependencyGeneratePcm arm64 /Users/admin/builder/spi-builder-workspace/.derivedData/SDKExplicitPrecompiledModules/CommonCrypto-CEABJG1QSITOB7OGO12QH3KS.pcm
SwiftExplicitDependencyGeneratePcm arm64 /Users/admin/builder/spi-builder-workspace/.derivedData/SDKExplicitPrecompiledModules/_Builtin_inttypes-11B64KJD36B3YOHBR1BBXBJY8.pcm
SwiftExplicitDependencyGeneratePcm arm64 /Users/admin/builder/spi-builder-workspace/.derivedData/SDKExplicitPrecompiledModules/Darwin-60P5LVNQO3ESRRM5DCJ05PFNK.pcm
SwiftExplicitDependencyGeneratePcm arm64 /Users/admin/builder/spi-builder-workspace/.derivedData/SDKExplicitPrecompiledModules/simd-9XXAB17Y6E4BBPQADD61NZ23.pcm
SwiftExplicitDependencyGeneratePcm arm64 /Users/admin/builder/spi-builder-workspace/.derivedData/SDKExplicitPrecompiledModules/ObjectiveC-26TIBFYCEJZVP216ZZAU1X8KN.pcm
SwiftExplicitDependencyGeneratePcm arm64 /Users/admin/builder/spi-builder-workspace/.derivedData/SDKExplicitPrecompiledModules/MachO-3XTHY7HWV6RF3KXKYQVHUBUXK.pcm
SwiftExplicitDependencyGeneratePcm arm64 /Users/admin/builder/spi-builder-workspace/.derivedData/SDKExplicitPrecompiledModules/os_object-692CJ8BG6RE5H04487EJJOVXW.pcm
SwiftExplicitDependencyGeneratePcm arm64 /Users/admin/builder/spi-builder-workspace/.derivedData/SDKExplicitPrecompiledModules/os_workgroup-4U1VXMWIZD80E7PRUQF2G7P9X.pcm
SwiftExplicitDependencyGeneratePcm arm64 /Users/admin/builder/spi-builder-workspace/.derivedData/SDKExplicitPrecompiledModules/Dispatch-CLT3466HKC22GCKAWSCNG0H7T.pcm
SwiftExplicitDependencyGeneratePcm arm64 /Users/admin/builder/spi-builder-workspace/.derivedData/SDKExplicitPrecompiledModules/Spatial-5E0I2846LO3ZE24CSVR2O57TI.pcm
SwiftExplicitDependencyGeneratePcm arm64 /Users/admin/builder/spi-builder-workspace/.derivedData/SDKExplicitPrecompiledModules/CoreFoundation-AVLTZVCXBU2TO75JCN4AGU8XJ.pcm
SwiftExplicitDependencyGeneratePcm arm64 /Users/admin/builder/spi-builder-workspace/.derivedData/SDKExplicitPrecompiledModules/dnssd-CCUV1M8EULNEQJUXO7L0PJAL4.pcm
SwiftExplicitDependencyGeneratePcm arm64 /Users/admin/builder/spi-builder-workspace/.derivedData/SDKExplicitPrecompiledModules/XPC-EP5EU7FNGP4VOA3EDM18P1KHO.pcm
SwiftExplicitDependencyGeneratePcm arm64 /Users/admin/builder/spi-builder-workspace/.derivedData/SDKExplicitPrecompiledModules/os-1004XEJ3IXOOAU0KL58SM3D0K.pcm
SwiftExplicitDependencyGeneratePcm arm64 /Users/admin/builder/spi-builder-workspace/.derivedData/SDKExplicitPrecompiledModules/CoreAudioTypes-45UXYEQRN95KG6BF2CW0QIYK9.pcm
SwiftExplicitDependencyGeneratePcm arm64 /Users/admin/builder/spi-builder-workspace/.derivedData/SDKExplicitPrecompiledModules/CFNetwork-5MI70N1VLDQSWTX4COWLMSIRO.pcm
SwiftExplicitDependencyGeneratePcm arm64 /Users/admin/builder/spi-builder-workspace/.derivedData/SDKExplicitPrecompiledModules/CoreGraphics-BFUJ177R223UT2ZI327ZTZY91.pcm
SwiftExplicitDependencyGeneratePcm arm64 /Users/admin/builder/spi-builder-workspace/.derivedData/SDKExplicitPrecompiledModules/SystemConfiguration-9ZRTM3I7E0VI9U5I2YVCU37YI.pcm
SwiftExplicitDependencyGeneratePcm arm64 /Users/admin/builder/spi-builder-workspace/.derivedData/SDKExplicitPrecompiledModules/Security-8TH2M8WJIQMET4SADWX0N8372.pcm
SwiftExplicitDependencyGeneratePcm arm64 /Users/admin/builder/spi-builder-workspace/.derivedData/SDKExplicitPrecompiledModules/CoreAudio-CXS3C78T5TQDGLEGXIBJ04WJ4.pcm
SwiftExplicitDependencyGeneratePcm arm64 /Users/admin/builder/spi-builder-workspace/.derivedData/SDKExplicitPrecompiledModules/Foundation-8GON1KVEKRN3NOQI8RETBRWJP.pcm
SwiftExplicitDependencyGeneratePcm arm64 /Users/admin/builder/spi-builder-workspace/.derivedData/SDKExplicitPrecompiledModules/CoreText-6F9TY5TEPCCZ1K2KYM4GMEGHD.pcm
SwiftExplicitDependencyGeneratePcm arm64 /Users/admin/builder/spi-builder-workspace/.derivedData/SDKExplicitPrecompiledModules/ImageIO-5CC6COR9KJYI1UBL7CSHLU2OG.pcm
SwiftExplicitDependencyGeneratePcm arm64 /Users/admin/builder/spi-builder-workspace/.derivedData/SDKExplicitPrecompiledModules/IOSurface-5FE9U89GVFF9A7X7AGO2R8ENI.pcm
SwiftExplicitDependencyGeneratePcm arm64 /Users/admin/builder/spi-builder-workspace/.derivedData/SDKExplicitPrecompiledModules/UniformTypeIdentifiers-E5KMWDZEKS4QW9RO1KBRDEXV6.pcm
SwiftExplicitDependencyGeneratePcm arm64 /Users/admin/builder/spi-builder-workspace/.derivedData/SDKExplicitPrecompiledModules/Network-EQPZZF3W6BWG89K0PY9NZO3T0.pcm
SwiftExplicitDependencyGeneratePcm arm64 /Users/admin/builder/spi-builder-workspace/.derivedData/SDKExplicitPrecompiledModules/FileProvider-C9I28SI56F2SEVH1BCWTKGODO.pcm
SwiftExplicitDependencyGeneratePcm arm64 /Users/admin/builder/spi-builder-workspace/.derivedData/SDKExplicitPrecompiledModules/UserNotifications-8IIV1V1FPNAPA4LY1Y23LOM2N.pcm
SwiftExplicitDependencyGeneratePcm arm64 /Users/admin/builder/spi-builder-workspace/.derivedData/SDKExplicitPrecompiledModules/CoreMIDI-7L19IC4ZH9BPYLVTD8IIFWN9R.pcm
SwiftExplicitDependencyGeneratePcm arm64 /Users/admin/builder/spi-builder-workspace/.derivedData/SDKExplicitPrecompiledModules/UIUtilities-AOVGLUWEAN6CG2UZFNESGSP6C.pcm
SwiftExplicitDependencyGeneratePcm arm64 /Users/admin/builder/spi-builder-workspace/.derivedData/SDKExplicitPrecompiledModules/LocalAuthentication-9MSPUJ85OBXBTOD7NJCT1GZ0O.pcm
SwiftExplicitDependencyGeneratePcm arm64 /Users/admin/builder/spi-builder-workspace/.derivedData/SDKExplicitPrecompiledModules/CoreData-73N6Z547OZUEZ8ADGEC6XRHWN.pcm
SwiftExplicitDependencyGeneratePcm arm64 /Users/admin/builder/spi-builder-workspace/.derivedData/SDKExplicitPrecompiledModules/CoreTransferable-8TBYAKHCX6UC8QQSS7BD8GQK5.pcm
SwiftExplicitDependencyGeneratePcm arm64 /Users/admin/builder/spi-builder-workspace/.derivedData/SDKExplicitPrecompiledModules/Symbols-8G2XC01RPQ5HYIZE6JNUT864I.pcm
SwiftExplicitDependencyGeneratePcm arm64 /Users/admin/builder/spi-builder-workspace/.derivedData/SDKExplicitPrecompiledModules/_LocationEssentials-8GQGFVARUE99D8VJX3TINY0VP.pcm
SwiftExplicitDependencyGeneratePcm arm64 /Users/admin/builder/spi-builder-workspace/.derivedData/SDKExplicitPrecompiledModules/DataDetection-BANTQ3WXXGKZJYC0LLB3MD9K0.pcm
SwiftExplicitDependencyGeneratePcm arm64 /Users/admin/builder/spi-builder-workspace/.derivedData/SDKExplicitPrecompiledModules/OpenGLES-56BKSYXNVAP91BYZRWAKQZKGI.pcm
SwiftExplicitDependencyGeneratePcm arm64 /Users/admin/builder/spi-builder-workspace/.derivedData/SDKExplicitPrecompiledModules/Metal-EKNUM9P3PRIBHZK1ZBD6BA2T7.pcm
SwiftExplicitDependencyGeneratePcm arm64 /Users/admin/builder/spi-builder-workspace/.derivedData/SDKExplicitPrecompiledModules/OSLog-BNGT87TS0GMBFF7TY70HHB69.pcm
SwiftExplicitDependencyGeneratePcm arm64 /Users/admin/builder/spi-builder-workspace/.derivedData/SDKExplicitPrecompiledModules/Accessibility-1DR4J4YDVDGAYQTZ0FKZ1PU09.pcm
SwiftExplicitDependencyGeneratePcm arm64 /Users/admin/builder/spi-builder-workspace/.derivedData/SDKExplicitPrecompiledModules/AVRouting-55P8FRNK50AFZOMMB2LBBOX33.pcm
SwiftExplicitDependencyGeneratePcm arm64 /Users/admin/builder/spi-builder-workspace/.derivedData/SDKExplicitPrecompiledModules/AudioToolbox-2K3S8EA590EB3GMH6D6784BWZ.pcm
SwiftExplicitDependencyGeneratePcm arm64 /Users/admin/builder/spi-builder-workspace/.derivedData/SDKExplicitPrecompiledModules/CoreLocation-1SN37095DAPVJ068LLP9TBDQX.pcm
SwiftExplicitDependencyGeneratePcm arm64 /Users/admin/builder/spi-builder-workspace/.derivedData/SDKExplicitPrecompiledModules/CoreMotion-10LV922UPGE28QX2SOIO7ALIZ.pcm
SwiftExplicitDependencyGeneratePcm arm64 /Users/admin/builder/spi-builder-workspace/.derivedData/SDKExplicitPrecompiledModules/CoreVideo-E12HJSJSLO0YKWYBES11UKJ02.pcm
SwiftExplicitDependencyCompileModuleFromInterface arm64 /Users/admin/builder/spi-builder-workspace/.derivedData/SDKExplicitPrecompiledModules/ShaderGraph-URHKVVOFZL5Z.swiftmodule
SwiftExplicitDependencyGeneratePcm arm64 /Users/admin/builder/spi-builder-workspace/.derivedData/SDKExplicitPrecompiledModules/CoreImage-8WF1P230U10QM666EQMNV7OF1.pcm
SwiftExplicitDependencyGeneratePcm arm64 /Users/admin/builder/spi-builder-workspace/.derivedData/SDKExplicitPrecompiledModules/QuartzCore-12T8WVKUNCL1N7VXH87MM4YOB.pcm
SwiftExplicitDependencyGeneratePcm arm64 /Users/admin/builder/spi-builder-workspace/.derivedData/SDKExplicitPrecompiledModules/CoreMedia-D1IBHC28BRHWLNUG1Q75G5YN0.pcm
SwiftExplicitDependencyGeneratePcm arm64 /Users/admin/builder/spi-builder-workspace/.derivedData/SDKExplicitPrecompiledModules/CoreML-37QYERWC0RQN4IY4377UD0TY1.pcm
SwiftExplicitDependencyGeneratePcm arm64 /Users/admin/builder/spi-builder-workspace/.derivedData/SDKExplicitPrecompiledModules/ARKitFoundation-3N77COW7DLP77CM0PWZXSR9BD.pcm
SwiftExplicitDependencyGeneratePcm arm64 /Users/admin/builder/spi-builder-workspace/.derivedData/SDKExplicitPrecompiledModules/SwiftUICore-6OBBMA39VFD4CB6SG2PE41FAP.pcm
SwiftExplicitDependencyGeneratePcm arm64 /Users/admin/builder/spi-builder-workspace/.derivedData/SDKExplicitPrecompiledModules/UIKit-2D2PMAAE45TMO6S28UCGCO5BR.pcm
SwiftExplicitDependencyGeneratePcm arm64 /Users/admin/builder/spi-builder-workspace/.derivedData/SDKExplicitPrecompiledModules/VideoToolbox-7I4MDYIPJ4IWU1ZSL4JE3I7M6.pcm
SwiftExplicitDependencyGeneratePcm arm64 /Users/admin/builder/spi-builder-workspace/.derivedData/SDKExplicitPrecompiledModules/AVFAudio-E8GATWFYYBEBB41O9N0LRRGYC.pcm
SwiftExplicitDependencyGeneratePcm arm64 /Users/admin/builder/spi-builder-workspace/.derivedData/SDKExplicitPrecompiledModules/Vision-DVVG9MQGC3IMTVPTC1691MQ6Z.pcm
SwiftExplicitDependencyGeneratePcm arm64 /Users/admin/builder/spi-builder-workspace/.derivedData/SDKExplicitPrecompiledModules/MediaToolbox-1J5U29ERBPNPI1HKEJHXOP8EV.pcm
SwiftExplicitDependencyGeneratePcm arm64 /Users/admin/builder/spi-builder-workspace/.derivedData/SDKExplicitPrecompiledModules/AVFoundation-DFCX8GQJWVA3CZBITWEHAZEFX.pcm
SwiftExplicitDependencyGeneratePcm arm64 /Users/admin/builder/spi-builder-workspace/.derivedData/SDKExplicitPrecompiledModules/ARKitCore-307YVPJLQNB66BTBIONHZNP86.pcm
SwiftExplicitDependencyGeneratePcm arm64 /Users/admin/builder/spi-builder-workspace/.derivedData/SDKExplicitPrecompiledModules/SwiftUI-77PUPXISY3V3TUF5FJEHUQC86.pcm
SwiftExplicitDependencyGeneratePcm arm64 /Users/admin/builder/spi-builder-workspace/.derivedData/SDKExplicitPrecompiledModules/GameController-7QL0VMQHE24OWQFUR0UFT89DW.pcm
SwiftExplicitDependencyGeneratePcm arm64 /Users/admin/builder/spi-builder-workspace/.derivedData/SDKExplicitPrecompiledModules/ARKit-27VDPOZ50FG2MJG7OFV6IFQYQ.pcm
SwiftCompile normal arm64 Compiling\ RetryManager.swift,\ SSLPinningManager.swift /Users/admin/builder/spi-builder-workspace/Sources/JPNetworking/Retry/RetryManager.swift /Users/admin/builder/spi-builder-workspace/Sources/JPNetworking/Security/SSLPinningManager.swift (in target 'JPNetworking' from project 'JPNetworking')
SwiftCompile normal arm64 /Users/admin/builder/spi-builder-workspace/Sources/JPNetworking/Retry/RetryManager.swift (in target 'JPNetworking' from project 'JPNetworking')
    cd /Users/admin/builder/spi-builder-workspace/.swiftpm/xcode
    builtin-SwiftPerFileCompile RetryManager.swift
SwiftCompile normal arm64 /Users/admin/builder/spi-builder-workspace/Sources/JPNetworking/Security/SSLPinningManager.swift (in target 'JPNetworking' from project 'JPNetworking')
    cd /Users/admin/builder/spi-builder-workspace/.swiftpm/xcode
    builtin-SwiftPerFileCompile SSLPinningManager.swift
/Users/admin/builder/spi-builder-workspace/Sources/JPNetworking/Security/SSLPinningManager.swift:127:48: warning: actor-isolated property 'pinnedPublicKeyData' can not be referenced from a nonisolated autoclosure; this is an error in the Swift 6 language mode
110 |     private let securityPolicy: SSLSecurityPolicy
111 |     private var pinnedCertificateData: Set<Data> = []
112 |     private var pinnedPublicKeyData: Set<Data> = []
    |                 `- note: property declared here
113 |
114 |     // Security metrics
    :
125 |
126 |         // Extract public keys from certificates if needed
127 |         if policy.pinningMode == .publicKey && pinnedPublicKeyData.isEmpty {
    |                                                `- warning: actor-isolated property 'pinnedPublicKeyData' can not be referenced from a nonisolated autoclosure; this is an error in the Swift 6 language mode
128 |             Task {
129 |                 await extractPublicKeysFromCertificates()
/Users/admin/builder/spi-builder-workspace/Sources/JPNetworking/Security/SSLPinningManager.swift:229:21: warning: 'SecTrustCopyPublicKey' was deprecated in visionOS 1.0: renamed to 'SecTrustCopyKey(_:)' [#DeprecatedDeclaration]
227 |         }
228 |
229 |         publicKey = SecTrustCopyPublicKey(trust)
    |                     |- warning: 'SecTrustCopyPublicKey' was deprecated in visionOS 1.0: renamed to 'SecTrustCopyKey(_:)' [#DeprecatedDeclaration]
    |                     `- note: use 'SecTrustCopyKey(_:)' instead
230 |         guard let key = publicKey else {
231 |             return nil
/Users/admin/builder/spi-builder-workspace/Sources/JPNetworking/Security/SSLPinningManager.swift:290:37: warning: 'SecTrustGetCertificateAtIndex' was deprecated in visionOS 1.0: renamed to 'SecTrustCopyCertificateChain(_:)' [#DeprecatedDeclaration]
288 |
289 |         for i in 0..<certificateCount {
290 |             guard let certificate = SecTrustGetCertificateAtIndex(serverTrust, i) else {
    |                                     |- warning: 'SecTrustGetCertificateAtIndex' was deprecated in visionOS 1.0: renamed to 'SecTrustCopyCertificateChain(_:)' [#DeprecatedDeclaration]
    |                                     `- note: use 'SecTrustCopyCertificateChain(_:)' instead
291 |                 continue
292 |             }
/Users/admin/builder/spi-builder-workspace/Sources/JPNetworking/Security/SSLPinningManager.swift:323:37: warning: 'SecTrustGetCertificateAtIndex' was deprecated in visionOS 1.0: renamed to 'SecTrustCopyCertificateChain(_:)' [#DeprecatedDeclaration]
321 |
322 |         for i in 0..<certificateCount {
323 |             guard let certificate = SecTrustGetCertificateAtIndex(serverTrust, i),
    |                                     |- warning: 'SecTrustGetCertificateAtIndex' was deprecated in visionOS 1.0: renamed to 'SecTrustCopyCertificateChain(_:)' [#DeprecatedDeclaration]
    |                                     `- note: use 'SecTrustCopyCertificateChain(_:)' instead
324 |                   let publicKeyData = Self.publicKey(from: certificate) else {
325 |                 continue
[#DeprecatedDeclaration]: <https://docs.swift.org/compiler/documentation/diagnostics/deprecated-declaration>
SwiftEmitModule normal arm64 Emitting\ module\ for\ JPNetworking (in target 'JPNetworking' from project 'JPNetworking')
/Users/admin/builder/spi-builder-workspace/Sources/JPNetworking/ActivityIndicator/NetworkActivityIndicatorManager.swift:241:61: warning: main actor-isolated static property 'shared' can not be referenced from a nonisolated context; this is an error in the Swift 6 language mode
 47 | public final class NetworkActivityIndicatorManager: ObservableObject {
 48 |
 49 |     public static let shared = NetworkActivityIndicatorManager()
    |                       `- note: static property declared here
 50 |
 51 |     // MARK: - Properties
    :
239 |     private let identifier: UUID
240 |
241 |     public init(manager: NetworkActivityIndicatorManager = .shared) {
    |                                                             `- warning: main actor-isolated static property 'shared' can not be referenced from a nonisolated context; this is an error in the Swift 6 language mode
242 |         self.manager = manager
243 |         self.identifier = UUID()
/Users/admin/builder/spi-builder-workspace/Sources/JPNetworking/Authentication/AuthenticationProvider.swift:61:17: warning: stored property 'expirationDate' of 'Sendable'-conforming class 'BearerTokenAuth' is mutable; this is an error in the Swift 6 language mode
 59 |     private let refreshURL: String?
 60 |     private let tokenType: String
 61 |     private var expirationDate: Date?
    |                 `- warning: stored property 'expirationDate' of 'Sendable'-conforming class 'BearerTokenAuth' is mutable; this is an error in the Swift 6 language mode
 62 |
 63 |     private var currentToken: String
/Users/admin/builder/spi-builder-workspace/Sources/JPNetworking/Authentication/AuthenticationProvider.swift:379:17: warning: stored property 'accessToken' of 'Sendable'-conforming class 'OAuth2Auth' is mutable; this is an error in the Swift 6 language mode
377 |     private let grantType: GrantType
378 |
379 |     private var accessToken: String?
    |                 `- warning: stored property 'accessToken' of 'Sendable'-conforming class 'OAuth2Auth' is mutable; this is an error in the Swift 6 language mode
380 |     private var refreshToken: String?
381 |     private var tokenExpiration: Date?
/Users/admin/builder/spi-builder-workspace/Sources/JPNetworking/Downloads/BackgroundTaskManager.swift:83:29: warning: stored property 'status' of 'Sendable'-conforming class 'BackgroundTask' is mutable; this is an error in the Swift 6 language mode
 81 |
 82 |     /// Current status
 83 |     public private(set) var status: BackgroundTaskStatus = .waiting
    |                             `- warning: stored property 'status' of 'Sendable'-conforming class 'BackgroundTask' is mutable; this is an error in the Swift 6 language mode
 84 |
 85 |     /// Progress callback
/Users/admin/builder/spi-builder-workspace/Sources/JPNetworking/Downloads/BackgroundTaskManager.swift:211:9: warning: actor-isolated instance method 'setupBackgroundSessionSync()' can not be referenced from a nonisolated context; this is an error in the Swift 6 language mode
209 |     override init() {
210 |         super.init()
211 |         setupBackgroundSessionSync()
    |         `- warning: actor-isolated instance method 'setupBackgroundSessionSync()' can not be referenced from a nonisolated context; this is an error in the Swift 6 language mode
212 |     }
213 |
    :
333 |     // MARK: - Private Methods
334 |
335 |     private func setupBackgroundSessionSync() {
    |                  `- note: calls to instance method 'setupBackgroundSessionSync()' from outside of its actor context are implicitly asynchronous
336 |         let config = URLSessionConfiguration.background(withIdentifier: sessionIdentifier)
337 |         config.isDiscretionary = false
/Users/admin/builder/spi-builder-workspace/Sources/JPNetworking/Downloads/ProgressTracker.swift:112:16: warning: stored property 'progressHandler' of 'Sendable'-conforming class 'ProgressTracker' is mutable; this is an error in the Swift 6 language mode
110 |
111 |     /// Progress update callback
112 |     public var progressHandler: (@Sendable (TransferProgress) -> Void)?
    |                `- warning: stored property 'progressHandler' of 'Sendable'-conforming class 'ProgressTracker' is mutable; this is an error in the Swift 6 language mode
113 |
114 |     /// Completion callback
/Users/admin/builder/spi-builder-workspace/Sources/JPNetworking/Security/SSLPinningManager.swift:127:48: warning: actor-isolated property 'pinnedPublicKeyData' can not be referenced from a nonisolated autoclosure; this is an error in the Swift 6 language mode
110 |     private let securityPolicy: SSLSecurityPolicy
111 |     private var pinnedCertificateData: Set<Data> = []
112 |     private var pinnedPublicKeyData: Set<Data> = []
    |                 `- note: property declared here
113 |
114 |     // Security metrics
    :
125 |
126 |         // Extract public keys from certificates if needed
127 |         if policy.pinningMode == .publicKey && pinnedPublicKeyData.isEmpty {
    |                                                `- warning: actor-isolated property 'pinnedPublicKeyData' can not be referenced from a nonisolated autoclosure; this is an error in the Swift 6 language mode
128 |             Task {
129 |                 await extractPublicKeysFromCertificates()
/Users/admin/builder/spi-builder-workspace/Sources/JPNetworking/Serialization/ResponseSerializer.swift:461:24: warning: generic parameter 'T' shadows generic parameter from outer scope with the same name; this is an error in the Swift 6 language mode
459 |     ///   - decoder: JSON decoder to use
460 |     /// - Returns: JSON response
461 |     public func asJSON<T: Decodable & Sendable>(
    |                        `- warning: generic parameter 'T' shadows generic parameter from outer scope with the same name; this is an error in the Swift 6 language mode
462 |         _ type: T.Type,
463 |         decoder: JSONDecoder = JSONDecoder()
/Users/admin/builder/spi-builder-workspace/Sources/JPNetworking/Core/Response.swift:42:36: note: 'T' previously declared here
 40 | /// }
 41 | /// ```
 42 | public struct JPNetworkingResponse<T>: Sendable where T: Sendable {
    |                                    `- note: 'T' previously declared here
 43 |
 44 |     // MARK: - Properties
SwiftCompile normal arm64 (in target 'JPNetworking' from project 'JPNetworking')
    cd /Users/admin/builder/spi-builder-workspace/.swiftpm/xcode

SwiftCompile normal arm64 Compiling\ Logger.swift /Users/admin/builder/spi-builder-workspace/Sources/JPNetworking/Utilities/Logger.swift (in target 'JPNetworking' from project 'JPNetworking')
SwiftCompile normal arm64 /Users/admin/builder/spi-builder-workspace/Sources/JPNetworking/Utilities/Logger.swift (in target 'JPNetworking' from project 'JPNetworking')
    cd /Users/admin/builder/spi-builder-workspace/.swiftpm/xcode
    builtin-SwiftPerFileCompile Logger.swift
SwiftCompile normal arm64 Compiling\ ResponseSerializer.swift /Users/admin/builder/spi-builder-workspace/Sources/JPNetworking/Serialization/ResponseSerializer.swift (in target 'JPNetworking' from project 'JPNetworking')
SwiftCompile normal arm64 /Users/admin/builder/spi-builder-workspace/Sources/JPNetworking/Serialization/ResponseSerializer.swift (in target 'JPNetworking' from project 'JPNetworking')
    cd /Users/admin/builder/spi-builder-workspace/.swiftpm/xcode
    builtin-SwiftPerFileCompile ResponseSerializer.swift
SwiftCompile normal arm64 Compiling\ JPNetworking.swift,\ NetworkReachabilityManager.swift /Users/admin/builder/spi-builder-workspace/Sources/JPNetworking/JPNetworking.swift /Users/admin/builder/spi-builder-workspace/Sources/JPNetworking/Reachability/NetworkReachabilityManager.swift (in target 'JPNetworking' from project 'JPNetworking')
/Users/admin/builder/spi-builder-workspace/Sources/JPNetworking/JPNetworking.swift:91:13: warning: main actor-isolated static property 'globalManager' can not be mutated from a Sendable closure
 57 |
 58 |     /// Global NetworkManager instance
 59 |     private static var globalManager = NetworkManager.shared
    |                        `- note: mutation of this static property is only permitted within the actor
 60 |
 61 |     /// Thread-safe access queue for global manager
    :
 89 |
 90 |         configurationQueue.async(flags: .barrier) {
 91 |             globalManager = NetworkManager(configuration: configuration, session: session)
    |             `- warning: main actor-isolated static property 'globalManager' can not be mutated from a Sendable closure
 92 |         }
 93 |     }
/Users/admin/builder/spi-builder-workspace/Sources/JPNetworking/JPNetworking.swift:91:29: warning: call to main actor-isolated initializer 'init(configuration:session:cacheManager:retryManager:)' in a synchronous nonisolated context [#ActorIsolatedCall]
 89 |
 90 |         configurationQueue.async(flags: .barrier) {
 91 |             globalManager = NetworkManager(configuration: configuration, session: session)
    |                             `- warning: call to main actor-isolated initializer 'init(configuration:session:cacheManager:retryManager:)' in a synchronous nonisolated context [#ActorIsolatedCall]
 92 |         }
 93 |     }
/Users/admin/builder/spi-builder-workspace/Sources/JPNetworking/Core/NetworkManager.swift:134:12: note: calls to initializer 'init(configuration:session:cacheManager:retryManager:)' from outside of its actor context are implicitly asynchronous
132 |     ///   - cacheManager: Cache manager instance
133 |     ///   - retryManager: Retry manager instance
134 |     public init(
    |            `- note: calls to initializer 'init(configuration:session:cacheManager:retryManager:)' from outside of its actor context are implicitly asynchronous
135 |         configuration: NetworkConfiguration = NetworkConfiguration(),
136 |         session: URLSession = .shared,
/Users/admin/builder/spi-builder-workspace/Sources/JPNetworking/JPNetworking.swift:98:13: warning: main actor-isolated static property 'globalManager' can not be mutated from a Sendable closure
 57 |
 58 |     /// Global NetworkManager instance
 59 |     private static var globalManager = NetworkManager.shared
    |                        `- note: mutation of this static property is only permitted within the actor
 60 |
 61 |     /// Thread-safe access queue for global manager
    :
 96 |     public static func resetConfiguration() {
 97 |         configurationQueue.async(flags: .barrier) {
 98 |             globalManager = NetworkManager.shared
    |             `- warning: main actor-isolated static property 'globalManager' can not be mutated from a Sendable closure
 99 |         }
100 |     }
/Users/admin/builder/spi-builder-workspace/Sources/JPNetworking/JPNetworking.swift:98:44: warning: main actor-isolated static property 'shared' can not be referenced from a Sendable closure
 96 |     public static func resetConfiguration() {
 97 |         configurationQueue.async(flags: .barrier) {
 98 |             globalManager = NetworkManager.shared
    |                                            `- warning: main actor-isolated static property 'shared' can not be referenced from a Sendable closure
 99 |         }
100 |     }
/Users/admin/builder/spi-builder-workspace/Sources/JPNetworking/Core/NetworkManager.swift:124:23: note: static property declared here
122 |
123 |     /// Shared NetworkManager instance for convenience
124 |     public static let shared = NetworkManager()
    |                       `- note: static property declared here
125 |
126 |     // MARK: - Initializers
/Users/admin/builder/spi-builder-workspace/Sources/JPNetworking/Reachability/NetworkReachabilityManager.swift:133:14: warning: capture of 'self' in a closure that outlives deinit; this is an error in the Swift 6 language mode
131 |
132 |     deinit {
133 |         Task {
    |              `- warning: capture of 'self' in a closure that outlives deinit; this is an error in the Swift 6 language mode
134 |             await stopListening()
135 |         }
/Users/admin/builder/spi-builder-workspace/Sources/JPNetworking/Reachability/NetworkReachabilityManager.swift:455:51: error: use of local variable 'handlerID' before its declaration
449 |
450 |             // Listen for reachability
451 |             let handlerID = startListening { status in
    |                 `- note: 'handlerID' declared here
452 |                 if status.isReachable && !hasReturned {
453 |                     hasReturned = true
454 |                     Task {
455 |                         await self.removeListener(handlerID!)
    |                                                   `- error: use of local variable 'handlerID' before its declaration
456 |                     }
457 |                     continuation.resume(returning: true)
[#ActorIsolatedCall]: <https://docs.swift.org/compiler/documentation/diagnostics/actor-isolated-call>
Failed frontend command:
/Applications/Xcode-27.0.0-Release.Candidate.app/Contents/Developer/Toolchains/XcodeDefault.xctoolchain/usr/bin/swift-frontend -frontend -c /Users/admin/builder/spi-builder-workspace/Sources/JPNetworking/ActivityIndicator/NetworkActivityIndicatorManager.swift /Users/admin/builder/spi-builder-workspace/Sources/JPNetworking/Authentication/AuthenticationProvider.swift /Users/admin/builder/spi-builder-workspace/Sources/JPNetworking/Caching/CacheManager.swift /Users/admin/builder/spi-builder-workspace/Sources/JPNetworking/Caching/CachePolicy.swift /Users/admin/builder/spi-builder-workspace/Sources/JPNetworking/Core/NetworkError.swift /Users/admin/builder/spi-builder-workspace/Sources/JPNetworking/Core/NetworkManager.swift /Users/admin/builder/spi-builder-workspace/Sources/JPNetworking/Core/Request.swift /Users/admin/builder/spi-builder-workspace/Sources/JPNetworking/Core/Response.swift /Users/admin/builder/spi-builder-workspace/Sources/JPNetworking/Downloads/BackgroundTaskManager.swift /Users/admin/builder/spi-builder-workspace/Sources/JPNetworking/Downloads/ProgressTracker.swift /Users/admin/builder/spi-builder-workspace/Sources/JPNetworking/Extensions/SwiftNetExtensions.swift /Users/admin/builder/spi-builder-workspace/Sources/JPNetworking/Interceptors/Interceptor.swift -primary-file /Users/admin/builder/spi-builder-workspace/Sources/JPNetworking/JPNetworking.swift -primary-file /Users/admin/builder/spi-builder-workspace/Sources/JPNetworking/Reachability/NetworkReachabilityManager.swift /Users/admin/builder/spi-builder-workspace/Sources/JPNetworking/Retry/RetryManager.swift /Users/admin/builder/spi-builder-workspace/Sources/JPNetworking/Security/SSLPinningManager.swift /Users/admin/builder/spi-builder-workspace/Sources/JPNetworking/Serialization/ResponseSerializer.swift /Users/admin/builder/spi-builder-workspace/Sources/JPNetworking/Utilities/Logger.swift -emit-dependencies-path /Users/admin/builder/spi-builder-workspace/.derivedData/Build/Intermediates.noindex/JPNetworking.build/Debug-xros/JPNetworking-t.build/Objects-normal/arm64/JPNetworking.d -emit-const-values-path /Users/admin/builder/spi-builder-workspace/.derivedData/Build/Intermediates.noindex/JPNetworking.build/Debug-xros/JPNetworking-t.build/Objects-normal/arm64/JPNetworking.swiftconstvalues -emit-reference-dependencies-path /Users/admin/builder/spi-builder-workspace/.derivedData/Build/Intermediates.noindex/JPNetworking.build/Debug-xros/JPNetworking-t.build/Objects-normal/arm64/JPNetworking.swiftdeps -serialize-diagnostics-path /Users/admin/builder/spi-builder-workspace/.derivedData/Build/Intermediates.noindex/JPNetworking.build/Debug-xros/JPNetworking-t.build/Objects-normal/arm64/JPNetworking.dia -emit-dependencies-path /Users/admin/builder/spi-builder-workspace/.derivedData/Build/Intermediates.noindex/JPNetworking.build/Debug-xros/JPNetworking-t.build/Objects-normal/arm64/NetworkReachabilityManager.d -emit-const-values-path /Users/admin/builder/spi-builder-workspace/.derivedData/Build/Intermediates.noindex/JPNetworking.build/Debug-xros/JPNetworking-t.build/Objects-normal/arm64/NetworkReachabilityManager.swiftconstvalues -emit-reference-dependencies-path /Users/admin/builder/spi-builder-workspace/.derivedData/Build/Intermediates.noindex/JPNetworking.build/Debug-xros/JPNetworking-t.build/Objects-normal/arm64/NetworkReachabilityManager.swiftdeps -serialize-diagnostics-path /Users/admin/builder/spi-builder-workspace/.derivedData/Build/Intermediates.noindex/JPNetworking.build/Debug-xros/JPNetworking-t.build/Objects-normal/arm64/NetworkReachabilityManager.dia -target arm64-apple-xros1.0 -module-can-import-version SwiftUI 8.0.84.1 8.0.84 -module-can-import-version UIKit 9127.0.84.1 9127.0.84 -disable-cross-import-overlay-search -load-resolved-plugin /Applications/Xcode-27.0.0-Release.Candidate.app/Contents/Developer/Platforms/XROS.platform/Developer/usr/lib/swift/host/plugins/libFoundationMacros.dylib\#/Applications/Xcode-27.0.0-Release.Candidate.app/Contents/Developer/Platforms/XROS.platform/Developer/usr/bin/swift-plugin-server\#FoundationMacros -load-resolved-plugin /Applications/Xcode-27.0.0-Release.Candidate.app/Contents/Developer/Platforms/XROS.platform/Developer/usr/lib/swift/host/plugins/libObservationMacros.dylib\#/Applications/Xcode-27.0.0-Release.Candidate.app/Contents/Developer/Platforms/XROS.platform/Developer/usr/bin/swift-plugin-server\#ObservationMacros -load-resolved-plugin /Applications/Xcode-27.0.0-Release.Candidate.app/Contents/Developer/Platforms/XROS.platform/Developer/usr/lib/swift/host/plugins/libPreviewsMacros.dylib\#/Applications/Xcode-27.0.0-Release.Candidate.app/Contents/Developer/Platforms/XROS.platform/Developer/usr/bin/swift-plugin-server\#PreviewsMacros -load-resolved-plugin /Applications/Xcode-27.0.0-Release.Candidate.app/Contents/Developer/Platforms/XROS.platform/Developer/usr/lib/swift/host/plugins/libSwiftMacros.dylib\#/Applications/Xcode-27.0.0-Release.Candidate.app/Contents/Developer/Platforms/XROS.platform/Developer/usr/bin/swift-plugin-server\#SwiftMacros -load-resolved-plugin /Applications/Xcode-27.0.0-Release.Candidate.app/Contents/Developer/Platforms/XROS.platform/Developer/usr/lib/swift/host/plugins/libSwiftUIMacros.dylib\#/Applications/Xcode-27.0.0-Release.Candidate.app/Contents/Developer/Platforms/XROS.platform/Developer/usr/bin/swift-plugin-server\#SwiftUIMacros -disable-implicit-swift-modules -Xcc -fno-implicit-modules -Xcc -fno-implicit-module-maps -explicit-swift-module-map-file /Users/admin/builder/spi-builder-workspace/.derivedData/Build/Intermediates.noindex/JPNetworking.build/Debug-xros/JPNetworking-t.build/Objects-normal/arm64/JPNetworking-dependencies-1.json -Xllvm -aarch64-use-tbi -enable-objc-interop -stack-check -sdk /Applications/Xcode-27.0.0-Release.Candidate.app/Contents/Developer/Platforms/XROS.platform/Developer/SDKs/XROS27.0.sdk -I /Users/admin/builder/spi-builder-workspace/.derivedData/Build/Products/Debug-xros -Isystem /Applications/Xcode-27.0.0-Release.Candidate.app/Contents/Developer/Platforms/XROS.platform/Developer/usr/lib -F /Users/admin/builder/spi-builder-workspace/.derivedData/Build/Products/Debug-xros -F /Applications/Xcode-27.0.0-Release.Candidate.app/Contents/Developer/Platforms/XROS.platform/Developer/Library/Frameworks -F /Applications/Xcode-27.0.0-Release.Candidate.app/Contents/Developer/Platforms/XROS.platform/Developer/SDKs/XROS27.0.sdk/Developer/Library/Frameworks -module-cache-path /Users/admin/builder/spi-builder-workspace/.derivedData/Build/Intermediates.noindex/SwiftExplicitPrecompiledModules -no-color-diagnostics -Xcc -fno-color-diagnostics -enable-testing -g -debug-info-format\=dwarf -dwarf-version\=4 -profile-generate -profile-coverage-mapping -swift-version 5 -Onone -D SWIFT_PACKAGE -D DEBUG -D SWIFT_MODULE_RESOURCE_BUNDLE_UNAVAILABLE -D Xcode -serialize-debugging-options -enable-experimental-feature DebugDescriptionMacro -empty-abi-descriptor -validate-clang-modules-once -clang-build-session-file /Users/admin/builder/spi-builder-workspace/.derivedData/ModuleCache.noindex/Session.modulevalidation -Xcc -working-directory -Xcc /Users/admin/builder/spi-builder-workspace/.swiftpm/xcode -enable-anonymous-context-mangled-names -file-compilation-dir /Users/admin/builder/spi-builder-workspace/.swiftpm/xcode -Xcc -D_LIBCPP_HARDENING_MODE\=_LIBCPP_HARDENING_MODE_DEBUG -Xcc -ivfsstatcache -Xcc /Users/admin/builder/spi-builder-workspace/.derivedData/SDKStatCaches.noindex/xros27.0-24M361-e829b21a6f8c9b70876ba0858053c044735bd543db762f57723cac368afd1ce4.sdkstatcache -Xcc -fmodules-prune-interval\=86400 -Xcc -fmodules-prune-after\=345600 -Xcc -I/Users/admin/builder/spi-builder-workspace/.derivedData/Build/Products/Debug-xros/include -Xcc -I/Users/admin/builder/spi-builder-workspace/.derivedData/Build/Intermediates.noindex/JPNetworking.build/Debug-xros/JPNetworking-t.build/DerivedSources-normal/arm64 -Xcc -I/Users/admin/builder/spi-builder-workspace/.derivedData/Build/Intermediates.noindex/JPNetworking.build/Debug-xros/JPNetworking-t.build/DerivedSources/arm64 -Xcc -I/Users/admin/builder/spi-builder-workspace/.derivedData/Build/Intermediates.noindex/JPNetworking.build/Debug-xros/JPNetworking-t.build/DerivedSources -Xcc -DSWIFT_PACKAGE -Xcc -DDEBUG\=1 -no-auto-bridging-header-chaining -module-name JPNetworking -const-gather-protocols-file /Users/admin/builder/spi-builder-workspace/.derivedData/Build/Intermediates.noindex/JPNetworking.build/Debug-xros/JPNetworking-t.build/Objects-normal/arm64/JPNetworking_const_extract_protocols.json -disable-clang-spi -clang-target arm64-apple-xros27.0 -target-sdk-version 27.0 -target-sdk-name xros27.0 -in-process-plugin-server-path /Applications/Xcode-27.0.0-Release.Candidate.app/Contents/Developer/Toolchains/XcodeDefault.xctoolchain/usr/lib/swift/host/libSwiftInProcPluginServer.dylib -parse-as-library -o /Users/admin/builder/spi-builder-workspace/.derivedData/Build/Intermediates.noindex/JPNetworking.build/Debug-xros/JPNetworking-t.build/Objects-normal/arm64/JPNetworking.o -o /Users/admin/builder/spi-builder-workspace/.derivedData/Build/Intermediates.noindex/JPNetworking.build/Debug-xros/JPNetworking-t.build/Objects-normal/arm64/NetworkReachabilityManager.o -debug-module-path /Users/admin/builder/spi-builder-workspace/.derivedData/Build/Intermediates.noindex/JPNetworking.build/Debug-xros/JPNetworking-t.build/Objects-normal/arm64/JPNetworking.swiftmodule -index-unit-output-path /JPNetworking.build/Debug-xros/JPNetworking-t.build/Objects-normal/arm64/JPNetworking.o -index-unit-output-path /JPNetworking.build/Debug-xros/JPNetworking-t.build/Objects-normal/arm64/NetworkReachabilityManager.o -index-store-path /Users/admin/builder/spi-builder-workspace/.derivedData/Index.noindex/DataStore -index-system-modules
SwiftCompile normal arm64 /Users/admin/builder/spi-builder-workspace/Sources/JPNetworking/JPNetworking.swift (in target 'JPNetworking' from project 'JPNetworking')
    cd /Users/admin/builder/spi-builder-workspace/.swiftpm/xcode
    builtin-SwiftPerFileCompile JPNetworking.swift
SwiftCompile normal arm64 /Users/admin/builder/spi-builder-workspace/Sources/JPNetworking/Reachability/NetworkReachabilityManager.swift (in target 'JPNetworking' from project 'JPNetworking')
    cd /Users/admin/builder/spi-builder-workspace/.swiftpm/xcode
    builtin-SwiftPerFileCompile NetworkReachabilityManager.swift
SwiftCompile normal arm64 Compiling\ BackgroundTaskManager.swift,\ ProgressTracker.swift /Users/admin/builder/spi-builder-workspace/Sources/JPNetworking/Downloads/BackgroundTaskManager.swift /Users/admin/builder/spi-builder-workspace/Sources/JPNetworking/Downloads/ProgressTracker.swift (in target 'JPNetworking' from project 'JPNetworking')
/Users/admin/builder/spi-builder-workspace/Sources/JPNetworking/Downloads/BackgroundTaskManager.swift:83:29: warning: stored property 'status' of 'Sendable'-conforming class 'BackgroundTask' is mutable; this is an error in the Swift 6 language mode
 81 |
 82 |     /// Current status
 83 |     public private(set) var status: BackgroundTaskStatus = .waiting
    |                             `- warning: stored property 'status' of 'Sendable'-conforming class 'BackgroundTask' is mutable; this is an error in the Swift 6 language mode
 84 |
 85 |     /// Progress callback
/Users/admin/builder/spi-builder-workspace/Sources/JPNetworking/Downloads/BackgroundTaskManager.swift:211:9: warning: actor-isolated instance method 'setupBackgroundSessionSync()' can not be referenced from a nonisolated context; this is an error in the Swift 6 language mode
209 |     override init() {
210 |         super.init()
211 |         setupBackgroundSessionSync()
    |         `- warning: actor-isolated instance method 'setupBackgroundSessionSync()' can not be referenced from a nonisolated context; this is an error in the Swift 6 language mode
212 |     }
213 |
    :
333 |     // MARK: - Private Methods
334 |
335 |     private func setupBackgroundSessionSync() {
    |                  `- note: calls to instance method 'setupBackgroundSessionSync()' from outside of its actor context are implicitly asynchronous
336 |         let config = URLSessionConfiguration.background(withIdentifier: sessionIdentifier)
337 |         config.isDiscretionary = false
/Users/admin/builder/spi-builder-workspace/Sources/JPNetworking/Downloads/ProgressTracker.swift:112:16: warning: stored property 'progressHandler' of 'Sendable'-conforming class 'ProgressTracker' is mutable; this is an error in the Swift 6 language mode
110 |
111 |     /// Progress update callback
112 |     public var progressHandler: (@Sendable (TransferProgress) -> Void)?
    |                `- warning: stored property 'progressHandler' of 'Sendable'-conforming class 'ProgressTracker' is mutable; this is an error in the Swift 6 language mode
113 |
114 |     /// Completion callback
SwiftCompile normal arm64 /Users/admin/builder/spi-builder-workspace/Sources/JPNetworking/Downloads/BackgroundTaskManager.swift (in target 'JPNetworking' from project 'JPNetworking')
    cd /Users/admin/builder/spi-builder-workspace/.swiftpm/xcode
    builtin-SwiftPerFileCompile BackgroundTaskManager.swift
SwiftCompile normal arm64 /Users/admin/builder/spi-builder-workspace/Sources/JPNetworking/Downloads/ProgressTracker.swift (in target 'JPNetworking' from project 'JPNetworking')
    cd /Users/admin/builder/spi-builder-workspace/.swiftpm/xcode
    builtin-SwiftPerFileCompile ProgressTracker.swift
SwiftCompile normal arm64 Compiling\ NetworkError.swift,\ NetworkManager.swift /Users/admin/builder/spi-builder-workspace/Sources/JPNetworking/Core/NetworkError.swift /Users/admin/builder/spi-builder-workspace/Sources/JPNetworking/Core/NetworkManager.swift (in target 'JPNetworking' from project 'JPNetworking')
SwiftCompile normal arm64 /Users/admin/builder/spi-builder-workspace/Sources/JPNetworking/Core/NetworkError.swift (in target 'JPNetworking' from project 'JPNetworking')
    cd /Users/admin/builder/spi-builder-workspace/.swiftpm/xcode
    builtin-SwiftPerFileCompile NetworkError.swift
SwiftCompile normal arm64 /Users/admin/builder/spi-builder-workspace/Sources/JPNetworking/Core/NetworkManager.swift (in target 'JPNetworking' from project 'JPNetworking')
    cd /Users/admin/builder/spi-builder-workspace/.swiftpm/xcode
    builtin-SwiftPerFileCompile NetworkManager.swift
SwiftCompile normal arm64 Compiling\ CacheManager.swift,\ CachePolicy.swift /Users/admin/builder/spi-builder-workspace/Sources/JPNetworking/Caching/CacheManager.swift /Users/admin/builder/spi-builder-workspace/Sources/JPNetworking/Caching/CachePolicy.swift (in target 'JPNetworking' from project 'JPNetworking')
SwiftCompile normal arm64 /Users/admin/builder/spi-builder-workspace/Sources/JPNetworking/Caching/CacheManager.swift (in target 'JPNetworking' from project 'JPNetworking')
    cd /Users/admin/builder/spi-builder-workspace/.swiftpm/xcode
    builtin-SwiftPerFileCompile CacheManager.swift
SwiftCompile normal arm64 /Users/admin/builder/spi-builder-workspace/Sources/JPNetworking/Caching/CachePolicy.swift (in target 'JPNetworking' from project 'JPNetworking')
    cd /Users/admin/builder/spi-builder-workspace/.swiftpm/xcode
    builtin-SwiftPerFileCompile CachePolicy.swift
SwiftCompile normal arm64 Compiling\ Request.swift,\ Response.swift /Users/admin/builder/spi-builder-workspace/Sources/JPNetworking/Core/Request.swift /Users/admin/builder/spi-builder-workspace/Sources/JPNetworking/Core/Response.swift (in target 'JPNetworking' from project 'JPNetworking')
SwiftCompile normal arm64 /Users/admin/builder/spi-builder-workspace/Sources/JPNetworking/Core/Request.swift (in target 'JPNetworking' from project 'JPNetworking')
    cd /Users/admin/builder/spi-builder-workspace/.swiftpm/xcode
    builtin-SwiftPerFileCompile Request.swift
SwiftCompile normal arm64 /Users/admin/builder/spi-builder-workspace/Sources/JPNetworking/Core/Response.swift (in target 'JPNetworking' from project 'JPNetworking')
    cd /Users/admin/builder/spi-builder-workspace/.swiftpm/xcode
    builtin-SwiftPerFileCompile Response.swift
SwiftCompile normal arm64 Compiling\ SwiftNetExtensions.swift,\ Interceptor.swift /Users/admin/builder/spi-builder-workspace/Sources/JPNetworking/Extensions/SwiftNetExtensions.swift /Users/admin/builder/spi-builder-workspace/Sources/JPNetworking/Interceptors/Interceptor.swift (in target 'JPNetworking' from project 'JPNetworking')
SwiftCompile normal arm64 /Users/admin/builder/spi-builder-workspace/Sources/JPNetworking/Extensions/SwiftNetExtensions.swift (in target 'JPNetworking' from project 'JPNetworking')
    cd /Users/admin/builder/spi-builder-workspace/.swiftpm/xcode
    builtin-SwiftPerFileCompile SwiftNetExtensions.swift
SwiftCompile normal arm64 /Users/admin/builder/spi-builder-workspace/Sources/JPNetworking/Interceptors/Interceptor.swift (in target 'JPNetworking' from project 'JPNetworking')
    cd /Users/admin/builder/spi-builder-workspace/.swiftpm/xcode
    builtin-SwiftPerFileCompile Interceptor.swift
SwiftCompile normal arm64 Compiling\ NetworkActivityIndicatorManager.swift,\ AuthenticationProvider.swift /Users/admin/builder/spi-builder-workspace/Sources/JPNetworking/ActivityIndicator/NetworkActivityIndicatorManager.swift /Users/admin/builder/spi-builder-workspace/Sources/JPNetworking/Authentication/AuthenticationProvider.swift (in target 'JPNetworking' from project 'JPNetworking')
SwiftCompile normal arm64 /Users/admin/builder/spi-builder-workspace/Sources/JPNetworking/ActivityIndicator/NetworkActivityIndicatorManager.swift (in target 'JPNetworking' from project 'JPNetworking')
    cd /Users/admin/builder/spi-builder-workspace/.swiftpm/xcode
    builtin-SwiftPerFileCompile NetworkActivityIndicatorManager.swift
SwiftCompile normal arm64 /Users/admin/builder/spi-builder-workspace/Sources/JPNetworking/Authentication/AuthenticationProvider.swift (in target 'JPNetworking' from project 'JPNetworking')
    cd /Users/admin/builder/spi-builder-workspace/.swiftpm/xcode
    builtin-SwiftPerFileCompile AuthenticationProvider.swift
/Users/admin/builder/spi-builder-workspace/Sources/JPNetworking/ActivityIndicator/NetworkActivityIndicatorManager.swift:241:61: warning: main actor-isolated static property 'shared' can not be referenced from a nonisolated context; this is an error in the Swift 6 language mode
 47 | public final class NetworkActivityIndicatorManager: ObservableObject {
 48 |
 49 |     public static let shared = NetworkActivityIndicatorManager()
    |                       `- note: static property declared here
 50 |
 51 |     // MARK: - Properties
    :
239 |     private let identifier: UUID
240 |
241 |     public init(manager: NetworkActivityIndicatorManager = .shared) {
    |                                                             `- warning: main actor-isolated static property 'shared' can not be referenced from a nonisolated context; this is an error in the Swift 6 language mode
242 |         self.manager = manager
243 |         self.identifier = UUID()
/Users/admin/builder/spi-builder-workspace/Sources/JPNetworking/ActivityIndicator/NetworkActivityIndicatorManager.swift:225:34: error: 'isNetworkActivityIndicatorVisible' is unavailable in visionOS
223 |             // Modern apps should use custom indicators
224 |         } else {
225 |             UIApplication.shared.isNetworkActivityIndicatorVisible = isNetworkActivityIndicatorVisible
    |                                  `- error: 'isNetworkActivityIndicatorVisible' is unavailable in visionOS
226 |         }
227 |         #endif
/Applications/Xcode-27.0.0-Release.Candidate.app/Contents/Developer/Platforms/XROS.platform/Developer/SDKs/XROS27.0.sdk/System/Library/Frameworks/UIKit.framework/Headers/UIApplication.h:113:68: note: 'isNetworkActivityIndicatorVisible' has been explicitly marked unavailable here
111 | - (BOOL)sendAction:(SEL)action to:(nullable id)target from:(nullable id)sender forEvent:(nullable UIEvent *)event;
112 |
113 | @property(nonatomic,getter=isNetworkActivityIndicatorVisible) BOOL networkActivityIndicatorVisible API_DEPRECATED("Provide a custom network activity UI in your app if desired.", ios(2.0, 13.0)) API_UNAVAILABLE(tvos) API_UNAVAILABLE(visionos, watchos);
    |                                                                    `- note: 'isNetworkActivityIndicatorVisible' has been explicitly marked unavailable here
114 |
115 | @property(readonly, nonatomic) UIStatusBarStyle statusBarStyle API_UNAVAILABLE(tvos) API_DEPRECATED("Use the statusBarManager property of the window scene instead.", ios(2.0, 13.0)) API_UNAVAILABLE(visionos); // default is UIStatusBarStyleDefault
/Users/admin/builder/spi-builder-workspace/Sources/JPNetworking/Authentication/AuthenticationProvider.swift:61:17: warning: stored property 'expirationDate' of 'Sendable'-conforming class 'BearerTokenAuth' is mutable; this is an error in the Swift 6 language mode
 59 |     private let refreshURL: String?
 60 |     private let tokenType: String
 61 |     private var expirationDate: Date?
    |                 `- warning: stored property 'expirationDate' of 'Sendable'-conforming class 'BearerTokenAuth' is mutable; this is an error in the Swift 6 language mode
 62 |
 63 |     private var currentToken: String
SwiftDriverJobDiscovery normal arm64 Emitting module for JPNetworking (in target 'JPNetworking' from project 'JPNetworking')
SwiftDriver\ Compilation\ Requirements JPNetworking normal arm64 com.apple.xcode.tools.swift.compiler (in target 'JPNetworking' from project 'JPNetworking')
    cd /Users/admin/builder/spi-builder-workspace/.swiftpm/xcode
    builtin-Swift-Compilation-Requirements -- /Applications/Xcode-27.0.0-Release.Candidate.app/Contents/Developer/Toolchains/XcodeDefault.xctoolchain/usr/bin/swiftc -parse-as-library -module-name JPNetworking -Onone @/Users/admin/builder/spi-builder-workspace/.derivedData/Build/Intermediates.noindex/JPNetworking.build/Debug-xros/JPNetworking-t.build/Objects-normal/arm64/JPNetworking.SwiftFileList -DSWIFT_PACKAGE -DDEBUG -DSWIFT_MODULE_RESOURCE_BUNDLE_UNAVAILABLE -DXcode -plugin-path /Applications/Xcode-27.0.0-Release.Candidate.app/Contents/Developer/Toolchains/XcodeDefault.xctoolchain/usr/lib/swift/host/plugins/testing -enable-experimental-feature DebugDescriptionMacro -sdk /Applications/Xcode-27.0.0-Release.Candidate.app/Contents/Developer/Platforms/XROS.platform/Developer/SDKs/XROS27.0.sdk -target arm64-apple-xros1.0 -g -module-cache-path /Users/admin/builder/spi-builder-workspace/.derivedData/ModuleCache.noindex -Xfrontend -serialize-debugging-options -profile-coverage-mapping -profile-generate -enable-testing -index-store-path /Users/admin/builder/spi-builder-workspace/.derivedData/Index.noindex/DataStore -Xcc -D_LIBCPP_HARDENING_MODE\=_LIBCPP_HARDENING_MODE_DEBUG -swift-version 5 -I /Users/admin/builder/spi-builder-workspace/.derivedData/Build/Products/Debug-xros -Isystem /Applications/Xcode-27.0.0-Release.Candidate.app/Contents/Developer/Platforms/XROS.platform/Developer/usr/lib -F /Users/admin/builder/spi-builder-workspace/.derivedData/Build/Products/Debug-xros -F /Applications/Xcode-27.0.0-Release.Candidate.app/Contents/Developer/Platforms/XROS.platform/Developer/Library/Frameworks -F /Applications/Xcode-27.0.0-Release.Candidate.app/Contents/Developer/Platforms/XROS.platform/Developer/SDKs/XROS27.0.sdk/Developer/Library/Frameworks -c -j10 -enable-batch-mode -incremental -Xcc -ivfsstatcache -Xcc /Users/admin/builder/spi-builder-workspace/.derivedData/SDKStatCaches.noindex/xros27.0-24M361-e829b21a6f8c9b70876ba0858053c044735bd543db762f57723cac368afd1ce4.sdkstatcache -output-file-map /Users/admin/builder/spi-builder-workspace/.derivedData/Build/Intermediates.noindex/JPNetworking.build/Debug-xros/JPNetworking-t.build/Objects-normal/arm64/JPNetworking-OutputFileMap.json -save-temps -no-color-diagnostics -explicit-module-build -module-cache-path /Users/admin/builder/spi-builder-workspace/.derivedData/Build/Intermediates.noindex/SwiftExplicitPrecompiledModules -clang-scanner-module-cache-path /Users/admin/builder/spi-builder-workspace/.derivedData/ModuleCache.noindex -sdk-module-cache-path /Users/admin/builder/spi-builder-workspace/.derivedData/SDKExplicitPrecompiledModules -emit-dependencies -emit-module -emit-module-path /Users/admin/builder/spi-builder-workspace/.derivedData/Build/Intermediates.noindex/JPNetworking.build/Debug-xros/JPNetworking-t.build/Objects-normal/arm64/JPNetworking.swiftmodule -serialize-diagnostics -dependency-scan-serialize-diagnostics-path /Users/admin/builder/spi-builder-workspace/.derivedData/Build/Intermediates.noindex/JPNetworking.build/Debug-xros/JPNetworking-t.build/Objects-normal/arm64/JPNetworking-dependency-scan.dia -validate-clang-modules-once -clang-build-session-file /Users/admin/builder/spi-builder-workspace/.derivedData/ModuleCache.noindex/Session.modulevalidation -Xcc -fmodules-prune-interval\=86400 -Xcc -fmodules-prune-after\=345600 -emit-const-values -const-gather-protocols-list /Users/admin/builder/spi-builder-workspace/.derivedData/Build/Intermediates.noindex/JPNetworking.build/Debug-xros/JPNetworking-t.build/Objects-normal/arm64/JPNetworking_const_extract_protocols.json -Xcc -I/Users/admin/builder/spi-builder-workspace/.derivedData/Build/Products/Debug-xros/include -Xcc -I/Users/admin/builder/spi-builder-workspace/.derivedData/Build/Intermediates.noindex/JPNetworking.build/Debug-xros/JPNetworking-t.build/DerivedSources-normal/arm64 -Xcc -I/Users/admin/builder/spi-builder-workspace/.derivedData/Build/Intermediates.noindex/JPNetworking.build/Debug-xros/JPNetworking-t.build/DerivedSources/arm64 -Xcc -I/Users/admin/builder/spi-builder-workspace/.derivedData/Build/Intermediates.noindex/JPNetworking.build/Debug-xros/JPNetworking-t.build/DerivedSources -Xcc -DSWIFT_PACKAGE -Xcc -DDEBUG\=1 -emit-objc-header -emit-objc-header-path /Users/admin/builder/spi-builder-workspace/.derivedData/Build/Intermediates.noindex/JPNetworking.build/Debug-xros/JPNetworking-t.build/Objects-normal/arm64/JPNetworking-Swift.h -working-directory /Users/admin/builder/spi-builder-workspace/.swiftpm/xcode -experimental-emit-module-separately -disable-cmo
SwiftDriverJobDiscovery normal arm64 Compiling SwiftNetExtensions.swift, Interceptor.swift (in target 'JPNetworking' from project 'JPNetworking')
SwiftDriverJobDiscovery normal arm64 Compiling BackgroundTaskManager.swift, ProgressTracker.swift (in target 'JPNetworking' from project 'JPNetworking')
SwiftDriverJobDiscovery normal arm64 Compiling NetworkError.swift, NetworkManager.swift (in target 'JPNetworking' from project 'JPNetworking')
SwiftDriverJobDiscovery normal arm64 Compiling Request.swift, Response.swift (in target 'JPNetworking' from project 'JPNetworking')
SwiftDriverJobDiscovery normal arm64 Compiling RetryManager.swift, SSLPinningManager.swift (in target 'JPNetworking' from project 'JPNetworking')
SwiftDriverJobDiscovery normal arm64 Compiling CacheManager.swift, CachePolicy.swift (in target 'JPNetworking' from project 'JPNetworking')
SwiftMergeGeneratedHeaders /Users/admin/builder/spi-builder-workspace/.derivedData/Build/Intermediates.noindex/GeneratedModuleMaps-xros/JPNetworking-Swift.h /Users/admin/builder/spi-builder-workspace/.derivedData/Build/Intermediates.noindex/JPNetworking.build/Debug-xros/JPNetworking-t.build/Objects-normal/arm64/JPNetworking-Swift.h (in target 'JPNetworking' from project 'JPNetworking')
    cd /Users/admin/builder/spi-builder-workspace
    builtin-swiftHeaderTool -arch arm64 /Users/admin/builder/spi-builder-workspace/.derivedData/Build/Intermediates.noindex/JPNetworking.build/Debug-xros/JPNetworking-t.build/Objects-normal/arm64/JPNetworking-Swift.h -o /Users/admin/builder/spi-builder-workspace/.derivedData/Build/Intermediates.noindex/GeneratedModuleMaps-xros/JPNetworking-Swift.h
Copy /Users/admin/builder/spi-builder-workspace/.derivedData/Build/Products/Debug-xros/JPNetworking.swiftmodule/arm64-apple-xros.abi.json /Users/admin/builder/spi-builder-workspace/.derivedData/Build/Intermediates.noindex/JPNetworking.build/Debug-xros/JPNetworking-t.build/Objects-normal/arm64/JPNetworking.abi.json (in target 'JPNetworking' from project 'JPNetworking')
    cd /Users/admin/builder/spi-builder-workspace
    builtin-copy -exclude .DS_Store -exclude CVS -exclude .svn -exclude .git -exclude .hg -resolve-src-symlinks -rename /Users/admin/builder/spi-builder-workspace/.derivedData/Build/Intermediates.noindex/JPNetworking.build/Debug-xros/JPNetworking-t.build/Objects-normal/arm64/JPNetworking.abi.json /Users/admin/builder/spi-builder-workspace/.derivedData/Build/Products/Debug-xros/JPNetworking.swiftmodule/arm64-apple-xros.abi.json
Copy /Users/admin/builder/spi-builder-workspace/.derivedData/Build/Products/Debug-xros/JPNetworking.swiftmodule/arm64-apple-xros.swiftmodule /Users/admin/builder/spi-builder-workspace/.derivedData/Build/Intermediates.noindex/JPNetworking.build/Debug-xros/JPNetworking-t.build/Objects-normal/arm64/JPNetworking.swiftmodule (in target 'JPNetworking' from project 'JPNetworking')
    cd /Users/admin/builder/spi-builder-workspace
    builtin-copy -exclude .DS_Store -exclude CVS -exclude .svn -exclude .git -exclude .hg -resolve-src-symlinks -rename /Users/admin/builder/spi-builder-workspace/.derivedData/Build/Intermediates.noindex/JPNetworking.build/Debug-xros/JPNetworking-t.build/Objects-normal/arm64/JPNetworking.swiftmodule /Users/admin/builder/spi-builder-workspace/.derivedData/Build/Products/Debug-xros/JPNetworking.swiftmodule/arm64-apple-xros.swiftmodule
Copy /Users/admin/builder/spi-builder-workspace/.derivedData/Build/Products/Debug-xros/JPNetworking.swiftmodule/arm64-apple-xros.swiftdoc /Users/admin/builder/spi-builder-workspace/.derivedData/Build/Intermediates.noindex/JPNetworking.build/Debug-xros/JPNetworking-t.build/Objects-normal/arm64/JPNetworking.swiftdoc (in target 'JPNetworking' from project 'JPNetworking')
    cd /Users/admin/builder/spi-builder-workspace
    builtin-copy -exclude .DS_Store -exclude CVS -exclude .svn -exclude .git -exclude .hg -resolve-src-symlinks -rename /Users/admin/builder/spi-builder-workspace/.derivedData/Build/Intermediates.noindex/JPNetworking.build/Debug-xros/JPNetworking-t.build/Objects-normal/arm64/JPNetworking.swiftdoc /Users/admin/builder/spi-builder-workspace/.derivedData/Build/Products/Debug-xros/JPNetworking.swiftmodule/arm64-apple-xros.swiftdoc
Copy /Users/admin/builder/spi-builder-workspace/.derivedData/Build/Products/Debug-xros/JPNetworking.swiftmodule/Project/arm64-apple-xros.swiftsourceinfo /Users/admin/builder/spi-builder-workspace/.derivedData/Build/Intermediates.noindex/JPNetworking.build/Debug-xros/JPNetworking-t.build/Objects-normal/arm64/JPNetworking.swiftsourceinfo (in target 'JPNetworking' from project 'JPNetworking')
    cd /Users/admin/builder/spi-builder-workspace
    builtin-copy -exclude .DS_Store -exclude CVS -exclude .svn -exclude .git -exclude .hg -resolve-src-symlinks -rename /Users/admin/builder/spi-builder-workspace/.derivedData/Build/Intermediates.noindex/JPNetworking.build/Debug-xros/JPNetworking-t.build/Objects-normal/arm64/JPNetworking.swiftsourceinfo /Users/admin/builder/spi-builder-workspace/.derivedData/Build/Products/Debug-xros/JPNetworking.swiftmodule/Project/arm64-apple-xros.swiftsourceinfo
PruneExplicitPrecompiledModules /Users/admin/builder/spi-builder-workspace/.derivedData/Build/Intermediates.noindex/SwiftExplicitPrecompiledModules
PruneExplicitPrecompiledModules /Users/admin/builder/spi-builder-workspace/.derivedData/Build/Intermediates.noindex/ExplicitPrecompiledModules
PruneExplicitPrecompiledModules /Users/admin/builder/spi-builder-workspace/.derivedData/SDKExplicitPrecompiledModules
2026-09-22 22:14:00.573 xcodebuild[623:3928] [MT] IDERunDestination: Supported platforms for the buildables in the current scheme is empty.
** BUILD FAILED **
The following build commands failed:
	SwiftCompile normal arm64 Compiling\ JPNetworking.swift,\ NetworkReachabilityManager.swift /Users/admin/builder/spi-builder-workspace/Sources/JPNetworking/JPNetworking.swift /Users/admin/builder/spi-builder-workspace/Sources/JPNetworking/Reachability/NetworkReachabilityManager.swift (in target 'JPNetworking' from project 'JPNetworking')
	SwiftCompile normal arm64 /Users/admin/builder/spi-builder-workspace/Sources/JPNetworking/Reachability/NetworkReachabilityManager.swift (in target 'JPNetworking' from project 'JPNetworking')
	Building workspace JPNetworking with scheme JPNetworking
(3 failures)
Command line invocation:
    /Applications/Xcode-27.0.0-Release.Candidate.app/Contents/Developer/usr/bin/xcodebuild -IDEClonedSourcePackagesDirPathOverride=/Users/admin/builder/spi-builder-workspace/.dependencies -resolvePackageDependencies
Resolve Package Graph
Resolved source packages:
  JPNetworking: /Users/admin/builder/spi-builder-workspace
resolved source packages: JPNetworking
2026-09-22 22:14:10.608 xcodebuild[762:4575] [MT] IDERunDestination: Supported platforms for the buildables in the current scheme is empty.
{
  "dependencies" : [
  ],
  "manifest_display_name" : "JPNetworking",
  "name" : "JPNetworking",
  "path" : "/Users/admin/builder/spi-builder-workspace",
  "platforms" : [
    {
      "name" : "ios",
      "version" : "13.0"
    },
    {
      "name" : "macos",
      "version" : "10.15"
    },
    {
      "name" : "tvos",
      "version" : "13.0"
    },
    {
      "name" : "watchos",
      "version" : "6.0"
    }
  ],
  "products" : [
    {
      "name" : "JPNetworking",
      "targets" : [
        "JPNetworking"
      ],
      "type" : {
        "library" : [
          "automatic"
        ]
      }
    }
  ],
  "targets" : [
    {
      "c99name" : "JPNetworkingTests",
      "module_type" : "SwiftTarget",
      "name" : "JPNetworkingTests",
      "path" : "Tests/JPNetworkingTests",
      "sources" : [
        "AdvancedFeaturesTests.swift",
        "AuthenticationInterceptorTests.swift",
        "CachingRetryTests.swift",
        "SwiftNetFrameworkTests.swift",
        "SwiftNetTests.swift",
        "TokenRefreshTests.swift"
      ],
      "target_dependencies" : [
        "JPNetworking"
      ],
      "type" : "test"
    },
    {
      "c99name" : "JPNetworking",
      "module_type" : "SwiftTarget",
      "name" : "JPNetworking",
      "path" : "Sources/JPNetworking",
      "product_memberships" : [
        "JPNetworking"
      ],
      "sources" : [
        "ActivityIndicator/NetworkActivityIndicatorManager.swift",
        "Authentication/AuthenticationProvider.swift",
        "Caching/CacheManager.swift",
        "Caching/CachePolicy.swift",
        "Core/NetworkError.swift",
        "Core/NetworkManager.swift",
        "Core/Request.swift",
        "Core/Response.swift",
        "Downloads/BackgroundTaskManager.swift",
        "Downloads/ProgressTracker.swift",
        "Extensions/SwiftNetExtensions.swift",
        "Interceptors/Interceptor.swift",
        "JPNetworking.swift",
        "Reachability/NetworkReachabilityManager.swift",
        "Retry/RetryManager.swift",
        "Security/SSLPinningManager.swift",
        "Serialization/ResponseSerializer.swift",
        "Utilities/Logger.swift"
      ],
      "type" : "library"
    }
  ],
  "tools_version" : "5.7"
}
{
  "workspace" : {
    "name" : "JPNetworking",
    "schemes" : [
      "JPNetworking"
    ]
  }
}
2026-09-22 22:14:11.799 xcodebuild[770:4647] [MT] IDERunDestination: Supported platforms for the buildables in the current scheme is empty.
Running build ...
env DEVELOPER_DIR=/Applications/Xcode-27.0.0-Release.Candidate.app xcrun xcodebuild -IDEClonedSourcePackagesDirPathOverride=$PWD/.dependencies -skipMacroValidation -skipPackagePluginValidation -derivedDataPath $PWD/.derivedData build -scheme JPNetworking -destination generic/platform=xrOS
Command line invocation:
    /Applications/Xcode-27.0.0-Release.Candidate.app/Contents/Developer/usr/bin/xcodebuild -IDEClonedSourcePackagesDirPathOverride=/Users/admin/builder/spi-builder-workspace/.dependencies -skipMacroValidation -skipPackagePluginValidation -derivedDataPath /Users/admin/builder/spi-builder-workspace/.derivedData build -scheme JPNetworking -destination generic/platform=xrOS
Resolve Package Graph
Resolved source packages:
  JPNetworking: /Users/admin/builder/spi-builder-workspace
ComputePackagePrebuildTargetDependencyGraph
Prepare packages
CreateBuildRequest
SendProjectDescription
CreateBuildOperation
ComputeTargetDependencyGraph
note: Building targets in dependency order
note: Target dependency graph (2 targets)
    Target 'JPNetworking-product' in project 'JPNetworking'
        ➜ Explicit dependency on target 'JPNetworking' in project 'JPNetworking'
    Target 'JPNetworking' in project 'JPNetworking' (no dependencies)
GatherProvisioningInputs
CreateBuildDescription
ClangStatCache /Applications/Xcode-27.0.0-Release.Candidate.app/Contents/Developer/Toolchains/XcodeDefault.xctoolchain/usr/bin/clang-stat-cache /Applications/Xcode-27.0.0-Release.Candidate.app/Contents/Developer/Platforms/XROS.platform/Developer/SDKs/XROS27.0.sdk /Users/admin/builder/spi-builder-workspace/.derivedData/SDKStatCaches.noindex/xros27.0-24M361-e829b21a6f8c9b70876ba0858053c044735bd543db762f57723cac368afd1ce4.sdkstatcache
    cd /Users/admin/builder/spi-builder-workspace/.swiftpm/xcode
    /Applications/Xcode-27.0.0-Release.Candidate.app/Contents/Developer/Toolchains/XcodeDefault.xctoolchain/usr/bin/clang-stat-cache /Applications/Xcode-27.0.0-Release.Candidate.app/Contents/Developer/Platforms/XROS.platform/Developer/SDKs/XROS27.0.sdk -o /Users/admin/builder/spi-builder-workspace/.derivedData/SDKStatCaches.noindex/xros27.0-24M361-e829b21a6f8c9b70876ba0858053c044735bd543db762f57723cac368afd1ce4.sdkstatcache
SwiftDriver JPNetworking normal arm64 com.apple.xcode.tools.swift.compiler (in target 'JPNetworking' from project 'JPNetworking')
    cd /Users/admin/builder/spi-builder-workspace/.swiftpm/xcode
    builtin-SwiftDriver -- /Applications/Xcode-27.0.0-Release.Candidate.app/Contents/Developer/Toolchains/XcodeDefault.xctoolchain/usr/bin/swiftc -parse-as-library -module-name JPNetworking -Onone @/Users/admin/builder/spi-builder-workspace/.derivedData/Build/Intermediates.noindex/JPNetworking.build/Debug-xros/JPNetworking-t.build/Objects-normal/arm64/JPNetworking.SwiftFileList -DSWIFT_PACKAGE -DDEBUG -DSWIFT_MODULE_RESOURCE_BUNDLE_UNAVAILABLE -DXcode -plugin-path /Applications/Xcode-27.0.0-Release.Candidate.app/Contents/Developer/Toolchains/XcodeDefault.xctoolchain/usr/lib/swift/host/plugins/testing -enable-experimental-feature DebugDescriptionMacro -sdk /Applications/Xcode-27.0.0-Release.Candidate.app/Contents/Developer/Platforms/XROS.platform/Developer/SDKs/XROS27.0.sdk -target arm64-apple-xros1.0 -g -module-cache-path /Users/admin/builder/spi-builder-workspace/.derivedData/ModuleCache.noindex -Xfrontend -serialize-debugging-options -profile-coverage-mapping -profile-generate -enable-testing -index-store-path /Users/admin/builder/spi-builder-workspace/.derivedData/Index.noindex/DataStore -Xcc -D_LIBCPP_HARDENING_MODE\=_LIBCPP_HARDENING_MODE_DEBUG -swift-version 5 -I /Users/admin/builder/spi-builder-workspace/.derivedData/Build/Products/Debug-xros -Isystem /Applications/Xcode-27.0.0-Release.Candidate.app/Contents/Developer/Platforms/XROS.platform/Developer/usr/lib -F /Users/admin/builder/spi-builder-workspace/.derivedData/Build/Products/Debug-xros -F /Applications/Xcode-27.0.0-Release.Candidate.app/Contents/Developer/Platforms/XROS.platform/Developer/Library/Frameworks -F /Applications/Xcode-27.0.0-Release.Candidate.app/Contents/Developer/Platforms/XROS.platform/Developer/SDKs/XROS27.0.sdk/Developer/Library/Frameworks -c -j10 -enable-batch-mode -incremental -Xcc -ivfsstatcache -Xcc /Users/admin/builder/spi-builder-workspace/.derivedData/SDKStatCaches.noindex/xros27.0-24M361-e829b21a6f8c9b70876ba0858053c044735bd543db762f57723cac368afd1ce4.sdkstatcache -output-file-map /Users/admin/builder/spi-builder-workspace/.derivedData/Build/Intermediates.noindex/JPNetworking.build/Debug-xros/JPNetworking-t.build/Objects-normal/arm64/JPNetworking-OutputFileMap.json -save-temps -no-color-diagnostics -explicit-module-build -module-cache-path /Users/admin/builder/spi-builder-workspace/.derivedData/Build/Intermediates.noindex/SwiftExplicitPrecompiledModules -clang-scanner-module-cache-path /Users/admin/builder/spi-builder-workspace/.derivedData/ModuleCache.noindex -sdk-module-cache-path /Users/admin/builder/spi-builder-workspace/.derivedData/SDKExplicitPrecompiledModules -emit-dependencies -emit-module -emit-module-path /Users/admin/builder/spi-builder-workspace/.derivedData/Build/Intermediates.noindex/JPNetworking.build/Debug-xros/JPNetworking-t.build/Objects-normal/arm64/JPNetworking.swiftmodule -serialize-diagnostics -dependency-scan-serialize-diagnostics-path /Users/admin/builder/spi-builder-workspace/.derivedData/Build/Intermediates.noindex/JPNetworking.build/Debug-xros/JPNetworking-t.build/Objects-normal/arm64/JPNetworking-dependency-scan.dia -validate-clang-modules-once -clang-build-session-file /Users/admin/builder/spi-builder-workspace/.derivedData/ModuleCache.noindex/Session.modulevalidation -Xcc -fmodules-prune-interval\=86400 -Xcc -fmodules-prune-after\=345600 -emit-const-values -const-gather-protocols-list /Users/admin/builder/spi-builder-workspace/.derivedData/Build/Intermediates.noindex/JPNetworking.build/Debug-xros/JPNetworking-t.build/Objects-normal/arm64/JPNetworking_const_extract_protocols.json -Xcc -I/Users/admin/builder/spi-builder-workspace/.derivedData/Build/Products/Debug-xros/include -Xcc -I/Users/admin/builder/spi-builder-workspace/.derivedData/Build/Intermediates.noindex/JPNetworking.build/Debug-xros/JPNetworking-t.build/DerivedSources-normal/arm64 -Xcc -I/Users/admin/builder/spi-builder-workspace/.derivedData/Build/Intermediates.noindex/JPNetworking.build/Debug-xros/JPNetworking-t.build/DerivedSources/arm64 -Xcc -I/Users/admin/builder/spi-builder-workspace/.derivedData/Build/Intermediates.noindex/JPNetworking.build/Debug-xros/JPNetworking-t.build/DerivedSources -Xcc -DSWIFT_PACKAGE -Xcc -DDEBUG\=1 -emit-objc-header -emit-objc-header-path /Users/admin/builder/spi-builder-workspace/.derivedData/Build/Intermediates.noindex/JPNetworking.build/Debug-xros/JPNetworking-t.build/Objects-normal/arm64/JPNetworking-Swift.h -working-directory /Users/admin/builder/spi-builder-workspace/.swiftpm/xcode -experimental-emit-module-separately -disable-cmo
SwiftCompile normal arm64 Compiling\ NetworkActivityIndicatorManager.swift /Users/admin/builder/spi-builder-workspace/Sources/JPNetworking/ActivityIndicator/NetworkActivityIndicatorManager.swift (in target 'JPNetworking' from project 'JPNetworking')
SwiftCompile normal arm64 /Users/admin/builder/spi-builder-workspace/Sources/JPNetworking/ActivityIndicator/NetworkActivityIndicatorManager.swift (in target 'JPNetworking' from project 'JPNetworking')
    cd /Users/admin/builder/spi-builder-workspace/.swiftpm/xcode
    builtin-SwiftPerFileCompile NetworkActivityIndicatorManager.swift
/Users/admin/builder/spi-builder-workspace/Sources/JPNetworking/ActivityIndicator/NetworkActivityIndicatorManager.swift:241:61: warning: main actor-isolated static property 'shared' can not be referenced from a nonisolated context; this is an error in the Swift 6 language mode
 47 | public final class NetworkActivityIndicatorManager: ObservableObject {
 48 |
 49 |     public static let shared = NetworkActivityIndicatorManager()
    |                       `- note: static property declared here
 50 |
 51 |     // MARK: - Properties
    :
239 |     private let identifier: UUID
240 |
241 |     public init(manager: NetworkActivityIndicatorManager = .shared) {
    |                                                             `- warning: main actor-isolated static property 'shared' can not be referenced from a nonisolated context; this is an error in the Swift 6 language mode
242 |         self.manager = manager
243 |         self.identifier = UUID()
SwiftCompile normal arm64 Compiling\ JPNetworking.swift /Users/admin/builder/spi-builder-workspace/Sources/JPNetworking/JPNetworking.swift (in target 'JPNetworking' from project 'JPNetworking')
/Users/admin/builder/spi-builder-workspace/Sources/JPNetworking/JPNetworking.swift:91:13: warning: main actor-isolated static property 'globalManager' can not be mutated from a Sendable closure
 57 |
 58 |     /// Global NetworkManager instance
 59 |     private static var globalManager = NetworkManager.shared
    |                        `- note: mutation of this static property is only permitted within the actor
 60 |
 61 |     /// Thread-safe access queue for global manager
    :
 89 |
 90 |         configurationQueue.async(flags: .barrier) {
 91 |             globalManager = NetworkManager(configuration: configuration, session: session)
    |             `- warning: main actor-isolated static property 'globalManager' can not be mutated from a Sendable closure
 92 |         }
 93 |     }
/Users/admin/builder/spi-builder-workspace/Sources/JPNetworking/JPNetworking.swift:91:29: warning: call to main actor-isolated initializer 'init(configuration:session:cacheManager:retryManager:)' in a synchronous nonisolated context [#ActorIsolatedCall]
 89 |
 90 |         configurationQueue.async(flags: .barrier) {
 91 |             globalManager = NetworkManager(configuration: configuration, session: session)
    |                             `- warning: call to main actor-isolated initializer 'init(configuration:session:cacheManager:retryManager:)' in a synchronous nonisolated context [#ActorIsolatedCall]
 92 |         }
 93 |     }
/Users/admin/builder/spi-builder-workspace/Sources/JPNetworking/Core/NetworkManager.swift:134:12: note: calls to initializer 'init(configuration:session:cacheManager:retryManager:)' from outside of its actor context are implicitly asynchronous
132 |     ///   - cacheManager: Cache manager instance
133 |     ///   - retryManager: Retry manager instance
134 |     public init(
    |            `- note: calls to initializer 'init(configuration:session:cacheManager:retryManager:)' from outside of its actor context are implicitly asynchronous
135 |         configuration: NetworkConfiguration = NetworkConfiguration(),
136 |         session: URLSession = .shared,
/Users/admin/builder/spi-builder-workspace/Sources/JPNetworking/JPNetworking.swift:98:13: warning: main actor-isolated static property 'globalManager' can not be mutated from a Sendable closure
 57 |
 58 |     /// Global NetworkManager instance
 59 |     private static var globalManager = NetworkManager.shared
    |                        `- note: mutation of this static property is only permitted within the actor
 60 |
 61 |     /// Thread-safe access queue for global manager
    :
 96 |     public static func resetConfiguration() {
 97 |         configurationQueue.async(flags: .barrier) {
 98 |             globalManager = NetworkManager.shared
    |             `- warning: main actor-isolated static property 'globalManager' can not be mutated from a Sendable closure
 99 |         }
100 |     }
SwiftCompile normal arm64 /Users/admin/builder/spi-builder-workspace/Sources/JPNetworking/JPNetworking.swift (in target 'JPNetworking' from project 'JPNetworking')
    cd /Users/admin/builder/spi-builder-workspace/.swiftpm/xcode
    builtin-SwiftPerFileCompile JPNetworking.swift
SwiftCompile normal arm64 Compiling\ AuthenticationProvider.swift /Users/admin/builder/spi-builder-workspace/Sources/JPNetworking/Authentication/AuthenticationProvider.swift (in target 'JPNetworking' from project 'JPNetworking')
SwiftCompile normal arm64 /Users/admin/builder/spi-builder-workspace/Sources/JPNetworking/Authentication/AuthenticationProvider.swift (in target 'JPNetworking' from project 'JPNetworking')
    cd /Users/admin/builder/spi-builder-workspace/.swiftpm/xcode
    builtin-SwiftPerFileCompile AuthenticationProvider.swift
/Users/admin/builder/spi-builder-workspace/Sources/JPNetworking/Authentication/AuthenticationProvider.swift:61:17: warning: stored property 'expirationDate' of 'Sendable'-conforming class 'BearerTokenAuth' is mutable; this is an error in the Swift 6 language mode
 59 |     private let refreshURL: String?
 60 |     private let tokenType: String
 61 |     private var expirationDate: Date?
    |                 `- warning: stored property 'expirationDate' of 'Sendable'-conforming class 'BearerTokenAuth' is mutable; this is an error in the Swift 6 language mode
 62 |
 63 |     private var currentToken: String
SwiftCompile normal arm64 Compiling\ Logger.swift /Users/admin/builder/spi-builder-workspace/Sources/JPNetworking/Utilities/Logger.swift (in target 'JPNetworking' from project 'JPNetworking')
SwiftCompile normal arm64 /Users/admin/builder/spi-builder-workspace/Sources/JPNetworking/Utilities/Logger.swift (in target 'JPNetworking' from project 'JPNetworking')
    cd /Users/admin/builder/spi-builder-workspace/.swiftpm/xcode
    builtin-SwiftPerFileCompile Logger.swift
SwiftCompile normal arm64 Compiling\ ResponseSerializer.swift /Users/admin/builder/spi-builder-workspace/Sources/JPNetworking/Serialization/ResponseSerializer.swift (in target 'JPNetworking' from project 'JPNetworking')
SwiftCompile normal arm64 /Users/admin/builder/spi-builder-workspace/Sources/JPNetworking/Serialization/ResponseSerializer.swift (in target 'JPNetworking' from project 'JPNetworking')
    cd /Users/admin/builder/spi-builder-workspace/.swiftpm/xcode
    builtin-SwiftPerFileCompile ResponseSerializer.swift
SwiftEmitModule normal arm64 Emitting\ module\ for\ JPNetworking (in target 'JPNetworking' from project 'JPNetworking')
/Users/admin/builder/spi-builder-workspace/Sources/JPNetworking/ActivityIndicator/NetworkActivityIndicatorManager.swift:241:61: warning: main actor-isolated static property 'shared' can not be referenced from a nonisolated context; this is an error in the Swift 6 language mode
 47 | public final class NetworkActivityIndicatorManager: ObservableObject {
 48 |
 49 |     public static let shared = NetworkActivityIndicatorManager()
    |                       `- note: static property declared here
 50 |
 51 |     // MARK: - Properties
    :
239 |     private let identifier: UUID
240 |
241 |     public init(manager: NetworkActivityIndicatorManager = .shared) {
    |                                                             `- warning: main actor-isolated static property 'shared' can not be referenced from a nonisolated context; this is an error in the Swift 6 language mode
242 |         self.manager = manager
243 |         self.identifier = UUID()
/Users/admin/builder/spi-builder-workspace/Sources/JPNetworking/Authentication/AuthenticationProvider.swift:61:17: warning: stored property 'expirationDate' of 'Sendable'-conforming class 'BearerTokenAuth' is mutable; this is an error in the Swift 6 language mode
 59 |     private let refreshURL: String?
 60 |     private let tokenType: String
 61 |     private var expirationDate: Date?
    |                 `- warning: stored property 'expirationDate' of 'Sendable'-conforming class 'BearerTokenAuth' is mutable; this is an error in the Swift 6 language mode
 62 |
 63 |     private var currentToken: String
SwiftCompile normal arm64 (in target 'JPNetworking' from project 'JPNetworking')
    cd /Users/admin/builder/spi-builder-workspace/.swiftpm/xcode

SwiftCompile normal arm64 Compiling\ NetworkReachabilityManager.swift /Users/admin/builder/spi-builder-workspace/Sources/JPNetworking/Reachability/NetworkReachabilityManager.swift (in target 'JPNetworking' from project 'JPNetworking')
/Users/admin/builder/spi-builder-workspace/Sources/JPNetworking/Reachability/NetworkReachabilityManager.swift:133:14: warning: capture of 'self' in a closure that outlives deinit; this is an error in the Swift 6 language mode
131 |
132 |     deinit {
133 |         Task {
    |              `- warning: capture of 'self' in a closure that outlives deinit; this is an error in the Swift 6 language mode
134 |             await stopListening()
135 |         }
/Users/admin/builder/spi-builder-workspace/Sources/JPNetworking/Reachability/NetworkReachabilityManager.swift:455:51: error: use of local variable 'handlerID' before its declaration
449 |
450 |             // Listen for reachability
451 |             let handlerID = startListening { status in
    |                 `- note: 'handlerID' declared here
452 |                 if status.isReachable && !hasReturned {
453 |                     hasReturned = true
454 |                     Task {
455 |                         await self.removeListener(handlerID!)
    |                                                   `- error: use of local variable 'handlerID' before its declaration
456 |                     }
457 |                     continuation.resume(returning: true)
Failed frontend command:
/Applications/Xcode-27.0.0-Release.Candidate.app/Contents/Developer/Toolchains/XcodeDefault.xctoolchain/usr/bin/swift-frontend -frontend -c /Users/admin/builder/spi-builder-workspace/Sources/JPNetworking/ActivityIndicator/NetworkActivityIndicatorManager.swift /Users/admin/builder/spi-builder-workspace/Sources/JPNetworking/Authentication/AuthenticationProvider.swift /Users/admin/builder/spi-builder-workspace/Sources/JPNetworking/Caching/CacheManager.swift /Users/admin/builder/spi-builder-workspace/Sources/JPNetworking/Caching/CachePolicy.swift /Users/admin/builder/spi-builder-workspace/Sources/JPNetworking/Core/NetworkError.swift /Users/admin/builder/spi-builder-workspace/Sources/JPNetworking/Core/NetworkManager.swift /Users/admin/builder/spi-builder-workspace/Sources/JPNetworking/Core/Request.swift /Users/admin/builder/spi-builder-workspace/Sources/JPNetworking/Core/Response.swift /Users/admin/builder/spi-builder-workspace/Sources/JPNetworking/Downloads/BackgroundTaskManager.swift /Users/admin/builder/spi-builder-workspace/Sources/JPNetworking/Downloads/ProgressTracker.swift /Users/admin/builder/spi-builder-workspace/Sources/JPNetworking/Extensions/SwiftNetExtensions.swift /Users/admin/builder/spi-builder-workspace/Sources/JPNetworking/Interceptors/Interceptor.swift /Users/admin/builder/spi-builder-workspace/Sources/JPNetworking/JPNetworking.swift -primary-file /Users/admin/builder/spi-builder-workspace/Sources/JPNetworking/Reachability/NetworkReachabilityManager.swift /Users/admin/builder/spi-builder-workspace/Sources/JPNetworking/Retry/RetryManager.swift /Users/admin/builder/spi-builder-workspace/Sources/JPNetworking/Security/SSLPinningManager.swift /Users/admin/builder/spi-builder-workspace/Sources/JPNetworking/Serialization/ResponseSerializer.swift /Users/admin/builder/spi-builder-workspace/Sources/JPNetworking/Utilities/Logger.swift -emit-dependencies-path /Users/admin/builder/spi-builder-workspace/.derivedData/Build/Intermediates.noindex/JPNetworking.build/Debug-xros/JPNetworking-t.build/Objects-normal/arm64/NetworkReachabilityManager.d -emit-const-values-path /Users/admin/builder/spi-builder-workspace/.derivedData/Build/Intermediates.noindex/JPNetworking.build/Debug-xros/JPNetworking-t.build/Objects-normal/arm64/NetworkReachabilityManager.swiftconstvalues -emit-reference-dependencies-path /Users/admin/builder/spi-builder-workspace/.derivedData/Build/Intermediates.noindex/JPNetworking.build/Debug-xros/JPNetworking-t.build/Objects-normal/arm64/NetworkReachabilityManager.swiftdeps -serialize-diagnostics-path /Users/admin/builder/spi-builder-workspace/.derivedData/Build/Intermediates.noindex/JPNetworking.build/Debug-xros/JPNetworking-t.build/Objects-normal/arm64/NetworkReachabilityManager.dia -target arm64-apple-xros1.0 -module-can-import-version SwiftUI 8.0.84.1 8.0.84 -module-can-import-version UIKit 9127.0.84.1 9127.0.84 -disable-cross-import-overlay-search -load-resolved-plugin /Applications/Xcode-27.0.0-Release.Candidate.app/Contents/Developer/Platforms/XROS.platform/Developer/usr/lib/swift/host/plugins/libFoundationMacros.dylib\#/Applications/Xcode-27.0.0-Release.Candidate.app/Contents/Developer/Platforms/XROS.platform/Developer/usr/bin/swift-plugin-server\#FoundationMacros -load-resolved-plugin /Applications/Xcode-27.0.0-Release.Candidate.app/Contents/Developer/Platforms/XROS.platform/Developer/usr/lib/swift/host/plugins/libObservationMacros.dylib\#/Applications/Xcode-27.0.0-Release.Candidate.app/Contents/Developer/Platforms/XROS.platform/Developer/usr/bin/swift-plugin-server\#ObservationMacros -load-resolved-plugin /Applications/Xcode-27.0.0-Release.Candidate.app/Contents/Developer/Platforms/XROS.platform/Developer/usr/lib/swift/host/plugins/libPreviewsMacros.dylib\#/Applications/Xcode-27.0.0-Release.Candidate.app/Contents/Developer/Platforms/XROS.platform/Developer/usr/bin/swift-plugin-server\#PreviewsMacros -load-resolved-plugin /Applications/Xcode-27.0.0-Release.Candidate.app/Contents/Developer/Platforms/XROS.platform/Developer/usr/lib/swift/host/plugins/libSwiftMacros.dylib\#/Applications/Xcode-27.0.0-Release.Candidate.app/Contents/Developer/Platforms/XROS.platform/Developer/usr/bin/swift-plugin-server\#SwiftMacros -load-resolved-plugin /Applications/Xcode-27.0.0-Release.Candidate.app/Contents/Developer/Platforms/XROS.platform/Developer/usr/lib/swift/host/plugins/libSwiftUIMacros.dylib\#/Applications/Xcode-27.0.0-Release.Candidate.app/Contents/Developer/Platforms/XROS.platform/Developer/usr/bin/swift-plugin-server\#SwiftUIMacros -disable-implicit-swift-modules -Xcc -fno-implicit-modules -Xcc -fno-implicit-module-maps -explicit-swift-module-map-file /Users/admin/builder/spi-builder-workspace/.derivedData/Build/Intermediates.noindex/JPNetworking.build/Debug-xros/JPNetworking-t.build/Objects-normal/arm64/JPNetworking-dependencies-1.json -Xllvm -aarch64-use-tbi -enable-objc-interop -stack-check -sdk /Applications/Xcode-27.0.0-Release.Candidate.app/Contents/Developer/Platforms/XROS.platform/Developer/SDKs/XROS27.0.sdk -I /Users/admin/builder/spi-builder-workspace/.derivedData/Build/Products/Debug-xros -Isystem /Applications/Xcode-27.0.0-Release.Candidate.app/Contents/Developer/Platforms/XROS.platform/Developer/usr/lib -F /Users/admin/builder/spi-builder-workspace/.derivedData/Build/Products/Debug-xros -F /Applications/Xcode-27.0.0-Release.Candidate.app/Contents/Developer/Platforms/XROS.platform/Developer/Library/Frameworks -F /Applications/Xcode-27.0.0-Release.Candidate.app/Contents/Developer/Platforms/XROS.platform/Developer/SDKs/XROS27.0.sdk/Developer/Library/Frameworks -module-cache-path /Users/admin/builder/spi-builder-workspace/.derivedData/Build/Intermediates.noindex/SwiftExplicitPrecompiledModules -no-color-diagnostics -Xcc -fno-color-diagnostics -enable-testing -g -debug-info-format\=dwarf -dwarf-version\=4 -profile-generate -profile-coverage-mapping -swift-version 5 -Onone -D SWIFT_PACKAGE -D DEBUG -D SWIFT_MODULE_RESOURCE_BUNDLE_UNAVAILABLE -D Xcode -serialize-debugging-options -enable-experimental-feature DebugDescriptionMacro -empty-abi-descriptor -validate-clang-modules-once -clang-build-session-file /Users/admin/builder/spi-builder-workspace/.derivedData/ModuleCache.noindex/Session.modulevalidation -Xcc -working-directory -Xcc /Users/admin/builder/spi-builder-workspace/.swiftpm/xcode -enable-anonymous-context-mangled-names -file-compilation-dir /Users/admin/builder/spi-builder-workspace/.swiftpm/xcode -Xcc -D_LIBCPP_HARDENING_MODE\=_LIBCPP_HARDENING_MODE_DEBUG -Xcc -ivfsstatcache -Xcc /Users/admin/builder/spi-builder-workspace/.derivedData/SDKStatCaches.noindex/xros27.0-24M361-e829b21a6f8c9b70876ba0858053c044735bd543db762f57723cac368afd1ce4.sdkstatcache -Xcc -fmodules-prune-interval\=86400 -Xcc -fmodules-prune-after\=345600 -Xcc -I/Users/admin/builder/spi-builder-workspace/.derivedData/Build/Products/Debug-xros/include -Xcc -I/Users/admin/builder/spi-builder-workspace/.derivedData/Build/Intermediates.noindex/JPNetworking.build/Debug-xros/JPNetworking-t.build/DerivedSources-normal/arm64 -Xcc -I/Users/admin/builder/spi-builder-workspace/.derivedData/Build/Intermediates.noindex/JPNetworking.build/Debug-xros/JPNetworking-t.build/DerivedSources/arm64 -Xcc -I/Users/admin/builder/spi-builder-workspace/.derivedData/Build/Intermediates.noindex/JPNetworking.build/Debug-xros/JPNetworking-t.build/DerivedSources -Xcc -DSWIFT_PACKAGE -Xcc -DDEBUG\=1 -no-auto-bridging-header-chaining -module-name JPNetworking -const-gather-protocols-file /Users/admin/builder/spi-builder-workspace/.derivedData/Build/Intermediates.noindex/JPNetworking.build/Debug-xros/JPNetworking-t.build/Objects-normal/arm64/JPNetworking_const_extract_protocols.json -disable-clang-spi -clang-target arm64-apple-xros27.0 -target-sdk-version 27.0 -target-sdk-name xros27.0 -in-process-plugin-server-path /Applications/Xcode-27.0.0-Release.Candidate.app/Contents/Developer/Toolchains/XcodeDefault.xctoolchain/usr/lib/swift/host/libSwiftInProcPluginServer.dylib -parse-as-library -o /Users/admin/builder/spi-builder-workspace/.derivedData/Build/Intermediates.noindex/JPNetworking.build/Debug-xros/JPNetworking-t.build/Objects-normal/arm64/NetworkReachabilityManager.o -debug-module-path /Users/admin/builder/spi-builder-workspace/.derivedData/Build/Intermediates.noindex/JPNetworking.build/Debug-xros/JPNetworking-t.build/Objects-normal/arm64/JPNetworking.swiftmodule -index-unit-output-path /JPNetworking.build/Debug-xros/JPNetworking-t.build/Objects-normal/arm64/NetworkReachabilityManager.o -index-store-path /Users/admin/builder/spi-builder-workspace/.derivedData/Index.noindex/DataStore -index-system-modules
SwiftCompile normal arm64 /Users/admin/builder/spi-builder-workspace/Sources/JPNetworking/Reachability/NetworkReachabilityManager.swift (in target 'JPNetworking' from project 'JPNetworking')
    cd /Users/admin/builder/spi-builder-workspace/.swiftpm/xcode
    builtin-SwiftPerFileCompile NetworkReachabilityManager.swift
PruneExplicitPrecompiledModules /Users/admin/builder/spi-builder-workspace/.derivedData/Build/Intermediates.noindex/SwiftExplicitPrecompiledModules
PruneExplicitPrecompiledModules /Users/admin/builder/spi-builder-workspace/.derivedData/SDKExplicitPrecompiledModules
PruneExplicitPrecompiledModules /Users/admin/builder/spi-builder-workspace/.derivedData/Build/Intermediates.noindex/ExplicitPrecompiledModules
2026-09-22 22:14:12.712 xcodebuild[771:4677] [MT] IDERunDestination: Supported platforms for the buildables in the current scheme is empty.
** BUILD FAILED **
The following build commands failed:
	SwiftCompile normal arm64 Compiling\ NetworkReachabilityManager.swift /Users/admin/builder/spi-builder-workspace/Sources/JPNetworking/Reachability/NetworkReachabilityManager.swift (in target 'JPNetworking' from project 'JPNetworking')
	SwiftCompile normal arm64 /Users/admin/builder/spi-builder-workspace/Sources/JPNetworking/Reachability/NetworkReachabilityManager.swift (in target 'JPNetworking' from project 'JPNetworking')
	Building workspace JPNetworking with scheme JPNetworking
(3 failures)
BUILD FAILURE 6.4 visionOS