The Swift Package Index logo.Swift Package Index

Build Information

Failed to build PosterFrameKit, reference 0.1.0 (90368c), with Swift 6.3 for macOS (SPM) on 20 Sep 2026 00:55:00 UTC.

Build Command

env DEVELOPER_DIR=/Applications/Xcode-26.5.0.app xcrun swift build --arch arm64

Build Log

========================================
RunAll
========================================
Builder version: 5.1.0
Interrupt handler set up.
========================================
Checkout
========================================
Clone URL: https://github.com/MetaFlashApps/poster-frame-kit.git
Reference: 0.1.0
Initialized empty Git repository in /Users/admin/builder/spi-builder-workspace/.git/
From https://github.com/MetaFlashApps/poster-frame-kit
 * tag               0.1.0      -> FETCH_HEAD
HEAD is now at 90368c8 Initial PosterFrameKit release
Cloned https://github.com/MetaFlashApps/poster-frame-kit.git
Revision (git rev-parse @):
90368c8091511fec4e28e9bf2c5c78eb870d4bf5
SUCCESS checkout https://github.com/MetaFlashApps/poster-frame-kit.git at 0.1.0
========================================
ResolveProductDependencies
========================================
Resolving dependencies ...
{
  "identity": ".resolve-product-dependencies",
  "name": "resolve-dependencies",
  "url": "/Users/admin/builder/spi-builder-workspace/.resolve-product-dependencies",
  "version": "unspecified",
  "path": "/Users/admin/builder/spi-builder-workspace/.resolve-product-dependencies",
  "traits": [
    "default"
  ],
  "dependencies": [
    {
      "identity": "poster-frame-kit",
      "name": "PosterFrameKit",
      "url": "https://github.com/MetaFlashApps/poster-frame-kit.git",
      "version": "unspecified",
      "path": "/Users/admin/builder/spi-builder-workspace/.resolve-product-dependencies/.build/checkouts/poster-frame-kit",
      "traits": [
        "default"
      ],
      "dependencies": [
      ]
    }
  ]
}
Fetching https://github.com/MetaFlashApps/poster-frame-kit.git
[1/374] Fetching poster-frame-kit
Fetched https://github.com/MetaFlashApps/poster-frame-kit.git from cache (1.38s)
Creating working copy for https://github.com/MetaFlashApps/poster-frame-kit.git
Working copy of https://github.com/MetaFlashApps/poster-frame-kit.git resolved at 0.1.0 (90368c8)
warning: '.resolve-product-dependencies': dependency 'poster-frame-kit' is not used by any target
Found 0 product dependencies
========================================
Build
========================================
Selected platform:         macosSpm
Swift version:             6.3
Building package at path:  $PWD
https://github.com/MetaFlashApps/poster-frame-kit.git
Running build ...
env DEVELOPER_DIR=/Applications/Xcode-26.5.0.app xcrun swift build --arch arm64
Building for debugging...
[0/18] Write sources
[4/18] Write PosterFrameKitBenchmark-entitlement.plist
[6/18] Write PosterFrameKitSubtitleBenchmark-entitlement.plist
[7/18] Write PosterFrameKitQualityBenchmark-entitlement.plist
[8/18] Write swift-version-69A768CDF2A0BEE1.txt
[10/58] Emitting module PosterFrameKit
[11/62] Compiling PosterFrameKit PosterFrameAestheticOptions.swift
[12/62] Compiling PosterFrameKit PosterFrameCancellation.swift
[13/62] Compiling PosterFrameKit PosterFrameError.swift
[14/62] Compiling PosterFrameKit PosterFrameFaceOptions.swift
[15/62] Compiling PosterFrameKit FrameScorer.swift
[16/62] Compiling PosterFrameKit ProfileWeights.swift
[17/62] Compiling PosterFrameKit CandidateAccumulator.swift
[18/62] Compiling PosterFrameKit CandidateAnalysisDependencies.swift
[19/62] Compiling PosterFrameKit PosterFrameSample.swift
[20/62] Compiling PosterFrameKit PosterFrameSubtitleOptions.swift
[21/62] Compiling PosterFrameKit PosterFrameWeights.swift
[22/62] Compiling PosterFrameKit CandidatePlanner.swift
[23/62] Compiling PosterFrameKit CandidatePool.swift
[24/62] Compiling PosterFrameKit CandidateRefinementPipeline.swift
[25/62] Compiling PosterFrameKit EvaluatedCandidate.swift
[26/62] Compiling PosterFrameKit PosterFrameResultFactory.swift
[27/62] Compiling PosterFrameKit PosterFrameKit+EmbeddedArtwork.swift
[28/62] Compiling PosterFrameKit PosterFrameKit.swift
[29/62] Compiling PosterFrameKit PosterFrameProfile.swift
[30/62] Compiling PosterFrameKit PosterFrameResult.swift
[31/62] Compiling PosterFrameKit FrameSource.swift
[32/62] Compiling PosterFrameKit AVFoundationEmbeddedArtworkLoader.swift
[33/62] Compiling PosterFrameKit Options.swift
[34/62] Compiling PosterFrameKit PosterFramePerformanceRecorder.swift
[35/62] Compiling PosterFrameKit RefinedCandidate.swift
[36/62] Compiling PosterFrameKit AVFoundationFrameSource.swift
[37/62] Compiling PosterFrameKit PixelBufferImageConverter.swift
[38/62] Compiling PosterFrameKit SubtitleAnalyzing.swift
[39/62] Compiling PosterFrameKitBenchmarkSupport GeneratedFixture.swift
[40/62] Emitting module PosterFrameKitBenchmarkSupport
[41/62] Compiling PosterFrameKit AestheticAnalyzing.swift
/Users/admin/builder/spi-builder-workspace/Sources/PosterFrameKit/Analysis/FrameAnalyzer.swift:99:48: error: ambiguous use of operator '*'
 97 |
 98 |         let interiorPixelCount = Double((buffer.width - 2) * (buffer.height - 2))
 99 |         let maximumGradientSquared = 2 * pow(4 * 255.0, 2)
    |                                                `- error: ambiguous use of operator '*'
100 |         let normalizedMean = gradientTotal / (interiorPixelCount * maximumGradientSquared)
101 |         let sharpness = min(max(sqrt(normalizedMean), 0), 1)
Foundation.Decimal.*:2:20: note: found this candidate in module 'Foundation'
1 | struct Decimal {
2 | public static func * (lhs: Decimal, rhs: Decimal) -> Decimal}
  |                    `- note: found this candidate in module 'Foundation'
3 |
Swift.Double.*:2:20: note: found this candidate in module 'Swift'
1 | struct Double {
2 | public static func * (lhs: Double, rhs: Double) -> Double}
  |                    `- note: found this candidate in module 'Swift'
3 |
[42/62] Compiling PosterFrameKit AestheticCandidateReranker.swift
/Users/admin/builder/spi-builder-workspace/Sources/PosterFrameKit/Analysis/FrameAnalyzer.swift:99:48: error: ambiguous use of operator '*'
 97 |
 98 |         let interiorPixelCount = Double((buffer.width - 2) * (buffer.height - 2))
 99 |         let maximumGradientSquared = 2 * pow(4 * 255.0, 2)
    |                                                `- error: ambiguous use of operator '*'
100 |         let normalizedMean = gradientTotal / (interiorPixelCount * maximumGradientSquared)
101 |         let sharpness = min(max(sqrt(normalizedMean), 0), 1)
Foundation.Decimal.*:2:20: note: found this candidate in module 'Foundation'
1 | struct Decimal {
2 | public static func * (lhs: Decimal, rhs: Decimal) -> Decimal}
  |                    `- note: found this candidate in module 'Foundation'
3 |
Swift.Double.*:2:20: note: found this candidate in module 'Swift'
1 | struct Double {
2 | public static func * (lhs: Double, rhs: Double) -> Double}
  |                    `- note: found this candidate in module 'Swift'
3 |
[43/62] Compiling PosterFrameKit VisionAestheticAnalyzer.swift
/Users/admin/builder/spi-builder-workspace/Sources/PosterFrameKit/Analysis/FrameAnalyzer.swift:99:48: error: ambiguous use of operator '*'
 97 |
 98 |         let interiorPixelCount = Double((buffer.width - 2) * (buffer.height - 2))
 99 |         let maximumGradientSquared = 2 * pow(4 * 255.0, 2)
    |                                                `- error: ambiguous use of operator '*'
100 |         let normalizedMean = gradientTotal / (interiorPixelCount * maximumGradientSquared)
101 |         let sharpness = min(max(sqrt(normalizedMean), 0), 1)
Foundation.Decimal.*:2:20: note: found this candidate in module 'Foundation'
1 | struct Decimal {
2 | public static func * (lhs: Decimal, rhs: Decimal) -> Decimal}
  |                    `- note: found this candidate in module 'Foundation'
3 |
Swift.Double.*:2:20: note: found this candidate in module 'Swift'
1 | struct Double {
2 | public static func * (lhs: Double, rhs: Double) -> Double}
  |                    `- note: found this candidate in module 'Swift'
3 |
[44/62] Compiling PosterFrameKit AnalysisBuffer.swift
/Users/admin/builder/spi-builder-workspace/Sources/PosterFrameKit/Analysis/FrameAnalyzer.swift:99:48: error: ambiguous use of operator '*'
 97 |
 98 |         let interiorPixelCount = Double((buffer.width - 2) * (buffer.height - 2))
 99 |         let maximumGradientSquared = 2 * pow(4 * 255.0, 2)
    |                                                `- error: ambiguous use of operator '*'
100 |         let normalizedMean = gradientTotal / (interiorPixelCount * maximumGradientSquared)
101 |         let sharpness = min(max(sqrt(normalizedMean), 0), 1)
Foundation.Decimal.*:2:20: note: found this candidate in module 'Foundation'
1 | struct Decimal {
2 | public static func * (lhs: Decimal, rhs: Decimal) -> Decimal}
  |                    `- note: found this candidate in module 'Foundation'
3 |
Swift.Double.*:2:20: note: found this candidate in module 'Swift'
1 | struct Double {
2 | public static func * (lhs: Double, rhs: Double) -> Double}
  |                    `- note: found this candidate in module 'Swift'
3 |
[45/62] Compiling PosterFrameKit FrameAnalyzer.swift
/Users/admin/builder/spi-builder-workspace/Sources/PosterFrameKit/Analysis/FrameAnalyzer.swift:99:48: error: ambiguous use of operator '*'
 97 |
 98 |         let interiorPixelCount = Double((buffer.width - 2) * (buffer.height - 2))
 99 |         let maximumGradientSquared = 2 * pow(4 * 255.0, 2)
    |                                                `- error: ambiguous use of operator '*'
100 |         let normalizedMean = gradientTotal / (interiorPixelCount * maximumGradientSquared)
101 |         let sharpness = min(max(sqrt(normalizedMean), 0), 1)
Foundation.Decimal.*:2:20: note: found this candidate in module 'Foundation'
1 | struct Decimal {
2 | public static func * (lhs: Decimal, rhs: Decimal) -> Decimal}
  |                    `- note: found this candidate in module 'Foundation'
3 |
Swift.Double.*:2:20: note: found this candidate in module 'Swift'
1 | struct Double {
2 | public static func * (lhs: Double, rhs: Double) -> Double}
  |                    `- note: found this candidate in module 'Swift'
3 |
[46/62] Compiling PosterFrameKit SubtitleBandHeuristic.swift
[47/62] Compiling PosterFrameKit SubtitleCandidateReranker.swift
[48/62] Compiling PosterFrameKit VisionSubtitleAnalyzer.swift
[49/62] Compiling PosterFrameKit VisionRequestCancellation.swift
[50/62] Compiling PosterFrameKit FaceAnalyzing.swift
[51/62] Compiling PosterFrameKit FaceCandidateReranker.swift
[52/62] Compiling PosterFrameKit VisionFaceAnalyzer.swift
[53/62] Compiling PosterFrameKit FrameMetrics.swift
BUILD FAILURE 6.3 macosSpm