Build Information
Failed to build ExpandableText, reference main (8db39b), with Swift 6.3 for Linux on 14 Oct 2026 22:13:02 UTC.
Build Command
bash -c docker run --pull=always --rm -v "checkouts-53886768-2":/host -w "$PWD" -e JAVA_HOME="/root/.sdkman/candidates/java/current" -e SPI_BUILD="1" -e SPI_PROCESSING="1" registry.gitlab.com/saguaro1/spi-images:linux-6.3-latest swift build --triple x86_64-unknown-linux-gnu 2>&1Build Log
========================================
RunAll
========================================
Builder version: 5.1.3
Interrupt handler set up.
========================================
Checkout
========================================
Clone URL: https://github.com/ivan-magda/swiftui-expandable-text.git
Reference: main
Initialized empty Git repository in /host/spi-builder-workspace/.git/
hint: Using 'master' as the name for the initial branch. This default branch name
hint: is subject to change. To configure the initial branch name to use in all
hint: of your new repositories, which will suppress this warning, call:
hint:
hint: git config --global init.defaultBranch <name>
hint:
hint: Names commonly chosen instead of 'master' are 'main', 'trunk' and
hint: 'development'. The just-created branch can be renamed via this command:
hint:
hint: git branch -m <name>
From https://github.com/ivan-magda/swiftui-expandable-text
* branch main -> FETCH_HEAD
* [new branch] main -> origin/main
HEAD is now at 8db39b5 Use the latest stable Xcode in CI
Cloned https://github.com/ivan-magda/swiftui-expandable-text.git
Revision (git rev-parse @):
8db39b53a9673354b60811a362602aa287cfb22a
SPI manifest file found: $PWD/.spi.yml
SUCCESS checkout https://github.com/ivan-magda/swiftui-expandable-text.git at main
========================================
Build
========================================
Selected platform: linux
Swift version: 6.3
Building package at path: $PWD
https://github.com/ivan-magda/swiftui-expandable-text.git
Running build ...
bash -c docker run --pull=always --rm -v "checkouts-53886768-2":/host -w "$PWD" -e JAVA_HOME="/root/.sdkman/candidates/java/current" -e SPI_BUILD="1" -e SPI_PROCESSING="1" registry.gitlab.com/saguaro1/spi-images:linux-6.3-latest swift build --triple x86_64-unknown-linux-gnu 2>&1
linux-6.3-latest: Pulling from saguaro1/spi-images
Digest: sha256:1b75f3338690e1611bd07d393b988f1cb6c72bd2655b61306c710afc67bb9c44
Status: Image is up to date for registry.gitlab.com/saguaro1/spi-images:linux-6.3-latest
Fetching https://github.com/swiftlang/swift-docc-plugin
[1/2345] Fetching swift-docc-plugin
Fetched https://github.com/swiftlang/swift-docc-plugin from cache (0.60s)
Computing version for https://github.com/swiftlang/swift-docc-plugin
Computed https://github.com/swiftlang/swift-docc-plugin at 1.5.0 (1.48s)
Fetching https://github.com/swiftlang/swift-docc-symbolkit
[1/3838] Fetching swift-docc-symbolkit
Fetched https://github.com/swiftlang/swift-docc-symbolkit from cache (0.64s)
Computing version for https://github.com/swiftlang/swift-docc-symbolkit
Computed https://github.com/swiftlang/swift-docc-symbolkit at 1.0.0 (0.88s)
Creating working copy for https://github.com/swiftlang/swift-docc-plugin
Working copy of https://github.com/swiftlang/swift-docc-plugin resolved at 1.5.0
Creating working copy for https://github.com/swiftlang/swift-docc-symbolkit
Working copy of https://github.com/swiftlang/swift-docc-symbolkit resolved at 1.0.0
[1/1] Compiling plugin Swift-DocC Preview
[2/2] Compiling plugin Swift-DocC
Building for debugging...
[2/4] Write sources
[3/4] Write swift-version-24593BA9C3E375BF.txt
error: emit-module command failed with exit code 1 (use -v to see invocation)
[5/9] Emitting module ExpandableText
/host/spi-builder-workspace/Sources/ExpandableText/ExpandableText+Modifiers.swift:1:8: error: no such module 'SwiftUI'
1 | import SwiftUI
| `- error: no such module 'SwiftUI'
2 |
3 | // MARK: - ExpandableText Modifiers
[6/9] Compiling ExpandableText ExpandableText.swift
/host/spi-builder-workspace/Sources/ExpandableText/ExpandableText+Modifiers.swift:1:8: error: no such module 'SwiftUI'
1 | import SwiftUI
| `- error: no such module 'SwiftUI'
2 |
3 | // MARK: - ExpandableText Modifiers
[7/9] Compiling ExpandableText ExpandableText+Modifiers.swift
/host/spi-builder-workspace/Sources/ExpandableText/ExpandableText+Modifiers.swift:1:8: error: no such module 'SwiftUI'
1 | import SwiftUI
| `- error: no such module 'SwiftUI'
2 |
3 | // MARK: - ExpandableText Modifiers
[8/9] Compiling ExpandableText ViewSizeReader.swift
/host/spi-builder-workspace/Sources/ExpandableText/ExpandableText+Modifiers.swift:1:8: error: no such module 'SwiftUI'
1 | import SwiftUI
| `- error: no such module 'SwiftUI'
2 |
3 | // MARK: - ExpandableText Modifiers
[9/9] Compiling ExpandableText TruncationTextMask.swift
/host/spi-builder-workspace/Sources/ExpandableText/ExpandableText+Modifiers.swift:1:8: error: no such module 'SwiftUI'
1 | import SwiftUI
| `- error: no such module 'SwiftUI'
2 |
3 | // MARK: - ExpandableText Modifiers
BUILD FAILURE 6.3 linux