The Swift Package Index logo.Swift Package Index

Build Information

Failed to build TensorRT, reference main (5eb20b), with Swift 6.4 for Wasm on 25 Sep 2026 21:38:31 UTC.

Build Command

bash -c docker run --pull=always --rm -v "checkouts-54344845-0":/host -w "$PWD" -e JAVA_HOME="/root/.sdkman/candidates/java/current" -e SPI_BUILD="1" -e SPI_PROCESSING="1" registry.gitlab.com/saguaro1/spi-images:wasm-6.4-latest swift build --swift-sdk swift-6.4.x-DEVELOPMENT-SNAPSHOT-2026-09-04-a_wasm 2>&1

Build Log

========================================
RunAll
========================================
Builder version: 5.1.0
Interrupt handler set up.
========================================
Checkout
========================================
Clone URL: https://github.com/wendylabsinc/tensorrt-swift.git
Reference: main
Initialized empty Git repository in /host/spi-builder-workspace/.git/
hint: Using 'master' as the name for the initial branch. This default branch name
hint: is subject to change. To configure the initial branch name to use in all
hint: of your new repositories, which will suppress this warning, call:
hint:
hint: 	git config --global init.defaultBranch <name>
hint:
hint: Names commonly chosen instead of 'master' are 'main', 'trunk' and
hint: 'development'. The just-created branch can be renamed via this command:
hint:
hint: 	git branch -m <name>
From https://github.com/wendylabsinc/tensorrt-swift
 * branch            main       -> FETCH_HEAD
 * [new branch]      main       -> origin/main
HEAD is now at 5eb20b8 Add README social preview image (#11)
Cloned https://github.com/wendylabsinc/tensorrt-swift.git
Revision (git rev-parse @):
5eb20b81851e030f81c235fa165884cdf4334186
SUCCESS checkout https://github.com/wendylabsinc/tensorrt-swift.git at main
========================================
Build
========================================
Selected platform:         wasm
Swift version:             6.4
Building package at path:  $PWD
https://github.com/wendylabsinc/tensorrt-swift.git
Running build ...
bash -c docker run --pull=always --rm -v "checkouts-54344845-0":/host -w "$PWD" -e JAVA_HOME="/root/.sdkman/candidates/java/current" -e SPI_BUILD="1" -e SPI_PROCESSING="1" registry.gitlab.com/saguaro1/spi-images:wasm-6.4-latest swift build --swift-sdk swift-6.4.x-DEVELOPMENT-SNAPSHOT-2026-09-04-a_wasm 2>&1
wasm-6.4-latest: Pulling from saguaro1/spi-images
Digest: sha256:4328fdb43c680d205c1d6761b1e3267aa38277eefdda9ddfb17b6a0f1a77857a
Status: Image is up to date for registry.gitlab.com/saguaro1/spi-images:wasm-6.4-latest
Building for debugging...
[Computing dependencies]
[Pre-planning 1 / 617]
[Constructing 1 / 1190]
[92 / 160] TensorRT
[98 / 165] TensorRT
[111 / 179] TensorRTLLM
error: SwiftCompile normal wasm32 /host/spi-builder-workspace/Sources/TensorRT/Interop/TensorRTRuntimeProbe.swift failed with a nonzero exit code. Command line:     cd /host
    builtin-SwiftPerFileCompile TensorRTRuntimeProbe.swift
[125 / 181] TensorRT
/host/spi-builder-workspace/Sources/TensorRT/Interop/TensorRTRuntimeProbe.swift:41:32: error: cannot find 'dlopen' in scope
39 |
40 |         for candidate in candidates {
41 |             guard let handle = dlopen(candidate, RTLD_LAZY | RTLD_LOCAL) else {
   |                                `- error: cannot find 'dlopen' in scope
42 |                 lastError = dlErrorString() ?? "dlopen failed for \(candidate)"
43 |                 continue
/host/spi-builder-workspace/Sources/TensorRT/Interop/TensorRTRuntimeProbe.swift:41:50: error: cannot find 'RTLD_LAZY' in scope
39 |
40 |         for candidate in candidates {
41 |             guard let handle = dlopen(candidate, RTLD_LAZY | RTLD_LOCAL) else {
   |                                                  `- error: cannot find 'RTLD_LAZY' in scope
42 |                 lastError = dlErrorString() ?? "dlopen failed for \(candidate)"
43 |                 continue
/host/spi-builder-workspace/Sources/TensorRT/Interop/TensorRTRuntimeProbe.swift:41:62: error: cannot find 'RTLD_LOCAL' in scope
39 |
40 |         for candidate in candidates {
41 |             guard let handle = dlopen(candidate, RTLD_LAZY | RTLD_LOCAL) else {
   |                                                              `- error: cannot find 'RTLD_LOCAL' in scope
42 |                 lastError = dlErrorString() ?? "dlopen failed for \(candidate)"
43 |                 continue
/host/spi-builder-workspace/Sources/TensorRT/Interop/TensorRTRuntimeProbe.swift:45:21: error: cannot find 'dlclose' in scope
43 |                 continue
44 |             }
45 |             defer { dlclose(handle) }
   |                     `- error: cannot find 'dlclose' in scope
46 |
47 |             do {
/host/spi-builder-workspace/Sources/TensorRT/Interop/TensorRTRuntimeProbe.swift:63:29: error: cannot find 'dlsym' in scope
61 |
62 |         func load(_ symbol: String) throws -> IntFn {
63 |             guard let sym = dlsym(handle, symbol) else {
   |                             `- error: cannot find 'dlsym' in scope
64 |                 throw TensorRTError.runtimeUnavailable("Missing TensorRT symbol \(symbol): \(dlErrorString() ?? "unknown error")")
65 |             }
/host/spi-builder-workspace/Sources/TensorRT/Interop/TensorRTRuntimeProbe.swift:82:25: error: cannot find 'dlerror' in scope
80 |
81 |     private static func dlErrorString() -> String? {
82 |         guard let err = dlerror() else { return nil }
   |                         `- error: cannot find 'dlerror' in scope
83 |         return String(cString: err)
84 |     }
Failed frontend command:
/usr/bin/swift-frontend -frontend -c /host/spi-builder-workspace/Sources/TensorRT/Interop/NativeScaffolding.swift -primary-file /host/spi-builder-workspace/Sources/TensorRT/Interop/TensorRTRuntimeProbe.swift /host/spi-builder-workspace/Sources/TensorRT/Interop/TensorRTSystem.swift /host/spi-builder-workspace/Sources/TensorRT/TensorRT.swift /host/spi-builder-workspace/Sources/TensorRT/_SwiftVersionCheck.swift -emit-dependencies-path /host/spi-builder-workspace/.build/out/Intermediates.noindex/TensorRT.build/Debug-webassembly-wasm32/TensorRT-t.build/Objects-normal/wasm32/TensorRTRuntimeProbe.d -emit-const-values-path /host/spi-builder-workspace/.build/out/Intermediates.noindex/TensorRT.build/Debug-webassembly-wasm32/TensorRT-t.build/Objects-normal/wasm32/TensorRTRuntimeProbe.swiftconstvalues -emit-reference-dependencies-path /host/spi-builder-workspace/.build/out/Intermediates.noindex/TensorRT.build/Debug-webassembly-wasm32/TensorRT-t.build/Objects-normal/wasm32/TensorRTRuntimeProbe.swiftdeps -serialize-diagnostics-path /host/spi-builder-workspace/.build/out/Intermediates.noindex/TensorRT.build/Debug-webassembly-wasm32/TensorRT-t.build/Objects-normal/wasm32/TensorRTRuntimeProbe.dia -target wasm32-unknown-wasip1 -disable-objc-interop -sdk /root/.swiftpm/swift-sdks/swift-6.4.x-DEVELOPMENT-SNAPSHOT-2026-09-04-a_wasm.artifactbundle/swift-6.4.x-DEVELOPMENT-SNAPSHOT-2026-09-04-a_wasm/wasm32-unknown-wasip1/WASI.sdk -sysroot /root/.swiftpm/swift-sdks/swift-6.4.x-DEVELOPMENT-SNAPSHOT-2026-09-04-a_wasm.artifactbundle/swift-6.4.x-DEVELOPMENT-SNAPSHOT-2026-09-04-a_wasm/wasm32-unknown-wasip1/WASI.sdk -I /host/spi-builder-workspace/.build/out/Products/Debug-webassembly-wasm32 -module-cache-path /host/spi-builder-workspace/.build/out/ModuleCache.noindex -color-diagnostics -Xcc -fcolor-diagnostics -enable-testing -g -debug-info-format\=dwarf -dwarf-version\=4 -swift-version 6 -Onone -D SWIFT_PACKAGE -D DEBUG -D SWIFT_MODULE_RESOURCE_BUNDLE_UNAVAILABLE -D Xcode -serialize-debugging-options -enable-experimental-feature DebugDescriptionMacro -empty-abi-descriptor -external-plugin-path /usr/lib/swift/host/plugins/testing\#/usr/bin/swift-plugin-server -validate-clang-modules-once -clang-build-session-file /host/spi-builder-workspace/.build/out/ModuleCache.noindex/Session.modulevalidation -Xcc -working-directory -Xcc /host -resource-dir /root/.swiftpm/swift-sdks/swift-6.4.x-DEVELOPMENT-SNAPSHOT-2026-09-04-a_wasm.artifactbundle/swift-6.4.x-DEVELOPMENT-SNAPSHOT-2026-09-04-a_wasm/wasm32-unknown-wasip1/swift.xctoolchain/usr/lib/swift_static -use-static-resource-dir -enable-anonymous-context-mangled-names -file-compilation-dir /host -Xcc -resource-dir -Xcc /root/.swiftpm/swift-sdks/swift-6.4.x-DEVELOPMENT-SNAPSHOT-2026-09-04-a_wasm.artifactbundle/swift-6.4.x-DEVELOPMENT-SNAPSHOT-2026-09-04-a_wasm/wasm32-unknown-wasip1/swift.xctoolchain/usr/lib/swift_static/clang -Xcc -D_LIBCPP_HARDENING_MODE\=_LIBCPP_HARDENING_MODE_DEBUG -Xcc -fmodules-prune-interval\=86400 -Xcc -fmodules-prune-after\=345600 -Xcc -I/host/spi-builder-workspace/.build/out/Products/Debug-webassembly-wasm32/include -Xcc -I/host/spi-builder-workspace/.build/out/Intermediates.noindex/TensorRT.build/Debug-webassembly-wasm32/TensorRT-t.build/DerivedSources-normal/wasm32 -Xcc -I/host/spi-builder-workspace/.build/out/Intermediates.noindex/TensorRT.build/Debug-webassembly-wasm32/TensorRT-t.build/DerivedSources/wasm32 -Xcc -I/host/spi-builder-workspace/.build/out/Intermediates.noindex/TensorRT.build/Debug-webassembly-wasm32/TensorRT-t.build/DerivedSources -Xcc -DSWIFT_PACKAGE -Xcc -DDEBUG\=1 -no-auto-bridging-header-chaining -module-name TensorRT -package-name spi_builder_workspace -const-gather-protocols-file /host/spi-builder-workspace/.build/out/Intermediates.noindex/TensorRT.build/Debug-webassembly-wasm32/TensorRT-t.build/Objects-normal/wasm32/TensorRT_const_extract_protocols.json -in-process-plugin-server-path /usr/lib/swift/host/libSwiftInProcPluginServer.so -plugin-path /usr/lib/swift/host/plugins -plugin-path /usr/local/lib/swift/host/plugins -parse-as-library -o /host/spi-builder-workspace/.build/out/Intermediates.noindex/TensorRT.build/Debug-webassembly-wasm32/TensorRT-t.build/Objects-normal/wasm32/TensorRTRuntimeProbe.o -index-unit-output-path /TensorRT.build/Debug-webassembly-wasm32/TensorRT-t.build/Objects-normal/wasm32/TensorRTRuntimeProbe.o -index-store-path /host/spi-builder-workspace/.build/out -index-system-modules
error: Build failed
BUILD FAILURE 6.4 wasm