Build Information
Failed to build InputMask, reference 7.3.3 (7a38b4), with Swift 6.2 for visionOS using Xcode 26.3 on 14 Aug 2026 13:10:18 UTC.
Build Command
env DEVELOPER_DIR=/Applications/Xcode-26.3.0.app xcrun xcodebuild -IDEClonedSourcePackagesDirPathOverride=$PWD/.dependencies -skipMacroValidation -skipPackagePluginValidation -derivedDataPath $PWD/.derivedData build -scheme InputMask -destination generic/platform=xrOSBuild Log
========================================
RunAll
========================================
Builder version: undefined version: run 'make version' to update
Interrupt handler set up.
========================================
Checkout
========================================
Clone URL: https://github.com/kaVish2214/input-mask-ios.git
Reference: 7.3.3
Initialized empty Git repository in /Users/admin/builder/spi-builder-workspace/.git/
From https://github.com/kaVish2214/input-mask-ios
* tag 7.3.3 -> FETCH_HEAD
HEAD is now at 7a38b4c fix: exclude AppKit TextViewListener from Mac Catalyst
Cloned https://github.com/kaVish2214/input-mask-ios.git
Revision (git rev-parse @):
7a38b4c829bda11df375c6748bd52f7af4be89d5
SPI manifest file found: $PWD/.spi.yml
SUCCESS checkout https://github.com/kaVish2214/input-mask-ios.git at 7.3.3
========================================
Build
========================================
Selected platform: visionOS
Swift version: 6.2
Building package at path: $PWD
https://github.com/kaVish2214/input-mask-ios.git
Command line invocation:
/Applications/Xcode-26.3.0.app/Contents/Developer/usr/bin/xcodebuild -IDEClonedSourcePackagesDirPathOverride=/Users/admin/builder/spi-builder-workspace/.dependencies -resolvePackageDependencies
Resolve Package Graph
Resolve Package Graph
Resolved source packages:
InputMask: /Users/admin/builder/spi-builder-workspace
resolved source packages: InputMask
2026-08-14 09:09:23.245 xcodebuild[538:3123] [MT] IDERunDestination: Supported platforms for the buildables in the current scheme is empty.
2026-08-14 09:09:30.816 xcodebuild[538:3123] [MT] IDERunDestination: Supported platforms for the buildables in the current scheme is empty.
2026-08-14 09:09:30.926 xcodebuild[538:3123] [MT] IDERunDestination: Supported platforms for the buildables in the current scheme is empty.
{
"dependencies" : [
],
"manifest_display_name" : "InputMask",
"name" : "InputMask",
"path" : "/Users/admin/builder/spi-builder-workspace",
"platforms" : [
],
"products" : [
{
"name" : "InputMask",
"targets" : [
"InputMask"
],
"type" : {
"library" : [
"automatic"
]
}
}
],
"targets" : [
{
"c99name" : "InputMaskTests",
"module_type" : "SwiftTarget",
"name" : "InputMaskTests",
"path" : "Source/InputMask",
"sources" : [
"InputMaskTests/Classes/Helper/StringTests.swift",
"InputMaskTests/Classes/Mask/CustomNotationEllipticalCase.swift",
"InputMaskTests/Classes/Mask/DayMonthYearCase.swift",
"InputMaskTests/Classes/Mask/DayMonthYearShortCase.swift",
"InputMaskTests/Classes/Mask/DecimalNumberCase.swift",
"InputMaskTests/Classes/Mask/EndlessIntegerCase.swift",
"InputMaskTests/Classes/Mask/EscapedCase.swift",
"InputMaskTests/Classes/Mask/MaskTestCase.swift",
"InputMaskTests/Classes/Mask/MonthYearCase.swift",
"InputMaskTests/Classes/Mask/MonthYearDoubleSlashCase.swift",
"InputMaskTests/Classes/Mask/NameCase.swift",
"InputMaskTests/Classes/Mask/PhoneCase.swift",
"InputMaskTests/Classes/Mask/Reversed/LargeNumberTests.swift",
"InputMaskTests/Classes/Mask/SillyEllipticalCase.swift",
"InputMaskTests/Classes/Mask/SillyPiEllipticalCase.swift",
"InputMaskTests/Classes/Mask/WildcardCase.swift",
"InputMaskTests/Classes/Mask/YearACCase.swift",
"InputMaskTests/Classes/Mask/YearCase.swift"
],
"target_dependencies" : [
"InputMask"
],
"type" : "test"
},
{
"c99name" : "InputMask",
"module_type" : "SwiftTarget",
"name" : "InputMask",
"path" : "Source/InputMask/InputMask",
"product_memberships" : [
"InputMask"
],
"sources" : [
"Classes/Helper/AffinityCalculationStrategy.swift",
"Classes/Helper/CaretStringIterator.swift",
"Classes/Helper/CharacterSet.swift",
"Classes/Helper/Compiler.swift",
"Classes/Helper/FormatSanitizer.swift",
"Classes/Helper/RTLCaretStringIterator.swift",
"Classes/Helper/String.swift",
"Classes/Mask.swift",
"Classes/Model/CaretString.swift",
"Classes/Model/Country.swift",
"Classes/Model/Next.swift",
"Classes/Model/Notation.swift",
"Classes/Model/State.swift",
"Classes/Model/State/EOLState.swift",
"Classes/Model/State/FixedState.swift",
"Classes/Model/State/FreeState.swift",
"Classes/Model/State/OptionalValueState.swift",
"Classes/Model/State/ValueState.swift",
"Classes/RTLMask.swift",
"Classes/View/MaskedTextField+Modifiers.swift",
"Classes/View/MaskedTextField.swift",
"Classes/View/MaskedTextInputListener.swift",
"Classes/View/NumberInputListener.swift",
"Classes/View/PhoneInputListener.swift",
"Classes/View/TextViewListener.swift",
"Classes/View/UITextInput.swift"
],
"type" : "library"
}
],
"tools_version" : "5.7.1"
}
{
"workspace" : {
"name" : "spi-builder-workspace",
"schemes" : [
"InputMask"
]
}
}
2026-08-14 09:10:00.205 xcodebuild[689:4364] [MT] IDERunDestination: Supported platforms for the buildables in the current scheme is empty.
2026-08-14 09:10:00.373 xcodebuild[689:4364] [MT] IDERunDestination: Supported platforms for the buildables in the current scheme is empty.
Running build ...
env DEVELOPER_DIR=/Applications/Xcode-26.3.0.app xcrun xcodebuild -IDEClonedSourcePackagesDirPathOverride=$PWD/.dependencies -skipMacroValidation -skipPackagePluginValidation -derivedDataPath $PWD/.derivedData build -scheme InputMask -destination generic/platform=xrOS
Command line invocation:
/Applications/Xcode-26.3.0.app/Contents/Developer/usr/bin/xcodebuild -IDEClonedSourcePackagesDirPathOverride=/Users/admin/builder/spi-builder-workspace/.dependencies -skipMacroValidation -skipPackagePluginValidation -derivedDataPath /Users/admin/builder/spi-builder-workspace/.derivedData build -scheme InputMask -destination generic/platform=xrOS
Resolve Package Graph
Resolved source packages:
InputMask: /Users/admin/builder/spi-builder-workspace
ComputePackagePrebuildTargetDependencyGraph
Prepare packages
CreateBuildRequest
SendProjectDescription
CreateBuildOperation
ComputeTargetDependencyGraph
note: Building targets in dependency order
note: Target dependency graph (3 targets)
Target 'InputMaskTests' in project 'InputMask'
➜ Explicit dependency on target 'InputMask' in project 'InputMask'
Target 'InputMask' in project 'InputMask'
➜ Explicit dependency on target 'InputMask' in project 'InputMask'
Target 'InputMask' in project 'InputMask' (no dependencies)
GatherProvisioningInputs
CreateBuildDescription
ExecuteExternalTool /Applications/Xcode-26.3.0.app/Contents/Developer/Toolchains/XcodeDefault.xctoolchain/usr/bin/clang -v -E -dM -isysroot /Applications/Xcode-26.3.0.app/Contents/Developer/Platforms/XROS.platform/Developer/SDKs/XROS26.2.sdk -x c -c /dev/null
ExecuteExternalTool /Applications/Xcode-26.3.0.app/Contents/Developer/Toolchains/XcodeDefault.xctoolchain/usr/bin/swiftc --version
ExecuteExternalTool /Applications/Xcode-26.3.0.app/Contents/Developer/Toolchains/XcodeDefault.xctoolchain/usr/bin/ld -version_details
Build description signature: 4393c8b3c459f71931e5fb84360431cf
Build description path: /Users/admin/builder/spi-builder-workspace/.derivedData/Build/Intermediates.noindex/XCBuildData/4393c8b3c459f71931e5fb84360431cf.xcbuilddata
ClangStatCache /Applications/Xcode-26.3.0.app/Contents/Developer/Toolchains/XcodeDefault.xctoolchain/usr/bin/clang-stat-cache /Applications/Xcode-26.3.0.app/Contents/Developer/Platforms/XROS.platform/Developer/SDKs/XROS26.2.sdk /Users/admin/builder/spi-builder-workspace/.derivedData/SDKStatCaches.noindex/xros26.2-23N301-dc75598d0054f22ec865fa860f139d72f5e64962d3ee001da1d77d1957dffdab.sdkstatcache
cd /Users/admin/builder/spi-builder-workspace/.swiftpm/xcode
/Applications/Xcode-26.3.0.app/Contents/Developer/Toolchains/XcodeDefault.xctoolchain/usr/bin/clang-stat-cache /Applications/Xcode-26.3.0.app/Contents/Developer/Platforms/XROS.platform/Developer/SDKs/XROS26.2.sdk -o /Users/admin/builder/spi-builder-workspace/.derivedData/SDKStatCaches.noindex/xros26.2-23N301-dc75598d0054f22ec865fa860f139d72f5e64962d3ee001da1d77d1957dffdab.sdkstatcache
CreateBuildDirectory /Users/admin/builder/spi-builder-workspace/.derivedData/Build/Intermediates.noindex
cd /Users/admin/builder/spi-builder-workspace/.swiftpm/xcode
builtin-create-build-directory /Users/admin/builder/spi-builder-workspace/.derivedData/Build/Intermediates.noindex
CreateBuildDirectory /Users/admin/builder/spi-builder-workspace/.derivedData/Build/Products
cd /Users/admin/builder/spi-builder-workspace/.swiftpm/xcode
builtin-create-build-directory /Users/admin/builder/spi-builder-workspace/.derivedData/Build/Products
CreateBuildDirectory /Users/admin/builder/spi-builder-workspace/.derivedData/Build/Intermediates.noindex/SwiftExplicitPrecompiledModules
cd /Users/admin/builder/spi-builder-workspace/.swiftpm/xcode
builtin-create-build-directory /Users/admin/builder/spi-builder-workspace/.derivedData/Build/Intermediates.noindex/SwiftExplicitPrecompiledModules
CreateBuildDirectory /Users/admin/builder/spi-builder-workspace/.derivedData/Build/Intermediates.noindex/ExplicitPrecompiledModules
cd /Users/admin/builder/spi-builder-workspace/.swiftpm/xcode
builtin-create-build-directory /Users/admin/builder/spi-builder-workspace/.derivedData/Build/Intermediates.noindex/ExplicitPrecompiledModules
CreateBuildDirectory /Users/admin/builder/spi-builder-workspace/.derivedData/Build/Intermediates.noindex/EagerLinkingTBDs/Debug-xros
cd /Users/admin/builder/spi-builder-workspace/.swiftpm/xcode
builtin-create-build-directory /Users/admin/builder/spi-builder-workspace/.derivedData/Build/Intermediates.noindex/EagerLinkingTBDs/Debug-xros
CreateBuildDirectory /Users/admin/builder/spi-builder-workspace/.derivedData/Build/Products/Debug-xros
cd /Users/admin/builder/spi-builder-workspace/.swiftpm/xcode
builtin-create-build-directory /Users/admin/builder/spi-builder-workspace/.derivedData/Build/Products/Debug-xros
CreateBuildDirectory /Users/admin/builder/spi-builder-workspace/.derivedData/Build/Products/Debug-xros/PackageFrameworks
cd /Users/admin/builder/spi-builder-workspace/.swiftpm/xcode
builtin-create-build-directory /Users/admin/builder/spi-builder-workspace/.derivedData/Build/Products/Debug-xros/PackageFrameworks
WriteAuxiliaryFile /Users/admin/builder/spi-builder-workspace/.derivedData/Build/Intermediates.noindex/InputMask.build/Debug-xros/InputMaskTests.build/empty-InputMaskTests.plist (in target 'InputMaskTests' from project 'InputMask')
cd /Users/admin/builder/spi-builder-workspace
write-file /Users/admin/builder/spi-builder-workspace/.derivedData/Build/Intermediates.noindex/InputMask.build/Debug-xros/InputMaskTests.build/empty-InputMaskTests.plist
WriteAuxiliaryFile /Users/admin/builder/spi-builder-workspace/.derivedData/Build/Intermediates.noindex/InputMask.build/Debug-xros/InputMask.build/InputMask.modulemap (in target 'InputMask' from project 'InputMask')
cd /Users/admin/builder/spi-builder-workspace
write-file /Users/admin/builder/spi-builder-workspace/.derivedData/Build/Intermediates.noindex/InputMask.build/Debug-xros/InputMask.build/InputMask.modulemap
WriteAuxiliaryFile /Users/admin/builder/spi-builder-workspace/.derivedData/Build/Intermediates.noindex/InputMask.build/Debug-xros/InputMask.build/Objects-normal/arm64/InputMask.SwiftConstValuesFileList (in target 'InputMask' from project 'InputMask')
cd /Users/admin/builder/spi-builder-workspace
write-file /Users/admin/builder/spi-builder-workspace/.derivedData/Build/Intermediates.noindex/InputMask.build/Debug-xros/InputMask.build/Objects-normal/arm64/InputMask.SwiftConstValuesFileList
WriteAuxiliaryFile /Users/admin/builder/spi-builder-workspace/.derivedData/Build/Intermediates.noindex/InputMask.build/Debug-xros/InputMask.build/Objects-normal/arm64/InputMask_const_extract_protocols.json (in target 'InputMask' from project 'InputMask')
cd /Users/admin/builder/spi-builder-workspace
write-file /Users/admin/builder/spi-builder-workspace/.derivedData/Build/Intermediates.noindex/InputMask.build/Debug-xros/InputMask.build/Objects-normal/arm64/InputMask_const_extract_protocols.json
WriteAuxiliaryFile /Users/admin/builder/spi-builder-workspace/.derivedData/Build/Intermediates.noindex/InputMask.build/Debug-xros/InputMask.build/Objects-normal/arm64/InputMask.LinkFileList (in target 'InputMask' from project 'InputMask')
cd /Users/admin/builder/spi-builder-workspace
write-file /Users/admin/builder/spi-builder-workspace/.derivedData/Build/Intermediates.noindex/InputMask.build/Debug-xros/InputMask.build/Objects-normal/arm64/InputMask.LinkFileList
WriteAuxiliaryFile /Users/admin/builder/spi-builder-workspace/.derivedData/Build/Intermediates.noindex/InputMask.build/Debug-xros/InputMask.build/Objects-normal/arm64/InputMask-OutputFileMap.json (in target 'InputMask' from project 'InputMask')
cd /Users/admin/builder/spi-builder-workspace
write-file /Users/admin/builder/spi-builder-workspace/.derivedData/Build/Intermediates.noindex/InputMask.build/Debug-xros/InputMask.build/Objects-normal/arm64/InputMask-OutputFileMap.json
WriteAuxiliaryFile /Users/admin/builder/spi-builder-workspace/.derivedData/Build/Intermediates.noindex/InputMask.build/Debug-xros/InputMask.build/Objects-normal/arm64/InputMask.SwiftFileList (in target 'InputMask' from project 'InputMask')
cd /Users/admin/builder/spi-builder-workspace
write-file /Users/admin/builder/spi-builder-workspace/.derivedData/Build/Intermediates.noindex/InputMask.build/Debug-xros/InputMask.build/Objects-normal/arm64/InputMask.SwiftFileList
WriteAuxiliaryFile /Users/admin/builder/spi-builder-workspace/.derivedData/Build/Intermediates.noindex/InputMask.build/Debug-xros/InputMaskTests.build/Objects-normal/arm64/InputMaskTests_const_extract_protocols.json (in target 'InputMaskTests' from project 'InputMask')
cd /Users/admin/builder/spi-builder-workspace
write-file /Users/admin/builder/spi-builder-workspace/.derivedData/Build/Intermediates.noindex/InputMask.build/Debug-xros/InputMaskTests.build/Objects-normal/arm64/InputMaskTests_const_extract_protocols.json
WriteAuxiliaryFile /Users/admin/builder/spi-builder-workspace/.derivedData/Build/Intermediates.noindex/InputMask.build/Debug-xros/InputMaskTests.build/Objects-normal/arm64/InputMaskTests.SwiftFileList (in target 'InputMaskTests' from project 'InputMask')
cd /Users/admin/builder/spi-builder-workspace
write-file /Users/admin/builder/spi-builder-workspace/.derivedData/Build/Intermediates.noindex/InputMask.build/Debug-xros/InputMaskTests.build/Objects-normal/arm64/InputMaskTests.SwiftFileList
WriteAuxiliaryFile /Users/admin/builder/spi-builder-workspace/.derivedData/Build/Intermediates.noindex/InputMask.build/Debug-xros/InputMaskTests.build/Objects-normal/arm64/InputMaskTests.SwiftConstValuesFileList (in target 'InputMaskTests' from project 'InputMask')
cd /Users/admin/builder/spi-builder-workspace
write-file /Users/admin/builder/spi-builder-workspace/.derivedData/Build/Intermediates.noindex/InputMask.build/Debug-xros/InputMaskTests.build/Objects-normal/arm64/InputMaskTests.SwiftConstValuesFileList
WriteAuxiliaryFile /Users/admin/builder/spi-builder-workspace/.derivedData/Build/Intermediates.noindex/InputMask.build/Debug-xros/InputMaskTests.build/InputMaskTests.DependencyStaticMetadataFileList (in target 'InputMaskTests' from project 'InputMask')
cd /Users/admin/builder/spi-builder-workspace
write-file /Users/admin/builder/spi-builder-workspace/.derivedData/Build/Intermediates.noindex/InputMask.build/Debug-xros/InputMaskTests.build/InputMaskTests.DependencyStaticMetadataFileList
WriteAuxiliaryFile /Users/admin/builder/spi-builder-workspace/.derivedData/Build/Intermediates.noindex/InputMask.build/Debug-xros/InputMaskTests.build/Objects-normal/arm64/InputMaskTests.LinkFileList (in target 'InputMaskTests' from project 'InputMask')
cd /Users/admin/builder/spi-builder-workspace
write-file /Users/admin/builder/spi-builder-workspace/.derivedData/Build/Intermediates.noindex/InputMask.build/Debug-xros/InputMaskTests.build/Objects-normal/arm64/InputMaskTests.LinkFileList
WriteAuxiliaryFile /Users/admin/builder/spi-builder-workspace/.derivedData/Build/Intermediates.noindex/InputMask.build/Debug-xros/InputMaskTests.build/Objects-normal/arm64/InputMaskTests-OutputFileMap.json (in target 'InputMaskTests' from project 'InputMask')
cd /Users/admin/builder/spi-builder-workspace
write-file /Users/admin/builder/spi-builder-workspace/.derivedData/Build/Intermediates.noindex/InputMask.build/Debug-xros/InputMaskTests.build/Objects-normal/arm64/InputMaskTests-OutputFileMap.json
WriteAuxiliaryFile /Users/admin/builder/spi-builder-workspace/.derivedData/Build/Intermediates.noindex/InputMask.build/Debug-xros/InputMaskTests.build/InputMaskTests.DependencyMetadataFileList (in target 'InputMaskTests' from project 'InputMask')
cd /Users/admin/builder/spi-builder-workspace
write-file /Users/admin/builder/spi-builder-workspace/.derivedData/Build/Intermediates.noindex/InputMask.build/Debug-xros/InputMaskTests.build/InputMaskTests.DependencyMetadataFileList
WriteAuxiliaryFile /Users/admin/builder/spi-builder-workspace/.derivedData/Build/Intermediates.noindex/InputMask.build/Debug-xros/InputMask.build/InputMask.DependencyStaticMetadataFileList (in target 'InputMask' from project 'InputMask')
cd /Users/admin/builder/spi-builder-workspace
write-file /Users/admin/builder/spi-builder-workspace/.derivedData/Build/Intermediates.noindex/InputMask.build/Debug-xros/InputMask.build/InputMask.DependencyStaticMetadataFileList
WriteAuxiliaryFile /Users/admin/builder/spi-builder-workspace/.derivedData/Build/Intermediates.noindex/InputMask.build/Debug-xros/InputMask.build/InputMask.DependencyMetadataFileList (in target 'InputMask' from project 'InputMask')
cd /Users/admin/builder/spi-builder-workspace
write-file /Users/admin/builder/spi-builder-workspace/.derivedData/Build/Intermediates.noindex/InputMask.build/Debug-xros/InputMask.build/InputMask.DependencyMetadataFileList
MkDir /Users/admin/builder/spi-builder-workspace/.derivedData/Build/Products/Debug-xros/InputMaskTests.xctest (in target 'InputMaskTests' from project 'InputMask')
cd /Users/admin/builder/spi-builder-workspace
/bin/mkdir -p /Users/admin/builder/spi-builder-workspace/.derivedData/Build/Products/Debug-xros/InputMaskTests.xctest
Copy /Users/admin/builder/spi-builder-workspace/.derivedData/Build/Intermediates.noindex/GeneratedModuleMaps-xros/InputMask.modulemap /Users/admin/builder/spi-builder-workspace/.derivedData/Build/Intermediates.noindex/InputMask.build/Debug-xros/InputMask.build/InputMask.modulemap (in target 'InputMask' from project 'InputMask')
cd /Users/admin/builder/spi-builder-workspace
builtin-copy -exclude .DS_Store -exclude CVS -exclude .svn -exclude .git -exclude .hg -resolve-src-symlinks /Users/admin/builder/spi-builder-workspace/.derivedData/Build/Intermediates.noindex/InputMask.build/Debug-xros/InputMask.build/InputMask.modulemap /Users/admin/builder/spi-builder-workspace/.derivedData/Build/Intermediates.noindex/GeneratedModuleMaps-xros
SwiftDriver InputMask normal arm64 com.apple.xcode.tools.swift.compiler (in target 'InputMask' from project 'InputMask')
cd /Users/admin/builder/spi-builder-workspace/.swiftpm/xcode
builtin-SwiftDriver -- /Applications/Xcode-26.3.0.app/Contents/Developer/Toolchains/XcodeDefault.xctoolchain/usr/bin/swiftc -module-name InputMask -Onone -enforce-exclusivity\=checked @/Users/admin/builder/spi-builder-workspace/.derivedData/Build/Intermediates.noindex/InputMask.build/Debug-xros/InputMask.build/Objects-normal/arm64/InputMask.SwiftFileList -DSWIFT_PACKAGE -DDEBUG -DSWIFT_MODULE_RESOURCE_BUNDLE_UNAVAILABLE -DXcode -plugin-path /Applications/Xcode-26.3.0.app/Contents/Developer/Toolchains/XcodeDefault.xctoolchain/usr/lib/swift/host/plugins/testing -enable-experimental-feature DebugDescriptionMacro -sdk /Applications/Xcode-26.3.0.app/Contents/Developer/Platforms/XROS.platform/Developer/SDKs/XROS26.2.sdk -target arm64-apple-xros1.0 -g -module-cache-path /Users/admin/builder/spi-builder-workspace/.derivedData/ModuleCache.noindex -Xfrontend -serialize-debugging-options -enable-testing -index-store-path /Users/admin/builder/spi-builder-workspace/.derivedData/Index.noindex/DataStore -Xcc -D_LIBCPP_HARDENING_MODE\=_LIBCPP_HARDENING_MODE_DEBUG -swift-version 5 -I /Users/admin/builder/spi-builder-workspace/.derivedData/Build/Products/Debug-xros -Isystem /Applications/Xcode-26.3.0.app/Contents/Developer/Platforms/XROS.platform/Developer/usr/lib -F /Users/admin/builder/spi-builder-workspace/.derivedData/Build/Products/Debug-xros -F /Applications/Xcode-26.3.0.app/Contents/Developer/Platforms/XROS.platform/Developer/Library/Frameworks -F /Applications/Xcode-26.3.0.app/Contents/Developer/Platforms/XROS.platform/Developer/SDKs/XROS26.2.sdk/Developer/Library/Frameworks -c -j10 -enable-batch-mode -incremental -Xcc -ivfsstatcache -Xcc /Users/admin/builder/spi-builder-workspace/.derivedData/SDKStatCaches.noindex/xros26.2-23N301-dc75598d0054f22ec865fa860f139d72f5e64962d3ee001da1d77d1957dffdab.sdkstatcache -output-file-map /Users/admin/builder/spi-builder-workspace/.derivedData/Build/Intermediates.noindex/InputMask.build/Debug-xros/InputMask.build/Objects-normal/arm64/InputMask-OutputFileMap.json -use-frontend-parseable-output -save-temps -no-color-diagnostics -explicit-module-build -module-cache-path /Users/admin/builder/spi-builder-workspace/.derivedData/Build/Intermediates.noindex/SwiftExplicitPrecompiledModules -clang-scanner-module-cache-path /Users/admin/builder/spi-builder-workspace/.derivedData/ModuleCache.noindex -sdk-module-cache-path /Users/admin/builder/spi-builder-workspace/.derivedData/ModuleCache.noindex -serialize-diagnostics -emit-dependencies -emit-module -emit-module-path /Users/admin/builder/spi-builder-workspace/.derivedData/Build/Intermediates.noindex/InputMask.build/Debug-xros/InputMask.build/Objects-normal/arm64/InputMask.swiftmodule -validate-clang-modules-once -clang-build-session-file /Users/admin/builder/spi-builder-workspace/.derivedData/ModuleCache.noindex/Session.modulevalidation -Xcc -I/Users/admin/builder/spi-builder-workspace/.derivedData/Build/Intermediates.noindex/InputMask.build/Debug-xros/InputMask.build/swift-overrides.hmap -emit-const-values -Xfrontend -const-gather-protocols-file -Xfrontend /Users/admin/builder/spi-builder-workspace/.derivedData/Build/Intermediates.noindex/InputMask.build/Debug-xros/InputMask.build/Objects-normal/arm64/InputMask_const_extract_protocols.json -Xcc -I/Users/admin/builder/spi-builder-workspace/.derivedData/Build/Products/Debug-xros/include -Xcc -I/Users/admin/builder/spi-builder-workspace/.derivedData/Build/Intermediates.noindex/InputMask.build/Debug-xros/InputMask.build/DerivedSources-normal/arm64 -Xcc -I/Users/admin/builder/spi-builder-workspace/.derivedData/Build/Intermediates.noindex/InputMask.build/Debug-xros/InputMask.build/DerivedSources/arm64 -Xcc -I/Users/admin/builder/spi-builder-workspace/.derivedData/Build/Intermediates.noindex/InputMask.build/Debug-xros/InputMask.build/DerivedSources -Xcc -DSWIFT_PACKAGE -Xcc -DDEBUG\=1 -emit-objc-header -emit-objc-header-path /Users/admin/builder/spi-builder-workspace/.derivedData/Build/Intermediates.noindex/InputMask.build/Debug-xros/InputMask.build/Objects-normal/arm64/InputMask-Swift.h -working-directory /Users/admin/builder/spi-builder-workspace/.swiftpm/xcode -experimental-emit-module-separately -disable-cmo
SwiftExplicitDependencyGeneratePcm arm64 /Users/admin/builder/spi-builder-workspace/.derivedData/ModuleCache.noindex/_Builtin_stddef-7J8I4D747RUWBIYVTCUP6XCDQ.pcm
SwiftExplicitDependencyGeneratePcm arm64 /Users/admin/builder/spi-builder-workspace/.derivedData/ModuleCache.noindex/_SwiftConcurrencyShims-BRV30TBVZVZGDTY5ZKQTNXO6Y.pcm
SwiftExplicitDependencyGeneratePcm arm64 /Users/admin/builder/spi-builder-workspace/.derivedData/ModuleCache.noindex/DeveloperToolsSupport-7FGXDEXP946ZMR28U71JEDN34.pcm
SwiftExplicitDependencyGeneratePcm arm64 /Users/admin/builder/spi-builder-workspace/.derivedData/ModuleCache.noindex/_Builtin_stdbool-BY9SH1ZLURHIZF4O8W9N7X51.pcm
SwiftExplicitDependencyGeneratePcm arm64 /Users/admin/builder/spi-builder-workspace/.derivedData/ModuleCache.noindex/ptrcheck-5R017QINEW262H7RW8YQHZUWW.pcm
SwiftExplicitDependencyGeneratePcm arm64 /Users/admin/builder/spi-builder-workspace/.derivedData/ModuleCache.noindex/ptrauth-8IP7O960ZPRTWV7MFFJHTJAZ8.pcm
SwiftExplicitDependencyGeneratePcm arm64 /Users/admin/builder/spi-builder-workspace/.derivedData/ModuleCache.noindex/_Builtin_float-B1VX477YXD7CAGEWY0R0RU846.pcm
SwiftExplicitDependencyGeneratePcm arm64 /Users/admin/builder/spi-builder-workspace/.derivedData/ModuleCache.noindex/_Builtin_stdarg-1UFLOIXY4PP9XJ7I5XRYGIGRS.pcm
SwiftExplicitDependencyGeneratePcm arm64 /Users/admin/builder/spi-builder-workspace/.derivedData/ModuleCache.noindex/SwiftShims-F1WHVHT30PN08BRIB1TFVE6Q6.pcm
SwiftExplicitDependencyGeneratePcm arm64 /Users/admin/builder/spi-builder-workspace/.derivedData/ModuleCache.noindex/_AvailabilityInternal-59RKLAH367BCLMA4BP9X29RA0.pcm
SwiftExplicitDependencyGeneratePcm arm64 /Users/admin/builder/spi-builder-workspace/.derivedData/ModuleCache.noindex/_DarwinFoundation1-32JUI9BVMTB1YIPG3DOX0HVHZ.pcm
SwiftExplicitDependencyGeneratePcm arm64 /Users/admin/builder/spi-builder-workspace/.derivedData/ModuleCache.noindex/_DarwinFoundation2-BYCQT40TEPV9J5K8KWFTPAFBQ.pcm
SwiftExplicitDependencyGeneratePcm arm64 /Users/admin/builder/spi-builder-workspace/.derivedData/ModuleCache.noindex/_Builtin_limits-40TJW4LRH20Q0USFC9VI62SX3.pcm
SwiftExplicitDependencyGeneratePcm arm64 /Users/admin/builder/spi-builder-workspace/.derivedData/ModuleCache.noindex/sys_types-2RBMKWGX3KVNQAIS5A77GJ81P.pcm
SwiftExplicitDependencyGeneratePcm arm64 /Users/admin/builder/spi-builder-workspace/.derivedData/ModuleCache.noindex/_Builtin_stdint-9C6XW0G82BUFJ68L6816BB9W4.pcm
SwiftExplicitDependencyGeneratePcm arm64 /Users/admin/builder/spi-builder-workspace/.derivedData/ModuleCache.noindex/_Builtin_tgmath-16PR4BOA5HVH9E9TU1RFF9EP2.pcm
SwiftExplicitDependencyGeneratePcm arm64 /Users/admin/builder/spi-builder-workspace/.derivedData/ModuleCache.noindex/_Builtin_stdatomic-1G1ZNP8U0J2EAHIGG83MSWVVP.pcm
SwiftExplicitDependencyGeneratePcm arm64 /Users/admin/builder/spi-builder-workspace/.derivedData/ModuleCache.noindex/_DarwinFoundation3-2GOIISS4AFLSIAOGO3NG5XFRN.pcm
SwiftExplicitDependencyGeneratePcm arm64 /Users/admin/builder/spi-builder-workspace/.derivedData/ModuleCache.noindex/_Builtin_intrinsics-A91VAR85FCLL7KONVKW3WGUUJ.pcm
SwiftExplicitDependencyGeneratePcm arm64 /Users/admin/builder/spi-builder-workspace/.derivedData/ModuleCache.noindex/_Builtin_inttypes-AX2VW6P2YUECOPD1DXSYLDNAL.pcm
SwiftExplicitDependencyGeneratePcm arm64 /Users/admin/builder/spi-builder-workspace/.derivedData/ModuleCache.noindex/Darwin-DGMDGD780M9PGTWDQ2ZHPWKVC.pcm
SwiftExplicitDependencyGeneratePcm arm64 /Users/admin/builder/spi-builder-workspace/.derivedData/ModuleCache.noindex/simd-EZR9XJ258NNIJGDUZ5Z86J61L.pcm
SwiftExplicitDependencyGeneratePcm arm64 /Users/admin/builder/spi-builder-workspace/.derivedData/ModuleCache.noindex/ObjectiveC-5IE2NAQWIQZYXAS7GMQPDAP5X.pcm
SwiftExplicitDependencyGeneratePcm arm64 /Users/admin/builder/spi-builder-workspace/.derivedData/ModuleCache.noindex/MachO-3AEXNPG0FW33NERH0F96PEJE8.pcm
SwiftExplicitDependencyGeneratePcm arm64 /Users/admin/builder/spi-builder-workspace/.derivedData/ModuleCache.noindex/os_object-87HFI5MW2NOKIT7AW3SKUGI8W.pcm
SwiftExplicitDependencyGeneratePcm arm64 /Users/admin/builder/spi-builder-workspace/.derivedData/ModuleCache.noindex/os_workgroup-946IR1QRT3J1QJVRSRCDIQNGH.pcm
SwiftExplicitDependencyGeneratePcm arm64 /Users/admin/builder/spi-builder-workspace/.derivedData/ModuleCache.noindex/os-U3TAXVGJ5WCXIZ73C7O3SCGY.pcm
SwiftExplicitDependencyGeneratePcm arm64 /Users/admin/builder/spi-builder-workspace/.derivedData/ModuleCache.noindex/Dispatch-9SSI48T36E4UKPKWAMPH7FTVK.pcm
SwiftExplicitDependencyGeneratePcm arm64 /Users/admin/builder/spi-builder-workspace/.derivedData/ModuleCache.noindex/Spatial-77RKTCUFYIIV3TPIB3OPOWOWC.pcm
SwiftExplicitDependencyGeneratePcm arm64 /Users/admin/builder/spi-builder-workspace/.derivedData/ModuleCache.noindex/dnssd-11O3YSPIHEQB8ZT9AIAVEVCLW.pcm
SwiftExplicitDependencyGeneratePcm arm64 /Users/admin/builder/spi-builder-workspace/.derivedData/ModuleCache.noindex/CoreFoundation-AZXFXDAQOZ2FMK833LKA0FCZT.pcm
SwiftExplicitDependencyGeneratePcm arm64 /Users/admin/builder/spi-builder-workspace/.derivedData/ModuleCache.noindex/CoreGraphics-87BV8MR1KEWO9S37RQ4KYEGMX.pcm
SwiftExplicitDependencyGeneratePcm arm64 /Users/admin/builder/spi-builder-workspace/.derivedData/ModuleCache.noindex/CoreServices-B0J8FLMV8BRQJ9O3LA2DR636C.pcm
SwiftExplicitDependencyGeneratePcm arm64 /Users/admin/builder/spi-builder-workspace/.derivedData/ModuleCache.noindex/Security-7RHAZ9AIDG6Y9PXFA46VEDBWJ.pcm
SwiftExplicitDependencyGeneratePcm arm64 /Users/admin/builder/spi-builder-workspace/.derivedData/ModuleCache.noindex/CFNetwork-2PVJQSMOBIMJZIWJRRDBRGFO8.pcm
SwiftExplicitDependencyGeneratePcm arm64 /Users/admin/builder/spi-builder-workspace/.derivedData/ModuleCache.noindex/CoreAudioTypes-8NA5VWETJSHW09LHKGHFB5EKK.pcm
SwiftExplicitDependencyGeneratePcm arm64 /Users/admin/builder/spi-builder-workspace/.derivedData/ModuleCache.noindex/CoreAudio-BRKI26KZVLL4GLK7VJFMQOZWQ.pcm
SwiftExplicitDependencyGeneratePcm arm64 /Users/admin/builder/spi-builder-workspace/.derivedData/ModuleCache.noindex/Foundation-8D93TLXSLWLRJSGD0CVKGYZCN.pcm
SwiftExplicitDependencyGeneratePcm arm64 /Users/admin/builder/spi-builder-workspace/.derivedData/ModuleCache.noindex/ImageIO-B23M1CRQH1DN5M7A2N8LIBBVG.pcm
SwiftExplicitDependencyGeneratePcm arm64 /Users/admin/builder/spi-builder-workspace/.derivedData/ModuleCache.noindex/CoreText-UUHPV04ABKZTDIB4S4ZQ921G.pcm
SwiftExplicitDependencyGeneratePcm arm64 /Users/admin/builder/spi-builder-workspace/.derivedData/ModuleCache.noindex/OSLog-A7JJE7CWHJHG46O5K8NAJEP6W.pcm
SwiftExplicitDependencyGeneratePcm arm64 /Users/admin/builder/spi-builder-workspace/.derivedData/ModuleCache.noindex/Network-8O2X1CQE0WGQJ8A222PDGJN4B.pcm
SwiftExplicitDependencyGeneratePcm arm64 /Users/admin/builder/spi-builder-workspace/.derivedData/ModuleCache.noindex/UserNotifications-ETAW7G2ZUYKR712LYFYQET72C.pcm
SwiftExplicitDependencyGeneratePcm arm64 /Users/admin/builder/spi-builder-workspace/.derivedData/ModuleCache.noindex/UniformTypeIdentifiers-84BXIGKCVBL69XAK3UHZYQQS1.pcm
SwiftExplicitDependencyGeneratePcm arm64 /Users/admin/builder/spi-builder-workspace/.derivedData/ModuleCache.noindex/Accessibility-AZ7CB6BZPLK2ZOWWV6G6XQO13.pcm
SwiftExplicitDependencyGeneratePcm arm64 /Users/admin/builder/spi-builder-workspace/.derivedData/ModuleCache.noindex/UIUtilities-9Y92GATX11Y4TGZ9JCTYBTE92.pcm
SwiftExplicitDependencyGeneratePcm arm64 /Users/admin/builder/spi-builder-workspace/.derivedData/ModuleCache.noindex/_LocationEssentials-7PZKYFUI4444RR60N1TQ480QI.pcm
SwiftExplicitDependencyGeneratePcm arm64 /Users/admin/builder/spi-builder-workspace/.derivedData/ModuleCache.noindex/FileProvider-DDRE031DXVX9VYTI9SPT4YW1R.pcm
SwiftExplicitDependencyGeneratePcm arm64 /Users/admin/builder/spi-builder-workspace/.derivedData/ModuleCache.noindex/CoreTransferable-DB5M637CO9U81KGZDEUGZXDT9.pcm
SwiftExplicitDependencyGeneratePcm arm64 /Users/admin/builder/spi-builder-workspace/.derivedData/ModuleCache.noindex/DataDetection-5VCEH93R6ZP2GNKD5NSBQKYZ2.pcm
SwiftExplicitDependencyGeneratePcm arm64 /Users/admin/builder/spi-builder-workspace/.derivedData/ModuleCache.noindex/CoreMIDI-71P9M7XN0OCMW4ISPUPF6EKMO.pcm
SwiftExplicitDependencyGeneratePcm arm64 /Users/admin/builder/spi-builder-workspace/.derivedData/ModuleCache.noindex/CoreData-AOA6QN8ZCIO3YY1S1IU5QDVIR.pcm
SwiftExplicitDependencyGeneratePcm arm64 /Users/admin/builder/spi-builder-workspace/.derivedData/ModuleCache.noindex/IOSurface-4A8CJ38HFCLJSENUXVIYEGU9B.pcm
SwiftExplicitDependencyGeneratePcm arm64 /Users/admin/builder/spi-builder-workspace/.derivedData/ModuleCache.noindex/Symbols-8Z1HTFDLM7F1NNUEZVAVL0YDB.pcm
SwiftExplicitDependencyGeneratePcm arm64 /Users/admin/builder/spi-builder-workspace/.derivedData/ModuleCache.noindex/CoreLocation-4U4GL1LD12QM787IHGKL0DBFS.pcm
SwiftExplicitDependencyGeneratePcm arm64 /Users/admin/builder/spi-builder-workspace/.derivedData/ModuleCache.noindex/AVRouting-AAPG9DPTAZCQU7222JKNGT81O.pcm
SwiftExplicitDependencyGeneratePcm arm64 /Users/admin/builder/spi-builder-workspace/.derivedData/ModuleCache.noindex/Metal-ATCN4KBVIJ4BC8FRKV1FJSBJZ.pcm
SwiftExplicitDependencyGeneratePcm arm64 /Users/admin/builder/spi-builder-workspace/.derivedData/ModuleCache.noindex/OpenGLES-BM6WSM9QP4V0P6V4JTSY7WD8A.pcm
SwiftExplicitDependencyGeneratePcm arm64 /Users/admin/builder/spi-builder-workspace/.derivedData/ModuleCache.noindex/CoreMotion-DX07HEPBPVR2PGF9YC72RUN2Y.pcm
SwiftExplicitDependencyGeneratePcm arm64 /Users/admin/builder/spi-builder-workspace/.derivedData/ModuleCache.noindex/AudioToolbox-NG03CGG34N72UZ1FKWLNT8K7.pcm
SwiftExplicitDependencyGeneratePcm arm64 /Users/admin/builder/spi-builder-workspace/.derivedData/ModuleCache.noindex/CoreVideo-2RSMJKVNS6O0NFQB1VVYOTYGI.pcm
SwiftExplicitDependencyGeneratePcm arm64 /Users/admin/builder/spi-builder-workspace/.derivedData/ModuleCache.noindex/QuartzCore-8K40EB0UZ88K92K25WHS206V5.pcm
SwiftExplicitDependencyGeneratePcm arm64 /Users/admin/builder/spi-builder-workspace/.derivedData/ModuleCache.noindex/CoreMedia-3P1DY0GL0XIXMCU8KEEHQF287.pcm
SwiftExplicitDependencyGeneratePcm arm64 /Users/admin/builder/spi-builder-workspace/.derivedData/ModuleCache.noindex/CoreImage-AKYZW7R7PR5WPBKJIEUDAPXOU.pcm
SwiftExplicitDependencyGeneratePcm arm64 /Users/admin/builder/spi-builder-workspace/.derivedData/ModuleCache.noindex/ARKit-7T6KG25VJ72KJY3USZM7CVJRR.pcm
SwiftExplicitDependencyGeneratePcm arm64 /Users/admin/builder/spi-builder-workspace/.derivedData/ModuleCache.noindex/SwiftUICore-6TO8TDFXAJCONGY037WZV80SU.pcm
SwiftExplicitDependencyGeneratePcm arm64 /Users/admin/builder/spi-builder-workspace/.derivedData/ModuleCache.noindex/UIKit-981VUMI7QKC34FATQGLBUZH2M.pcm
SwiftExplicitDependencyGeneratePcm arm64 /Users/admin/builder/spi-builder-workspace/.derivedData/ModuleCache.noindex/AVFAudio-3NGL9I0BD68CLCSG3AAL82YB2.pcm
SwiftExplicitDependencyGeneratePcm arm64 /Users/admin/builder/spi-builder-workspace/.derivedData/ModuleCache.noindex/MediaToolbox-DZHGXRY3CSKUNYQ26QFGNVAE7.pcm
SwiftExplicitDependencyGeneratePcm arm64 /Users/admin/builder/spi-builder-workspace/.derivedData/ModuleCache.noindex/AVFoundation-50P1DOK7AC3XQE888KU7CPG0P.pcm
SwiftExplicitDependencyGeneratePcm arm64 /Users/admin/builder/spi-builder-workspace/.derivedData/ModuleCache.noindex/SwiftUI-EQSULN33OXRRBVHOPLYX2VTQ4.pcm
SwiftExplicitDependencyGeneratePcm arm64 /Users/admin/builder/spi-builder-workspace/.derivedData/ModuleCache.noindex/GameController-XQB8WPZ0061OP5MY8DWXO7JK.pcm
SwiftEmitModule normal arm64 Emitting\ module\ for\ InputMask (in target 'InputMask' from project 'InputMask')
EmitSwiftModule normal arm64 (in target 'InputMask' from project 'InputMask')
cd /Users/admin/builder/spi-builder-workspace/.swiftpm/xcode
/Users/admin/builder/spi-builder-workspace/Source/InputMask/InputMask/Classes/View/MaskedTextInputListener.swift:488:22: warning: 'UITextItemInteraction' was deprecated in visionOS 1.0: UITextItemInteraction has been replaced by text item methods on UITextViewDelegate
interaction: UITextItemInteraction
^
/Users/admin/builder/spi-builder-workspace/Source/InputMask/InputMask/Classes/View/MaskedTextInputListener.swift:497:22: warning: 'UITextItemInteraction' was deprecated in visionOS 1.0: UITextItemInteraction has been replaced by text item methods on UITextViewDelegate
interaction: UITextItemInteraction
^
SwiftCompile normal arm64 Compiling\ NumberInputListener.swift,\ PhoneInputListener.swift /Users/admin/builder/spi-builder-workspace/Source/InputMask/InputMask/Classes/View/NumberInputListener.swift /Users/admin/builder/spi-builder-workspace/Source/InputMask/InputMask/Classes/View/PhoneInputListener.swift (in target 'InputMask' from project 'InputMask')
SwiftCompile normal arm64 /Users/admin/builder/spi-builder-workspace/Source/InputMask/InputMask/Classes/View/NumberInputListener.swift (in target 'InputMask' from project 'InputMask')
cd /Users/admin/builder/spi-builder-workspace/.swiftpm/xcode
SwiftCompile normal arm64 /Users/admin/builder/spi-builder-workspace/Source/InputMask/InputMask/Classes/View/PhoneInputListener.swift (in target 'InputMask' from project 'InputMask')
cd /Users/admin/builder/spi-builder-workspace/.swiftpm/xcode
SwiftCompile normal arm64 Compiling\ MaskedTextField.swift,\ MaskedTextInputListener.swift /Users/admin/builder/spi-builder-workspace/Source/InputMask/InputMask/Classes/View/MaskedTextField.swift /Users/admin/builder/spi-builder-workspace/Source/InputMask/InputMask/Classes/View/MaskedTextInputListener.swift (in target 'InputMask' from project 'InputMask')
SwiftCompile normal arm64 /Users/admin/builder/spi-builder-workspace/Source/InputMask/InputMask/Classes/View/MaskedTextField.swift (in target 'InputMask' from project 'InputMask')
cd /Users/admin/builder/spi-builder-workspace/.swiftpm/xcode
/Users/admin/builder/spi-builder-workspace/Source/InputMask/InputMask/Classes/View/MaskedTextField.swift:374:15: error: 'inputAccessoryView' is unavailable in visionOS
field.inputAccessoryView = inputAccessoryView
^~~~~~~~~~~~~~~~~~
/Applications/Xcode-26.3.0.app/Contents/Developer/Platforms/XROS.platform/Developer/SDKs/XROS26.2.sdk/System/Library/Frameworks/UIKit.framework/Headers/UITextField.h:108:49: note: 'inputAccessoryView' has been explicitly marked unavailable here
@property (nullable, readwrite, strong) UIView *inputAccessoryView API_UNAVAILABLE(visionos);
^
SwiftCompile normal arm64 /Users/admin/builder/spi-builder-workspace/Source/InputMask/InputMask/Classes/View/MaskedTextInputListener.swift (in target 'InputMask' from project 'InputMask')
cd /Users/admin/builder/spi-builder-workspace/.swiftpm/xcode
/Users/admin/builder/spi-builder-workspace/Source/InputMask/InputMask/Classes/View/MaskedTextInputListener.swift:488:22: warning: 'UITextItemInteraction' was deprecated in visionOS 1.0: UITextItemInteraction has been replaced by text item methods on UITextViewDelegate
interaction: UITextItemInteraction
^
/Users/admin/builder/spi-builder-workspace/Source/InputMask/InputMask/Classes/View/MaskedTextInputListener.swift:497:22: warning: 'UITextItemInteraction' was deprecated in visionOS 1.0: UITextItemInteraction has been replaced by text item methods on UITextViewDelegate
interaction: UITextItemInteraction
^
/Users/admin/builder/spi-builder-workspace/Source/InputMask/InputMask/Classes/View/MaskedTextInputListener.swift:490:34: warning: 'textView(_:shouldInteractWith:in:interaction:)' was deprecated in visionOS 1.0: Replaced by primaryActionForTextItem: and menuConfigurationForTextItem: for additional customization options.
return textViewDelegate?.textView?(textView, shouldInteractWith: URL, in: characterRange, interaction: interaction) ?? true
^
/Users/admin/builder/spi-builder-workspace/Source/InputMask/InputMask/Classes/View/MaskedTextInputListener.swift:499:34: warning: 'textView(_:shouldInteractWith:in:interaction:)' was deprecated in visionOS 1.0: Replaced by primaryActionForTextItem: and menuConfigurationForTextItem: for additional customization options.
return textViewDelegate?.textView?(textView, shouldInteractWith: textAttachment, in: characterRange, interaction: interaction) ?? true
^
Failed frontend command:
/Applications/Xcode-26.3.0.app/Contents/Developer/Toolchains/XcodeDefault.xctoolchain/usr/bin/swift-frontend -frontend -c /Users/admin/builder/spi-builder-workspace/Source/InputMask/InputMask/Classes/Helper/AffinityCalculationStrategy.swift /Users/admin/builder/spi-builder-workspace/Source/InputMask/InputMask/Classes/Helper/CaretStringIterator.swift /Users/admin/builder/spi-builder-workspace/Source/InputMask/InputMask/Classes/Helper/CharacterSet.swift /Users/admin/builder/spi-builder-workspace/Source/InputMask/InputMask/Classes/Helper/Compiler.swift /Users/admin/builder/spi-builder-workspace/Source/InputMask/InputMask/Classes/Helper/FormatSanitizer.swift /Users/admin/builder/spi-builder-workspace/Source/InputMask/InputMask/Classes/Helper/RTLCaretStringIterator.swift /Users/admin/builder/spi-builder-workspace/Source/InputMask/InputMask/Classes/Helper/String.swift /Users/admin/builder/spi-builder-workspace/Source/InputMask/InputMask/Classes/Mask.swift /Users/admin/builder/spi-builder-workspace/Source/InputMask/InputMask/Classes/Model/CaretString.swift /Users/admin/builder/spi-builder-workspace/Source/InputMask/InputMask/Classes/Model/Country.swift /Users/admin/builder/spi-builder-workspace/Source/InputMask/InputMask/Classes/Model/Next.swift /Users/admin/builder/spi-builder-workspace/Source/InputMask/InputMask/Classes/Model/Notation.swift /Users/admin/builder/spi-builder-workspace/Source/InputMask/InputMask/Classes/Model/State.swift /Users/admin/builder/spi-builder-workspace/Source/InputMask/InputMask/Classes/Model/State/EOLState.swift /Users/admin/builder/spi-builder-workspace/Source/InputMask/InputMask/Classes/Model/State/FixedState.swift /Users/admin/builder/spi-builder-workspace/Source/InputMask/InputMask/Classes/Model/State/FreeState.swift /Users/admin/builder/spi-builder-workspace/Source/InputMask/InputMask/Classes/Model/State/OptionalValueState.swift /Users/admin/builder/spi-builder-workspace/Source/InputMask/InputMask/Classes/Model/State/ValueState.swift /Users/admin/builder/spi-builder-workspace/Source/InputMask/InputMask/Classes/RTLMask.swift /Users/admin/builder/spi-builder-workspace/Source/InputMask/InputMask/Classes/View/MaskedTextField+Modifiers.swift -primary-file /Users/admin/builder/spi-builder-workspace/Source/InputMask/InputMask/Classes/View/MaskedTextField.swift -primary-file /Users/admin/builder/spi-builder-workspace/Source/InputMask/InputMask/Classes/View/MaskedTextInputListener.swift /Users/admin/builder/spi-builder-workspace/Source/InputMask/InputMask/Classes/View/NumberInputListener.swift /Users/admin/builder/spi-builder-workspace/Source/InputMask/InputMask/Classes/View/PhoneInputListener.swift /Users/admin/builder/spi-builder-workspace/Source/InputMask/InputMask/Classes/View/TextViewListener.swift /Users/admin/builder/spi-builder-workspace/Source/InputMask/InputMask/Classes/View/UITextInput.swift -emit-dependencies-path /Users/admin/builder/spi-builder-workspace/.derivedData/Build/Intermediates.noindex/InputMask.build/Debug-xros/InputMask.build/Objects-normal/arm64/MaskedTextField.d -emit-const-values-path /Users/admin/builder/spi-builder-workspace/.derivedData/Build/Intermediates.noindex/InputMask.build/Debug-xros/InputMask.build/Objects-normal/arm64/MaskedTextField.swiftconstvalues -emit-reference-dependencies-path /Users/admin/builder/spi-builder-workspace/.derivedData/Build/Intermediates.noindex/InputMask.build/Debug-xros/InputMask.build/Objects-normal/arm64/MaskedTextField.swiftdeps -serialize-diagnostics-path /Users/admin/builder/spi-builder-workspace/.derivedData/Build/Intermediates.noindex/InputMask.build/Debug-xros/InputMask.build/Objects-normal/arm64/MaskedTextField.dia -emit-dependencies-path /Users/admin/builder/spi-builder-workspace/.derivedData/Build/Intermediates.noindex/InputMask.build/Debug-xros/InputMask.build/Objects-normal/arm64/MaskedTextInputListener.d -emit-const-values-path /Users/admin/builder/spi-builder-workspace/.derivedData/Build/Intermediates.noindex/InputMask.build/Debug-xros/InputMask.build/Objects-normal/arm64/MaskedTextInputListener.swiftconstvalues -emit-reference-dependencies-path /Users/admin/builder/spi-builder-workspace/.derivedData/Build/Intermediates.noindex/InputMask.build/Debug-xros/InputMask.build/Objects-normal/arm64/MaskedTextInputListener.swiftdeps -serialize-diagnostics-path /Users/admin/builder/spi-builder-workspace/.derivedData/Build/Intermediates.noindex/InputMask.build/Debug-xros/InputMask.build/Objects-normal/arm64/MaskedTextInputListener.dia -target arm64-apple-xros1.0 -module-can-import-version Foundation 4201 4201.0.0 -module-can-import-version SwiftUI 7.2.5.1 7.2.5 -module-can-import-version UIKit 9126.2.4.1 9126.2.4 -load-resolved-plugin /Applications/Xcode-26.3.0.app/Contents/Developer/Platforms/XROS.platform/Developer/usr/lib/swift/host/plugins/libFoundationMacros.dylib\#/Applications/Xcode-26.3.0.app/Contents/Developer/Platforms/XROS.platform/Developer/usr/bin/swift-plugin-server\#FoundationMacros -load-resolved-plugin /Applications/Xcode-26.3.0.app/Contents/Developer/Platforms/XROS.platform/Developer/usr/lib/swift/host/plugins/libObservationMacros.dylib\#/Applications/Xcode-26.3.0.app/Contents/Developer/Platforms/XROS.platform/Developer/usr/bin/swift-plugin-server\#ObservationMacros -load-resolved-plugin /Applications/Xcode-26.3.0.app/Contents/Developer/Platforms/XROS.platform/Developer/usr/lib/swift/host/plugins/libPreviewsMacros.dylib\#/Applications/Xcode-26.3.0.app/Contents/Developer/Platforms/XROS.platform/Developer/usr/bin/swift-plugin-server\#PreviewsMacros -load-resolved-plugin /Applications/Xcode-26.3.0.app/Contents/Developer/Platforms/XROS.platform/Developer/usr/lib/swift/host/plugins/libSwiftMacros.dylib\#/Applications/Xcode-26.3.0.app/Contents/Developer/Platforms/XROS.platform/Developer/usr/bin/swift-plugin-server\#SwiftMacros -load-resolved-plugin /Applications/Xcode-26.3.0.app/Contents/Developer/Platforms/XROS.platform/Developer/usr/lib/swift/host/plugins/libSwiftUIMacros.dylib\#/Applications/Xcode-26.3.0.app/Contents/Developer/Platforms/XROS.platform/Developer/usr/bin/swift-plugin-server\#SwiftUIMacros -disable-implicit-swift-modules -Xcc -fno-implicit-modules -Xcc -fno-implicit-module-maps -explicit-swift-module-map-file /Users/admin/builder/spi-builder-workspace/.derivedData/Build/Intermediates.noindex/InputMask.build/Debug-xros/InputMask.build/Objects-normal/arm64/InputMask-dependencies-1.json -Xllvm -aarch64-use-tbi -enable-objc-interop -stack-check -sdk /Applications/Xcode-26.3.0.app/Contents/Developer/Platforms/XROS.platform/Developer/SDKs/XROS26.2.sdk -I /Users/admin/builder/spi-builder-workspace/.derivedData/Build/Products/Debug-xros -Isystem /Applications/Xcode-26.3.0.app/Contents/Developer/Platforms/XROS.platform/Developer/usr/lib -F /Users/admin/builder/spi-builder-workspace/.derivedData/Build/Products/Debug-xros -F /Applications/Xcode-26.3.0.app/Contents/Developer/Platforms/XROS.platform/Developer/Library/Frameworks -F /Applications/Xcode-26.3.0.app/Contents/Developer/Platforms/XROS.platform/Developer/SDKs/XROS26.2.sdk/Developer/Library/Frameworks -no-color-diagnostics -Xcc -fno-color-diagnostics -enable-testing -g -debug-info-format\=dwarf -dwarf-version\=4 -module-cache-path /Users/admin/builder/spi-builder-workspace/.derivedData/Build/Intermediates.noindex/SwiftExplicitPrecompiledModules -swift-version 5 -enforce-exclusivity\=checked -Onone -D SWIFT_PACKAGE -D DEBUG -D SWIFT_MODULE_RESOURCE_BUNDLE_UNAVAILABLE -D Xcode -serialize-debugging-options -const-gather-protocols-file /Users/admin/builder/spi-builder-workspace/.derivedData/Build/Intermediates.noindex/InputMask.build/Debug-xros/InputMask.build/Objects-normal/arm64/InputMask_const_extract_protocols.json -enable-experimental-feature DebugDescriptionMacro -empty-abi-descriptor -validate-clang-modules-once -clang-build-session-file /Users/admin/builder/spi-builder-workspace/.derivedData/ModuleCache.noindex/Session.modulevalidation -Xcc -working-directory -Xcc /Users/admin/builder/spi-builder-workspace/.swiftpm/xcode -enable-anonymous-context-mangled-names -file-compilation-dir /Users/admin/builder/spi-builder-workspace/.swiftpm/xcode -Xcc -D_LIBCPP_HARDENING_MODE\=_LIBCPP_HARDENING_MODE_DEBUG -Xcc -ivfsstatcache -Xcc /Users/admin/builder/spi-builder-workspace/.derivedData/SDKStatCaches.noindex/xros26.2-23N301-dc75598d0054f22ec865fa860f139d72f5e64962d3ee001da1d77d1957dffdab.sdkstatcache -Xcc -I/Users/admin/builder/spi-builder-workspace/.derivedData/Build/Intermediates.noindex/InputMask.build/Debug-xros/InputMask.build/swift-overrides.hmap -Xcc -I/Users/admin/builder/spi-builder-workspace/.derivedData/Build/Products/Debug-xros/include -Xcc -I/Users/admin/builder/spi-builder-workspace/.derivedData/Build/Intermediates.noindex/InputMask.build/Debug-xros/InputMask.build/DerivedSources-normal/arm64 -Xcc -I/Users/admin/builder/spi-builder-workspace/.derivedData/Build/Intermediates.noindex/InputMask.build/Debug-xros/InputMask.build/DerivedSources/arm64 -Xcc -I/Users/admin/builder/spi-builder-workspace/.derivedData/Build/Intermediates.noindex/InputMask.build/Debug-xros/InputMask.build/DerivedSources -Xcc -DSWIFT_PACKAGE -Xcc -DDEBUG\=1 -no-auto-bridging-header-chaining -module-name InputMask -frontend-parseable-output -disable-clang-spi -target-sdk-version 26.2 -target-sdk-name xros26.2 -clang-target arm64-apple-xros26.2 -in-process-plugin-server-path /Applications/Xcode-26.3.0.app/Contents/Developer/Toolchains/XcodeDefault.xctoolchain/usr/lib/swift/host/libSwiftInProcPluginServer.dylib -o /Users/admin/builder/spi-builder-workspace/.derivedData/Build/Intermediates.noindex/InputMask.build/Debug-xros/InputMask.build/Objects-normal/arm64/MaskedTextField.o -o /Users/admin/builder/spi-builder-workspace/.derivedData/Build/Intermediates.noindex/InputMask.build/Debug-xros/InputMask.build/Objects-normal/arm64/MaskedTextInputListener.o -index-unit-output-path /InputMask.build/Debug-xros/InputMask.build/Objects-normal/arm64/MaskedTextField.o -index-unit-output-path /InputMask.build/Debug-xros/InputMask.build/Objects-normal/arm64/MaskedTextInputListener.o -index-store-path /Users/admin/builder/spi-builder-workspace/.derivedData/Index.noindex/DataStore -index-system-modules
SwiftCompile normal arm64 Compiling\ FreeState.swift,\ OptionalValueState.swift,\ ValueState.swift /Users/admin/builder/spi-builder-workspace/Source/InputMask/InputMask/Classes/Model/State/FreeState.swift /Users/admin/builder/spi-builder-workspace/Source/InputMask/InputMask/Classes/Model/State/OptionalValueState.swift /Users/admin/builder/spi-builder-workspace/Source/InputMask/InputMask/Classes/Model/State/ValueState.swift (in target 'InputMask' from project 'InputMask')
SwiftCompile normal arm64 /Users/admin/builder/spi-builder-workspace/Source/InputMask/InputMask/Classes/Model/State/FreeState.swift (in target 'InputMask' from project 'InputMask')
cd /Users/admin/builder/spi-builder-workspace/.swiftpm/xcode
SwiftCompile normal arm64 /Users/admin/builder/spi-builder-workspace/Source/InputMask/InputMask/Classes/Model/State/OptionalValueState.swift (in target 'InputMask' from project 'InputMask')
cd /Users/admin/builder/spi-builder-workspace/.swiftpm/xcode
SwiftCompile normal arm64 /Users/admin/builder/spi-builder-workspace/Source/InputMask/InputMask/Classes/Model/State/ValueState.swift (in target 'InputMask' from project 'InputMask')
cd /Users/admin/builder/spi-builder-workspace/.swiftpm/xcode
SwiftCompile normal arm64 Compiling\ String.swift,\ Mask.swift,\ CaretString.swift /Users/admin/builder/spi-builder-workspace/Source/InputMask/InputMask/Classes/Helper/String.swift /Users/admin/builder/spi-builder-workspace/Source/InputMask/InputMask/Classes/Mask.swift /Users/admin/builder/spi-builder-workspace/Source/InputMask/InputMask/Classes/Model/CaretString.swift (in target 'InputMask' from project 'InputMask')
SwiftCompile normal arm64 /Users/admin/builder/spi-builder-workspace/Source/InputMask/InputMask/Classes/Helper/String.swift (in target 'InputMask' from project 'InputMask')
cd /Users/admin/builder/spi-builder-workspace/.swiftpm/xcode
SwiftCompile normal arm64 /Users/admin/builder/spi-builder-workspace/Source/InputMask/InputMask/Classes/Mask.swift (in target 'InputMask' from project 'InputMask')
cd /Users/admin/builder/spi-builder-workspace/.swiftpm/xcode
SwiftCompile normal arm64 /Users/admin/builder/spi-builder-workspace/Source/InputMask/InputMask/Classes/Model/CaretString.swift (in target 'InputMask' from project 'InputMask')
cd /Users/admin/builder/spi-builder-workspace/.swiftpm/xcode
SwiftCompile normal arm64 Compiling\ State.swift,\ EOLState.swift,\ FixedState.swift /Users/admin/builder/spi-builder-workspace/Source/InputMask/InputMask/Classes/Model/State.swift /Users/admin/builder/spi-builder-workspace/Source/InputMask/InputMask/Classes/Model/State/EOLState.swift /Users/admin/builder/spi-builder-workspace/Source/InputMask/InputMask/Classes/Model/State/FixedState.swift (in target 'InputMask' from project 'InputMask')
SwiftCompile normal arm64 /Users/admin/builder/spi-builder-workspace/Source/InputMask/InputMask/Classes/Model/State.swift (in target 'InputMask' from project 'InputMask')
cd /Users/admin/builder/spi-builder-workspace/.swiftpm/xcode
SwiftCompile normal arm64 /Users/admin/builder/spi-builder-workspace/Source/InputMask/InputMask/Classes/Model/State/EOLState.swift (in target 'InputMask' from project 'InputMask')
cd /Users/admin/builder/spi-builder-workspace/.swiftpm/xcode
SwiftCompile normal arm64 /Users/admin/builder/spi-builder-workspace/Source/InputMask/InputMask/Classes/Model/State/FixedState.swift (in target 'InputMask' from project 'InputMask')
cd /Users/admin/builder/spi-builder-workspace/.swiftpm/xcode
SwiftCompile normal arm64 Compiling\ RTLMask.swift,\ MaskedTextField+Modifiers.swift /Users/admin/builder/spi-builder-workspace/Source/InputMask/InputMask/Classes/RTLMask.swift /Users/admin/builder/spi-builder-workspace/Source/InputMask/InputMask/Classes/View/MaskedTextField+Modifiers.swift (in target 'InputMask' from project 'InputMask')
SwiftCompile normal arm64 /Users/admin/builder/spi-builder-workspace/Source/InputMask/InputMask/Classes/RTLMask.swift (in target 'InputMask' from project 'InputMask')
cd /Users/admin/builder/spi-builder-workspace/.swiftpm/xcode
SwiftCompile normal arm64 /Users/admin/builder/spi-builder-workspace/Source/InputMask/InputMask/Classes/View/MaskedTextField+Modifiers.swift (in target 'InputMask' from project 'InputMask')
cd /Users/admin/builder/spi-builder-workspace/.swiftpm/xcode
SwiftCompile normal arm64 Compiling\ AffinityCalculationStrategy.swift,\ CaretStringIterator.swift,\ CharacterSet.swift /Users/admin/builder/spi-builder-workspace/Source/InputMask/InputMask/Classes/Helper/AffinityCalculationStrategy.swift /Users/admin/builder/spi-builder-workspace/Source/InputMask/InputMask/Classes/Helper/CaretStringIterator.swift /Users/admin/builder/spi-builder-workspace/Source/InputMask/InputMask/Classes/Helper/CharacterSet.swift (in target 'InputMask' from project 'InputMask')
SwiftCompile normal arm64 /Users/admin/builder/spi-builder-workspace/Source/InputMask/InputMask/Classes/Helper/AffinityCalculationStrategy.swift (in target 'InputMask' from project 'InputMask')
cd /Users/admin/builder/spi-builder-workspace/.swiftpm/xcode
SwiftCompile normal arm64 /Users/admin/builder/spi-builder-workspace/Source/InputMask/InputMask/Classes/Helper/CaretStringIterator.swift (in target 'InputMask' from project 'InputMask')
cd /Users/admin/builder/spi-builder-workspace/.swiftpm/xcode
SwiftCompile normal arm64 /Users/admin/builder/spi-builder-workspace/Source/InputMask/InputMask/Classes/Helper/CharacterSet.swift (in target 'InputMask' from project 'InputMask')
cd /Users/admin/builder/spi-builder-workspace/.swiftpm/xcode
SwiftCompile normal arm64 Compiling\ Country.swift,\ Next.swift,\ Notation.swift /Users/admin/builder/spi-builder-workspace/Source/InputMask/InputMask/Classes/Model/Country.swift /Users/admin/builder/spi-builder-workspace/Source/InputMask/InputMask/Classes/Model/Next.swift /Users/admin/builder/spi-builder-workspace/Source/InputMask/InputMask/Classes/Model/Notation.swift (in target 'InputMask' from project 'InputMask')
SwiftCompile normal arm64 /Users/admin/builder/spi-builder-workspace/Source/InputMask/InputMask/Classes/Model/Country.swift (in target 'InputMask' from project 'InputMask')
cd /Users/admin/builder/spi-builder-workspace/.swiftpm/xcode
SwiftCompile normal arm64 /Users/admin/builder/spi-builder-workspace/Source/InputMask/InputMask/Classes/Model/Next.swift (in target 'InputMask' from project 'InputMask')
cd /Users/admin/builder/spi-builder-workspace/.swiftpm/xcode
SwiftCompile normal arm64 /Users/admin/builder/spi-builder-workspace/Source/InputMask/InputMask/Classes/Model/Notation.swift (in target 'InputMask' from project 'InputMask')
cd /Users/admin/builder/spi-builder-workspace/.swiftpm/xcode
SwiftCompile normal arm64 Compiling\ Compiler.swift,\ FormatSanitizer.swift,\ RTLCaretStringIterator.swift /Users/admin/builder/spi-builder-workspace/Source/InputMask/InputMask/Classes/Helper/Compiler.swift /Users/admin/builder/spi-builder-workspace/Source/InputMask/InputMask/Classes/Helper/FormatSanitizer.swift /Users/admin/builder/spi-builder-workspace/Source/InputMask/InputMask/Classes/Helper/RTLCaretStringIterator.swift (in target 'InputMask' from project 'InputMask')
SwiftCompile normal arm64 /Users/admin/builder/spi-builder-workspace/Source/InputMask/InputMask/Classes/Helper/Compiler.swift (in target 'InputMask' from project 'InputMask')
cd /Users/admin/builder/spi-builder-workspace/.swiftpm/xcode
SwiftCompile normal arm64 /Users/admin/builder/spi-builder-workspace/Source/InputMask/InputMask/Classes/Helper/FormatSanitizer.swift (in target 'InputMask' from project 'InputMask')
cd /Users/admin/builder/spi-builder-workspace/.swiftpm/xcode
SwiftCompile normal arm64 /Users/admin/builder/spi-builder-workspace/Source/InputMask/InputMask/Classes/Helper/RTLCaretStringIterator.swift (in target 'InputMask' from project 'InputMask')
cd /Users/admin/builder/spi-builder-workspace/.swiftpm/xcode
SwiftCompile normal arm64 Compiling\ TextViewListener.swift,\ UITextInput.swift /Users/admin/builder/spi-builder-workspace/Source/InputMask/InputMask/Classes/View/TextViewListener.swift /Users/admin/builder/spi-builder-workspace/Source/InputMask/InputMask/Classes/View/UITextInput.swift (in target 'InputMask' from project 'InputMask')
SwiftCompile normal arm64 /Users/admin/builder/spi-builder-workspace/Source/InputMask/InputMask/Classes/View/TextViewListener.swift (in target 'InputMask' from project 'InputMask')
cd /Users/admin/builder/spi-builder-workspace/.swiftpm/xcode
SwiftCompile normal arm64 /Users/admin/builder/spi-builder-workspace/Source/InputMask/InputMask/Classes/View/UITextInput.swift (in target 'InputMask' from project 'InputMask')
cd /Users/admin/builder/spi-builder-workspace/.swiftpm/xcode
SwiftDriverJobDiscovery normal arm64 Emitting module for InputMask (in target 'InputMask' from project 'InputMask')
SwiftDriver\ Compilation\ Requirements InputMask normal arm64 com.apple.xcode.tools.swift.compiler (in target 'InputMask' from project 'InputMask')
cd /Users/admin/builder/spi-builder-workspace/.swiftpm/xcode
builtin-Swift-Compilation-Requirements -- /Applications/Xcode-26.3.0.app/Contents/Developer/Toolchains/XcodeDefault.xctoolchain/usr/bin/swiftc -module-name InputMask -Onone -enforce-exclusivity\=checked @/Users/admin/builder/spi-builder-workspace/.derivedData/Build/Intermediates.noindex/InputMask.build/Debug-xros/InputMask.build/Objects-normal/arm64/InputMask.SwiftFileList -DSWIFT_PACKAGE -DDEBUG -DSWIFT_MODULE_RESOURCE_BUNDLE_UNAVAILABLE -DXcode -plugin-path /Applications/Xcode-26.3.0.app/Contents/Developer/Toolchains/XcodeDefault.xctoolchain/usr/lib/swift/host/plugins/testing -enable-experimental-feature DebugDescriptionMacro -sdk /Applications/Xcode-26.3.0.app/Contents/Developer/Platforms/XROS.platform/Developer/SDKs/XROS26.2.sdk -target arm64-apple-xros1.0 -g -module-cache-path /Users/admin/builder/spi-builder-workspace/.derivedData/ModuleCache.noindex -Xfrontend -serialize-debugging-options -enable-testing -index-store-path /Users/admin/builder/spi-builder-workspace/.derivedData/Index.noindex/DataStore -Xcc -D_LIBCPP_HARDENING_MODE\=_LIBCPP_HARDENING_MODE_DEBUG -swift-version 5 -I /Users/admin/builder/spi-builder-workspace/.derivedData/Build/Products/Debug-xros -Isystem /Applications/Xcode-26.3.0.app/Contents/Developer/Platforms/XROS.platform/Developer/usr/lib -F /Users/admin/builder/spi-builder-workspace/.derivedData/Build/Products/Debug-xros -F /Applications/Xcode-26.3.0.app/Contents/Developer/Platforms/XROS.platform/Developer/Library/Frameworks -F /Applications/Xcode-26.3.0.app/Contents/Developer/Platforms/XROS.platform/Developer/SDKs/XROS26.2.sdk/Developer/Library/Frameworks -c -j10 -enable-batch-mode -incremental -Xcc -ivfsstatcache -Xcc /Users/admin/builder/spi-builder-workspace/.derivedData/SDKStatCaches.noindex/xros26.2-23N301-dc75598d0054f22ec865fa860f139d72f5e64962d3ee001da1d77d1957dffdab.sdkstatcache -output-file-map /Users/admin/builder/spi-builder-workspace/.derivedData/Build/Intermediates.noindex/InputMask.build/Debug-xros/InputMask.build/Objects-normal/arm64/InputMask-OutputFileMap.json -use-frontend-parseable-output -save-temps -no-color-diagnostics -explicit-module-build -module-cache-path /Users/admin/builder/spi-builder-workspace/.derivedData/Build/Intermediates.noindex/SwiftExplicitPrecompiledModules -clang-scanner-module-cache-path /Users/admin/builder/spi-builder-workspace/.derivedData/ModuleCache.noindex -sdk-module-cache-path /Users/admin/builder/spi-builder-workspace/.derivedData/ModuleCache.noindex -serialize-diagnostics -emit-dependencies -emit-module -emit-module-path /Users/admin/builder/spi-builder-workspace/.derivedData/Build/Intermediates.noindex/InputMask.build/Debug-xros/InputMask.build/Objects-normal/arm64/InputMask.swiftmodule -validate-clang-modules-once -clang-build-session-file /Users/admin/builder/spi-builder-workspace/.derivedData/ModuleCache.noindex/Session.modulevalidation -Xcc -I/Users/admin/builder/spi-builder-workspace/.derivedData/Build/Intermediates.noindex/InputMask.build/Debug-xros/InputMask.build/swift-overrides.hmap -emit-const-values -Xfrontend -const-gather-protocols-file -Xfrontend /Users/admin/builder/spi-builder-workspace/.derivedData/Build/Intermediates.noindex/InputMask.build/Debug-xros/InputMask.build/Objects-normal/arm64/InputMask_const_extract_protocols.json -Xcc -I/Users/admin/builder/spi-builder-workspace/.derivedData/Build/Products/Debug-xros/include -Xcc -I/Users/admin/builder/spi-builder-workspace/.derivedData/Build/Intermediates.noindex/InputMask.build/Debug-xros/InputMask.build/DerivedSources-normal/arm64 -Xcc -I/Users/admin/builder/spi-builder-workspace/.derivedData/Build/Intermediates.noindex/InputMask.build/Debug-xros/InputMask.build/DerivedSources/arm64 -Xcc -I/Users/admin/builder/spi-builder-workspace/.derivedData/Build/Intermediates.noindex/InputMask.build/Debug-xros/InputMask.build/DerivedSources -Xcc -DSWIFT_PACKAGE -Xcc -DDEBUG\=1 -emit-objc-header -emit-objc-header-path /Users/admin/builder/spi-builder-workspace/.derivedData/Build/Intermediates.noindex/InputMask.build/Debug-xros/InputMask.build/Objects-normal/arm64/InputMask-Swift.h -working-directory /Users/admin/builder/spi-builder-workspace/.swiftpm/xcode -experimental-emit-module-separately -disable-cmo
SwiftDriverJobDiscovery normal arm64 Compiling State.swift, EOLState.swift, FixedState.swift (in target 'InputMask' from project 'InputMask')
SwiftDriverJobDiscovery normal arm64 Compiling Country.swift, Next.swift, Notation.swift (in target 'InputMask' from project 'InputMask')
SwiftDriverJobDiscovery normal arm64 Compiling AffinityCalculationStrategy.swift, CaretStringIterator.swift, CharacterSet.swift (in target 'InputMask' from project 'InputMask')
SwiftDriverJobDiscovery normal arm64 Compiling Compiler.swift, FormatSanitizer.swift, RTLCaretStringIterator.swift (in target 'InputMask' from project 'InputMask')
SwiftMergeGeneratedHeaders /Users/admin/builder/spi-builder-workspace/.derivedData/Build/Intermediates.noindex/GeneratedModuleMaps-xros/InputMask-Swift.h /Users/admin/builder/spi-builder-workspace/.derivedData/Build/Intermediates.noindex/InputMask.build/Debug-xros/InputMask.build/Objects-normal/arm64/InputMask-Swift.h (in target 'InputMask' from project 'InputMask')
cd /Users/admin/builder/spi-builder-workspace
builtin-swiftHeaderTool -arch arm64 /Users/admin/builder/spi-builder-workspace/.derivedData/Build/Intermediates.noindex/InputMask.build/Debug-xros/InputMask.build/Objects-normal/arm64/InputMask-Swift.h -o /Users/admin/builder/spi-builder-workspace/.derivedData/Build/Intermediates.noindex/GeneratedModuleMaps-xros/InputMask-Swift.h
SwiftDriverJobDiscovery normal arm64 Compiling FreeState.swift, OptionalValueState.swift, ValueState.swift (in target 'InputMask' from project 'InputMask')
Copy /Users/admin/builder/spi-builder-workspace/.derivedData/Build/Products/Debug-xros/InputMask.swiftmodule/arm64-apple-xros.swiftmodule /Users/admin/builder/spi-builder-workspace/.derivedData/Build/Intermediates.noindex/InputMask.build/Debug-xros/InputMask.build/Objects-normal/arm64/InputMask.swiftmodule (in target 'InputMask' from project 'InputMask')
cd /Users/admin/builder/spi-builder-workspace
builtin-copy -exclude .DS_Store -exclude CVS -exclude .svn -exclude .git -exclude .hg -resolve-src-symlinks -rename /Users/admin/builder/spi-builder-workspace/.derivedData/Build/Intermediates.noindex/InputMask.build/Debug-xros/InputMask.build/Objects-normal/arm64/InputMask.swiftmodule /Users/admin/builder/spi-builder-workspace/.derivedData/Build/Products/Debug-xros/InputMask.swiftmodule/arm64-apple-xros.swiftmodule
Copy /Users/admin/builder/spi-builder-workspace/.derivedData/Build/Products/Debug-xros/InputMask.swiftmodule/arm64-apple-xros.abi.json /Users/admin/builder/spi-builder-workspace/.derivedData/Build/Intermediates.noindex/InputMask.build/Debug-xros/InputMask.build/Objects-normal/arm64/InputMask.abi.json (in target 'InputMask' from project 'InputMask')
cd /Users/admin/builder/spi-builder-workspace
builtin-copy -exclude .DS_Store -exclude CVS -exclude .svn -exclude .git -exclude .hg -resolve-src-symlinks -rename /Users/admin/builder/spi-builder-workspace/.derivedData/Build/Intermediates.noindex/InputMask.build/Debug-xros/InputMask.build/Objects-normal/arm64/InputMask.abi.json /Users/admin/builder/spi-builder-workspace/.derivedData/Build/Products/Debug-xros/InputMask.swiftmodule/arm64-apple-xros.abi.json
Copy /Users/admin/builder/spi-builder-workspace/.derivedData/Build/Products/Debug-xros/InputMask.swiftmodule/arm64-apple-xros.swiftdoc /Users/admin/builder/spi-builder-workspace/.derivedData/Build/Intermediates.noindex/InputMask.build/Debug-xros/InputMask.build/Objects-normal/arm64/InputMask.swiftdoc (in target 'InputMask' from project 'InputMask')
cd /Users/admin/builder/spi-builder-workspace
builtin-copy -exclude .DS_Store -exclude CVS -exclude .svn -exclude .git -exclude .hg -resolve-src-symlinks -rename /Users/admin/builder/spi-builder-workspace/.derivedData/Build/Intermediates.noindex/InputMask.build/Debug-xros/InputMask.build/Objects-normal/arm64/InputMask.swiftdoc /Users/admin/builder/spi-builder-workspace/.derivedData/Build/Products/Debug-xros/InputMask.swiftmodule/arm64-apple-xros.swiftdoc
Copy /Users/admin/builder/spi-builder-workspace/.derivedData/Build/Products/Debug-xros/InputMask.swiftmodule/Project/arm64-apple-xros.swiftsourceinfo /Users/admin/builder/spi-builder-workspace/.derivedData/Build/Intermediates.noindex/InputMask.build/Debug-xros/InputMask.build/Objects-normal/arm64/InputMask.swiftsourceinfo (in target 'InputMask' from project 'InputMask')
cd /Users/admin/builder/spi-builder-workspace
builtin-copy -exclude .DS_Store -exclude CVS -exclude .svn -exclude .git -exclude .hg -resolve-src-symlinks -rename /Users/admin/builder/spi-builder-workspace/.derivedData/Build/Intermediates.noindex/InputMask.build/Debug-xros/InputMask.build/Objects-normal/arm64/InputMask.swiftsourceinfo /Users/admin/builder/spi-builder-workspace/.derivedData/Build/Products/Debug-xros/InputMask.swiftmodule/Project/arm64-apple-xros.swiftsourceinfo
SwiftDriver InputMaskTests normal arm64 com.apple.xcode.tools.swift.compiler (in target 'InputMaskTests' from project 'InputMask')
cd /Users/admin/builder/spi-builder-workspace/.swiftpm/xcode
builtin-SwiftDriver -- /Applications/Xcode-26.3.0.app/Contents/Developer/Toolchains/XcodeDefault.xctoolchain/usr/bin/swiftc -module-name InputMaskTests -Onone -enforce-exclusivity\=checked @/Users/admin/builder/spi-builder-workspace/.derivedData/Build/Intermediates.noindex/InputMask.build/Debug-xros/InputMaskTests.build/Objects-normal/arm64/InputMaskTests.SwiftFileList -DSWIFT_PACKAGE -DDEBUG -DXcode -plugin-path /Applications/Xcode-26.3.0.app/Contents/Developer/Toolchains/XcodeDefault.xctoolchain/usr/lib/swift/host/plugins/testing -enable-experimental-feature DebugDescriptionMacro -sdk /Applications/Xcode-26.3.0.app/Contents/Developer/Platforms/XROS.platform/Developer/SDKs/XROS26.2.sdk -target arm64-apple-xros1.0 -g -module-cache-path /Users/admin/builder/spi-builder-workspace/.derivedData/ModuleCache.noindex -Xfrontend -serialize-debugging-options -enable-testing -index-store-path /Users/admin/builder/spi-builder-workspace/.derivedData/Index.noindex/DataStore -Xcc -D_LIBCPP_HARDENING_MODE\=_LIBCPP_HARDENING_MODE_DEBUG -swift-version 5 -I /Users/admin/builder/spi-builder-workspace/.derivedData/Build/Products/Debug-xros -Isystem /Applications/Xcode-26.3.0.app/Contents/Developer/Platforms/XROS.platform/Developer/usr/lib -F /Users/admin/builder/spi-builder-workspace/.derivedData/Build/Products/Debug-xros/PackageFrameworks -F /Users/admin/builder/spi-builder-workspace/.derivedData/Build/Products/Debug-xros -F /Applications/Xcode-26.3.0.app/Contents/Developer/Platforms/XROS.platform/Developer/Library/Frameworks -F /Applications/Xcode-26.3.0.app/Contents/Developer/Platforms/XROS.platform/Developer/SDKs/XROS26.2.sdk/Developer/Library/Frameworks -c -j10 -enable-batch-mode -incremental -Xcc -ivfsstatcache -Xcc /Users/admin/builder/spi-builder-workspace/.derivedData/SDKStatCaches.noindex/xros26.2-23N301-dc75598d0054f22ec865fa860f139d72f5e64962d3ee001da1d77d1957dffdab.sdkstatcache -output-file-map /Users/admin/builder/spi-builder-workspace/.derivedData/Build/Intermediates.noindex/InputMask.build/Debug-xros/InputMaskTests.build/Objects-normal/arm64/InputMaskTests-OutputFileMap.json -use-frontend-parseable-output -save-temps -no-color-diagnostics -explicit-module-build -module-cache-path /Users/admin/builder/spi-builder-workspace/.derivedData/Build/Intermediates.noindex/SwiftExplicitPrecompiledModules -clang-scanner-module-cache-path /Users/admin/builder/spi-builder-workspace/.derivedData/ModuleCache.noindex -sdk-module-cache-path /Users/admin/builder/spi-builder-workspace/.derivedData/ModuleCache.noindex -serialize-diagnostics -emit-dependencies -emit-module -emit-module-path /Users/admin/builder/spi-builder-workspace/.derivedData/Build/Intermediates.noindex/InputMask.build/Debug-xros/InputMaskTests.build/Objects-normal/arm64/InputMaskTests.swiftmodule -validate-clang-modules-once -clang-build-session-file /Users/admin/builder/spi-builder-workspace/.derivedData/ModuleCache.noindex/Session.modulevalidation -emit-const-values -Xfrontend -const-gather-protocols-file -Xfrontend /Users/admin/builder/spi-builder-workspace/.derivedData/Build/Intermediates.noindex/InputMask.build/Debug-xros/InputMaskTests.build/Objects-normal/arm64/InputMaskTests_const_extract_protocols.json -Xcc -I/Users/admin/builder/spi-builder-workspace/.derivedData/Build/Products/Debug-xros/include -Xcc -I/Users/admin/builder/spi-builder-workspace/.derivedData/Build/Intermediates.noindex/InputMask.build/Debug-xros/InputMaskTests.build/DerivedSources-normal/arm64 -Xcc -I/Users/admin/builder/spi-builder-workspace/.derivedData/Build/Intermediates.noindex/InputMask.build/Debug-xros/InputMaskTests.build/DerivedSources/arm64 -Xcc -I/Users/admin/builder/spi-builder-workspace/.derivedData/Build/Intermediates.noindex/InputMask.build/Debug-xros/InputMaskTests.build/DerivedSources -Xcc -DSWIFT_PACKAGE -Xcc -DDEBUG\=1 -working-directory /Users/admin/builder/spi-builder-workspace/.swiftpm/xcode -experimental-emit-module-separately -disable-cmo
SwiftExplicitDependencyGeneratePcm arm64 /Users/admin/builder/spi-builder-workspace/.derivedData/Build/Intermediates.noindex/SwiftExplicitPrecompiledModules/XCUIAutomation-EKF7LRK89JGV2754D7EZPJ6IG.pcm
SwiftExplicitDependencyGeneratePcm arm64 /Users/admin/builder/spi-builder-workspace/.derivedData/Build/Intermediates.noindex/SwiftExplicitPrecompiledModules/XCTest-6H43O8NO7JSJI8N2C3UAQ61LR.pcm
SwiftExplicitDependencyCompileModuleFromInterface arm64 /Users/admin/builder/spi-builder-workspace/.derivedData/Build/Intermediates.noindex/SwiftExplicitPrecompiledModules/XCUIAutomation-3C17NAIKIMNB8.swiftmodule
SwiftDriverJobDiscovery normal arm64 Compiling TextViewListener.swift, UITextInput.swift (in target 'InputMask' from project 'InputMask')
SwiftDriverJobDiscovery normal arm64 Compiling String.swift, Mask.swift, CaretString.swift (in target 'InputMask' from project 'InputMask')
SwiftDriverJobDiscovery normal arm64 Compiling NumberInputListener.swift, PhoneInputListener.swift (in target 'InputMask' from project 'InputMask')
SwiftExplicitDependencyCompileModuleFromInterface arm64 /Users/admin/builder/spi-builder-workspace/.derivedData/Build/Intermediates.noindex/SwiftExplicitPrecompiledModules/XCTest-3FXOZ35TOHRS9.swiftmodule
SwiftEmitModule normal arm64 Emitting\ module\ for\ InputMaskTests (in target 'InputMaskTests' from project 'InputMask')
EmitSwiftModule normal arm64 (in target 'InputMaskTests' from project 'InputMask')
cd /Users/admin/builder/spi-builder-workspace/.swiftpm/xcode
SwiftCompile normal arm64 Compiling\ YearACCase.swift /Users/admin/builder/spi-builder-workspace/Source/InputMask/InputMaskTests/Classes/Mask/YearACCase.swift (in target 'InputMaskTests' from project 'InputMask')
SwiftCompile normal arm64 /Users/admin/builder/spi-builder-workspace/Source/InputMask/InputMaskTests/Classes/Mask/YearACCase.swift (in target 'InputMaskTests' from project 'InputMask')
cd /Users/admin/builder/spi-builder-workspace/.swiftpm/xcode
SwiftCompile normal arm64 Compiling\ YearCase.swift /Users/admin/builder/spi-builder-workspace/Source/InputMask/InputMaskTests/Classes/Mask/YearCase.swift (in target 'InputMaskTests' from project 'InputMask')
SwiftCompile normal arm64 /Users/admin/builder/spi-builder-workspace/Source/InputMask/InputMaskTests/Classes/Mask/YearCase.swift (in target 'InputMaskTests' from project 'InputMask')
cd /Users/admin/builder/spi-builder-workspace/.swiftpm/xcode
SwiftCompile normal arm64 Compiling\ NameCase.swift,\ PhoneCase.swift /Users/admin/builder/spi-builder-workspace/Source/InputMask/InputMaskTests/Classes/Mask/NameCase.swift /Users/admin/builder/spi-builder-workspace/Source/InputMask/InputMaskTests/Classes/Mask/PhoneCase.swift (in target 'InputMaskTests' from project 'InputMask')
SwiftCompile normal arm64 /Users/admin/builder/spi-builder-workspace/Source/InputMask/InputMaskTests/Classes/Mask/NameCase.swift (in target 'InputMaskTests' from project 'InputMask')
cd /Users/admin/builder/spi-builder-workspace/.swiftpm/xcode
SwiftCompile normal arm64 /Users/admin/builder/spi-builder-workspace/Source/InputMask/InputMaskTests/Classes/Mask/PhoneCase.swift (in target 'InputMaskTests' from project 'InputMask')
cd /Users/admin/builder/spi-builder-workspace/.swiftpm/xcode
SwiftCompile normal arm64 Compiling\ DecimalNumberCase.swift,\ EndlessIntegerCase.swift /Users/admin/builder/spi-builder-workspace/Source/InputMask/InputMaskTests/Classes/Mask/DecimalNumberCase.swift /Users/admin/builder/spi-builder-workspace/Source/InputMask/InputMaskTests/Classes/Mask/EndlessIntegerCase.swift (in target 'InputMaskTests' from project 'InputMask')
SwiftCompile normal arm64 /Users/admin/builder/spi-builder-workspace/Source/InputMask/InputMaskTests/Classes/Mask/DecimalNumberCase.swift (in target 'InputMaskTests' from project 'InputMask')
cd /Users/admin/builder/spi-builder-workspace/.swiftpm/xcode
SwiftCompile normal arm64 /Users/admin/builder/spi-builder-workspace/Source/InputMask/InputMaskTests/Classes/Mask/EndlessIntegerCase.swift (in target 'InputMaskTests' from project 'InputMask')
cd /Users/admin/builder/spi-builder-workspace/.swiftpm/xcode
SwiftCompile normal arm64 Compiling\ StringTests.swift,\ CustomNotationEllipticalCase.swift /Users/admin/builder/spi-builder-workspace/Source/InputMask/InputMaskTests/Classes/Helper/StringTests.swift /Users/admin/builder/spi-builder-workspace/Source/InputMask/InputMaskTests/Classes/Mask/CustomNotationEllipticalCase.swift (in target 'InputMaskTests' from project 'InputMask')
SwiftCompile normal arm64 /Users/admin/builder/spi-builder-workspace/Source/InputMask/InputMaskTests/Classes/Helper/StringTests.swift (in target 'InputMaskTests' from project 'InputMask')
cd /Users/admin/builder/spi-builder-workspace/.swiftpm/xcode
SwiftCompile normal arm64 /Users/admin/builder/spi-builder-workspace/Source/InputMask/InputMaskTests/Classes/Mask/CustomNotationEllipticalCase.swift (in target 'InputMaskTests' from project 'InputMask')
cd /Users/admin/builder/spi-builder-workspace/.swiftpm/xcode
SwiftCompile normal arm64 Compiling\ DayMonthYearCase.swift,\ DayMonthYearShortCase.swift /Users/admin/builder/spi-builder-workspace/Source/InputMask/InputMaskTests/Classes/Mask/DayMonthYearCase.swift /Users/admin/builder/spi-builder-workspace/Source/InputMask/InputMaskTests/Classes/Mask/DayMonthYearShortCase.swift (in target 'InputMaskTests' from project 'InputMask')
SwiftCompile normal arm64 /Users/admin/builder/spi-builder-workspace/Source/InputMask/InputMaskTests/Classes/Mask/DayMonthYearCase.swift (in target 'InputMaskTests' from project 'InputMask')
cd /Users/admin/builder/spi-builder-workspace/.swiftpm/xcode
SwiftCompile normal arm64 /Users/admin/builder/spi-builder-workspace/Source/InputMask/InputMaskTests/Classes/Mask/DayMonthYearShortCase.swift (in target 'InputMaskTests' from project 'InputMask')
cd /Users/admin/builder/spi-builder-workspace/.swiftpm/xcode
SwiftCompile normal arm64 Compiling\ LargeNumberTests.swift,\ SillyEllipticalCase.swift /Users/admin/builder/spi-builder-workspace/Source/InputMask/InputMaskTests/Classes/Mask/Reversed/LargeNumberTests.swift /Users/admin/builder/spi-builder-workspace/Source/InputMask/InputMaskTests/Classes/Mask/SillyEllipticalCase.swift (in target 'InputMaskTests' from project 'InputMask')
SwiftCompile normal arm64 /Users/admin/builder/spi-builder-workspace/Source/InputMask/InputMaskTests/Classes/Mask/Reversed/LargeNumberTests.swift (in target 'InputMaskTests' from project 'InputMask')
cd /Users/admin/builder/spi-builder-workspace/.swiftpm/xcode
SwiftCompile normal arm64 /Users/admin/builder/spi-builder-workspace/Source/InputMask/InputMaskTests/Classes/Mask/SillyEllipticalCase.swift (in target 'InputMaskTests' from project 'InputMask')
cd /Users/admin/builder/spi-builder-workspace/.swiftpm/xcode
SwiftCompile normal arm64 Compiling\ MonthYearCase.swift,\ MonthYearDoubleSlashCase.swift /Users/admin/builder/spi-builder-workspace/Source/InputMask/InputMaskTests/Classes/Mask/MonthYearCase.swift /Users/admin/builder/spi-builder-workspace/Source/InputMask/InputMaskTests/Classes/Mask/MonthYearDoubleSlashCase.swift (in target 'InputMaskTests' from project 'InputMask')
SwiftCompile normal arm64 /Users/admin/builder/spi-builder-workspace/Source/InputMask/InputMaskTests/Classes/Mask/MonthYearCase.swift (in target 'InputMaskTests' from project 'InputMask')
cd /Users/admin/builder/spi-builder-workspace/.swiftpm/xcode
SwiftCompile normal arm64 /Users/admin/builder/spi-builder-workspace/Source/InputMask/InputMaskTests/Classes/Mask/MonthYearDoubleSlashCase.swift (in target 'InputMaskTests' from project 'InputMask')
cd /Users/admin/builder/spi-builder-workspace/.swiftpm/xcode
SwiftDriverJobDiscovery normal arm64 Emitting module for InputMaskTests (in target 'InputMaskTests' from project 'InputMask')
SwiftDriver\ Compilation\ Requirements InputMaskTests normal arm64 com.apple.xcode.tools.swift.compiler (in target 'InputMaskTests' from project 'InputMask')
cd /Users/admin/builder/spi-builder-workspace/.swiftpm/xcode
builtin-Swift-Compilation-Requirements -- /Applications/Xcode-26.3.0.app/Contents/Developer/Toolchains/XcodeDefault.xctoolchain/usr/bin/swiftc -module-name InputMaskTests -Onone -enforce-exclusivity\=checked @/Users/admin/builder/spi-builder-workspace/.derivedData/Build/Intermediates.noindex/InputMask.build/Debug-xros/InputMaskTests.build/Objects-normal/arm64/InputMaskTests.SwiftFileList -DSWIFT_PACKAGE -DDEBUG -DXcode -plugin-path /Applications/Xcode-26.3.0.app/Contents/Developer/Toolchains/XcodeDefault.xctoolchain/usr/lib/swift/host/plugins/testing -enable-experimental-feature DebugDescriptionMacro -sdk /Applications/Xcode-26.3.0.app/Contents/Developer/Platforms/XROS.platform/Developer/SDKs/XROS26.2.sdk -target arm64-apple-xros1.0 -g -module-cache-path /Users/admin/builder/spi-builder-workspace/.derivedData/ModuleCache.noindex -Xfrontend -serialize-debugging-options -enable-testing -index-store-path /Users/admin/builder/spi-builder-workspace/.derivedData/Index.noindex/DataStore -Xcc -D_LIBCPP_HARDENING_MODE\=_LIBCPP_HARDENING_MODE_DEBUG -swift-version 5 -I /Users/admin/builder/spi-builder-workspace/.derivedData/Build/Products/Debug-xros -Isystem /Applications/Xcode-26.3.0.app/Contents/Developer/Platforms/XROS.platform/Developer/usr/lib -F /Users/admin/builder/spi-builder-workspace/.derivedData/Build/Products/Debug-xros/PackageFrameworks -F /Users/admin/builder/spi-builder-workspace/.derivedData/Build/Products/Debug-xros -F /Applications/Xcode-26.3.0.app/Contents/Developer/Platforms/XROS.platform/Developer/Library/Frameworks -F /Applications/Xcode-26.3.0.app/Contents/Developer/Platforms/XROS.platform/Developer/SDKs/XROS26.2.sdk/Developer/Library/Frameworks -c -j10 -enable-batch-mode -incremental -Xcc -ivfsstatcache -Xcc /Users/admin/builder/spi-builder-workspace/.derivedData/SDKStatCaches.noindex/xros26.2-23N301-dc75598d0054f22ec865fa860f139d72f5e64962d3ee001da1d77d1957dffdab.sdkstatcache -output-file-map /Users/admin/builder/spi-builder-workspace/.derivedData/Build/Intermediates.noindex/InputMask.build/Debug-xros/InputMaskTests.build/Objects-normal/arm64/InputMaskTests-OutputFileMap.json -use-frontend-parseable-output -save-temps -no-color-diagnostics -explicit-module-build -module-cache-path /Users/admin/builder/spi-builder-workspace/.derivedData/Build/Intermediates.noindex/SwiftExplicitPrecompiledModules -clang-scanner-module-cache-path /Users/admin/builder/spi-builder-workspace/.derivedData/ModuleCache.noindex -sdk-module-cache-path /Users/admin/builder/spi-builder-workspace/.derivedData/ModuleCache.noindex -serialize-diagnostics -emit-dependencies -emit-module -emit-module-path /Users/admin/builder/spi-builder-workspace/.derivedData/Build/Intermediates.noindex/InputMask.build/Debug-xros/InputMaskTests.build/Objects-normal/arm64/InputMaskTests.swiftmodule -validate-clang-modules-once -clang-build-session-file /Users/admin/builder/spi-builder-workspace/.derivedData/ModuleCache.noindex/Session.modulevalidation -emit-const-values -Xfrontend -const-gather-protocols-file -Xfrontend /Users/admin/builder/spi-builder-workspace/.derivedData/Build/Intermediates.noindex/InputMask.build/Debug-xros/InputMaskTests.build/Objects-normal/arm64/InputMaskTests_const_extract_protocols.json -Xcc -I/Users/admin/builder/spi-builder-workspace/.derivedData/Build/Products/Debug-xros/include -Xcc -I/Users/admin/builder/spi-builder-workspace/.derivedData/Build/Intermediates.noindex/InputMask.build/Debug-xros/InputMaskTests.build/DerivedSources-normal/arm64 -Xcc -I/Users/admin/builder/spi-builder-workspace/.derivedData/Build/Intermediates.noindex/InputMask.build/Debug-xros/InputMaskTests.build/DerivedSources/arm64 -Xcc -I/Users/admin/builder/spi-builder-workspace/.derivedData/Build/Intermediates.noindex/InputMask.build/Debug-xros/InputMaskTests.build/DerivedSources -Xcc -DSWIFT_PACKAGE -Xcc -DDEBUG\=1 -working-directory /Users/admin/builder/spi-builder-workspace/.swiftpm/xcode -experimental-emit-module-separately -disable-cmo
SwiftDriverJobDiscovery normal arm64 Compiling YearCase.swift (in target 'InputMaskTests' from project 'InputMask')
SwiftCompile normal arm64 Compiling\ EscapedCase.swift,\ MaskTestCase.swift /Users/admin/builder/spi-builder-workspace/Source/InputMask/InputMaskTests/Classes/Mask/EscapedCase.swift /Users/admin/builder/spi-builder-workspace/Source/InputMask/InputMaskTests/Classes/Mask/MaskTestCase.swift (in target 'InputMaskTests' from project 'InputMask')
SwiftCompile normal arm64 Compiling\ SillyPiEllipticalCase.swift,\ WildcardCase.swift /Users/admin/builder/spi-builder-workspace/Source/InputMask/InputMaskTests/Classes/Mask/SillyPiEllipticalCase.swift /Users/admin/builder/spi-builder-workspace/Source/InputMask/InputMaskTests/Classes/Mask/WildcardCase.swift (in target 'InputMaskTests' from project 'InputMask')
SwiftDriverJobDiscovery normal arm64 Compiling DecimalNumberCase.swift, EndlessIntegerCase.swift (in target 'InputMaskTests' from project 'InputMask')
Copy /Users/admin/builder/spi-builder-workspace/.derivedData/Build/Products/Debug-xros/InputMaskTests.swiftmodule/arm64-apple-xros.swiftmodule /Users/admin/builder/spi-builder-workspace/.derivedData/Build/Intermediates.noindex/InputMask.build/Debug-xros/InputMaskTests.build/Objects-normal/arm64/InputMaskTests.swiftmodule (in target 'InputMaskTests' from project 'InputMask')
cd /Users/admin/builder/spi-builder-workspace
builtin-copy -exclude .DS_Store -exclude CVS -exclude .svn -exclude .git -exclude .hg -resolve-src-symlinks -rename /Users/admin/builder/spi-builder-workspace/.derivedData/Build/Intermediates.noindex/InputMask.build/Debug-xros/InputMaskTests.build/Objects-normal/arm64/InputMaskTests.swiftmodule /Users/admin/builder/spi-builder-workspace/.derivedData/Build/Products/Debug-xros/InputMaskTests.swiftmodule/arm64-apple-xros.swiftmodule
SwiftDriverJobDiscovery normal arm64 Compiling YearACCase.swift (in target 'InputMaskTests' from project 'InputMask')
Copy /Users/admin/builder/spi-builder-workspace/.derivedData/Build/Products/Debug-xros/InputMaskTests.swiftmodule/arm64-apple-xros.swiftdoc /Users/admin/builder/spi-builder-workspace/.derivedData/Build/Intermediates.noindex/InputMask.build/Debug-xros/InputMaskTests.build/Objects-normal/arm64/InputMaskTests.swiftdoc (in target 'InputMaskTests' from project 'InputMask')
cd /Users/admin/builder/spi-builder-workspace
builtin-copy -exclude .DS_Store -exclude CVS -exclude .svn -exclude .git -exclude .hg -resolve-src-symlinks -rename /Users/admin/builder/spi-builder-workspace/.derivedData/Build/Intermediates.noindex/InputMask.build/Debug-xros/InputMaskTests.build/Objects-normal/arm64/InputMaskTests.swiftdoc /Users/admin/builder/spi-builder-workspace/.derivedData/Build/Products/Debug-xros/InputMaskTests.swiftmodule/arm64-apple-xros.swiftdoc
Copy /Users/admin/builder/spi-builder-workspace/.derivedData/Build/Products/Debug-xros/InputMaskTests.swiftmodule/arm64-apple-xros.abi.json /Users/admin/builder/spi-builder-workspace/.derivedData/Build/Intermediates.noindex/InputMask.build/Debug-xros/InputMaskTests.build/Objects-normal/arm64/InputMaskTests.abi.json (in target 'InputMaskTests' from project 'InputMask')
cd /Users/admin/builder/spi-builder-workspace
builtin-copy -exclude .DS_Store -exclude CVS -exclude .svn -exclude .git -exclude .hg -resolve-src-symlinks -rename /Users/admin/builder/spi-builder-workspace/.derivedData/Build/Intermediates.noindex/InputMask.build/Debug-xros/InputMaskTests.build/Objects-normal/arm64/InputMaskTests.abi.json /Users/admin/builder/spi-builder-workspace/.derivedData/Build/Products/Debug-xros/InputMaskTests.swiftmodule/arm64-apple-xros.abi.json
Copy /Users/admin/builder/spi-builder-workspace/.derivedData/Build/Products/Debug-xros/InputMaskTests.swiftmodule/Project/arm64-apple-xros.swiftsourceinfo /Users/admin/builder/spi-builder-workspace/.derivedData/Build/Intermediates.noindex/InputMask.build/Debug-xros/InputMaskTests.build/Objects-normal/arm64/InputMaskTests.swiftsourceinfo (in target 'InputMaskTests' from project 'InputMask')
cd /Users/admin/builder/spi-builder-workspace
builtin-copy -exclude .DS_Store -exclude CVS -exclude .svn -exclude .git -exclude .hg -resolve-src-symlinks -rename /Users/admin/builder/spi-builder-workspace/.derivedData/Build/Intermediates.noindex/InputMask.build/Debug-xros/InputMaskTests.build/Objects-normal/arm64/InputMaskTests.swiftsourceinfo /Users/admin/builder/spi-builder-workspace/.derivedData/Build/Products/Debug-xros/InputMaskTests.swiftmodule/Project/arm64-apple-xros.swiftsourceinfo
2026-08-14 09:10:01.131 xcodebuild[691:4417] [MT] IDERunDestination: Supported platforms for the buildables in the current scheme is empty.
2026-08-14 09:10:01.304 xcodebuild[691:4417] [MT] IDERunDestination: Supported platforms for the buildables in the current scheme is empty.
** BUILD FAILED **
The following build commands failed:
SwiftCompile normal arm64 /Users/admin/builder/spi-builder-workspace/Source/InputMask/InputMask/Classes/View/MaskedTextField.swift (in target 'InputMask' from project 'InputMask')
SwiftCompile normal arm64 Compiling\ MaskedTextField.swift,\ MaskedTextInputListener.swift /Users/admin/builder/spi-builder-workspace/Source/InputMask/InputMask/Classes/View/MaskedTextField.swift /Users/admin/builder/spi-builder-workspace/Source/InputMask/InputMask/Classes/View/MaskedTextInputListener.swift (in target 'InputMask' from project 'InputMask')
Building workspace spi-builder-workspace with scheme InputMask
(3 failures)
Command line invocation:
/Applications/Xcode-26.3.0.app/Contents/Developer/usr/bin/xcodebuild -IDEClonedSourcePackagesDirPathOverride=/Users/admin/builder/spi-builder-workspace/.dependencies -resolvePackageDependencies
Resolve Package Graph
Resolved source packages:
InputMask: /Users/admin/builder/spi-builder-workspace
resolved source packages: InputMask
2026-08-14 09:10:14.435 xcodebuild[820:5004] [MT] IDERunDestination: Supported platforms for the buildables in the current scheme is empty.
2026-08-14 09:10:14.594 xcodebuild[820:5004] [MT] IDERunDestination: Supported platforms for the buildables in the current scheme is empty.
{
"dependencies" : [
],
"manifest_display_name" : "InputMask",
"name" : "InputMask",
"path" : "/Users/admin/builder/spi-builder-workspace",
"platforms" : [
],
"products" : [
{
"name" : "InputMask",
"targets" : [
"InputMask"
],
"type" : {
"library" : [
"automatic"
]
}
}
],
"targets" : [
{
"c99name" : "InputMaskTests",
"module_type" : "SwiftTarget",
"name" : "InputMaskTests",
"path" : "Source/InputMask",
"sources" : [
"InputMaskTests/Classes/Helper/StringTests.swift",
"InputMaskTests/Classes/Mask/CustomNotationEllipticalCase.swift",
"InputMaskTests/Classes/Mask/DayMonthYearCase.swift",
"InputMaskTests/Classes/Mask/DayMonthYearShortCase.swift",
"InputMaskTests/Classes/Mask/DecimalNumberCase.swift",
"InputMaskTests/Classes/Mask/EndlessIntegerCase.swift",
"InputMaskTests/Classes/Mask/EscapedCase.swift",
"InputMaskTests/Classes/Mask/MaskTestCase.swift",
"InputMaskTests/Classes/Mask/MonthYearCase.swift",
"InputMaskTests/Classes/Mask/MonthYearDoubleSlashCase.swift",
"InputMaskTests/Classes/Mask/NameCase.swift",
"InputMaskTests/Classes/Mask/PhoneCase.swift",
"InputMaskTests/Classes/Mask/Reversed/LargeNumberTests.swift",
"InputMaskTests/Classes/Mask/SillyEllipticalCase.swift",
"InputMaskTests/Classes/Mask/SillyPiEllipticalCase.swift",
"InputMaskTests/Classes/Mask/WildcardCase.swift",
"InputMaskTests/Classes/Mask/YearACCase.swift",
"InputMaskTests/Classes/Mask/YearCase.swift"
],
"target_dependencies" : [
"InputMask"
],
"type" : "test"
},
{
"c99name" : "InputMask",
"module_type" : "SwiftTarget",
"name" : "InputMask",
"path" : "Source/InputMask/InputMask",
"product_memberships" : [
"InputMask"
],
"sources" : [
"Classes/Helper/AffinityCalculationStrategy.swift",
"Classes/Helper/CaretStringIterator.swift",
"Classes/Helper/CharacterSet.swift",
"Classes/Helper/Compiler.swift",
"Classes/Helper/FormatSanitizer.swift",
"Classes/Helper/RTLCaretStringIterator.swift",
"Classes/Helper/String.swift",
"Classes/Mask.swift",
"Classes/Model/CaretString.swift",
"Classes/Model/Country.swift",
"Classes/Model/Next.swift",
"Classes/Model/Notation.swift",
"Classes/Model/State.swift",
"Classes/Model/State/EOLState.swift",
"Classes/Model/State/FixedState.swift",
"Classes/Model/State/FreeState.swift",
"Classes/Model/State/OptionalValueState.swift",
"Classes/Model/State/ValueState.swift",
"Classes/RTLMask.swift",
"Classes/View/MaskedTextField+Modifiers.swift",
"Classes/View/MaskedTextField.swift",
"Classes/View/MaskedTextInputListener.swift",
"Classes/View/NumberInputListener.swift",
"Classes/View/PhoneInputListener.swift",
"Classes/View/TextViewListener.swift",
"Classes/View/UITextInput.swift"
],
"type" : "library"
}
],
"tools_version" : "5.7.1"
}
{
"workspace" : {
"name" : "spi-builder-workspace",
"schemes" : [
"InputMask"
]
}
}
2026-08-14 09:10:15.532 xcodebuild[828:5078] [MT] IDERunDestination: Supported platforms for the buildables in the current scheme is empty.
2026-08-14 09:10:15.686 xcodebuild[828:5078] [MT] IDERunDestination: Supported platforms for the buildables in the current scheme is empty.
Running build ...
env DEVELOPER_DIR=/Applications/Xcode-26.3.0.app xcrun xcodebuild -IDEClonedSourcePackagesDirPathOverride=$PWD/.dependencies -skipMacroValidation -skipPackagePluginValidation -derivedDataPath $PWD/.derivedData build -scheme InputMask -destination generic/platform=xrOS
Command line invocation:
/Applications/Xcode-26.3.0.app/Contents/Developer/usr/bin/xcodebuild -IDEClonedSourcePackagesDirPathOverride=/Users/admin/builder/spi-builder-workspace/.dependencies -skipMacroValidation -skipPackagePluginValidation -derivedDataPath /Users/admin/builder/spi-builder-workspace/.derivedData build -scheme InputMask -destination generic/platform=xrOS
Resolve Package Graph
Resolved source packages:
InputMask: /Users/admin/builder/spi-builder-workspace
ComputePackagePrebuildTargetDependencyGraph
Prepare packages
CreateBuildRequest
SendProjectDescription
CreateBuildOperation
ComputeTargetDependencyGraph
note: Building targets in dependency order
note: Target dependency graph (3 targets)
Target 'InputMaskTests' in project 'InputMask'
➜ Explicit dependency on target 'InputMask' in project 'InputMask'
Target 'InputMask' in project 'InputMask'
➜ Explicit dependency on target 'InputMask' in project 'InputMask'
Target 'InputMask' in project 'InputMask' (no dependencies)
GatherProvisioningInputs
CreateBuildDescription
ClangStatCache /Applications/Xcode-26.3.0.app/Contents/Developer/Toolchains/XcodeDefault.xctoolchain/usr/bin/clang-stat-cache /Applications/Xcode-26.3.0.app/Contents/Developer/Platforms/XROS.platform/Developer/SDKs/XROS26.2.sdk /Users/admin/builder/spi-builder-workspace/.derivedData/SDKStatCaches.noindex/xros26.2-23N301-dc75598d0054f22ec865fa860f139d72f5e64962d3ee001da1d77d1957dffdab.sdkstatcache
cd /Users/admin/builder/spi-builder-workspace/.swiftpm/xcode
/Applications/Xcode-26.3.0.app/Contents/Developer/Toolchains/XcodeDefault.xctoolchain/usr/bin/clang-stat-cache /Applications/Xcode-26.3.0.app/Contents/Developer/Platforms/XROS.platform/Developer/SDKs/XROS26.2.sdk -o /Users/admin/builder/spi-builder-workspace/.derivedData/SDKStatCaches.noindex/xros26.2-23N301-dc75598d0054f22ec865fa860f139d72f5e64962d3ee001da1d77d1957dffdab.sdkstatcache
SwiftDriver InputMask normal arm64 com.apple.xcode.tools.swift.compiler (in target 'InputMask' from project 'InputMask')
cd /Users/admin/builder/spi-builder-workspace/.swiftpm/xcode
builtin-SwiftDriver -- /Applications/Xcode-26.3.0.app/Contents/Developer/Toolchains/XcodeDefault.xctoolchain/usr/bin/swiftc -module-name InputMask -Onone -enforce-exclusivity\=checked @/Users/admin/builder/spi-builder-workspace/.derivedData/Build/Intermediates.noindex/InputMask.build/Debug-xros/InputMask.build/Objects-normal/arm64/InputMask.SwiftFileList -DSWIFT_PACKAGE -DDEBUG -DSWIFT_MODULE_RESOURCE_BUNDLE_UNAVAILABLE -DXcode -plugin-path /Applications/Xcode-26.3.0.app/Contents/Developer/Toolchains/XcodeDefault.xctoolchain/usr/lib/swift/host/plugins/testing -enable-experimental-feature DebugDescriptionMacro -sdk /Applications/Xcode-26.3.0.app/Contents/Developer/Platforms/XROS.platform/Developer/SDKs/XROS26.2.sdk -target arm64-apple-xros1.0 -g -module-cache-path /Users/admin/builder/spi-builder-workspace/.derivedData/ModuleCache.noindex -Xfrontend -serialize-debugging-options -enable-testing -index-store-path /Users/admin/builder/spi-builder-workspace/.derivedData/Index.noindex/DataStore -Xcc -D_LIBCPP_HARDENING_MODE\=_LIBCPP_HARDENING_MODE_DEBUG -swift-version 5 -I /Users/admin/builder/spi-builder-workspace/.derivedData/Build/Products/Debug-xros -Isystem /Applications/Xcode-26.3.0.app/Contents/Developer/Platforms/XROS.platform/Developer/usr/lib -F /Users/admin/builder/spi-builder-workspace/.derivedData/Build/Products/Debug-xros -F /Applications/Xcode-26.3.0.app/Contents/Developer/Platforms/XROS.platform/Developer/Library/Frameworks -F /Applications/Xcode-26.3.0.app/Contents/Developer/Platforms/XROS.platform/Developer/SDKs/XROS26.2.sdk/Developer/Library/Frameworks -c -j10 -enable-batch-mode -incremental -Xcc -ivfsstatcache -Xcc /Users/admin/builder/spi-builder-workspace/.derivedData/SDKStatCaches.noindex/xros26.2-23N301-dc75598d0054f22ec865fa860f139d72f5e64962d3ee001da1d77d1957dffdab.sdkstatcache -output-file-map /Users/admin/builder/spi-builder-workspace/.derivedData/Build/Intermediates.noindex/InputMask.build/Debug-xros/InputMask.build/Objects-normal/arm64/InputMask-OutputFileMap.json -use-frontend-parseable-output -save-temps -no-color-diagnostics -explicit-module-build -module-cache-path /Users/admin/builder/spi-builder-workspace/.derivedData/Build/Intermediates.noindex/SwiftExplicitPrecompiledModules -clang-scanner-module-cache-path /Users/admin/builder/spi-builder-workspace/.derivedData/ModuleCache.noindex -sdk-module-cache-path /Users/admin/builder/spi-builder-workspace/.derivedData/ModuleCache.noindex -serialize-diagnostics -emit-dependencies -emit-module -emit-module-path /Users/admin/builder/spi-builder-workspace/.derivedData/Build/Intermediates.noindex/InputMask.build/Debug-xros/InputMask.build/Objects-normal/arm64/InputMask.swiftmodule -validate-clang-modules-once -clang-build-session-file /Users/admin/builder/spi-builder-workspace/.derivedData/ModuleCache.noindex/Session.modulevalidation -Xcc -I/Users/admin/builder/spi-builder-workspace/.derivedData/Build/Intermediates.noindex/InputMask.build/Debug-xros/InputMask.build/swift-overrides.hmap -emit-const-values -Xfrontend -const-gather-protocols-file -Xfrontend /Users/admin/builder/spi-builder-workspace/.derivedData/Build/Intermediates.noindex/InputMask.build/Debug-xros/InputMask.build/Objects-normal/arm64/InputMask_const_extract_protocols.json -Xcc -I/Users/admin/builder/spi-builder-workspace/.derivedData/Build/Products/Debug-xros/include -Xcc -I/Users/admin/builder/spi-builder-workspace/.derivedData/Build/Intermediates.noindex/InputMask.build/Debug-xros/InputMask.build/DerivedSources-normal/arm64 -Xcc -I/Users/admin/builder/spi-builder-workspace/.derivedData/Build/Intermediates.noindex/InputMask.build/Debug-xros/InputMask.build/DerivedSources/arm64 -Xcc -I/Users/admin/builder/spi-builder-workspace/.derivedData/Build/Intermediates.noindex/InputMask.build/Debug-xros/InputMask.build/DerivedSources -Xcc -DSWIFT_PACKAGE -Xcc -DDEBUG\=1 -emit-objc-header -emit-objc-header-path /Users/admin/builder/spi-builder-workspace/.derivedData/Build/Intermediates.noindex/InputMask.build/Debug-xros/InputMask.build/Objects-normal/arm64/InputMask-Swift.h -working-directory /Users/admin/builder/spi-builder-workspace/.swiftpm/xcode -experimental-emit-module-separately -disable-cmo
SwiftDriver InputMaskTests normal arm64 com.apple.xcode.tools.swift.compiler (in target 'InputMaskTests' from project 'InputMask')
cd /Users/admin/builder/spi-builder-workspace/.swiftpm/xcode
builtin-SwiftDriver -- /Applications/Xcode-26.3.0.app/Contents/Developer/Toolchains/XcodeDefault.xctoolchain/usr/bin/swiftc -module-name InputMaskTests -Onone -enforce-exclusivity\=checked @/Users/admin/builder/spi-builder-workspace/.derivedData/Build/Intermediates.noindex/InputMask.build/Debug-xros/InputMaskTests.build/Objects-normal/arm64/InputMaskTests.SwiftFileList -DSWIFT_PACKAGE -DDEBUG -DXcode -plugin-path /Applications/Xcode-26.3.0.app/Contents/Developer/Toolchains/XcodeDefault.xctoolchain/usr/lib/swift/host/plugins/testing -enable-experimental-feature DebugDescriptionMacro -sdk /Applications/Xcode-26.3.0.app/Contents/Developer/Platforms/XROS.platform/Developer/SDKs/XROS26.2.sdk -target arm64-apple-xros1.0 -g -module-cache-path /Users/admin/builder/spi-builder-workspace/.derivedData/ModuleCache.noindex -Xfrontend -serialize-debugging-options -enable-testing -index-store-path /Users/admin/builder/spi-builder-workspace/.derivedData/Index.noindex/DataStore -Xcc -D_LIBCPP_HARDENING_MODE\=_LIBCPP_HARDENING_MODE_DEBUG -swift-version 5 -I /Users/admin/builder/spi-builder-workspace/.derivedData/Build/Products/Debug-xros -Isystem /Applications/Xcode-26.3.0.app/Contents/Developer/Platforms/XROS.platform/Developer/usr/lib -F /Users/admin/builder/spi-builder-workspace/.derivedData/Build/Products/Debug-xros/PackageFrameworks -F /Users/admin/builder/spi-builder-workspace/.derivedData/Build/Products/Debug-xros -F /Applications/Xcode-26.3.0.app/Contents/Developer/Platforms/XROS.platform/Developer/Library/Frameworks -F /Applications/Xcode-26.3.0.app/Contents/Developer/Platforms/XROS.platform/Developer/SDKs/XROS26.2.sdk/Developer/Library/Frameworks -c -j10 -enable-batch-mode -incremental -Xcc -ivfsstatcache -Xcc /Users/admin/builder/spi-builder-workspace/.derivedData/SDKStatCaches.noindex/xros26.2-23N301-dc75598d0054f22ec865fa860f139d72f5e64962d3ee001da1d77d1957dffdab.sdkstatcache -output-file-map /Users/admin/builder/spi-builder-workspace/.derivedData/Build/Intermediates.noindex/InputMask.build/Debug-xros/InputMaskTests.build/Objects-normal/arm64/InputMaskTests-OutputFileMap.json -use-frontend-parseable-output -save-temps -no-color-diagnostics -explicit-module-build -module-cache-path /Users/admin/builder/spi-builder-workspace/.derivedData/Build/Intermediates.noindex/SwiftExplicitPrecompiledModules -clang-scanner-module-cache-path /Users/admin/builder/spi-builder-workspace/.derivedData/ModuleCache.noindex -sdk-module-cache-path /Users/admin/builder/spi-builder-workspace/.derivedData/ModuleCache.noindex -serialize-diagnostics -emit-dependencies -emit-module -emit-module-path /Users/admin/builder/spi-builder-workspace/.derivedData/Build/Intermediates.noindex/InputMask.build/Debug-xros/InputMaskTests.build/Objects-normal/arm64/InputMaskTests.swiftmodule -validate-clang-modules-once -clang-build-session-file /Users/admin/builder/spi-builder-workspace/.derivedData/ModuleCache.noindex/Session.modulevalidation -emit-const-values -Xfrontend -const-gather-protocols-file -Xfrontend /Users/admin/builder/spi-builder-workspace/.derivedData/Build/Intermediates.noindex/InputMask.build/Debug-xros/InputMaskTests.build/Objects-normal/arm64/InputMaskTests_const_extract_protocols.json -Xcc -I/Users/admin/builder/spi-builder-workspace/.derivedData/Build/Products/Debug-xros/include -Xcc -I/Users/admin/builder/spi-builder-workspace/.derivedData/Build/Intermediates.noindex/InputMask.build/Debug-xros/InputMaskTests.build/DerivedSources-normal/arm64 -Xcc -I/Users/admin/builder/spi-builder-workspace/.derivedData/Build/Intermediates.noindex/InputMask.build/Debug-xros/InputMaskTests.build/DerivedSources/arm64 -Xcc -I/Users/admin/builder/spi-builder-workspace/.derivedData/Build/Intermediates.noindex/InputMask.build/Debug-xros/InputMaskTests.build/DerivedSources -Xcc -DSWIFT_PACKAGE -Xcc -DDEBUG\=1 -working-directory /Users/admin/builder/spi-builder-workspace/.swiftpm/xcode -experimental-emit-module-separately -disable-cmo
SwiftCompile normal arm64 Compiling\ EscapedCase.swift,\ MaskTestCase.swift /Users/admin/builder/spi-builder-workspace/Source/InputMask/InputMaskTests/Classes/Mask/EscapedCase.swift /Users/admin/builder/spi-builder-workspace/Source/InputMask/InputMaskTests/Classes/Mask/MaskTestCase.swift (in target 'InputMaskTests' from project 'InputMask')
SwiftCompile normal arm64 /Users/admin/builder/spi-builder-workspace/Source/InputMask/InputMaskTests/Classes/Mask/EscapedCase.swift (in target 'InputMaskTests' from project 'InputMask')
cd /Users/admin/builder/spi-builder-workspace/.swiftpm/xcode
SwiftCompile normal arm64 /Users/admin/builder/spi-builder-workspace/Source/InputMask/InputMaskTests/Classes/Mask/MaskTestCase.swift (in target 'InputMaskTests' from project 'InputMask')
cd /Users/admin/builder/spi-builder-workspace/.swiftpm/xcode
SwiftCompile normal arm64 Compiling\ StringTests.swift,\ CustomNotationEllipticalCase.swift /Users/admin/builder/spi-builder-workspace/Source/InputMask/InputMaskTests/Classes/Helper/StringTests.swift /Users/admin/builder/spi-builder-workspace/Source/InputMask/InputMaskTests/Classes/Mask/CustomNotationEllipticalCase.swift (in target 'InputMaskTests' from project 'InputMask')
SwiftCompile normal arm64 /Users/admin/builder/spi-builder-workspace/Source/InputMask/InputMaskTests/Classes/Helper/StringTests.swift (in target 'InputMaskTests' from project 'InputMask')
cd /Users/admin/builder/spi-builder-workspace/.swiftpm/xcode
SwiftCompile normal arm64 /Users/admin/builder/spi-builder-workspace/Source/InputMask/InputMaskTests/Classes/Mask/CustomNotationEllipticalCase.swift (in target 'InputMaskTests' from project 'InputMask')
cd /Users/admin/builder/spi-builder-workspace/.swiftpm/xcode
SwiftCompile normal arm64 Compiling\ MonthYearCase.swift,\ MonthYearDoubleSlashCase.swift /Users/admin/builder/spi-builder-workspace/Source/InputMask/InputMaskTests/Classes/Mask/MonthYearCase.swift /Users/admin/builder/spi-builder-workspace/Source/InputMask/InputMaskTests/Classes/Mask/MonthYearDoubleSlashCase.swift (in target 'InputMaskTests' from project 'InputMask')
SwiftCompile normal arm64 /Users/admin/builder/spi-builder-workspace/Source/InputMask/InputMaskTests/Classes/Mask/MonthYearCase.swift (in target 'InputMaskTests' from project 'InputMask')
cd /Users/admin/builder/spi-builder-workspace/.swiftpm/xcode
SwiftCompile normal arm64 /Users/admin/builder/spi-builder-workspace/Source/InputMask/InputMaskTests/Classes/Mask/MonthYearDoubleSlashCase.swift (in target 'InputMaskTests' from project 'InputMask')
cd /Users/admin/builder/spi-builder-workspace/.swiftpm/xcode
SwiftCompile normal arm64 Compiling\ NameCase.swift /Users/admin/builder/spi-builder-workspace/Source/InputMask/InputMaskTests/Classes/Mask/NameCase.swift (in target 'InputMaskTests' from project 'InputMask')
SwiftCompile normal arm64 /Users/admin/builder/spi-builder-workspace/Source/InputMask/InputMaskTests/Classes/Mask/NameCase.swift (in target 'InputMaskTests' from project 'InputMask')
cd /Users/admin/builder/spi-builder-workspace/.swiftpm/xcode
SwiftCompile normal arm64 Compiling\ DayMonthYearCase.swift,\ DayMonthYearShortCase.swift /Users/admin/builder/spi-builder-workspace/Source/InputMask/InputMaskTests/Classes/Mask/DayMonthYearCase.swift /Users/admin/builder/spi-builder-workspace/Source/InputMask/InputMaskTests/Classes/Mask/DayMonthYearShortCase.swift (in target 'InputMaskTests' from project 'InputMask')
SwiftCompile normal arm64 /Users/admin/builder/spi-builder-workspace/Source/InputMask/InputMaskTests/Classes/Mask/DayMonthYearCase.swift (in target 'InputMaskTests' from project 'InputMask')
cd /Users/admin/builder/spi-builder-workspace/.swiftpm/xcode
SwiftCompile normal arm64 /Users/admin/builder/spi-builder-workspace/Source/InputMask/InputMaskTests/Classes/Mask/DayMonthYearShortCase.swift (in target 'InputMaskTests' from project 'InputMask')
cd /Users/admin/builder/spi-builder-workspace/.swiftpm/xcode
SwiftCompile normal arm64 Compiling\ SillyEllipticalCase.swift /Users/admin/builder/spi-builder-workspace/Source/InputMask/InputMaskTests/Classes/Mask/SillyEllipticalCase.swift (in target 'InputMaskTests' from project 'InputMask')
SwiftCompile normal arm64 /Users/admin/builder/spi-builder-workspace/Source/InputMask/InputMaskTests/Classes/Mask/SillyEllipticalCase.swift (in target 'InputMaskTests' from project 'InputMask')
cd /Users/admin/builder/spi-builder-workspace/.swiftpm/xcode
SwiftCompile normal arm64 Compiling\ SillyPiEllipticalCase.swift /Users/admin/builder/spi-builder-workspace/Source/InputMask/InputMaskTests/Classes/Mask/SillyPiEllipticalCase.swift (in target 'InputMaskTests' from project 'InputMask')
SwiftCompile normal arm64 /Users/admin/builder/spi-builder-workspace/Source/InputMask/InputMaskTests/Classes/Mask/SillyPiEllipticalCase.swift (in target 'InputMaskTests' from project 'InputMask')
cd /Users/admin/builder/spi-builder-workspace/.swiftpm/xcode
SwiftCompile normal arm64 Compiling\ PhoneCase.swift /Users/admin/builder/spi-builder-workspace/Source/InputMask/InputMaskTests/Classes/Mask/PhoneCase.swift (in target 'InputMaskTests' from project 'InputMask')
SwiftCompile normal arm64 /Users/admin/builder/spi-builder-workspace/Source/InputMask/InputMaskTests/Classes/Mask/PhoneCase.swift (in target 'InputMaskTests' from project 'InputMask')
cd /Users/admin/builder/spi-builder-workspace/.swiftpm/xcode
SwiftCompile normal arm64 Compiling\ LargeNumberTests.swift /Users/admin/builder/spi-builder-workspace/Source/InputMask/InputMaskTests/Classes/Mask/Reversed/LargeNumberTests.swift (in target 'InputMaskTests' from project 'InputMask')
SwiftCompile normal arm64 /Users/admin/builder/spi-builder-workspace/Source/InputMask/InputMaskTests/Classes/Mask/Reversed/LargeNumberTests.swift (in target 'InputMaskTests' from project 'InputMask')
cd /Users/admin/builder/spi-builder-workspace/.swiftpm/xcode
SwiftEmitModule normal arm64 Emitting\ module\ for\ InputMaskTests (in target 'InputMaskTests' from project 'InputMask')
EmitSwiftModule normal arm64 (in target 'InputMaskTests' from project 'InputMask')
cd /Users/admin/builder/spi-builder-workspace/.swiftpm/xcode
SwiftEmitModule normal arm64 Emitting\ module\ for\ InputMask (in target 'InputMask' from project 'InputMask')
EmitSwiftModule normal arm64 (in target 'InputMask' from project 'InputMask')
cd /Users/admin/builder/spi-builder-workspace/.swiftpm/xcode
SwiftDriverJobDiscovery normal arm64 Compiling LargeNumberTests.swift (in target 'InputMaskTests' from project 'InputMask')
SwiftCompile normal arm64 Compiling\ WildcardCase.swift /Users/admin/builder/spi-builder-workspace/Source/InputMask/InputMaskTests/Classes/Mask/WildcardCase.swift (in target 'InputMaskTests' from project 'InputMask')
SwiftCompile normal arm64 /Users/admin/builder/spi-builder-workspace/Source/InputMask/InputMaskTests/Classes/Mask/WildcardCase.swift (in target 'InputMaskTests' from project 'InputMask')
cd /Users/admin/builder/spi-builder-workspace/.swiftpm/xcode
SwiftCompile normal arm64 Compiling\ MaskedTextField.swift /Users/admin/builder/spi-builder-workspace/Source/InputMask/InputMask/Classes/View/MaskedTextField.swift (in target 'InputMask' from project 'InputMask')
Failed frontend command:
/Applications/Xcode-26.3.0.app/Contents/Developer/Toolchains/XcodeDefault.xctoolchain/usr/bin/swift-frontend -frontend -c /Users/admin/builder/spi-builder-workspace/Source/InputMask/InputMask/Classes/Helper/AffinityCalculationStrategy.swift /Users/admin/builder/spi-builder-workspace/Source/InputMask/InputMask/Classes/Helper/CaretStringIterator.swift /Users/admin/builder/spi-builder-workspace/Source/InputMask/InputMask/Classes/Helper/CharacterSet.swift /Users/admin/builder/spi-builder-workspace/Source/InputMask/InputMask/Classes/Helper/Compiler.swift /Users/admin/builder/spi-builder-workspace/Source/InputMask/InputMask/Classes/Helper/FormatSanitizer.swift /Users/admin/builder/spi-builder-workspace/Source/InputMask/InputMask/Classes/Helper/RTLCaretStringIterator.swift /Users/admin/builder/spi-builder-workspace/Source/InputMask/InputMask/Classes/Helper/String.swift /Users/admin/builder/spi-builder-workspace/Source/InputMask/InputMask/Classes/Mask.swift /Users/admin/builder/spi-builder-workspace/Source/InputMask/InputMask/Classes/Model/CaretString.swift /Users/admin/builder/spi-builder-workspace/Source/InputMask/InputMask/Classes/Model/Country.swift /Users/admin/builder/spi-builder-workspace/Source/InputMask/InputMask/Classes/Model/Next.swift /Users/admin/builder/spi-builder-workspace/Source/InputMask/InputMask/Classes/Model/Notation.swift /Users/admin/builder/spi-builder-workspace/Source/InputMask/InputMask/Classes/Model/State.swift /Users/admin/builder/spi-builder-workspace/Source/InputMask/InputMask/Classes/Model/State/EOLState.swift /Users/admin/builder/spi-builder-workspace/Source/InputMask/InputMask/Classes/Model/State/FixedState.swift /Users/admin/builder/spi-builder-workspace/Source/InputMask/InputMask/Classes/Model/State/FreeState.swift /Users/admin/builder/spi-builder-workspace/Source/InputMask/InputMask/Classes/Model/State/OptionalValueState.swift /Users/admin/builder/spi-builder-workspace/Source/InputMask/InputMask/Classes/Model/State/ValueState.swift /Users/admin/builder/spi-builder-workspace/Source/InputMask/InputMask/Classes/RTLMask.swift /Users/admin/builder/spi-builder-workspace/Source/InputMask/InputMask/Classes/View/MaskedTextField+Modifiers.swift -primary-file /Users/admin/builder/spi-builder-workspace/Source/InputMask/InputMask/Classes/View/MaskedTextField.swift /Users/admin/builder/spi-builder-workspace/Source/InputMask/InputMask/Classes/View/MaskedTextInputListener.swift /Users/admin/builder/spi-builder-workspace/Source/InputMask/InputMask/Classes/View/NumberInputListener.swift /Users/admin/builder/spi-builder-workspace/Source/InputMask/InputMask/Classes/View/PhoneInputListener.swift /Users/admin/builder/spi-builder-workspace/Source/InputMask/InputMask/Classes/View/TextViewListener.swift /Users/admin/builder/spi-builder-workspace/Source/InputMask/InputMask/Classes/View/UITextInput.swift -emit-dependencies-path /Users/admin/builder/spi-builder-workspace/.derivedData/Build/Intermediates.noindex/InputMask.build/Debug-xros/InputMask.build/Objects-normal/arm64/MaskedTextField.d -emit-const-values-path /Users/admin/builder/spi-builder-workspace/.derivedData/Build/Intermediates.noindex/InputMask.build/Debug-xros/InputMask.build/Objects-normal/arm64/MaskedTextField.swiftconstvalues -emit-reference-dependencies-path /Users/admin/builder/spi-builder-workspace/.derivedData/Build/Intermediates.noindex/InputMask.build/Debug-xros/InputMask.build/Objects-normal/arm64/MaskedTextField.swiftdeps -serialize-diagnostics-path /Users/admin/builder/spi-builder-workspace/.derivedData/Build/Intermediates.noindex/InputMask.build/Debug-xros/InputMask.build/Objects-normal/arm64/MaskedTextField.dia -target arm64-apple-xros1.0 -module-can-import-version Foundation 4201 4201.0.0 -module-can-import-version SwiftUI 7.2.5.1 7.2.5 -module-can-import-version UIKit 9126.2.4.1 9126.2.4 -load-resolved-plugin /Applications/Xcode-26.3.0.app/Contents/Developer/Platforms/XROS.platform/Developer/usr/lib/swift/host/plugins/libFoundationMacros.dylib\#/Applications/Xcode-26.3.0.app/Contents/Developer/Platforms/XROS.platform/Developer/usr/bin/swift-plugin-server\#FoundationMacros -load-resolved-plugin /Applications/Xcode-26.3.0.app/Contents/Developer/Platforms/XROS.platform/Developer/usr/lib/swift/host/plugins/libObservationMacros.dylib\#/Applications/Xcode-26.3.0.app/Contents/Developer/Platforms/XROS.platform/Developer/usr/bin/swift-plugin-server\#ObservationMacros -load-resolved-plugin /Applications/Xcode-26.3.0.app/Contents/Developer/Platforms/XROS.platform/Developer/usr/lib/swift/host/plugins/libPreviewsMacros.dylib\#/Applications/Xcode-26.3.0.app/Contents/Developer/Platforms/XROS.platform/Developer/usr/bin/swift-plugin-server\#PreviewsMacros -load-resolved-plugin /Applications/Xcode-26.3.0.app/Contents/Developer/Platforms/XROS.platform/Developer/usr/lib/swift/host/plugins/libSwiftMacros.dylib\#/Applications/Xcode-26.3.0.app/Contents/Developer/Platforms/XROS.platform/Developer/usr/bin/swift-plugin-server\#SwiftMacros -load-resolved-plugin /Applications/Xcode-26.3.0.app/Contents/Developer/Platforms/XROS.platform/Developer/usr/lib/swift/host/plugins/libSwiftUIMacros.dylib\#/Applications/Xcode-26.3.0.app/Contents/Developer/Platforms/XROS.platform/Developer/usr/bin/swift-plugin-server\#SwiftUIMacros -disable-implicit-swift-modules -Xcc -fno-implicit-modules -Xcc -fno-implicit-module-maps -explicit-swift-module-map-file /Users/admin/builder/spi-builder-workspace/.derivedData/Build/Intermediates.noindex/InputMask.build/Debug-xros/InputMask.build/Objects-normal/arm64/InputMask-dependencies-1.json -Xllvm -aarch64-use-tbi -enable-objc-interop -stack-check -sdk /Applications/Xcode-26.3.0.app/Contents/Developer/Platforms/XROS.platform/Developer/SDKs/XROS26.2.sdk -I /Users/admin/builder/spi-builder-workspace/.derivedData/Build/Products/Debug-xros -Isystem /Applications/Xcode-26.3.0.app/Contents/Developer/Platforms/XROS.platform/Developer/usr/lib -F /Users/admin/builder/spi-builder-workspace/.derivedData/Build/Products/Debug-xros -F /Applications/Xcode-26.3.0.app/Contents/Developer/Platforms/XROS.platform/Developer/Library/Frameworks -F /Applications/Xcode-26.3.0.app/Contents/Developer/Platforms/XROS.platform/Developer/SDKs/XROS26.2.sdk/Developer/Library/Frameworks -no-color-diagnostics -Xcc -fno-color-diagnostics -enable-testing -g -debug-info-format\=dwarf -dwarf-version\=4 -module-cache-path /Users/admin/builder/spi-builder-workspace/.derivedData/Build/Intermediates.noindex/SwiftExplicitPrecompiledModules -swift-version 5 -enforce-exclusivity\=checked -Onone -D SWIFT_PACKAGE -D DEBUG -D SWIFT_MODULE_RESOURCE_BUNDLE_UNAVAILABLE -D Xcode -serialize-debugging-options -const-gather-protocols-file /Users/admin/builder/spi-builder-workspace/.derivedData/Build/Intermediates.noindex/InputMask.build/Debug-xros/InputMask.build/Objects-normal/arm64/InputMask_const_extract_protocols.json -enable-experimental-feature DebugDescriptionMacro -empty-abi-descriptor -validate-clang-modules-once -clang-build-session-file /Users/admin/builder/spi-builder-workspace/.derivedData/ModuleCache.noindex/Session.modulevalidation -Xcc -working-directory -Xcc /Users/admin/builder/spi-builder-workspace/.swiftpm/xcode -enable-anonymous-context-mangled-names -file-compilation-dir /Users/admin/builder/spi-builder-workspace/.swiftpm/xcode -Xcc -D_LIBCPP_HARDENING_MODE\=_LIBCPP_HARDENING_MODE_DEBUG -Xcc -ivfsstatcache -Xcc /Users/admin/builder/spi-builder-workspace/.derivedData/SDKStatCaches.noindex/xros26.2-23N301-dc75598d0054f22ec865fa860f139d72f5e64962d3ee001da1d77d1957dffdab.sdkstatcache -Xcc -I/Users/admin/builder/spi-builder-workspace/.derivedData/Build/Intermediates.noindex/InputMask.build/Debug-xros/InputMask.build/swift-overrides.hmap -Xcc -I/Users/admin/builder/spi-builder-workspace/.derivedData/Build/Products/Debug-xros/include -Xcc -I/Users/admin/builder/spi-builder-workspace/.derivedData/Build/Intermediates.noindex/InputMask.build/Debug-xros/InputMask.build/DerivedSources-normal/arm64 -Xcc -I/Users/admin/builder/spi-builder-workspace/.derivedData/Build/Intermediates.noindex/InputMask.build/Debug-xros/InputMask.build/DerivedSources/arm64 -Xcc -I/Users/admin/builder/spi-builder-workspace/.derivedData/Build/Intermediates.noindex/InputMask.build/Debug-xros/InputMask.build/DerivedSources -Xcc -DSWIFT_PACKAGE -Xcc -DDEBUG\=1 -no-auto-bridging-header-chaining -module-name InputMask -frontend-parseable-output -disable-clang-spi -target-sdk-version 26.2 -target-sdk-name xros26.2 -clang-target arm64-apple-xros26.2 -in-process-plugin-server-path /Applications/Xcode-26.3.0.app/Contents/Developer/Toolchains/XcodeDefault.xctoolchain/usr/lib/swift/host/libSwiftInProcPluginServer.dylib -o /Users/admin/builder/spi-builder-workspace/.derivedData/Build/Intermediates.noindex/InputMask.build/Debug-xros/InputMask.build/Objects-normal/arm64/MaskedTextField.o -index-unit-output-path /InputMask.build/Debug-xros/InputMask.build/Objects-normal/arm64/MaskedTextField.o -index-store-path /Users/admin/builder/spi-builder-workspace/.derivedData/Index.noindex/DataStore -index-system-modules
SwiftCompile normal arm64 /Users/admin/builder/spi-builder-workspace/Source/InputMask/InputMask/Classes/View/MaskedTextField.swift (in target 'InputMask' from project 'InputMask')
cd /Users/admin/builder/spi-builder-workspace/.swiftpm/xcode
/Users/admin/builder/spi-builder-workspace/Source/InputMask/InputMask/Classes/View/MaskedTextField.swift:374:15: error: 'inputAccessoryView' is unavailable in visionOS
field.inputAccessoryView = inputAccessoryView
^~~~~~~~~~~~~~~~~~
/Applications/Xcode-26.3.0.app/Contents/Developer/Platforms/XROS.platform/Developer/SDKs/XROS26.2.sdk/System/Library/Frameworks/UIKit.framework/Headers/UITextField.h:108:49: note: 'inputAccessoryView' has been explicitly marked unavailable here
@property (nullable, readwrite, strong) UIView *inputAccessoryView API_UNAVAILABLE(visionos);
^
SwiftDriverJobDiscovery normal arm64 Compiling NameCase.swift (in target 'InputMaskTests' from project 'InputMask')
SwiftCompile normal arm64 Compiling\ MaskedTextInputListener.swift /Users/admin/builder/spi-builder-workspace/Source/InputMask/InputMask/Classes/View/MaskedTextInputListener.swift (in target 'InputMask' from project 'InputMask')
SwiftCompile normal arm64 /Users/admin/builder/spi-builder-workspace/Source/InputMask/InputMask/Classes/View/MaskedTextInputListener.swift (in target 'InputMask' from project 'InputMask')
cd /Users/admin/builder/spi-builder-workspace/.swiftpm/xcode
SwiftDriverJobDiscovery normal arm64 Compiling SillyEllipticalCase.swift (in target 'InputMaskTests' from project 'InputMask')
SwiftCompile normal arm64 Compiling\ MaskedTextField+Modifiers.swift /Users/admin/builder/spi-builder-workspace/Source/InputMask/InputMask/Classes/View/MaskedTextField+Modifiers.swift (in target 'InputMask' from project 'InputMask')
SwiftCompile normal arm64 /Users/admin/builder/spi-builder-workspace/Source/InputMask/InputMask/Classes/View/MaskedTextField+Modifiers.swift (in target 'InputMask' from project 'InputMask')
cd /Users/admin/builder/spi-builder-workspace/.swiftpm/xcode
SwiftDriverJobDiscovery normal arm64 Compiling SillyPiEllipticalCase.swift (in target 'InputMaskTests' from project 'InputMask')
SwiftCompile normal arm64 Compiling\ RTLMask.swift /Users/admin/builder/spi-builder-workspace/Source/InputMask/InputMask/Classes/RTLMask.swift (in target 'InputMask' from project 'InputMask')
SwiftCompile normal arm64 /Users/admin/builder/spi-builder-workspace/Source/InputMask/InputMask/Classes/RTLMask.swift (in target 'InputMask' from project 'InputMask')
cd /Users/admin/builder/spi-builder-workspace/.swiftpm/xcode
SwiftDriverJobDiscovery normal arm64 Compiling EscapedCase.swift, MaskTestCase.swift (in target 'InputMaskTests' from project 'InputMask')
SwiftCompile normal arm64 Compiling\ EndlessIntegerCase.swift /Users/admin/builder/spi-builder-workspace/Source/InputMask/InputMaskTests/Classes/Mask/EndlessIntegerCase.swift (in target 'InputMaskTests' from project 'InputMask')
SwiftCompile normal arm64 /Users/admin/builder/spi-builder-workspace/Source/InputMask/InputMaskTests/Classes/Mask/EndlessIntegerCase.swift (in target 'InputMaskTests' from project 'InputMask')
cd /Users/admin/builder/spi-builder-workspace/.swiftpm/xcode
SwiftDriverJobDiscovery normal arm64 Compiling StringTests.swift, CustomNotationEllipticalCase.swift (in target 'InputMaskTests' from project 'InputMask')
SwiftCompile normal arm64 Compiling\ YearACCase.swift /Users/admin/builder/spi-builder-workspace/Source/InputMask/InputMaskTests/Classes/Mask/YearACCase.swift (in target 'InputMaskTests' from project 'InputMask')
SwiftDriverJobDiscovery normal arm64 Compiling RTLMask.swift (in target 'InputMask' from project 'InputMask')
SwiftCompile normal arm64 Compiling\ YearCase.swift /Users/admin/builder/spi-builder-workspace/Source/InputMask/InputMaskTests/Classes/Mask/YearCase.swift (in target 'InputMaskTests' from project 'InputMask')
SwiftDriverJobDiscovery normal arm64 Compiling PhoneCase.swift (in target 'InputMaskTests' from project 'InputMask')
SwiftCompile normal arm64 Compiling\ DecimalNumberCase.swift /Users/admin/builder/spi-builder-workspace/Source/InputMask/InputMaskTests/Classes/Mask/DecimalNumberCase.swift (in target 'InputMaskTests' from project 'InputMask')
2026-08-14 09:10:16.425 xcodebuild[830:5111] [MT] IDERunDestination: Supported platforms for the buildables in the current scheme is empty.
2026-08-14 09:10:16.588 xcodebuild[830:5111] [MT] IDERunDestination: Supported platforms for the buildables in the current scheme is empty.
** BUILD FAILED **
The following build commands failed:
SwiftCompile normal arm64 Compiling\ MaskedTextField.swift /Users/admin/builder/spi-builder-workspace/Source/InputMask/InputMask/Classes/View/MaskedTextField.swift (in target 'InputMask' from project 'InputMask')
SwiftCompile normal arm64 /Users/admin/builder/spi-builder-workspace/Source/InputMask/InputMask/Classes/View/MaskedTextField.swift (in target 'InputMask' from project 'InputMask')
Building workspace spi-builder-workspace with scheme InputMask
(3 failures)
BUILD FAILURE 6.2 visionOS