Build Information
Failed to build ThemePark, reference main (62def5), with Swift 6.2 for Wasm on 4 Sep 2026 11:49:34 UTC.
Build Command
bash -c docker run --pull=always --rm -v "checkouts-53886770-0":/host -w "$PWD" -e JAVA_HOME="/root/.sdkman/candidates/java/current" -e SPI_BUILD="1" -e SPI_PROCESSING="1" registry.gitlab.com/saguaro1/spi-images:wasm-6.2-latest swift build --swift-sdk swift-6.2-RELEASE_wasm 2>&1Build Log
========================================
RunAll
========================================
Builder version: 5.0.2
Interrupt handler set up.
========================================
Checkout
========================================
Clone URL: https://github.com/slsrepo/ThemePark.git
Reference: main
Initialized empty Git repository in /host/spi-builder-workspace/.git/
hint: Using 'master' as the name for the initial branch. This default branch name
hint: is subject to change. To configure the initial branch name to use in all
hint: of your new repositories, which will suppress this warning, call:
hint:
hint: git config --global init.defaultBranch <name>
hint:
hint: Names commonly chosen instead of 'master' are 'main', 'trunk' and
hint: 'development'. The just-created branch can be renamed via this command:
hint:
hint: git branch -m <name>
From https://github.com/slsrepo/ThemePark
* branch main -> FETCH_HEAD
* [new branch] main -> origin/main
HEAD is now at 62def58 Update the contact email for the Code of Conduct enforcement
Cloned https://github.com/slsrepo/ThemePark.git
Revision (git rev-parse @):
62def580f8577943cc0b4347c540600567ac9fa0
SPI manifest file found: $PWD/.spi.yml
SUCCESS checkout https://github.com/slsrepo/ThemePark.git at main
========================================
Build
========================================
Selected platform: wasm
Swift version: 6.2
Building package at path: $PWD
https://github.com/slsrepo/ThemePark.git
Running build ...
bash -c docker run --pull=always --rm -v "checkouts-53886770-0":/host -w "$PWD" -e JAVA_HOME="/root/.sdkman/candidates/java/current" -e SPI_BUILD="1" -e SPI_PROCESSING="1" registry.gitlab.com/saguaro1/spi-images:wasm-6.2-latest swift build --swift-sdk swift-6.2-RELEASE_wasm 2>&1
wasm-6.2-latest: Pulling from saguaro1/spi-images
Digest: sha256:70428a4f4110aef5b17a27427e965f31cf3855e8cf1dfdc416ed61c780337965
Status: Image is up to date for registry.gitlab.com/saguaro1/spi-images:wasm-6.2-latest
Fetching https://github.com/raymondjavaxx/ColorToolbox
[1/317] Fetching colortoolbox
Fetched https://github.com/raymondjavaxx/ColorToolbox from cache (0.48s)
Computing version for https://github.com/raymondjavaxx/ColorToolbox
Computed https://github.com/raymondjavaxx/ColorToolbox at 1.1.0 (0.64s)
Creating working copy for https://github.com/raymondjavaxx/ColorToolbox
Working copy of https://github.com/raymondjavaxx/ColorToolbox resolved at 1.1.0
Building for debugging...
[0/3] Write sources
[2/3] Write swift-version-24593BA9C3E375BF.txt
[4/10] Compiling ColorToolbox Color+ColorToolbox.swift
/host/spi-builder-workspace/.build/checkouts/ColorToolbox/Sources/ColorToolbox/PlatformColor.swift:14:8: error: no such module 'AppKit'
12 | import UIKit
13 | #else
14 | import AppKit
| `- error: no such module 'AppKit'
15 | #endif
16 |
[5/10] Compiling ColorToolbox PlatformColor.swift
/host/spi-builder-workspace/.build/checkouts/ColorToolbox/Sources/ColorToolbox/PlatformColor.swift:14:8: error: no such module 'AppKit'
12 | import UIKit
13 | #else
14 | import AppKit
| `- error: no such module 'AppKit'
15 | #endif
16 |
[6/10] Compiling ColorToolbox PlatformColor+Internal.swift
/host/spi-builder-workspace/.build/checkouts/ColorToolbox/Sources/ColorToolbox/PlatformColor.swift:14:8: error: no such module 'AppKit'
12 | import UIKit
13 | #else
14 | import AppKit
| `- error: no such module 'AppKit'
15 | #endif
16 |
[7/10] Compiling ColorToolbox PlatformColor+RelativeLuminance.swift
/host/spi-builder-workspace/.build/checkouts/ColorToolbox/Sources/ColorToolbox/PlatformColor.swift:14:8: error: no such module 'AppKit'
12 | import UIKit
13 | #else
14 | import AppKit
| `- error: no such module 'AppKit'
15 | #endif
16 |
error: emit-module command failed with exit code 1 (use -v to see invocation)
[8/10] Emitting module ColorToolbox
/host/spi-builder-workspace/.build/checkouts/ColorToolbox/Sources/ColorToolbox/PlatformColor.swift:14:8: error: no such module 'AppKit'
12 | import UIKit
13 | #else
14 | import AppKit
| `- error: no such module 'AppKit'
15 | #endif
16 |
[9/10] Compiling ColorToolbox PlatformColor+Hex.swift
/host/spi-builder-workspace/.build/checkouts/ColorToolbox/Sources/ColorToolbox/PlatformColor.swift:14:8: error: no such module 'AppKit'
12 | import UIKit
13 | #else
14 | import AppKit
| `- error: no such module 'AppKit'
15 | #endif
16 |
[10/10] Compiling ColorToolbox PlatformColor+Brightness.swift
/host/spi-builder-workspace/.build/checkouts/ColorToolbox/Sources/ColorToolbox/PlatformColor.swift:14:8: error: no such module 'AppKit'
12 | import UIKit
13 | #else
14 | import AppKit
| `- error: no such module 'AppKit'
15 | #endif
16 |
BUILD FAILURE 6.2 wasm