Build Information
Failed to build CoreSymbolication, reference main (1f2fc3), with Swift 6.4 for watchOS using Xcode 27.0 on 19 Sep 2026 23:01:34 UTC.
Build Command
env DEVELOPER_DIR=/Applications/Xcode-27.0.0-Release.Candidate.app xcrun xcodebuild -IDEClonedSourcePackagesDirPathOverride=$PWD/.dependencies -skipMacroValidation -skipPackagePluginValidation -derivedDataPath $PWD/.derivedData build -scheme CoreSymbolication -destination generic/platform=watchOSBuild Log
========================================
RunAll
========================================
Builder version: 5.1.0
Interrupt handler set up.
========================================
Checkout
========================================
Clone URL: https://github.com/ChimeHQ/CoreSymbolication.git
Reference: main
Initialized empty Git repository in /Users/admin/builder/spi-builder-workspace/.git/
From https://github.com/ChimeHQ/CoreSymbolication
* branch main -> FETCH_HEAD
* [new branch] main -> origin/main
HEAD is now at 1f2fc3d Test macOS 14
Cloned https://github.com/ChimeHQ/CoreSymbolication.git
Revision (git rev-parse @):
1f2fc3dcb8f275989cf52cd638adfc5d9e299fe0
SUCCESS checkout https://github.com/ChimeHQ/CoreSymbolication.git at main
========================================
Build
========================================
Selected platform: watchOS
Swift version: 6.4
Building package at path: $PWD
https://github.com/ChimeHQ/CoreSymbolication.git
Command line invocation:
/Applications/Xcode-27.0.0-Release.Candidate.app/Contents/Developer/usr/bin/xcodebuild -IDEClonedSourcePackagesDirPathOverride=/Users/admin/builder/spi-builder-workspace/.dependencies -resolvePackageDependencies
Resolve Package Graph
Resolve Package Graph
Resolved source packages:
CoreSymbolication: /Users/admin/builder/spi-builder-workspace
resolved source packages: CoreSymbolication
2026-09-19 19:00:45.984 xcodebuild[529:3036] [MT] IDERunDestination: Supported platforms for the buildables in the current scheme is empty.
{
"dependencies" : [
],
"manifest_display_name" : "CoreSymbolication",
"name" : "CoreSymbolication",
"path" : "/Users/admin/builder/spi-builder-workspace",
"platforms" : [
{
"name" : "macos",
"version" : "10.15"
}
],
"products" : [
{
"name" : "CoreSymbolication",
"targets" : [
"CoreSymbolication"
],
"type" : {
"library" : [
"automatic"
]
}
},
{
"name" : "SwiftCoreSymbolication",
"targets" : [
"SwiftCoreSymbolication"
],
"type" : {
"library" : [
"automatic"
]
}
}
],
"targets" : [
{
"c99name" : "SwiftCoreSymbolicationTests",
"module_type" : "SwiftTarget",
"name" : "SwiftCoreSymbolicationTests",
"path" : "Tests/SwiftCoreSymbolicationTests",
"resources" : [
{
"path" : "/Users/admin/builder/spi-builder-workspace/Tests/SwiftCoreSymbolicationTests/TestData",
"rule" : {
"copy" : {
}
}
}
],
"sources" : [
"SwiftCoreSymbolicationTests.swift"
],
"target_dependencies" : [
"SwiftCoreSymbolication"
],
"type" : "test"
},
{
"c99name" : "SwiftCoreSymbolication",
"module_type" : "SwiftTarget",
"name" : "SwiftCoreSymbolication",
"path" : "Sources/SwiftCoreSymbolication",
"product_memberships" : [
"SwiftCoreSymbolication"
],
"sources" : [
"Architecture.swift",
"SourceInfo.swift",
"Symbol.swift",
"SymbolOwner.swift",
"Symbolicator.swift"
],
"target_dependencies" : [
"CoreSymbolication",
"LinkedTarget"
],
"type" : "library"
},
{
"c99name" : "LinkedTarget",
"module_type" : "SwiftTarget",
"name" : "LinkedTarget",
"path" : "Sources/LinkedTarget",
"product_memberships" : [
"SwiftCoreSymbolication"
],
"sources" : [
"Dummy.swift"
],
"target_dependencies" : [
"CoreSymbolication"
],
"type" : "library"
},
{
"c99name" : "CoreSymbolicationTests",
"module_type" : "SwiftTarget",
"name" : "CoreSymbolicationTests",
"path" : "Tests/CoreSymbolicationTests",
"sources" : [
"CoreSymbolicationTests.swift"
],
"target_dependencies" : [
"CoreSymbolication",
"LinkedTarget"
],
"type" : "test"
},
{
"c99name" : "CoreSymbolication",
"module_type" : "SystemLibraryTarget",
"name" : "CoreSymbolication",
"path" : "Sources/CoreSymbolication",
"product_memberships" : [
"CoreSymbolication",
"SwiftCoreSymbolication"
],
"sources" : [
],
"type" : "system-target"
}
],
"tools_version" : "5.3"
}
{
"workspace" : {
"name" : "CoreSymbolication",
"schemes" : [
"CoreSymbolication"
]
}
}
2026-09-19 19:01:26.609 xcodebuild[648:4155] [MT] IDERunDestination: Supported platforms for the buildables in the current scheme is empty.
Running build ...
env DEVELOPER_DIR=/Applications/Xcode-27.0.0-Release.Candidate.app xcrun xcodebuild -IDEClonedSourcePackagesDirPathOverride=$PWD/.dependencies -skipMacroValidation -skipPackagePluginValidation -derivedDataPath $PWD/.derivedData build -scheme CoreSymbolication -destination generic/platform=watchOS
Command line invocation:
/Applications/Xcode-27.0.0-Release.Candidate.app/Contents/Developer/usr/bin/xcodebuild -IDEClonedSourcePackagesDirPathOverride=/Users/admin/builder/spi-builder-workspace/.dependencies -skipMacroValidation -skipPackagePluginValidation -derivedDataPath /Users/admin/builder/spi-builder-workspace/.derivedData build -scheme CoreSymbolication -destination generic/platform=watchOS
Resolve Package Graph
Resolved source packages:
CoreSymbolication: /Users/admin/builder/spi-builder-workspace
ComputePackagePrebuildTargetDependencyGraph
Prepare packages
CreateBuildRequest
SendProjectDescription
CreateBuildOperation
ComputeTargetDependencyGraph
note: Building targets in dependency order
note: Target dependency graph (4 targets)
Target 'SwiftCoreSymbolication-product' in project 'CoreSymbolication'
➜ Explicit dependency on target 'SwiftCoreSymbolication' in project 'CoreSymbolication'
➜ Explicit dependency on target 'LinkedTarget' in project 'CoreSymbolication'
Target 'SwiftCoreSymbolication' in project 'CoreSymbolication'
➜ Explicit dependency on target 'CoreSymbolication' in project 'CoreSymbolication'
➜ Explicit dependency on target 'LinkedTarget' in project 'CoreSymbolication'
Target 'LinkedTarget' in project 'CoreSymbolication'
➜ Explicit dependency on target 'CoreSymbolication' in project 'CoreSymbolication'
Target 'CoreSymbolication' in project 'CoreSymbolication' (no dependencies)
GatherProvisioningInputs
CreateBuildDescription
ExecuteExternalTool /Applications/Xcode-27.0.0-Release.Candidate.app/Contents/Developer/Toolchains/XcodeDefault.xctoolchain/usr/bin/clang -v -E -dM -isysroot /Applications/Xcode-27.0.0-Release.Candidate.app/Contents/Developer/Platforms/WatchOS.platform/Developer/SDKs/WatchOS27.0.sdk -x c -c /dev/null
ExecuteExternalTool /Applications/Xcode-27.0.0-Release.Candidate.app/Contents/Developer/Toolchains/XcodeDefault.xctoolchain/usr/bin/swiftc --version
ExecuteExternalTool /Applications/Xcode-27.0.0-Release.Candidate.app/Contents/Developer/Toolchains/XcodeDefault.xctoolchain/usr/bin/ld -version_details
Build description signature: b45fde9fffb4ac657a3e21fc615e4b7a
Build description path: /Users/admin/builder/spi-builder-workspace/.derivedData/Build/Intermediates.noindex/XCBuildData/b45fde9fffb4ac657a3e21fc615e4b7a.xcbuilddata
CreateBuildDirectory /Users/admin/builder/spi-builder-workspace/.derivedData/SDKExplicitPrecompiledModules
cd /Users/admin/builder/spi-builder-workspace/.swiftpm/xcode
builtin-create-build-directory /Users/admin/builder/spi-builder-workspace/.derivedData/SDKExplicitPrecompiledModules
CreateBuildDirectory /Users/admin/builder/spi-builder-workspace/.derivedData/CompilationCache.noindex
cd /Users/admin/builder/spi-builder-workspace/.swiftpm/xcode
builtin-create-build-directory /Users/admin/builder/spi-builder-workspace/.derivedData/CompilationCache.noindex
CreateBuildDirectory /Users/admin/builder/spi-builder-workspace/.derivedData/ModuleCache.noindex
cd /Users/admin/builder/spi-builder-workspace/.swiftpm/xcode
builtin-create-build-directory /Users/admin/builder/spi-builder-workspace/.derivedData/ModuleCache.noindex
CreateBuildDirectory /Users/admin/builder/spi-builder-workspace/.derivedData/Build/Intermediates.noindex
cd /Users/admin/builder/spi-builder-workspace/.swiftpm/xcode
builtin-create-build-directory /Users/admin/builder/spi-builder-workspace/.derivedData/Build/Intermediates.noindex
CreateBuildDirectory /Users/admin/builder/spi-builder-workspace/.derivedData/Build/Products
cd /Users/admin/builder/spi-builder-workspace/.swiftpm/xcode
builtin-create-build-directory /Users/admin/builder/spi-builder-workspace/.derivedData/Build/Products
ClangStatCache /Applications/Xcode-27.0.0-Release.Candidate.app/Contents/Developer/Toolchains/XcodeDefault.xctoolchain/usr/bin/clang-stat-cache /Applications/Xcode-27.0.0-Release.Candidate.app/Contents/Developer/Platforms/WatchOS.platform/Developer/SDKs/WatchOS27.0.sdk /Users/admin/builder/spi-builder-workspace/.derivedData/SDKStatCaches.noindex/watchos27.0-24R360-e829b21a6f8c9b70876ba0858053c04477534ef55a1706bf4c1112bbb242f0a2.sdkstatcache
cd /Users/admin/builder/spi-builder-workspace/.swiftpm/xcode
/Applications/Xcode-27.0.0-Release.Candidate.app/Contents/Developer/Toolchains/XcodeDefault.xctoolchain/usr/bin/clang-stat-cache /Applications/Xcode-27.0.0-Release.Candidate.app/Contents/Developer/Platforms/WatchOS.platform/Developer/SDKs/WatchOS27.0.sdk -o /Users/admin/builder/spi-builder-workspace/.derivedData/SDKStatCaches.noindex/watchos27.0-24R360-e829b21a6f8c9b70876ba0858053c04477534ef55a1706bf4c1112bbb242f0a2.sdkstatcache
CreateBuildDirectory /Users/admin/builder/spi-builder-workspace/.derivedData/Build/Intermediates.noindex/SwiftExplicitPrecompiledModules
cd /Users/admin/builder/spi-builder-workspace/.swiftpm/xcode
builtin-create-build-directory /Users/admin/builder/spi-builder-workspace/.derivedData/Build/Intermediates.noindex/SwiftExplicitPrecompiledModules
CreateBuildDirectory /Users/admin/builder/spi-builder-workspace/.derivedData/Build/Intermediates.noindex/PrecompiledHeaders
cd /Users/admin/builder/spi-builder-workspace/.swiftpm/xcode
builtin-create-build-directory /Users/admin/builder/spi-builder-workspace/.derivedData/Build/Intermediates.noindex/PrecompiledHeaders
CreateBuildDirectory /Users/admin/builder/spi-builder-workspace/.derivedData/Build/Intermediates.noindex/ExplicitPrecompiledModules
cd /Users/admin/builder/spi-builder-workspace/.swiftpm/xcode
builtin-create-build-directory /Users/admin/builder/spi-builder-workspace/.derivedData/Build/Intermediates.noindex/ExplicitPrecompiledModules
CreateBuildDirectory /Users/admin/builder/spi-builder-workspace/.derivedData/Build/Intermediates.noindex/EagerLinkingTBDs/Debug-watchos
cd /Users/admin/builder/spi-builder-workspace/.swiftpm/xcode
builtin-create-build-directory /Users/admin/builder/spi-builder-workspace/.derivedData/Build/Intermediates.noindex/EagerLinkingTBDs/Debug-watchos
CreateBuildDirectory /Users/admin/builder/spi-builder-workspace/.derivedData/Build/Products/Debug-watchos
cd /Users/admin/builder/spi-builder-workspace/.swiftpm/xcode
builtin-create-build-directory /Users/admin/builder/spi-builder-workspace/.derivedData/Build/Products/Debug-watchos
CreateBuildDirectory /Users/admin/builder/spi-builder-workspace/.derivedData/Build/Products/Debug-watchos/PackageFrameworks
cd /Users/admin/builder/spi-builder-workspace/.swiftpm/xcode
builtin-create-build-directory /Users/admin/builder/spi-builder-workspace/.derivedData/Build/Products/Debug-watchos/PackageFrameworks
WriteAuxiliaryFile /Users/admin/builder/spi-builder-workspace/.derivedData/Build/Intermediates.noindex/CoreSymbolication.build/Debug-watchos/SwiftCoreSymbolication-t.build/SwiftCoreSymbolication.modulemap (in target 'SwiftCoreSymbolication' from project 'CoreSymbolication')
cd /Users/admin/builder/spi-builder-workspace
write-file /Users/admin/builder/spi-builder-workspace/.derivedData/Build/Intermediates.noindex/CoreSymbolication.build/Debug-watchos/SwiftCoreSymbolication-t.build/SwiftCoreSymbolication.modulemap
WriteAuxiliaryFile /Users/admin/builder/spi-builder-workspace/.derivedData/Build/Intermediates.noindex/CoreSymbolication.build/Debug-watchos/SwiftCoreSymbolication-t.build/SwiftCoreSymbolication.DependencyMetadataFileList (in target 'SwiftCoreSymbolication' from project 'CoreSymbolication')
cd /Users/admin/builder/spi-builder-workspace
write-file /Users/admin/builder/spi-builder-workspace/.derivedData/Build/Intermediates.noindex/CoreSymbolication.build/Debug-watchos/SwiftCoreSymbolication-t.build/SwiftCoreSymbolication.DependencyMetadataFileList
WriteAuxiliaryFile /Users/admin/builder/spi-builder-workspace/.derivedData/Build/Intermediates.noindex/CoreSymbolication.build/Debug-watchos/SwiftCoreSymbolication-t.build/SwiftCoreSymbolication.DependencyStaticMetadataFileList (in target 'SwiftCoreSymbolication' from project 'CoreSymbolication')
cd /Users/admin/builder/spi-builder-workspace
write-file /Users/admin/builder/spi-builder-workspace/.derivedData/Build/Intermediates.noindex/CoreSymbolication.build/Debug-watchos/SwiftCoreSymbolication-t.build/SwiftCoreSymbolication.DependencyStaticMetadataFileList
WriteAuxiliaryFile /Users/admin/builder/spi-builder-workspace/.derivedData/Build/Intermediates.noindex/CoreSymbolication.build/Debug-watchos/LinkedTarget-t.build/Objects-normal/arm64_32/LinkedTarget-OutputFileMap.json (in target 'LinkedTarget' from project 'CoreSymbolication')
cd /Users/admin/builder/spi-builder-workspace
write-file /Users/admin/builder/spi-builder-workspace/.derivedData/Build/Intermediates.noindex/CoreSymbolication.build/Debug-watchos/LinkedTarget-t.build/Objects-normal/arm64_32/LinkedTarget-OutputFileMap.json
WriteAuxiliaryFile /Users/admin/builder/spi-builder-workspace/.derivedData/Build/Intermediates.noindex/CoreSymbolication.build/Debug-watchos/SwiftCoreSymbolication-t.build/Objects-normal/arm64_32/SwiftCoreSymbolication.SwiftFileList (in target 'SwiftCoreSymbolication' from project 'CoreSymbolication')
cd /Users/admin/builder/spi-builder-workspace
write-file /Users/admin/builder/spi-builder-workspace/.derivedData/Build/Intermediates.noindex/CoreSymbolication.build/Debug-watchos/SwiftCoreSymbolication-t.build/Objects-normal/arm64_32/SwiftCoreSymbolication.SwiftFileList
WriteAuxiliaryFile /Users/admin/builder/spi-builder-workspace/.derivedData/Build/Intermediates.noindex/CoreSymbolication.build/Debug-watchos/LinkedTarget-t.build/Objects-normal/arm64_32/LinkedTarget_const_extract_protocols.json (in target 'LinkedTarget' from project 'CoreSymbolication')
cd /Users/admin/builder/spi-builder-workspace
write-file /Users/admin/builder/spi-builder-workspace/.derivedData/Build/Intermediates.noindex/CoreSymbolication.build/Debug-watchos/LinkedTarget-t.build/Objects-normal/arm64_32/LinkedTarget_const_extract_protocols.json
WriteAuxiliaryFile /Users/admin/builder/spi-builder-workspace/.derivedData/Build/Intermediates.noindex/CoreSymbolication.build/Debug-watchos/SwiftCoreSymbolication-t.build/Objects-normal/arm64_32/SwiftCoreSymbolication.SwiftConstValuesFileList (in target 'SwiftCoreSymbolication' from project 'CoreSymbolication')
cd /Users/admin/builder/spi-builder-workspace
write-file /Users/admin/builder/spi-builder-workspace/.derivedData/Build/Intermediates.noindex/CoreSymbolication.build/Debug-watchos/SwiftCoreSymbolication-t.build/Objects-normal/arm64_32/SwiftCoreSymbolication.SwiftConstValuesFileList
WriteAuxiliaryFile /Users/admin/builder/spi-builder-workspace/.derivedData/Build/Intermediates.noindex/CoreSymbolication.build/Debug-watchos/SwiftCoreSymbolication-t.build/Objects-normal/arm64_32/SwiftCoreSymbolication.LinkFileList (in target 'SwiftCoreSymbolication' from project 'CoreSymbolication')
cd /Users/admin/builder/spi-builder-workspace
write-file /Users/admin/builder/spi-builder-workspace/.derivedData/Build/Intermediates.noindex/CoreSymbolication.build/Debug-watchos/SwiftCoreSymbolication-t.build/Objects-normal/arm64_32/SwiftCoreSymbolication.LinkFileList
WriteAuxiliaryFile /Users/admin/builder/spi-builder-workspace/.derivedData/Build/Intermediates.noindex/CoreSymbolication.build/Debug-watchos/SwiftCoreSymbolication-t.build/Objects-normal/arm64_32/SwiftCoreSymbolication_const_extract_protocols.json (in target 'SwiftCoreSymbolication' from project 'CoreSymbolication')
cd /Users/admin/builder/spi-builder-workspace
write-file /Users/admin/builder/spi-builder-workspace/.derivedData/Build/Intermediates.noindex/CoreSymbolication.build/Debug-watchos/SwiftCoreSymbolication-t.build/Objects-normal/arm64_32/SwiftCoreSymbolication_const_extract_protocols.json
WriteAuxiliaryFile /Users/admin/builder/spi-builder-workspace/.derivedData/Build/Intermediates.noindex/CoreSymbolication.build/Debug-watchos/SwiftCoreSymbolication-t.build/Objects-normal/arm64_32/SwiftCoreSymbolication-OutputFileMap.json (in target 'SwiftCoreSymbolication' from project 'CoreSymbolication')
cd /Users/admin/builder/spi-builder-workspace
write-file /Users/admin/builder/spi-builder-workspace/.derivedData/Build/Intermediates.noindex/CoreSymbolication.build/Debug-watchos/SwiftCoreSymbolication-t.build/Objects-normal/arm64_32/SwiftCoreSymbolication-OutputFileMap.json
WriteAuxiliaryFile /Users/admin/builder/spi-builder-workspace/.derivedData/Build/Intermediates.noindex/CoreSymbolication.build/Debug-watchos/SwiftCoreSymbolication-t.build/Objects-normal/arm64/SwiftCoreSymbolication_const_extract_protocols.json (in target 'SwiftCoreSymbolication' from project 'CoreSymbolication')
cd /Users/admin/builder/spi-builder-workspace
write-file /Users/admin/builder/spi-builder-workspace/.derivedData/Build/Intermediates.noindex/CoreSymbolication.build/Debug-watchos/SwiftCoreSymbolication-t.build/Objects-normal/arm64/SwiftCoreSymbolication_const_extract_protocols.json
WriteAuxiliaryFile /Users/admin/builder/spi-builder-workspace/.derivedData/Build/Intermediates.noindex/CoreSymbolication.build/Debug-watchos/SwiftCoreSymbolication-t.build/Objects-normal/arm64/SwiftCoreSymbolication.SwiftConstValuesFileList (in target 'SwiftCoreSymbolication' from project 'CoreSymbolication')
cd /Users/admin/builder/spi-builder-workspace
write-file /Users/admin/builder/spi-builder-workspace/.derivedData/Build/Intermediates.noindex/CoreSymbolication.build/Debug-watchos/SwiftCoreSymbolication-t.build/Objects-normal/arm64/SwiftCoreSymbolication.SwiftConstValuesFileList
WriteAuxiliaryFile /Users/admin/builder/spi-builder-workspace/.derivedData/Build/Intermediates.noindex/CoreSymbolication.build/Debug-watchos/SwiftCoreSymbolication-t.build/Objects-normal/arm64/SwiftCoreSymbolication.SwiftFileList (in target 'SwiftCoreSymbolication' from project 'CoreSymbolication')
cd /Users/admin/builder/spi-builder-workspace
write-file /Users/admin/builder/spi-builder-workspace/.derivedData/Build/Intermediates.noindex/CoreSymbolication.build/Debug-watchos/SwiftCoreSymbolication-t.build/Objects-normal/arm64/SwiftCoreSymbolication.SwiftFileList
WriteAuxiliaryFile /Users/admin/builder/spi-builder-workspace/.derivedData/Build/Intermediates.noindex/CoreSymbolication.build/Debug-watchos/SwiftCoreSymbolication-t.build/Objects-normal/arm64/SwiftCoreSymbolication.LinkFileList (in target 'SwiftCoreSymbolication' from project 'CoreSymbolication')
cd /Users/admin/builder/spi-builder-workspace
write-file /Users/admin/builder/spi-builder-workspace/.derivedData/Build/Intermediates.noindex/CoreSymbolication.build/Debug-watchos/SwiftCoreSymbolication-t.build/Objects-normal/arm64/SwiftCoreSymbolication.LinkFileList
WriteAuxiliaryFile /Users/admin/builder/spi-builder-workspace/.derivedData/Build/Intermediates.noindex/CoreSymbolication.build/Debug-watchos/SwiftCoreSymbolication-t.build/Objects-normal/arm64/SwiftCoreSymbolication-OutputFileMap.json (in target 'SwiftCoreSymbolication' from project 'CoreSymbolication')
cd /Users/admin/builder/spi-builder-workspace
write-file /Users/admin/builder/spi-builder-workspace/.derivedData/Build/Intermediates.noindex/CoreSymbolication.build/Debug-watchos/SwiftCoreSymbolication-t.build/Objects-normal/arm64/SwiftCoreSymbolication-OutputFileMap.json
WriteAuxiliaryFile /Users/admin/builder/spi-builder-workspace/.derivedData/Build/Intermediates.noindex/CoreSymbolication.build/Debug-watchos/LinkedTarget-t.build/Objects-normal/arm64_32/LinkedTarget.SwiftFileList (in target 'LinkedTarget' from project 'CoreSymbolication')
cd /Users/admin/builder/spi-builder-workspace
write-file /Users/admin/builder/spi-builder-workspace/.derivedData/Build/Intermediates.noindex/CoreSymbolication.build/Debug-watchos/LinkedTarget-t.build/Objects-normal/arm64_32/LinkedTarget.SwiftFileList
WriteAuxiliaryFile /Users/admin/builder/spi-builder-workspace/.derivedData/Build/Intermediates.noindex/CoreSymbolication.build/Debug-watchos/LinkedTarget-t.build/Objects-normal/arm64_32/LinkedTarget.LinkFileList (in target 'LinkedTarget' from project 'CoreSymbolication')
cd /Users/admin/builder/spi-builder-workspace
write-file /Users/admin/builder/spi-builder-workspace/.derivedData/Build/Intermediates.noindex/CoreSymbolication.build/Debug-watchos/LinkedTarget-t.build/Objects-normal/arm64_32/LinkedTarget.LinkFileList
WriteAuxiliaryFile /Users/admin/builder/spi-builder-workspace/.derivedData/Build/Intermediates.noindex/CoreSymbolication.build/Debug-watchos/LinkedTarget-t.build/Objects-normal/arm64_32/LinkedTarget.SwiftConstValuesFileList (in target 'LinkedTarget' from project 'CoreSymbolication')
cd /Users/admin/builder/spi-builder-workspace
write-file /Users/admin/builder/spi-builder-workspace/.derivedData/Build/Intermediates.noindex/CoreSymbolication.build/Debug-watchos/LinkedTarget-t.build/Objects-normal/arm64_32/LinkedTarget.SwiftConstValuesFileList
Copy /Users/admin/builder/spi-builder-workspace/.derivedData/Build/Intermediates.noindex/GeneratedModuleMaps-watchos/SwiftCoreSymbolication.modulemap /Users/admin/builder/spi-builder-workspace/.derivedData/Build/Intermediates.noindex/CoreSymbolication.build/Debug-watchos/SwiftCoreSymbolication-t.build/SwiftCoreSymbolication.modulemap (in target 'SwiftCoreSymbolication' from project 'CoreSymbolication')
cd /Users/admin/builder/spi-builder-workspace
builtin-copy -exclude .DS_Store -exclude CVS -exclude .svn -exclude .git -exclude .hg -resolve-src-symlinks /Users/admin/builder/spi-builder-workspace/.derivedData/Build/Intermediates.noindex/CoreSymbolication.build/Debug-watchos/SwiftCoreSymbolication-t.build/SwiftCoreSymbolication.modulemap /Users/admin/builder/spi-builder-workspace/.derivedData/Build/Intermediates.noindex/GeneratedModuleMaps-watchos
WriteAuxiliaryFile /Users/admin/builder/spi-builder-workspace/.derivedData/Build/Intermediates.noindex/CoreSymbolication.build/Debug-watchos/LinkedTarget-t.build/Objects-normal/arm64/LinkedTarget.LinkFileList (in target 'LinkedTarget' from project 'CoreSymbolication')
cd /Users/admin/builder/spi-builder-workspace
write-file /Users/admin/builder/spi-builder-workspace/.derivedData/Build/Intermediates.noindex/CoreSymbolication.build/Debug-watchos/LinkedTarget-t.build/Objects-normal/arm64/LinkedTarget.LinkFileList
WriteAuxiliaryFile /Users/admin/builder/spi-builder-workspace/.derivedData/Build/Intermediates.noindex/CoreSymbolication.build/Debug-watchos/LinkedTarget-t.build/LinkedTarget.modulemap (in target 'LinkedTarget' from project 'CoreSymbolication')
cd /Users/admin/builder/spi-builder-workspace
write-file /Users/admin/builder/spi-builder-workspace/.derivedData/Build/Intermediates.noindex/CoreSymbolication.build/Debug-watchos/LinkedTarget-t.build/LinkedTarget.modulemap
WriteAuxiliaryFile /Users/admin/builder/spi-builder-workspace/.derivedData/Build/Intermediates.noindex/CoreSymbolication.build/Debug-watchos/LinkedTarget-t.build/Objects-normal/arm64/LinkedTarget.SwiftFileList (in target 'LinkedTarget' from project 'CoreSymbolication')
cd /Users/admin/builder/spi-builder-workspace
write-file /Users/admin/builder/spi-builder-workspace/.derivedData/Build/Intermediates.noindex/CoreSymbolication.build/Debug-watchos/LinkedTarget-t.build/Objects-normal/arm64/LinkedTarget.SwiftFileList
WriteAuxiliaryFile /Users/admin/builder/spi-builder-workspace/.derivedData/Build/Intermediates.noindex/CoreSymbolication.build/Debug-watchos/LinkedTarget-t.build/Objects-normal/arm64/LinkedTarget-OutputFileMap.json (in target 'LinkedTarget' from project 'CoreSymbolication')
cd /Users/admin/builder/spi-builder-workspace
write-file /Users/admin/builder/spi-builder-workspace/.derivedData/Build/Intermediates.noindex/CoreSymbolication.build/Debug-watchos/LinkedTarget-t.build/Objects-normal/arm64/LinkedTarget-OutputFileMap.json
WriteAuxiliaryFile /Users/admin/builder/spi-builder-workspace/.derivedData/Build/Intermediates.noindex/CoreSymbolication.build/Debug-watchos/LinkedTarget-t.build/Objects-normal/arm64/LinkedTarget.SwiftConstValuesFileList (in target 'LinkedTarget' from project 'CoreSymbolication')
cd /Users/admin/builder/spi-builder-workspace
write-file /Users/admin/builder/spi-builder-workspace/.derivedData/Build/Intermediates.noindex/CoreSymbolication.build/Debug-watchos/LinkedTarget-t.build/Objects-normal/arm64/LinkedTarget.SwiftConstValuesFileList
WriteAuxiliaryFile /Users/admin/builder/spi-builder-workspace/.derivedData/Build/Intermediates.noindex/CoreSymbolication.build/Debug-watchos/LinkedTarget-t.build/Objects-normal/arm64/LinkedTarget_const_extract_protocols.json (in target 'LinkedTarget' from project 'CoreSymbolication')
cd /Users/admin/builder/spi-builder-workspace
write-file /Users/admin/builder/spi-builder-workspace/.derivedData/Build/Intermediates.noindex/CoreSymbolication.build/Debug-watchos/LinkedTarget-t.build/Objects-normal/arm64/LinkedTarget_const_extract_protocols.json
WriteAuxiliaryFile /Users/admin/builder/spi-builder-workspace/.derivedData/Build/Intermediates.noindex/CoreSymbolication.build/Debug-watchos/LinkedTarget-t.build/LinkedTarget.DependencyStaticMetadataFileList (in target 'LinkedTarget' from project 'CoreSymbolication')
cd /Users/admin/builder/spi-builder-workspace
write-file /Users/admin/builder/spi-builder-workspace/.derivedData/Build/Intermediates.noindex/CoreSymbolication.build/Debug-watchos/LinkedTarget-t.build/LinkedTarget.DependencyStaticMetadataFileList
WriteAuxiliaryFile /Users/admin/builder/spi-builder-workspace/.derivedData/Build/Intermediates.noindex/CoreSymbolication.build/Debug-watchos/LinkedTarget-t.build/LinkedTarget.DependencyMetadataFileList (in target 'LinkedTarget' from project 'CoreSymbolication')
cd /Users/admin/builder/spi-builder-workspace
write-file /Users/admin/builder/spi-builder-workspace/.derivedData/Build/Intermediates.noindex/CoreSymbolication.build/Debug-watchos/LinkedTarget-t.build/LinkedTarget.DependencyMetadataFileList
Copy /Users/admin/builder/spi-builder-workspace/.derivedData/Build/Intermediates.noindex/GeneratedModuleMaps-watchos/LinkedTarget.modulemap /Users/admin/builder/spi-builder-workspace/.derivedData/Build/Intermediates.noindex/CoreSymbolication.build/Debug-watchos/LinkedTarget-t.build/LinkedTarget.modulemap (in target 'LinkedTarget' from project 'CoreSymbolication')
cd /Users/admin/builder/spi-builder-workspace
builtin-copy -exclude .DS_Store -exclude CVS -exclude .svn -exclude .git -exclude .hg -resolve-src-symlinks /Users/admin/builder/spi-builder-workspace/.derivedData/Build/Intermediates.noindex/CoreSymbolication.build/Debug-watchos/LinkedTarget-t.build/LinkedTarget.modulemap /Users/admin/builder/spi-builder-workspace/.derivedData/Build/Intermediates.noindex/GeneratedModuleMaps-watchos
SwiftDriver LinkedTarget normal arm64 com.apple.xcode.tools.swift.compiler (in target 'LinkedTarget' from project 'CoreSymbolication')
cd /Users/admin/builder/spi-builder-workspace/.swiftpm/xcode
builtin-SwiftDriver -- /Applications/Xcode-27.0.0-Release.Candidate.app/Contents/Developer/Toolchains/XcodeDefault.xctoolchain/usr/bin/swiftc -parse-as-library -module-name LinkedTarget -Onone @/Users/admin/builder/spi-builder-workspace/.derivedData/Build/Intermediates.noindex/CoreSymbolication.build/Debug-watchos/LinkedTarget-t.build/Objects-normal/arm64/LinkedTarget.SwiftFileList -DSWIFT_PACKAGE -DDEBUG -DSWIFT_MODULE_RESOURCE_BUNDLE_UNAVAILABLE -Xcc -fmodule-map-file\=/Users/admin/builder/spi-builder-workspace/Sources/CoreSymbolication/module.modulemap -DXcode -plugin-path /Applications/Xcode-27.0.0-Release.Candidate.app/Contents/Developer/Toolchains/XcodeDefault.xctoolchain/usr/lib/swift/host/plugins/testing -enable-experimental-feature DebugDescriptionMacro -sdk /Applications/Xcode-27.0.0-Release.Candidate.app/Contents/Developer/Platforms/WatchOS.platform/Developer/SDKs/WatchOS27.0.sdk -target arm64-apple-watchos9.0 -g -module-cache-path /Users/admin/builder/spi-builder-workspace/.derivedData/ModuleCache.noindex -Xfrontend -serialize-debugging-options -profile-coverage-mapping -profile-generate -enable-testing -index-store-path /Users/admin/builder/spi-builder-workspace/.derivedData/Index.noindex/DataStore -Xcc -D_LIBCPP_HARDENING_MODE\=_LIBCPP_HARDENING_MODE_DEBUG -swift-version 5 -I /Users/admin/builder/spi-builder-workspace/.derivedData/Build/Products/Debug-watchos -Isystem /Applications/Xcode-27.0.0-Release.Candidate.app/Contents/Developer/Platforms/WatchOS.platform/Developer/usr/lib -F /Users/admin/builder/spi-builder-workspace/.derivedData/Build/Products/Debug-watchos -F /Applications/Xcode-27.0.0-Release.Candidate.app/Contents/Developer/Platforms/WatchOS.platform/Developer/Library/Frameworks -F /Applications/Xcode-27.0.0-Release.Candidate.app/Contents/Developer/Platforms/WatchOS.platform/Developer/SDKs/WatchOS27.0.sdk/Developer/Library/Frameworks -c -j10 -enable-batch-mode -incremental -Xcc -ivfsstatcache -Xcc /Users/admin/builder/spi-builder-workspace/.derivedData/SDKStatCaches.noindex/watchos27.0-24R360-e829b21a6f8c9b70876ba0858053c04477534ef55a1706bf4c1112bbb242f0a2.sdkstatcache -output-file-map /Users/admin/builder/spi-builder-workspace/.derivedData/Build/Intermediates.noindex/CoreSymbolication.build/Debug-watchos/LinkedTarget-t.build/Objects-normal/arm64/LinkedTarget-OutputFileMap.json -save-temps -no-color-diagnostics -explicit-module-build -module-cache-path /Users/admin/builder/spi-builder-workspace/.derivedData/Build/Intermediates.noindex/SwiftExplicitPrecompiledModules -clang-scanner-module-cache-path /Users/admin/builder/spi-builder-workspace/.derivedData/ModuleCache.noindex -sdk-module-cache-path /Users/admin/builder/spi-builder-workspace/.derivedData/SDKExplicitPrecompiledModules -emit-dependencies -emit-module -emit-module-path /Users/admin/builder/spi-builder-workspace/.derivedData/Build/Intermediates.noindex/CoreSymbolication.build/Debug-watchos/LinkedTarget-t.build/Objects-normal/arm64/LinkedTarget.swiftmodule -serialize-diagnostics -dependency-scan-serialize-diagnostics-path /Users/admin/builder/spi-builder-workspace/.derivedData/Build/Intermediates.noindex/CoreSymbolication.build/Debug-watchos/LinkedTarget-t.build/Objects-normal/arm64/LinkedTarget-dependency-scan.dia -validate-clang-modules-once -clang-build-session-file /Users/admin/builder/spi-builder-workspace/.derivedData/ModuleCache.noindex/Session.modulevalidation -Xcc -fmodules-prune-interval\=86400 -Xcc -fmodules-prune-after\=345600 -emit-const-values -const-gather-protocols-list /Users/admin/builder/spi-builder-workspace/.derivedData/Build/Intermediates.noindex/CoreSymbolication.build/Debug-watchos/LinkedTarget-t.build/Objects-normal/arm64/LinkedTarget_const_extract_protocols.json -Xcc -I/Users/admin/builder/spi-builder-workspace/.derivedData/Build/Products/Debug-watchos/include -Xcc -I/Users/admin/builder/spi-builder-workspace/.derivedData/Build/Intermediates.noindex/CoreSymbolication.build/Debug-watchos/LinkedTarget-t.build/DerivedSources-normal/arm64 -Xcc -I/Users/admin/builder/spi-builder-workspace/.derivedData/Build/Intermediates.noindex/CoreSymbolication.build/Debug-watchos/LinkedTarget-t.build/DerivedSources/arm64 -Xcc -I/Users/admin/builder/spi-builder-workspace/.derivedData/Build/Intermediates.noindex/CoreSymbolication.build/Debug-watchos/LinkedTarget-t.build/DerivedSources -Xcc -DSWIFT_PACKAGE -Xcc -DDEBUG\=1 -emit-objc-header -emit-objc-header-path /Users/admin/builder/spi-builder-workspace/.derivedData/Build/Intermediates.noindex/CoreSymbolication.build/Debug-watchos/LinkedTarget-t.build/Objects-normal/arm64/LinkedTarget-Swift.h -working-directory /Users/admin/builder/spi-builder-workspace/.swiftpm/xcode -experimental-emit-module-separately -disable-cmo
SwiftDriver LinkedTarget normal arm64_32 com.apple.xcode.tools.swift.compiler (in target 'LinkedTarget' from project 'CoreSymbolication')
cd /Users/admin/builder/spi-builder-workspace/.swiftpm/xcode
builtin-SwiftDriver -- /Applications/Xcode-27.0.0-Release.Candidate.app/Contents/Developer/Toolchains/XcodeDefault.xctoolchain/usr/bin/swiftc -parse-as-library -module-name LinkedTarget -Onone @/Users/admin/builder/spi-builder-workspace/.derivedData/Build/Intermediates.noindex/CoreSymbolication.build/Debug-watchos/LinkedTarget-t.build/Objects-normal/arm64_32/LinkedTarget.SwiftFileList -DSWIFT_PACKAGE -DDEBUG -DSWIFT_MODULE_RESOURCE_BUNDLE_UNAVAILABLE -Xcc -fmodule-map-file\=/Users/admin/builder/spi-builder-workspace/Sources/CoreSymbolication/module.modulemap -DXcode -plugin-path /Applications/Xcode-27.0.0-Release.Candidate.app/Contents/Developer/Toolchains/XcodeDefault.xctoolchain/usr/lib/swift/host/plugins/testing -enable-experimental-feature DebugDescriptionMacro -sdk /Applications/Xcode-27.0.0-Release.Candidate.app/Contents/Developer/Platforms/WatchOS.platform/Developer/SDKs/WatchOS27.0.sdk -target arm64_32-apple-watchos9.0 -g -module-cache-path /Users/admin/builder/spi-builder-workspace/.derivedData/ModuleCache.noindex -Xfrontend -serialize-debugging-options -profile-coverage-mapping -profile-generate -enable-testing -index-store-path /Users/admin/builder/spi-builder-workspace/.derivedData/Index.noindex/DataStore -Xcc -D_LIBCPP_HARDENING_MODE\=_LIBCPP_HARDENING_MODE_DEBUG -swift-version 5 -I /Users/admin/builder/spi-builder-workspace/.derivedData/Build/Products/Debug-watchos -Isystem /Applications/Xcode-27.0.0-Release.Candidate.app/Contents/Developer/Platforms/WatchOS.platform/Developer/usr/lib -F /Users/admin/builder/spi-builder-workspace/.derivedData/Build/Products/Debug-watchos -F /Applications/Xcode-27.0.0-Release.Candidate.app/Contents/Developer/Platforms/WatchOS.platform/Developer/Library/Frameworks -F /Applications/Xcode-27.0.0-Release.Candidate.app/Contents/Developer/Platforms/WatchOS.platform/Developer/SDKs/WatchOS27.0.sdk/Developer/Library/Frameworks -c -j10 -enable-batch-mode -incremental -Xcc -ivfsstatcache -Xcc /Users/admin/builder/spi-builder-workspace/.derivedData/SDKStatCaches.noindex/watchos27.0-24R360-e829b21a6f8c9b70876ba0858053c04477534ef55a1706bf4c1112bbb242f0a2.sdkstatcache -output-file-map /Users/admin/builder/spi-builder-workspace/.derivedData/Build/Intermediates.noindex/CoreSymbolication.build/Debug-watchos/LinkedTarget-t.build/Objects-normal/arm64_32/LinkedTarget-OutputFileMap.json -save-temps -no-color-diagnostics -explicit-module-build -module-cache-path /Users/admin/builder/spi-builder-workspace/.derivedData/Build/Intermediates.noindex/SwiftExplicitPrecompiledModules -clang-scanner-module-cache-path /Users/admin/builder/spi-builder-workspace/.derivedData/ModuleCache.noindex -sdk-module-cache-path /Users/admin/builder/spi-builder-workspace/.derivedData/SDKExplicitPrecompiledModules -emit-dependencies -emit-module -emit-module-path /Users/admin/builder/spi-builder-workspace/.derivedData/Build/Intermediates.noindex/CoreSymbolication.build/Debug-watchos/LinkedTarget-t.build/Objects-normal/arm64_32/LinkedTarget.swiftmodule -serialize-diagnostics -dependency-scan-serialize-diagnostics-path /Users/admin/builder/spi-builder-workspace/.derivedData/Build/Intermediates.noindex/CoreSymbolication.build/Debug-watchos/LinkedTarget-t.build/Objects-normal/arm64_32/LinkedTarget-dependency-scan.dia -validate-clang-modules-once -clang-build-session-file /Users/admin/builder/spi-builder-workspace/.derivedData/ModuleCache.noindex/Session.modulevalidation -Xcc -fmodules-prune-interval\=86400 -Xcc -fmodules-prune-after\=345600 -emit-const-values -const-gather-protocols-list /Users/admin/builder/spi-builder-workspace/.derivedData/Build/Intermediates.noindex/CoreSymbolication.build/Debug-watchos/LinkedTarget-t.build/Objects-normal/arm64_32/LinkedTarget_const_extract_protocols.json -Xcc -I/Users/admin/builder/spi-builder-workspace/.derivedData/Build/Products/Debug-watchos/include -Xcc -I/Users/admin/builder/spi-builder-workspace/.derivedData/Build/Intermediates.noindex/CoreSymbolication.build/Debug-watchos/LinkedTarget-t.build/DerivedSources-normal/arm64_32 -Xcc -I/Users/admin/builder/spi-builder-workspace/.derivedData/Build/Intermediates.noindex/CoreSymbolication.build/Debug-watchos/LinkedTarget-t.build/DerivedSources/arm64_32 -Xcc -I/Users/admin/builder/spi-builder-workspace/.derivedData/Build/Intermediates.noindex/CoreSymbolication.build/Debug-watchos/LinkedTarget-t.build/DerivedSources -Xcc -DSWIFT_PACKAGE -Xcc -DDEBUG\=1 -emit-objc-header -emit-objc-header-path /Users/admin/builder/spi-builder-workspace/.derivedData/Build/Intermediates.noindex/CoreSymbolication.build/Debug-watchos/LinkedTarget-t.build/Objects-normal/arm64_32/LinkedTarget-Swift.h -working-directory /Users/admin/builder/spi-builder-workspace/.swiftpm/xcode -experimental-emit-module-separately -disable-cmo
SwiftExplicitDependencyGeneratePcm arm64_32 /Users/admin/builder/spi-builder-workspace/.derivedData/SDKExplicitPrecompiledModules/_SwiftConcurrencyShims-6RTBPQ03V7BM9SPRK8SUE055H.pcm
SwiftExplicitDependencyGeneratePcm arm64_32 /Users/admin/builder/spi-builder-workspace/.derivedData/SDKExplicitPrecompiledModules/SwiftShims-9CQQGWTSNTN9EB5NSHDWUJICH.pcm
SwiftExplicitDependencyGeneratePcm arm64 /Users/admin/builder/spi-builder-workspace/.derivedData/SDKExplicitPrecompiledModules/_SwiftConcurrencyShims-659N52XSKR5F0QSB880BH2FJR.pcm
SwiftExplicitDependencyGeneratePcm arm64 /Users/admin/builder/spi-builder-workspace/.derivedData/SDKExplicitPrecompiledModules/SwiftShims-4MXFZPV6FEB0XBYXCGPWAMQGL.pcm
SwiftCompile normal arm64 Compiling\ Dummy.swift /Users/admin/builder/spi-builder-workspace/Sources/LinkedTarget/Dummy.swift (in target 'LinkedTarget' from project 'CoreSymbolication')
SwiftCompile normal arm64 /Users/admin/builder/spi-builder-workspace/Sources/LinkedTarget/Dummy.swift (in target 'LinkedTarget' from project 'CoreSymbolication')
cd /Users/admin/builder/spi-builder-workspace/.swiftpm/xcode
builtin-SwiftPerFileCompile Dummy.swift
SwiftEmitModule normal arm64 Emitting\ module\ for\ LinkedTarget (in target 'LinkedTarget' from project 'CoreSymbolication')
SwiftCompile normal arm64 (in target 'LinkedTarget' from project 'CoreSymbolication')
cd /Users/admin/builder/spi-builder-workspace/.swiftpm/xcode
SwiftCompile normal arm64_32 Compiling\ Dummy.swift /Users/admin/builder/spi-builder-workspace/Sources/LinkedTarget/Dummy.swift (in target 'LinkedTarget' from project 'CoreSymbolication')
SwiftCompile normal arm64_32 /Users/admin/builder/spi-builder-workspace/Sources/LinkedTarget/Dummy.swift (in target 'LinkedTarget' from project 'CoreSymbolication')
cd /Users/admin/builder/spi-builder-workspace/.swiftpm/xcode
builtin-SwiftPerFileCompile Dummy.swift
SwiftEmitModule normal arm64_32 Emitting\ module\ for\ LinkedTarget (in target 'LinkedTarget' from project 'CoreSymbolication')
SwiftCompile normal arm64_32 (in target 'LinkedTarget' from project 'CoreSymbolication')
cd /Users/admin/builder/spi-builder-workspace/.swiftpm/xcode
SwiftDriverJobDiscovery normal arm64 Emitting module for LinkedTarget (in target 'LinkedTarget' from project 'CoreSymbolication')
SwiftDriver\ Compilation\ Requirements LinkedTarget normal arm64 com.apple.xcode.tools.swift.compiler (in target 'LinkedTarget' from project 'CoreSymbolication')
cd /Users/admin/builder/spi-builder-workspace/.swiftpm/xcode
builtin-Swift-Compilation-Requirements -- /Applications/Xcode-27.0.0-Release.Candidate.app/Contents/Developer/Toolchains/XcodeDefault.xctoolchain/usr/bin/swiftc -parse-as-library -module-name LinkedTarget -Onone @/Users/admin/builder/spi-builder-workspace/.derivedData/Build/Intermediates.noindex/CoreSymbolication.build/Debug-watchos/LinkedTarget-t.build/Objects-normal/arm64/LinkedTarget.SwiftFileList -DSWIFT_PACKAGE -DDEBUG -DSWIFT_MODULE_RESOURCE_BUNDLE_UNAVAILABLE -Xcc -fmodule-map-file\=/Users/admin/builder/spi-builder-workspace/Sources/CoreSymbolication/module.modulemap -DXcode -plugin-path /Applications/Xcode-27.0.0-Release.Candidate.app/Contents/Developer/Toolchains/XcodeDefault.xctoolchain/usr/lib/swift/host/plugins/testing -enable-experimental-feature DebugDescriptionMacro -sdk /Applications/Xcode-27.0.0-Release.Candidate.app/Contents/Developer/Platforms/WatchOS.platform/Developer/SDKs/WatchOS27.0.sdk -target arm64-apple-watchos9.0 -g -module-cache-path /Users/admin/builder/spi-builder-workspace/.derivedData/ModuleCache.noindex -Xfrontend -serialize-debugging-options -profile-coverage-mapping -profile-generate -enable-testing -index-store-path /Users/admin/builder/spi-builder-workspace/.derivedData/Index.noindex/DataStore -Xcc -D_LIBCPP_HARDENING_MODE\=_LIBCPP_HARDENING_MODE_DEBUG -swift-version 5 -I /Users/admin/builder/spi-builder-workspace/.derivedData/Build/Products/Debug-watchos -Isystem /Applications/Xcode-27.0.0-Release.Candidate.app/Contents/Developer/Platforms/WatchOS.platform/Developer/usr/lib -F /Users/admin/builder/spi-builder-workspace/.derivedData/Build/Products/Debug-watchos -F /Applications/Xcode-27.0.0-Release.Candidate.app/Contents/Developer/Platforms/WatchOS.platform/Developer/Library/Frameworks -F /Applications/Xcode-27.0.0-Release.Candidate.app/Contents/Developer/Platforms/WatchOS.platform/Developer/SDKs/WatchOS27.0.sdk/Developer/Library/Frameworks -c -j10 -enable-batch-mode -incremental -Xcc -ivfsstatcache -Xcc /Users/admin/builder/spi-builder-workspace/.derivedData/SDKStatCaches.noindex/watchos27.0-24R360-e829b21a6f8c9b70876ba0858053c04477534ef55a1706bf4c1112bbb242f0a2.sdkstatcache -output-file-map /Users/admin/builder/spi-builder-workspace/.derivedData/Build/Intermediates.noindex/CoreSymbolication.build/Debug-watchos/LinkedTarget-t.build/Objects-normal/arm64/LinkedTarget-OutputFileMap.json -save-temps -no-color-diagnostics -explicit-module-build -module-cache-path /Users/admin/builder/spi-builder-workspace/.derivedData/Build/Intermediates.noindex/SwiftExplicitPrecompiledModules -clang-scanner-module-cache-path /Users/admin/builder/spi-builder-workspace/.derivedData/ModuleCache.noindex -sdk-module-cache-path /Users/admin/builder/spi-builder-workspace/.derivedData/SDKExplicitPrecompiledModules -emit-dependencies -emit-module -emit-module-path /Users/admin/builder/spi-builder-workspace/.derivedData/Build/Intermediates.noindex/CoreSymbolication.build/Debug-watchos/LinkedTarget-t.build/Objects-normal/arm64/LinkedTarget.swiftmodule -serialize-diagnostics -dependency-scan-serialize-diagnostics-path /Users/admin/builder/spi-builder-workspace/.derivedData/Build/Intermediates.noindex/CoreSymbolication.build/Debug-watchos/LinkedTarget-t.build/Objects-normal/arm64/LinkedTarget-dependency-scan.dia -validate-clang-modules-once -clang-build-session-file /Users/admin/builder/spi-builder-workspace/.derivedData/ModuleCache.noindex/Session.modulevalidation -Xcc -fmodules-prune-interval\=86400 -Xcc -fmodules-prune-after\=345600 -emit-const-values -const-gather-protocols-list /Users/admin/builder/spi-builder-workspace/.derivedData/Build/Intermediates.noindex/CoreSymbolication.build/Debug-watchos/LinkedTarget-t.build/Objects-normal/arm64/LinkedTarget_const_extract_protocols.json -Xcc -I/Users/admin/builder/spi-builder-workspace/.derivedData/Build/Products/Debug-watchos/include -Xcc -I/Users/admin/builder/spi-builder-workspace/.derivedData/Build/Intermediates.noindex/CoreSymbolication.build/Debug-watchos/LinkedTarget-t.build/DerivedSources-normal/arm64 -Xcc -I/Users/admin/builder/spi-builder-workspace/.derivedData/Build/Intermediates.noindex/CoreSymbolication.build/Debug-watchos/LinkedTarget-t.build/DerivedSources/arm64 -Xcc -I/Users/admin/builder/spi-builder-workspace/.derivedData/Build/Intermediates.noindex/CoreSymbolication.build/Debug-watchos/LinkedTarget-t.build/DerivedSources -Xcc -DSWIFT_PACKAGE -Xcc -DDEBUG\=1 -emit-objc-header -emit-objc-header-path /Users/admin/builder/spi-builder-workspace/.derivedData/Build/Intermediates.noindex/CoreSymbolication.build/Debug-watchos/LinkedTarget-t.build/Objects-normal/arm64/LinkedTarget-Swift.h -working-directory /Users/admin/builder/spi-builder-workspace/.swiftpm/xcode -experimental-emit-module-separately -disable-cmo
SwiftDriverJobDiscovery normal arm64_32 Emitting module for LinkedTarget (in target 'LinkedTarget' from project 'CoreSymbolication')
SwiftDriver\ Compilation\ Requirements LinkedTarget normal arm64_32 com.apple.xcode.tools.swift.compiler (in target 'LinkedTarget' from project 'CoreSymbolication')
cd /Users/admin/builder/spi-builder-workspace/.swiftpm/xcode
builtin-Swift-Compilation-Requirements -- /Applications/Xcode-27.0.0-Release.Candidate.app/Contents/Developer/Toolchains/XcodeDefault.xctoolchain/usr/bin/swiftc -parse-as-library -module-name LinkedTarget -Onone @/Users/admin/builder/spi-builder-workspace/.derivedData/Build/Intermediates.noindex/CoreSymbolication.build/Debug-watchos/LinkedTarget-t.build/Objects-normal/arm64_32/LinkedTarget.SwiftFileList -DSWIFT_PACKAGE -DDEBUG -DSWIFT_MODULE_RESOURCE_BUNDLE_UNAVAILABLE -Xcc -fmodule-map-file\=/Users/admin/builder/spi-builder-workspace/Sources/CoreSymbolication/module.modulemap -DXcode -plugin-path /Applications/Xcode-27.0.0-Release.Candidate.app/Contents/Developer/Toolchains/XcodeDefault.xctoolchain/usr/lib/swift/host/plugins/testing -enable-experimental-feature DebugDescriptionMacro -sdk /Applications/Xcode-27.0.0-Release.Candidate.app/Contents/Developer/Platforms/WatchOS.platform/Developer/SDKs/WatchOS27.0.sdk -target arm64_32-apple-watchos9.0 -g -module-cache-path /Users/admin/builder/spi-builder-workspace/.derivedData/ModuleCache.noindex -Xfrontend -serialize-debugging-options -profile-coverage-mapping -profile-generate -enable-testing -index-store-path /Users/admin/builder/spi-builder-workspace/.derivedData/Index.noindex/DataStore -Xcc -D_LIBCPP_HARDENING_MODE\=_LIBCPP_HARDENING_MODE_DEBUG -swift-version 5 -I /Users/admin/builder/spi-builder-workspace/.derivedData/Build/Products/Debug-watchos -Isystem /Applications/Xcode-27.0.0-Release.Candidate.app/Contents/Developer/Platforms/WatchOS.platform/Developer/usr/lib -F /Users/admin/builder/spi-builder-workspace/.derivedData/Build/Products/Debug-watchos -F /Applications/Xcode-27.0.0-Release.Candidate.app/Contents/Developer/Platforms/WatchOS.platform/Developer/Library/Frameworks -F /Applications/Xcode-27.0.0-Release.Candidate.app/Contents/Developer/Platforms/WatchOS.platform/Developer/SDKs/WatchOS27.0.sdk/Developer/Library/Frameworks -c -j10 -enable-batch-mode -incremental -Xcc -ivfsstatcache -Xcc /Users/admin/builder/spi-builder-workspace/.derivedData/SDKStatCaches.noindex/watchos27.0-24R360-e829b21a6f8c9b70876ba0858053c04477534ef55a1706bf4c1112bbb242f0a2.sdkstatcache -output-file-map /Users/admin/builder/spi-builder-workspace/.derivedData/Build/Intermediates.noindex/CoreSymbolication.build/Debug-watchos/LinkedTarget-t.build/Objects-normal/arm64_32/LinkedTarget-OutputFileMap.json -save-temps -no-color-diagnostics -explicit-module-build -module-cache-path /Users/admin/builder/spi-builder-workspace/.derivedData/Build/Intermediates.noindex/SwiftExplicitPrecompiledModules -clang-scanner-module-cache-path /Users/admin/builder/spi-builder-workspace/.derivedData/ModuleCache.noindex -sdk-module-cache-path /Users/admin/builder/spi-builder-workspace/.derivedData/SDKExplicitPrecompiledModules -emit-dependencies -emit-module -emit-module-path /Users/admin/builder/spi-builder-workspace/.derivedData/Build/Intermediates.noindex/CoreSymbolication.build/Debug-watchos/LinkedTarget-t.build/Objects-normal/arm64_32/LinkedTarget.swiftmodule -serialize-diagnostics -dependency-scan-serialize-diagnostics-path /Users/admin/builder/spi-builder-workspace/.derivedData/Build/Intermediates.noindex/CoreSymbolication.build/Debug-watchos/LinkedTarget-t.build/Objects-normal/arm64_32/LinkedTarget-dependency-scan.dia -validate-clang-modules-once -clang-build-session-file /Users/admin/builder/spi-builder-workspace/.derivedData/ModuleCache.noindex/Session.modulevalidation -Xcc -fmodules-prune-interval\=86400 -Xcc -fmodules-prune-after\=345600 -emit-const-values -const-gather-protocols-list /Users/admin/builder/spi-builder-workspace/.derivedData/Build/Intermediates.noindex/CoreSymbolication.build/Debug-watchos/LinkedTarget-t.build/Objects-normal/arm64_32/LinkedTarget_const_extract_protocols.json -Xcc -I/Users/admin/builder/spi-builder-workspace/.derivedData/Build/Products/Debug-watchos/include -Xcc -I/Users/admin/builder/spi-builder-workspace/.derivedData/Build/Intermediates.noindex/CoreSymbolication.build/Debug-watchos/LinkedTarget-t.build/DerivedSources-normal/arm64_32 -Xcc -I/Users/admin/builder/spi-builder-workspace/.derivedData/Build/Intermediates.noindex/CoreSymbolication.build/Debug-watchos/LinkedTarget-t.build/DerivedSources/arm64_32 -Xcc -I/Users/admin/builder/spi-builder-workspace/.derivedData/Build/Intermediates.noindex/CoreSymbolication.build/Debug-watchos/LinkedTarget-t.build/DerivedSources -Xcc -DSWIFT_PACKAGE -Xcc -DDEBUG\=1 -emit-objc-header -emit-objc-header-path /Users/admin/builder/spi-builder-workspace/.derivedData/Build/Intermediates.noindex/CoreSymbolication.build/Debug-watchos/LinkedTarget-t.build/Objects-normal/arm64_32/LinkedTarget-Swift.h -working-directory /Users/admin/builder/spi-builder-workspace/.swiftpm/xcode -experimental-emit-module-separately -disable-cmo
SwiftMergeGeneratedHeaders /Users/admin/builder/spi-builder-workspace/.derivedData/Build/Intermediates.noindex/GeneratedModuleMaps-watchos/LinkedTarget-Swift.h /Users/admin/builder/spi-builder-workspace/.derivedData/Build/Intermediates.noindex/CoreSymbolication.build/Debug-watchos/LinkedTarget-t.build/Objects-normal/arm64/LinkedTarget-Swift.h /Users/admin/builder/spi-builder-workspace/.derivedData/Build/Intermediates.noindex/CoreSymbolication.build/Debug-watchos/LinkedTarget-t.build/Objects-normal/arm64_32/LinkedTarget-Swift.h (in target 'LinkedTarget' from project 'CoreSymbolication')
cd /Users/admin/builder/spi-builder-workspace
builtin-swiftHeaderTool -arch arm64 /Users/admin/builder/spi-builder-workspace/.derivedData/Build/Intermediates.noindex/CoreSymbolication.build/Debug-watchos/LinkedTarget-t.build/Objects-normal/arm64/LinkedTarget-Swift.h -arch arm64_32 /Users/admin/builder/spi-builder-workspace/.derivedData/Build/Intermediates.noindex/CoreSymbolication.build/Debug-watchos/LinkedTarget-t.build/Objects-normal/arm64_32/LinkedTarget-Swift.h -o /Users/admin/builder/spi-builder-workspace/.derivedData/Build/Intermediates.noindex/GeneratedModuleMaps-watchos/LinkedTarget-Swift.h
Copy /Users/admin/builder/spi-builder-workspace/.derivedData/Build/Products/Debug-watchos/LinkedTarget.swiftmodule/arm64-apple-watchos.swiftdoc /Users/admin/builder/spi-builder-workspace/.derivedData/Build/Intermediates.noindex/CoreSymbolication.build/Debug-watchos/LinkedTarget-t.build/Objects-normal/arm64/LinkedTarget.swiftdoc (in target 'LinkedTarget' from project 'CoreSymbolication')
cd /Users/admin/builder/spi-builder-workspace
builtin-copy -exclude .DS_Store -exclude CVS -exclude .svn -exclude .git -exclude .hg -resolve-src-symlinks -rename /Users/admin/builder/spi-builder-workspace/.derivedData/Build/Intermediates.noindex/CoreSymbolication.build/Debug-watchos/LinkedTarget-t.build/Objects-normal/arm64/LinkedTarget.swiftdoc /Users/admin/builder/spi-builder-workspace/.derivedData/Build/Products/Debug-watchos/LinkedTarget.swiftmodule/arm64-apple-watchos.swiftdoc
Copy /Users/admin/builder/spi-builder-workspace/.derivedData/Build/Products/Debug-watchos/LinkedTarget.swiftmodule/arm64-apple-watchos.abi.json /Users/admin/builder/spi-builder-workspace/.derivedData/Build/Intermediates.noindex/CoreSymbolication.build/Debug-watchos/LinkedTarget-t.build/Objects-normal/arm64/LinkedTarget.abi.json (in target 'LinkedTarget' from project 'CoreSymbolication')
cd /Users/admin/builder/spi-builder-workspace
builtin-copy -exclude .DS_Store -exclude CVS -exclude .svn -exclude .git -exclude .hg -resolve-src-symlinks -rename /Users/admin/builder/spi-builder-workspace/.derivedData/Build/Intermediates.noindex/CoreSymbolication.build/Debug-watchos/LinkedTarget-t.build/Objects-normal/arm64/LinkedTarget.abi.json /Users/admin/builder/spi-builder-workspace/.derivedData/Build/Products/Debug-watchos/LinkedTarget.swiftmodule/arm64-apple-watchos.abi.json
Copy /Users/admin/builder/spi-builder-workspace/.derivedData/Build/Products/Debug-watchos/LinkedTarget.swiftmodule/arm64-apple-watchos.swiftmodule /Users/admin/builder/spi-builder-workspace/.derivedData/Build/Intermediates.noindex/CoreSymbolication.build/Debug-watchos/LinkedTarget-t.build/Objects-normal/arm64/LinkedTarget.swiftmodule (in target 'LinkedTarget' from project 'CoreSymbolication')
cd /Users/admin/builder/spi-builder-workspace
builtin-copy -exclude .DS_Store -exclude CVS -exclude .svn -exclude .git -exclude .hg -resolve-src-symlinks -rename /Users/admin/builder/spi-builder-workspace/.derivedData/Build/Intermediates.noindex/CoreSymbolication.build/Debug-watchos/LinkedTarget-t.build/Objects-normal/arm64/LinkedTarget.swiftmodule /Users/admin/builder/spi-builder-workspace/.derivedData/Build/Products/Debug-watchos/LinkedTarget.swiftmodule/arm64-apple-watchos.swiftmodule
Copy /Users/admin/builder/spi-builder-workspace/.derivedData/Build/Products/Debug-watchos/LinkedTarget.swiftmodule/arm64_32-apple-watchos.swiftdoc /Users/admin/builder/spi-builder-workspace/.derivedData/Build/Intermediates.noindex/CoreSymbolication.build/Debug-watchos/LinkedTarget-t.build/Objects-normal/arm64_32/LinkedTarget.swiftdoc (in target 'LinkedTarget' from project 'CoreSymbolication')
cd /Users/admin/builder/spi-builder-workspace
builtin-copy -exclude .DS_Store -exclude CVS -exclude .svn -exclude .git -exclude .hg -resolve-src-symlinks -rename /Users/admin/builder/spi-builder-workspace/.derivedData/Build/Intermediates.noindex/CoreSymbolication.build/Debug-watchos/LinkedTarget-t.build/Objects-normal/arm64_32/LinkedTarget.swiftdoc /Users/admin/builder/spi-builder-workspace/.derivedData/Build/Products/Debug-watchos/LinkedTarget.swiftmodule/arm64_32-apple-watchos.swiftdoc
Copy /Users/admin/builder/spi-builder-workspace/.derivedData/Build/Products/Debug-watchos/LinkedTarget.swiftmodule/arm64_32-apple-watchos.swiftmodule /Users/admin/builder/spi-builder-workspace/.derivedData/Build/Intermediates.noindex/CoreSymbolication.build/Debug-watchos/LinkedTarget-t.build/Objects-normal/arm64_32/LinkedTarget.swiftmodule (in target 'LinkedTarget' from project 'CoreSymbolication')
cd /Users/admin/builder/spi-builder-workspace
builtin-copy -exclude .DS_Store -exclude CVS -exclude .svn -exclude .git -exclude .hg -resolve-src-symlinks -rename /Users/admin/builder/spi-builder-workspace/.derivedData/Build/Intermediates.noindex/CoreSymbolication.build/Debug-watchos/LinkedTarget-t.build/Objects-normal/arm64_32/LinkedTarget.swiftmodule /Users/admin/builder/spi-builder-workspace/.derivedData/Build/Products/Debug-watchos/LinkedTarget.swiftmodule/arm64_32-apple-watchos.swiftmodule
Copy /Users/admin/builder/spi-builder-workspace/.derivedData/Build/Products/Debug-watchos/LinkedTarget.swiftmodule/arm64_32-apple-watchos.abi.json /Users/admin/builder/spi-builder-workspace/.derivedData/Build/Intermediates.noindex/CoreSymbolication.build/Debug-watchos/LinkedTarget-t.build/Objects-normal/arm64_32/LinkedTarget.abi.json (in target 'LinkedTarget' from project 'CoreSymbolication')
cd /Users/admin/builder/spi-builder-workspace
builtin-copy -exclude .DS_Store -exclude CVS -exclude .svn -exclude .git -exclude .hg -resolve-src-symlinks -rename /Users/admin/builder/spi-builder-workspace/.derivedData/Build/Intermediates.noindex/CoreSymbolication.build/Debug-watchos/LinkedTarget-t.build/Objects-normal/arm64_32/LinkedTarget.abi.json /Users/admin/builder/spi-builder-workspace/.derivedData/Build/Products/Debug-watchos/LinkedTarget.swiftmodule/arm64_32-apple-watchos.abi.json
Copy /Users/admin/builder/spi-builder-workspace/.derivedData/Build/Products/Debug-watchos/LinkedTarget.swiftmodule/Project/arm64_32-apple-watchos.swiftsourceinfo /Users/admin/builder/spi-builder-workspace/.derivedData/Build/Intermediates.noindex/CoreSymbolication.build/Debug-watchos/LinkedTarget-t.build/Objects-normal/arm64_32/LinkedTarget.swiftsourceinfo (in target 'LinkedTarget' from project 'CoreSymbolication')
cd /Users/admin/builder/spi-builder-workspace
builtin-copy -exclude .DS_Store -exclude CVS -exclude .svn -exclude .git -exclude .hg -resolve-src-symlinks -rename /Users/admin/builder/spi-builder-workspace/.derivedData/Build/Intermediates.noindex/CoreSymbolication.build/Debug-watchos/LinkedTarget-t.build/Objects-normal/arm64_32/LinkedTarget.swiftsourceinfo /Users/admin/builder/spi-builder-workspace/.derivedData/Build/Products/Debug-watchos/LinkedTarget.swiftmodule/Project/arm64_32-apple-watchos.swiftsourceinfo
Copy /Users/admin/builder/spi-builder-workspace/.derivedData/Build/Products/Debug-watchos/LinkedTarget.swiftmodule/Project/arm64-apple-watchos.swiftsourceinfo /Users/admin/builder/spi-builder-workspace/.derivedData/Build/Intermediates.noindex/CoreSymbolication.build/Debug-watchos/LinkedTarget-t.build/Objects-normal/arm64/LinkedTarget.swiftsourceinfo (in target 'LinkedTarget' from project 'CoreSymbolication')
cd /Users/admin/builder/spi-builder-workspace
builtin-copy -exclude .DS_Store -exclude CVS -exclude .svn -exclude .git -exclude .hg -resolve-src-symlinks -rename /Users/admin/builder/spi-builder-workspace/.derivedData/Build/Intermediates.noindex/CoreSymbolication.build/Debug-watchos/LinkedTarget-t.build/Objects-normal/arm64/LinkedTarget.swiftsourceinfo /Users/admin/builder/spi-builder-workspace/.derivedData/Build/Products/Debug-watchos/LinkedTarget.swiftmodule/Project/arm64-apple-watchos.swiftsourceinfo
SwiftDriver SwiftCoreSymbolication normal arm64_32 com.apple.xcode.tools.swift.compiler (in target 'SwiftCoreSymbolication' from project 'CoreSymbolication')
cd /Users/admin/builder/spi-builder-workspace/.swiftpm/xcode
builtin-SwiftDriver -- /Applications/Xcode-27.0.0-Release.Candidate.app/Contents/Developer/Toolchains/XcodeDefault.xctoolchain/usr/bin/swiftc -parse-as-library -module-name SwiftCoreSymbolication -Onone @/Users/admin/builder/spi-builder-workspace/.derivedData/Build/Intermediates.noindex/CoreSymbolication.build/Debug-watchos/SwiftCoreSymbolication-t.build/Objects-normal/arm64_32/SwiftCoreSymbolication.SwiftFileList -DSWIFT_PACKAGE -DDEBUG -DSWIFT_MODULE_RESOURCE_BUNDLE_UNAVAILABLE -Xcc -fmodule-map-file\=/Users/admin/builder/spi-builder-workspace/Sources/CoreSymbolication/module.modulemap -DXcode -plugin-path /Applications/Xcode-27.0.0-Release.Candidate.app/Contents/Developer/Toolchains/XcodeDefault.xctoolchain/usr/lib/swift/host/plugins/testing -enable-experimental-feature DebugDescriptionMacro -sdk /Applications/Xcode-27.0.0-Release.Candidate.app/Contents/Developer/Platforms/WatchOS.platform/Developer/SDKs/WatchOS27.0.sdk -target arm64_32-apple-watchos9.0 -g -module-cache-path /Users/admin/builder/spi-builder-workspace/.derivedData/ModuleCache.noindex -Xfrontend -serialize-debugging-options -profile-coverage-mapping -profile-generate -enable-testing -index-store-path /Users/admin/builder/spi-builder-workspace/.derivedData/Index.noindex/DataStore -Xcc -D_LIBCPP_HARDENING_MODE\=_LIBCPP_HARDENING_MODE_DEBUG -swift-version 5 -I /Users/admin/builder/spi-builder-workspace/.derivedData/Build/Products/Debug-watchos -Isystem /Applications/Xcode-27.0.0-Release.Candidate.app/Contents/Developer/Platforms/WatchOS.platform/Developer/usr/lib -F /Users/admin/builder/spi-builder-workspace/.derivedData/Build/Products/Debug-watchos/PackageFrameworks -F /Users/admin/builder/spi-builder-workspace/.derivedData/Build/Products/Debug-watchos -F /Applications/Xcode-27.0.0-Release.Candidate.app/Contents/Developer/Platforms/WatchOS.platform/Developer/Library/Frameworks -F /Applications/Xcode-27.0.0-Release.Candidate.app/Contents/Developer/Platforms/WatchOS.platform/Developer/SDKs/WatchOS27.0.sdk/Developer/Library/Frameworks -c -j10 -enable-batch-mode -incremental -Xcc -ivfsstatcache -Xcc /Users/admin/builder/spi-builder-workspace/.derivedData/SDKStatCaches.noindex/watchos27.0-24R360-e829b21a6f8c9b70876ba0858053c04477534ef55a1706bf4c1112bbb242f0a2.sdkstatcache -output-file-map /Users/admin/builder/spi-builder-workspace/.derivedData/Build/Intermediates.noindex/CoreSymbolication.build/Debug-watchos/SwiftCoreSymbolication-t.build/Objects-normal/arm64_32/SwiftCoreSymbolication-OutputFileMap.json -save-temps -no-color-diagnostics -explicit-module-build -module-cache-path /Users/admin/builder/spi-builder-workspace/.derivedData/Build/Intermediates.noindex/SwiftExplicitPrecompiledModules -clang-scanner-module-cache-path /Users/admin/builder/spi-builder-workspace/.derivedData/ModuleCache.noindex -sdk-module-cache-path /Users/admin/builder/spi-builder-workspace/.derivedData/SDKExplicitPrecompiledModules -emit-dependencies -emit-module -emit-module-path /Users/admin/builder/spi-builder-workspace/.derivedData/Build/Intermediates.noindex/CoreSymbolication.build/Debug-watchos/SwiftCoreSymbolication-t.build/Objects-normal/arm64_32/SwiftCoreSymbolication.swiftmodule -serialize-diagnostics -dependency-scan-serialize-diagnostics-path /Users/admin/builder/spi-builder-workspace/.derivedData/Build/Intermediates.noindex/CoreSymbolication.build/Debug-watchos/SwiftCoreSymbolication-t.build/Objects-normal/arm64_32/SwiftCoreSymbolication-dependency-scan.dia -validate-clang-modules-once -clang-build-session-file /Users/admin/builder/spi-builder-workspace/.derivedData/ModuleCache.noindex/Session.modulevalidation -Xcc -fmodules-prune-interval\=86400 -Xcc -fmodules-prune-after\=345600 -emit-const-values -const-gather-protocols-list /Users/admin/builder/spi-builder-workspace/.derivedData/Build/Intermediates.noindex/CoreSymbolication.build/Debug-watchos/SwiftCoreSymbolication-t.build/Objects-normal/arm64_32/SwiftCoreSymbolication_const_extract_protocols.json -Xcc -I/Users/admin/builder/spi-builder-workspace/.derivedData/Build/Products/Debug-watchos/include -Xcc -I/Users/admin/builder/spi-builder-workspace/.derivedData/Build/Intermediates.noindex/CoreSymbolication.build/Debug-watchos/SwiftCoreSymbolication-t.build/DerivedSources-normal/arm64_32 -Xcc -I/Users/admin/builder/spi-builder-workspace/.derivedData/Build/Intermediates.noindex/CoreSymbolication.build/Debug-watchos/SwiftCoreSymbolication-t.build/DerivedSources/arm64_32 -Xcc -I/Users/admin/builder/spi-builder-workspace/.derivedData/Build/Intermediates.noindex/CoreSymbolication.build/Debug-watchos/SwiftCoreSymbolication-t.build/DerivedSources -Xcc -DSWIFT_PACKAGE -Xcc -DDEBUG\=1 -emit-objc-header -emit-objc-header-path /Users/admin/builder/spi-builder-workspace/.derivedData/Build/Intermediates.noindex/CoreSymbolication.build/Debug-watchos/SwiftCoreSymbolication-t.build/Objects-normal/arm64_32/SwiftCoreSymbolication-Swift.h -working-directory /Users/admin/builder/spi-builder-workspace/.swiftpm/xcode -experimental-emit-module-separately -disable-cmo
error: Clang dependency scanning failure: /Users/admin/builder/spi-builder-workspace/Sources/CoreSymbolication/module.modulemap:1:8: error: module 'CoreSymbolication' requires feature 'macos'
module-include.input:1:2: fatal error: could not build module 'CoreSymbolication'
(in target 'SwiftCoreSymbolication' from project 'CoreSymbolication')
/Users/admin/builder/spi-builder-workspace/Sources/SwiftCoreSymbolication/Architecture.swift:2:8: error: Unable to resolve module dependency: 'CoreSymbolication' (in target 'SwiftCoreSymbolication' from project 'CoreSymbolication')
note: A dependency of main module 'SwiftCoreSymbolication'
/Users/admin/builder/spi-builder-workspace/Sources/SwiftCoreSymbolication/SourceInfo.swift:2:8: note: Also imported here
/Users/admin/builder/spi-builder-workspace/Sources/SwiftCoreSymbolication/Symbol.swift:2:8: note: Also imported here
/Users/admin/builder/spi-builder-workspace/Sources/SwiftCoreSymbolication/SymbolOwner.swift:2:8: note: Also imported here
/Users/admin/builder/spi-builder-workspace/Sources/SwiftCoreSymbolication/Symbolicator.swift:2:8: note: Also imported here
error: Clang dependency scanning failure: /Users/admin/builder/spi-builder-workspace/Sources/CoreSymbolication/module.modulemap:1:8: error: module 'CoreSymbolication' requires feature 'macos'
module-include.input:1:2: fatal error: could not build module 'CoreSymbolication'
(in target 'SwiftCoreSymbolication' from project 'CoreSymbolication')
/Users/admin/builder/spi-builder-workspace/Sources/SwiftCoreSymbolication/Architecture.swift:2:8: note: A dependency of main module 'SwiftCoreSymbolication'
import CoreSymbolication
^ (in target 'SwiftCoreSymbolication' from project 'CoreSymbolication')
/Users/admin/builder/spi-builder-workspace/Sources/SwiftCoreSymbolication/SourceInfo.swift:2:8: note: Also imported here
import CoreSymbolication
^ (in target 'SwiftCoreSymbolication' from project 'CoreSymbolication')
/Users/admin/builder/spi-builder-workspace/Sources/SwiftCoreSymbolication/Symbol.swift:2:8: note: Also imported here
import CoreSymbolication
^ (in target 'SwiftCoreSymbolication' from project 'CoreSymbolication')
/Users/admin/builder/spi-builder-workspace/Sources/SwiftCoreSymbolication/SymbolOwner.swift:2:8: note: Also imported here
import CoreSymbolication
^ (in target 'SwiftCoreSymbolication' from project 'CoreSymbolication')
/Users/admin/builder/spi-builder-workspace/Sources/SwiftCoreSymbolication/Symbolicator.swift:2:8: note: Also imported here
import CoreSymbolication
^ (in target 'SwiftCoreSymbolication' from project 'CoreSymbolication')
SwiftDriver SwiftCoreSymbolication normal arm64 com.apple.xcode.tools.swift.compiler (in target 'SwiftCoreSymbolication' from project 'CoreSymbolication')
cd /Users/admin/builder/spi-builder-workspace/.swiftpm/xcode
builtin-SwiftDriver -- /Applications/Xcode-27.0.0-Release.Candidate.app/Contents/Developer/Toolchains/XcodeDefault.xctoolchain/usr/bin/swiftc -parse-as-library -module-name SwiftCoreSymbolication -Onone @/Users/admin/builder/spi-builder-workspace/.derivedData/Build/Intermediates.noindex/CoreSymbolication.build/Debug-watchos/SwiftCoreSymbolication-t.build/Objects-normal/arm64/SwiftCoreSymbolication.SwiftFileList -DSWIFT_PACKAGE -DDEBUG -DSWIFT_MODULE_RESOURCE_BUNDLE_UNAVAILABLE -Xcc -fmodule-map-file\=/Users/admin/builder/spi-builder-workspace/Sources/CoreSymbolication/module.modulemap -DXcode -plugin-path /Applications/Xcode-27.0.0-Release.Candidate.app/Contents/Developer/Toolchains/XcodeDefault.xctoolchain/usr/lib/swift/host/plugins/testing -enable-experimental-feature DebugDescriptionMacro -sdk /Applications/Xcode-27.0.0-Release.Candidate.app/Contents/Developer/Platforms/WatchOS.platform/Developer/SDKs/WatchOS27.0.sdk -target arm64-apple-watchos9.0 -g -module-cache-path /Users/admin/builder/spi-builder-workspace/.derivedData/ModuleCache.noindex -Xfrontend -serialize-debugging-options -profile-coverage-mapping -profile-generate -enable-testing -index-store-path /Users/admin/builder/spi-builder-workspace/.derivedData/Index.noindex/DataStore -Xcc -D_LIBCPP_HARDENING_MODE\=_LIBCPP_HARDENING_MODE_DEBUG -swift-version 5 -I /Users/admin/builder/spi-builder-workspace/.derivedData/Build/Products/Debug-watchos -Isystem /Applications/Xcode-27.0.0-Release.Candidate.app/Contents/Developer/Platforms/WatchOS.platform/Developer/usr/lib -F /Users/admin/builder/spi-builder-workspace/.derivedData/Build/Products/Debug-watchos/PackageFrameworks -F /Users/admin/builder/spi-builder-workspace/.derivedData/Build/Products/Debug-watchos -F /Applications/Xcode-27.0.0-Release.Candidate.app/Contents/Developer/Platforms/WatchOS.platform/Developer/Library/Frameworks -F /Applications/Xcode-27.0.0-Release.Candidate.app/Contents/Developer/Platforms/WatchOS.platform/Developer/SDKs/WatchOS27.0.sdk/Developer/Library/Frameworks -c -j10 -enable-batch-mode -incremental -Xcc -ivfsstatcache -Xcc /Users/admin/builder/spi-builder-workspace/.derivedData/SDKStatCaches.noindex/watchos27.0-24R360-e829b21a6f8c9b70876ba0858053c04477534ef55a1706bf4c1112bbb242f0a2.sdkstatcache -output-file-map /Users/admin/builder/spi-builder-workspace/.derivedData/Build/Intermediates.noindex/CoreSymbolication.build/Debug-watchos/SwiftCoreSymbolication-t.build/Objects-normal/arm64/SwiftCoreSymbolication-OutputFileMap.json -save-temps -no-color-diagnostics -explicit-module-build -module-cache-path /Users/admin/builder/spi-builder-workspace/.derivedData/Build/Intermediates.noindex/SwiftExplicitPrecompiledModules -clang-scanner-module-cache-path /Users/admin/builder/spi-builder-workspace/.derivedData/ModuleCache.noindex -sdk-module-cache-path /Users/admin/builder/spi-builder-workspace/.derivedData/SDKExplicitPrecompiledModules -emit-dependencies -emit-module -emit-module-path /Users/admin/builder/spi-builder-workspace/.derivedData/Build/Intermediates.noindex/CoreSymbolication.build/Debug-watchos/SwiftCoreSymbolication-t.build/Objects-normal/arm64/SwiftCoreSymbolication.swiftmodule -serialize-diagnostics -dependency-scan-serialize-diagnostics-path /Users/admin/builder/spi-builder-workspace/.derivedData/Build/Intermediates.noindex/CoreSymbolication.build/Debug-watchos/SwiftCoreSymbolication-t.build/Objects-normal/arm64/SwiftCoreSymbolication-dependency-scan.dia -validate-clang-modules-once -clang-build-session-file /Users/admin/builder/spi-builder-workspace/.derivedData/ModuleCache.noindex/Session.modulevalidation -Xcc -fmodules-prune-interval\=86400 -Xcc -fmodules-prune-after\=345600 -emit-const-values -const-gather-protocols-list /Users/admin/builder/spi-builder-workspace/.derivedData/Build/Intermediates.noindex/CoreSymbolication.build/Debug-watchos/SwiftCoreSymbolication-t.build/Objects-normal/arm64/SwiftCoreSymbolication_const_extract_protocols.json -Xcc -I/Users/admin/builder/spi-builder-workspace/.derivedData/Build/Products/Debug-watchos/include -Xcc -I/Users/admin/builder/spi-builder-workspace/.derivedData/Build/Intermediates.noindex/CoreSymbolication.build/Debug-watchos/SwiftCoreSymbolication-t.build/DerivedSources-normal/arm64 -Xcc -I/Users/admin/builder/spi-builder-workspace/.derivedData/Build/Intermediates.noindex/CoreSymbolication.build/Debug-watchos/SwiftCoreSymbolication-t.build/DerivedSources/arm64 -Xcc -I/Users/admin/builder/spi-builder-workspace/.derivedData/Build/Intermediates.noindex/CoreSymbolication.build/Debug-watchos/SwiftCoreSymbolication-t.build/DerivedSources -Xcc -DSWIFT_PACKAGE -Xcc -DDEBUG\=1 -emit-objc-header -emit-objc-header-path /Users/admin/builder/spi-builder-workspace/.derivedData/Build/Intermediates.noindex/CoreSymbolication.build/Debug-watchos/SwiftCoreSymbolication-t.build/Objects-normal/arm64/SwiftCoreSymbolication-Swift.h -working-directory /Users/admin/builder/spi-builder-workspace/.swiftpm/xcode -experimental-emit-module-separately -disable-cmo
error: Clang dependency scanning failure: /Users/admin/builder/spi-builder-workspace/Sources/CoreSymbolication/module.modulemap:1:8: error: module 'CoreSymbolication' requires feature 'macos'
module-include.input:1:2: fatal error: could not build module 'CoreSymbolication'
(in target 'SwiftCoreSymbolication' from project 'CoreSymbolication')
/Users/admin/builder/spi-builder-workspace/Sources/SwiftCoreSymbolication/Architecture.swift:2:8: error: Unable to resolve module dependency: 'CoreSymbolication' (in target 'SwiftCoreSymbolication' from project 'CoreSymbolication')
note: A dependency of main module 'SwiftCoreSymbolication'
/Users/admin/builder/spi-builder-workspace/Sources/SwiftCoreSymbolication/SourceInfo.swift:2:8: note: Also imported here
/Users/admin/builder/spi-builder-workspace/Sources/SwiftCoreSymbolication/Symbol.swift:2:8: note: Also imported here
/Users/admin/builder/spi-builder-workspace/Sources/SwiftCoreSymbolication/SymbolOwner.swift:2:8: note: Also imported here
/Users/admin/builder/spi-builder-workspace/Sources/SwiftCoreSymbolication/Symbolicator.swift:2:8: note: Also imported here
error: Clang dependency scanning failure: /Users/admin/builder/spi-builder-workspace/Sources/CoreSymbolication/module.modulemap:1:8: error: module 'CoreSymbolication' requires feature 'macos'
module-include.input:1:2: fatal error: could not build module 'CoreSymbolication'
(in target 'SwiftCoreSymbolication' from project 'CoreSymbolication')
/Users/admin/builder/spi-builder-workspace/Sources/SwiftCoreSymbolication/Architecture.swift:2:8: note: A dependency of main module 'SwiftCoreSymbolication'
import CoreSymbolication
^ (in target 'SwiftCoreSymbolication' from project 'CoreSymbolication')
/Users/admin/builder/spi-builder-workspace/Sources/SwiftCoreSymbolication/SourceInfo.swift:2:8: note: Also imported here
import CoreSymbolication
^ (in target 'SwiftCoreSymbolication' from project 'CoreSymbolication')
/Users/admin/builder/spi-builder-workspace/Sources/SwiftCoreSymbolication/Symbol.swift:2:8: note: Also imported here
import CoreSymbolication
^ (in target 'SwiftCoreSymbolication' from project 'CoreSymbolication')
/Users/admin/builder/spi-builder-workspace/Sources/SwiftCoreSymbolication/SymbolOwner.swift:2:8: note: Also imported here
import CoreSymbolication
^ (in target 'SwiftCoreSymbolication' from project 'CoreSymbolication')
/Users/admin/builder/spi-builder-workspace/Sources/SwiftCoreSymbolication/Symbolicator.swift:2:8: note: Also imported here
import CoreSymbolication
^ (in target 'SwiftCoreSymbolication' from project 'CoreSymbolication')
SwiftDriverJobDiscovery normal arm64 Compiling Dummy.swift (in target 'LinkedTarget' from project 'CoreSymbolication')
SwiftDriver\ Compilation LinkedTarget normal arm64 com.apple.xcode.tools.swift.compiler (in target 'LinkedTarget' from project 'CoreSymbolication')
cd /Users/admin/builder/spi-builder-workspace/.swiftpm/xcode
builtin-Swift-Compilation -- /Applications/Xcode-27.0.0-Release.Candidate.app/Contents/Developer/Toolchains/XcodeDefault.xctoolchain/usr/bin/swiftc -parse-as-library -module-name LinkedTarget -Onone @/Users/admin/builder/spi-builder-workspace/.derivedData/Build/Intermediates.noindex/CoreSymbolication.build/Debug-watchos/LinkedTarget-t.build/Objects-normal/arm64/LinkedTarget.SwiftFileList -DSWIFT_PACKAGE -DDEBUG -DSWIFT_MODULE_RESOURCE_BUNDLE_UNAVAILABLE -Xcc -fmodule-map-file\=/Users/admin/builder/spi-builder-workspace/Sources/CoreSymbolication/module.modulemap -DXcode -plugin-path /Applications/Xcode-27.0.0-Release.Candidate.app/Contents/Developer/Toolchains/XcodeDefault.xctoolchain/usr/lib/swift/host/plugins/testing -enable-experimental-feature DebugDescriptionMacro -sdk /Applications/Xcode-27.0.0-Release.Candidate.app/Contents/Developer/Platforms/WatchOS.platform/Developer/SDKs/WatchOS27.0.sdk -target arm64-apple-watchos9.0 -g -module-cache-path /Users/admin/builder/spi-builder-workspace/.derivedData/ModuleCache.noindex -Xfrontend -serialize-debugging-options -profile-coverage-mapping -profile-generate -enable-testing -index-store-path /Users/admin/builder/spi-builder-workspace/.derivedData/Index.noindex/DataStore -Xcc -D_LIBCPP_HARDENING_MODE\=_LIBCPP_HARDENING_MODE_DEBUG -swift-version 5 -I /Users/admin/builder/spi-builder-workspace/.derivedData/Build/Products/Debug-watchos -Isystem /Applications/Xcode-27.0.0-Release.Candidate.app/Contents/Developer/Platforms/WatchOS.platform/Developer/usr/lib -F /Users/admin/builder/spi-builder-workspace/.derivedData/Build/Products/Debug-watchos -F /Applications/Xcode-27.0.0-Release.Candidate.app/Contents/Developer/Platforms/WatchOS.platform/Developer/Library/Frameworks -F /Applications/Xcode-27.0.0-Release.Candidate.app/Contents/Developer/Platforms/WatchOS.platform/Developer/SDKs/WatchOS27.0.sdk/Developer/Library/Frameworks -c -j10 -enable-batch-mode -incremental -Xcc -ivfsstatcache -Xcc /Users/admin/builder/spi-builder-workspace/.derivedData/SDKStatCaches.noindex/watchos27.0-24R360-e829b21a6f8c9b70876ba0858053c04477534ef55a1706bf4c1112bbb242f0a2.sdkstatcache -output-file-map /Users/admin/builder/spi-builder-workspace/.derivedData/Build/Intermediates.noindex/CoreSymbolication.build/Debug-watchos/LinkedTarget-t.build/Objects-normal/arm64/LinkedTarget-OutputFileMap.json -save-temps -no-color-diagnostics -explicit-module-build -module-cache-path /Users/admin/builder/spi-builder-workspace/.derivedData/Build/Intermediates.noindex/SwiftExplicitPrecompiledModules -clang-scanner-module-cache-path /Users/admin/builder/spi-builder-workspace/.derivedData/ModuleCache.noindex -sdk-module-cache-path /Users/admin/builder/spi-builder-workspace/.derivedData/SDKExplicitPrecompiledModules -emit-dependencies -emit-module -emit-module-path /Users/admin/builder/spi-builder-workspace/.derivedData/Build/Intermediates.noindex/CoreSymbolication.build/Debug-watchos/LinkedTarget-t.build/Objects-normal/arm64/LinkedTarget.swiftmodule -serialize-diagnostics -dependency-scan-serialize-diagnostics-path /Users/admin/builder/spi-builder-workspace/.derivedData/Build/Intermediates.noindex/CoreSymbolication.build/Debug-watchos/LinkedTarget-t.build/Objects-normal/arm64/LinkedTarget-dependency-scan.dia -validate-clang-modules-once -clang-build-session-file /Users/admin/builder/spi-builder-workspace/.derivedData/ModuleCache.noindex/Session.modulevalidation -Xcc -fmodules-prune-interval\=86400 -Xcc -fmodules-prune-after\=345600 -emit-const-values -const-gather-protocols-list /Users/admin/builder/spi-builder-workspace/.derivedData/Build/Intermediates.noindex/CoreSymbolication.build/Debug-watchos/LinkedTarget-t.build/Objects-normal/arm64/LinkedTarget_const_extract_protocols.json -Xcc -I/Users/admin/builder/spi-builder-workspace/.derivedData/Build/Products/Debug-watchos/include -Xcc -I/Users/admin/builder/spi-builder-workspace/.derivedData/Build/Intermediates.noindex/CoreSymbolication.build/Debug-watchos/LinkedTarget-t.build/DerivedSources-normal/arm64 -Xcc -I/Users/admin/builder/spi-builder-workspace/.derivedData/Build/Intermediates.noindex/CoreSymbolication.build/Debug-watchos/LinkedTarget-t.build/DerivedSources/arm64 -Xcc -I/Users/admin/builder/spi-builder-workspace/.derivedData/Build/Intermediates.noindex/CoreSymbolication.build/Debug-watchos/LinkedTarget-t.build/DerivedSources -Xcc -DSWIFT_PACKAGE -Xcc -DDEBUG\=1 -emit-objc-header -emit-objc-header-path /Users/admin/builder/spi-builder-workspace/.derivedData/Build/Intermediates.noindex/CoreSymbolication.build/Debug-watchos/LinkedTarget-t.build/Objects-normal/arm64/LinkedTarget-Swift.h -working-directory /Users/admin/builder/spi-builder-workspace/.swiftpm/xcode -experimental-emit-module-separately -disable-cmo
Ld /Users/admin/builder/spi-builder-workspace/.derivedData/Build/Intermediates.noindex/CoreSymbolication.build/Debug-watchos/LinkedTarget-t.build/Objects-normal/arm64/Binary/LinkedTarget.o normal arm64 (in target 'LinkedTarget' from project 'CoreSymbolication')
cd /Users/admin/builder/spi-builder-workspace
/Applications/Xcode-27.0.0-Release.Candidate.app/Contents/Developer/Toolchains/XcodeDefault.xctoolchain/usr/bin/clang -Xlinker -reproducible -target arm64-apple-watchos9.0 -r -isysroot /Applications/Xcode-27.0.0-Release.Candidate.app/Contents/Developer/Platforms/WatchOS.platform/Developer/SDKs/WatchOS27.0.sdk -O0 -Xlinker -no_warn_duplicate_libraries -F/Users/admin/builder/spi-builder-workspace/.derivedData/Build/Intermediates.noindex/EagerLinkingTBDs/Debug-watchos -F/Users/admin/builder/spi-builder-workspace/.derivedData/Build/Products/Debug-watchos -iframework /Applications/Xcode-27.0.0-Release.Candidate.app/Contents/Developer/Platforms/WatchOS.platform/Developer/Library/Frameworks -iframework /Applications/Xcode-27.0.0-Release.Candidate.app/Contents/Developer/Platforms/WatchOS.platform/Developer/SDKs/WatchOS27.0.sdk/Developer/Library/Frameworks -filelist /Users/admin/builder/spi-builder-workspace/.derivedData/Build/Intermediates.noindex/CoreSymbolication.build/Debug-watchos/LinkedTarget-t.build/Objects-normal/arm64/LinkedTarget.LinkFileList -nostdlib -Xlinker -object_path_lto -Xlinker /Users/admin/builder/spi-builder-workspace/.derivedData/Build/Intermediates.noindex/CoreSymbolication.build/Debug-watchos/LinkedTarget-t.build/Objects-normal/arm64/LinkedTarget_lto.o -Xlinker -no_deduplicate -Xlinker -debug_variant -Xlinker -dependency_info -Xlinker /Users/admin/builder/spi-builder-workspace/.derivedData/Build/Intermediates.noindex/CoreSymbolication.build/Debug-watchos/LinkedTarget-t.build/Objects-normal/arm64/LinkedTarget_dependency_info.dat -fobjc-link-runtime -L/Applications/Xcode-27.0.0-Release.Candidate.app/Contents/Developer/Toolchains/XcodeDefault.xctoolchain/usr/lib/swift/watchos -L/usr/lib/swift -Xlinker -add_ast_path -Xlinker /Users/admin/builder/spi-builder-workspace/.derivedData/Build/Intermediates.noindex/CoreSymbolication.build/Debug-watchos/LinkedTarget-t.build/Objects-normal/arm64/LinkedTarget.swiftmodule -o /Users/admin/builder/spi-builder-workspace/.derivedData/Build/Intermediates.noindex/CoreSymbolication.build/Debug-watchos/LinkedTarget-t.build/Objects-normal/arm64/Binary/LinkedTarget.o
SwiftDriverJobDiscovery normal arm64_32 Compiling Dummy.swift (in target 'LinkedTarget' from project 'CoreSymbolication')
SwiftDriver\ Compilation LinkedTarget normal arm64_32 com.apple.xcode.tools.swift.compiler (in target 'LinkedTarget' from project 'CoreSymbolication')
cd /Users/admin/builder/spi-builder-workspace/.swiftpm/xcode
builtin-Swift-Compilation -- /Applications/Xcode-27.0.0-Release.Candidate.app/Contents/Developer/Toolchains/XcodeDefault.xctoolchain/usr/bin/swiftc -parse-as-library -module-name LinkedTarget -Onone @/Users/admin/builder/spi-builder-workspace/.derivedData/Build/Intermediates.noindex/CoreSymbolication.build/Debug-watchos/LinkedTarget-t.build/Objects-normal/arm64_32/LinkedTarget.SwiftFileList -DSWIFT_PACKAGE -DDEBUG -DSWIFT_MODULE_RESOURCE_BUNDLE_UNAVAILABLE -Xcc -fmodule-map-file\=/Users/admin/builder/spi-builder-workspace/Sources/CoreSymbolication/module.modulemap -DXcode -plugin-path /Applications/Xcode-27.0.0-Release.Candidate.app/Contents/Developer/Toolchains/XcodeDefault.xctoolchain/usr/lib/swift/host/plugins/testing -enable-experimental-feature DebugDescriptionMacro -sdk /Applications/Xcode-27.0.0-Release.Candidate.app/Contents/Developer/Platforms/WatchOS.platform/Developer/SDKs/WatchOS27.0.sdk -target arm64_32-apple-watchos9.0 -g -module-cache-path /Users/admin/builder/spi-builder-workspace/.derivedData/ModuleCache.noindex -Xfrontend -serialize-debugging-options -profile-coverage-mapping -profile-generate -enable-testing -index-store-path /Users/admin/builder/spi-builder-workspace/.derivedData/Index.noindex/DataStore -Xcc -D_LIBCPP_HARDENING_MODE\=_LIBCPP_HARDENING_MODE_DEBUG -swift-version 5 -I /Users/admin/builder/spi-builder-workspace/.derivedData/Build/Products/Debug-watchos -Isystem /Applications/Xcode-27.0.0-Release.Candidate.app/Contents/Developer/Platforms/WatchOS.platform/Developer/usr/lib -F /Users/admin/builder/spi-builder-workspace/.derivedData/Build/Products/Debug-watchos -F /Applications/Xcode-27.0.0-Release.Candidate.app/Contents/Developer/Platforms/WatchOS.platform/Developer/Library/Frameworks -F /Applications/Xcode-27.0.0-Release.Candidate.app/Contents/Developer/Platforms/WatchOS.platform/Developer/SDKs/WatchOS27.0.sdk/Developer/Library/Frameworks -c -j10 -enable-batch-mode -incremental -Xcc -ivfsstatcache -Xcc /Users/admin/builder/spi-builder-workspace/.derivedData/SDKStatCaches.noindex/watchos27.0-24R360-e829b21a6f8c9b70876ba0858053c04477534ef55a1706bf4c1112bbb242f0a2.sdkstatcache -output-file-map /Users/admin/builder/spi-builder-workspace/.derivedData/Build/Intermediates.noindex/CoreSymbolication.build/Debug-watchos/LinkedTarget-t.build/Objects-normal/arm64_32/LinkedTarget-OutputFileMap.json -save-temps -no-color-diagnostics -explicit-module-build -module-cache-path /Users/admin/builder/spi-builder-workspace/.derivedData/Build/Intermediates.noindex/SwiftExplicitPrecompiledModules -clang-scanner-module-cache-path /Users/admin/builder/spi-builder-workspace/.derivedData/ModuleCache.noindex -sdk-module-cache-path /Users/admin/builder/spi-builder-workspace/.derivedData/SDKExplicitPrecompiledModules -emit-dependencies -emit-module -emit-module-path /Users/admin/builder/spi-builder-workspace/.derivedData/Build/Intermediates.noindex/CoreSymbolication.build/Debug-watchos/LinkedTarget-t.build/Objects-normal/arm64_32/LinkedTarget.swiftmodule -serialize-diagnostics -dependency-scan-serialize-diagnostics-path /Users/admin/builder/spi-builder-workspace/.derivedData/Build/Intermediates.noindex/CoreSymbolication.build/Debug-watchos/LinkedTarget-t.build/Objects-normal/arm64_32/LinkedTarget-dependency-scan.dia -validate-clang-modules-once -clang-build-session-file /Users/admin/builder/spi-builder-workspace/.derivedData/ModuleCache.noindex/Session.modulevalidation -Xcc -fmodules-prune-interval\=86400 -Xcc -fmodules-prune-after\=345600 -emit-const-values -const-gather-protocols-list /Users/admin/builder/spi-builder-workspace/.derivedData/Build/Intermediates.noindex/CoreSymbolication.build/Debug-watchos/LinkedTarget-t.build/Objects-normal/arm64_32/LinkedTarget_const_extract_protocols.json -Xcc -I/Users/admin/builder/spi-builder-workspace/.derivedData/Build/Products/Debug-watchos/include -Xcc -I/Users/admin/builder/spi-builder-workspace/.derivedData/Build/Intermediates.noindex/CoreSymbolication.build/Debug-watchos/LinkedTarget-t.build/DerivedSources-normal/arm64_32 -Xcc -I/Users/admin/builder/spi-builder-workspace/.derivedData/Build/Intermediates.noindex/CoreSymbolication.build/Debug-watchos/LinkedTarget-t.build/DerivedSources/arm64_32 -Xcc -I/Users/admin/builder/spi-builder-workspace/.derivedData/Build/Intermediates.noindex/CoreSymbolication.build/Debug-watchos/LinkedTarget-t.build/DerivedSources -Xcc -DSWIFT_PACKAGE -Xcc -DDEBUG\=1 -emit-objc-header -emit-objc-header-path /Users/admin/builder/spi-builder-workspace/.derivedData/Build/Intermediates.noindex/CoreSymbolication.build/Debug-watchos/LinkedTarget-t.build/Objects-normal/arm64_32/LinkedTarget-Swift.h -working-directory /Users/admin/builder/spi-builder-workspace/.swiftpm/xcode -experimental-emit-module-separately -disable-cmo
Ld /Users/admin/builder/spi-builder-workspace/.derivedData/Build/Intermediates.noindex/CoreSymbolication.build/Debug-watchos/LinkedTarget-t.build/Objects-normal/arm64_32/Binary/LinkedTarget.o normal arm64_32 (in target 'LinkedTarget' from project 'CoreSymbolication')
cd /Users/admin/builder/spi-builder-workspace
/Applications/Xcode-27.0.0-Release.Candidate.app/Contents/Developer/Toolchains/XcodeDefault.xctoolchain/usr/bin/clang -Xlinker -reproducible -target arm64_32-apple-watchos9.0 -r -isysroot /Applications/Xcode-27.0.0-Release.Candidate.app/Contents/Developer/Platforms/WatchOS.platform/Developer/SDKs/WatchOS27.0.sdk -O0 -Xlinker -no_warn_duplicate_libraries -F/Users/admin/builder/spi-builder-workspace/.derivedData/Build/Intermediates.noindex/EagerLinkingTBDs/Debug-watchos -F/Users/admin/builder/spi-builder-workspace/.derivedData/Build/Products/Debug-watchos -iframework /Applications/Xcode-27.0.0-Release.Candidate.app/Contents/Developer/Platforms/WatchOS.platform/Developer/Library/Frameworks -iframework /Applications/Xcode-27.0.0-Release.Candidate.app/Contents/Developer/Platforms/WatchOS.platform/Developer/SDKs/WatchOS27.0.sdk/Developer/Library/Frameworks -filelist /Users/admin/builder/spi-builder-workspace/.derivedData/Build/Intermediates.noindex/CoreSymbolication.build/Debug-watchos/LinkedTarget-t.build/Objects-normal/arm64_32/LinkedTarget.LinkFileList -nostdlib -Xlinker -object_path_lto -Xlinker /Users/admin/builder/spi-builder-workspace/.derivedData/Build/Intermediates.noindex/CoreSymbolication.build/Debug-watchos/LinkedTarget-t.build/Objects-normal/arm64_32/LinkedTarget_lto.o -Xlinker -no_deduplicate -Xlinker -debug_variant -Xlinker -dependency_info -Xlinker /Users/admin/builder/spi-builder-workspace/.derivedData/Build/Intermediates.noindex/CoreSymbolication.build/Debug-watchos/LinkedTarget-t.build/Objects-normal/arm64_32/LinkedTarget_dependency_info.dat -fobjc-link-runtime -L/Applications/Xcode-27.0.0-Release.Candidate.app/Contents/Developer/Toolchains/XcodeDefault.xctoolchain/usr/lib/swift/watchos -L/usr/lib/swift -Xlinker -add_ast_path -Xlinker /Users/admin/builder/spi-builder-workspace/.derivedData/Build/Intermediates.noindex/CoreSymbolication.build/Debug-watchos/LinkedTarget-t.build/Objects-normal/arm64_32/LinkedTarget.swiftmodule -o /Users/admin/builder/spi-builder-workspace/.derivedData/Build/Intermediates.noindex/CoreSymbolication.build/Debug-watchos/LinkedTarget-t.build/Objects-normal/arm64_32/Binary/LinkedTarget.o
CreateUniversalBinary /Users/admin/builder/spi-builder-workspace/.derivedData/Build/Products/Debug-watchos/LinkedTarget.o normal arm64\ arm64_32 (in target 'LinkedTarget' from project 'CoreSymbolication')
cd /Users/admin/builder/spi-builder-workspace
/Applications/Xcode-27.0.0-Release.Candidate.app/Contents/Developer/Toolchains/XcodeDefault.xctoolchain/usr/bin/lipo -create /Users/admin/builder/spi-builder-workspace/.derivedData/Build/Intermediates.noindex/CoreSymbolication.build/Debug-watchos/LinkedTarget-t.build/Objects-normal/arm64/Binary/LinkedTarget.o /Users/admin/builder/spi-builder-workspace/.derivedData/Build/Intermediates.noindex/CoreSymbolication.build/Debug-watchos/LinkedTarget-t.build/Objects-normal/arm64_32/Binary/LinkedTarget.o -output /Users/admin/builder/spi-builder-workspace/.derivedData/Build/Products/Debug-watchos/LinkedTarget.o
ExtractAppIntentsMetadata (in target 'LinkedTarget' from project 'CoreSymbolication')
cd /Users/admin/builder/spi-builder-workspace
/Applications/Xcode-27.0.0-Release.Candidate.app/Contents/Developer/Toolchains/XcodeDefault.xctoolchain/usr/bin/appintentsmetadataprocessor --toolchain-dir /var/run/com.apple.security.cryptexd/mnt/com.apple.MobileAsset.MetalToolchain-v27.1.266.1.FWs3ZT/Metal.xctoolchain --module-name LinkedTarget --sdk-root /Applications/Xcode-27.0.0-Release.Candidate.app/Contents/Developer/Platforms/WatchOS.platform/Developer/SDKs/WatchOS27.0.sdk --xcode-version 27A266a --platform-family watchOS --deployment-target 9.0 --bundle-identifier spi-builder-workspace.LinkedTarget --output /Users/admin/builder/spi-builder-workspace/.derivedData/Build/Products/Debug-watchos/LinkedTarget.appintents --target-triple arm64-apple-watchos9.0 --target-triple arm64_32-apple-watchos9.0 --binary-file /Users/admin/builder/spi-builder-workspace/.derivedData/Build/Products/Debug-watchos/LinkedTarget.o --dependency-file /Users/admin/builder/spi-builder-workspace/.derivedData/Build/Intermediates.noindex/CoreSymbolication.build/Debug-watchos/LinkedTarget-t.build/Objects-normal/arm64/LinkedTarget_dependency_info.dat --dependency-file /Users/admin/builder/spi-builder-workspace/.derivedData/Build/Intermediates.noindex/CoreSymbolication.build/Debug-watchos/LinkedTarget-t.build/Objects-normal/arm64_32/LinkedTarget_dependency_info.dat --stringsdata-file /Users/admin/builder/spi-builder-workspace/.derivedData/Build/Intermediates.noindex/CoreSymbolication.build/Debug-watchos/LinkedTarget-t.build/Objects-normal/arm64/ExtractedAppShortcutsMetadata.stringsdata --stringsdata-file /Users/admin/builder/spi-builder-workspace/.derivedData/Build/Intermediates.noindex/CoreSymbolication.build/Debug-watchos/LinkedTarget-t.build/Objects-normal/arm64_32/ExtractedAppShortcutsMetadata.stringsdata --source-file-list /Users/admin/builder/spi-builder-workspace/.derivedData/Build/Intermediates.noindex/CoreSymbolication.build/Debug-watchos/LinkedTarget-t.build/Objects-normal/arm64/LinkedTarget.SwiftFileList --source-file-list /Users/admin/builder/spi-builder-workspace/.derivedData/Build/Intermediates.noindex/CoreSymbolication.build/Debug-watchos/LinkedTarget-t.build/Objects-normal/arm64_32/LinkedTarget.SwiftFileList --metadata-file-list /Users/admin/builder/spi-builder-workspace/.derivedData/Build/Intermediates.noindex/CoreSymbolication.build/Debug-watchos/LinkedTarget-t.build/LinkedTarget.DependencyMetadataFileList --static-metadata-file-list /Users/admin/builder/spi-builder-workspace/.derivedData/Build/Intermediates.noindex/CoreSymbolication.build/Debug-watchos/LinkedTarget-t.build/LinkedTarget.DependencyStaticMetadataFileList --swift-const-vals-list /Users/admin/builder/spi-builder-workspace/.derivedData/Build/Intermediates.noindex/CoreSymbolication.build/Debug-watchos/LinkedTarget-t.build/Objects-normal/arm64/LinkedTarget.SwiftConstValuesFileList --swift-const-vals-list /Users/admin/builder/spi-builder-workspace/.derivedData/Build/Intermediates.noindex/CoreSymbolication.build/Debug-watchos/LinkedTarget-t.build/Objects-normal/arm64_32/LinkedTarget.SwiftConstValuesFileList --force --compile-time-extraction --deployment-aware-processing --no-app-shortcuts-localization
2026-09-19 19:01:30.328 appintentsmetadataprocessor[677:4431] Starting appintentsmetadataprocessor export
PruneExplicitPrecompiledModules /Users/admin/builder/spi-builder-workspace/.derivedData/SDKExplicitPrecompiledModules
PruneExplicitPrecompiledModules /Users/admin/builder/spi-builder-workspace/.derivedData/Build/Intermediates.noindex/ExplicitPrecompiledModules
PruneExplicitPrecompiledModules /Users/admin/builder/spi-builder-workspace/.derivedData/Build/Intermediates.noindex/SwiftExplicitPrecompiledModules
2026-09-19 19:01:28.192 xcodebuild[649:4205] [MT] IDERunDestination: Supported platforms for the buildables in the current scheme is empty.
** BUILD FAILED **
The following build commands failed:
SwiftDriver SwiftCoreSymbolication normal arm64_32 com.apple.xcode.tools.swift.compiler (in target 'SwiftCoreSymbolication' from project 'CoreSymbolication')
SwiftDriver SwiftCoreSymbolication normal arm64 com.apple.xcode.tools.swift.compiler (in target 'SwiftCoreSymbolication' from project 'CoreSymbolication')
Building workspace CoreSymbolication with scheme CoreSymbolication
(3 failures)
Command line invocation:
/Applications/Xcode-27.0.0-Release.Candidate.app/Contents/Developer/usr/bin/xcodebuild -IDEClonedSourcePackagesDirPathOverride=/Users/admin/builder/spi-builder-workspace/.dependencies -resolvePackageDependencies
Resolve Package Graph
Resolved source packages:
CoreSymbolication: /Users/admin/builder/spi-builder-workspace
resolved source packages: CoreSymbolication
2026-09-19 19:01:31.355 xcodebuild[678:4447] [MT] IDERunDestination: Supported platforms for the buildables in the current scheme is empty.
{
"dependencies" : [
],
"manifest_display_name" : "CoreSymbolication",
"name" : "CoreSymbolication",
"path" : "/Users/admin/builder/spi-builder-workspace",
"platforms" : [
{
"name" : "macos",
"version" : "10.15"
}
],
"products" : [
{
"name" : "CoreSymbolication",
"targets" : [
"CoreSymbolication"
],
"type" : {
"library" : [
"automatic"
]
}
},
{
"name" : "SwiftCoreSymbolication",
"targets" : [
"SwiftCoreSymbolication"
],
"type" : {
"library" : [
"automatic"
]
}
}
],
"targets" : [
{
"c99name" : "SwiftCoreSymbolicationTests",
"module_type" : "SwiftTarget",
"name" : "SwiftCoreSymbolicationTests",
"path" : "Tests/SwiftCoreSymbolicationTests",
"resources" : [
{
"path" : "/Users/admin/builder/spi-builder-workspace/Tests/SwiftCoreSymbolicationTests/TestData",
"rule" : {
"copy" : {
}
}
}
],
"sources" : [
"SwiftCoreSymbolicationTests.swift"
],
"target_dependencies" : [
"SwiftCoreSymbolication"
],
"type" : "test"
},
{
"c99name" : "SwiftCoreSymbolication",
"module_type" : "SwiftTarget",
"name" : "SwiftCoreSymbolication",
"path" : "Sources/SwiftCoreSymbolication",
"product_memberships" : [
"SwiftCoreSymbolication"
],
"sources" : [
"Architecture.swift",
"SourceInfo.swift",
"Symbol.swift",
"SymbolOwner.swift",
"Symbolicator.swift"
],
"target_dependencies" : [
"CoreSymbolication",
"LinkedTarget"
],
"type" : "library"
},
{
"c99name" : "LinkedTarget",
"module_type" : "SwiftTarget",
"name" : "LinkedTarget",
"path" : "Sources/LinkedTarget",
"product_memberships" : [
"SwiftCoreSymbolication"
],
"sources" : [
"Dummy.swift"
],
"target_dependencies" : [
"CoreSymbolication"
],
"type" : "library"
},
{
"c99name" : "CoreSymbolicationTests",
"module_type" : "SwiftTarget",
"name" : "CoreSymbolicationTests",
"path" : "Tests/CoreSymbolicationTests",
"sources" : [
"CoreSymbolicationTests.swift"
],
"target_dependencies" : [
"CoreSymbolication",
"LinkedTarget"
],
"type" : "test"
},
{
"c99name" : "CoreSymbolication",
"module_type" : "SystemLibraryTarget",
"name" : "CoreSymbolication",
"path" : "Sources/CoreSymbolication",
"product_memberships" : [
"CoreSymbolication",
"SwiftCoreSymbolication"
],
"sources" : [
],
"type" : "system-target"
}
],
"tools_version" : "5.3"
}
{
"workspace" : {
"name" : "CoreSymbolication",
"schemes" : [
"CoreSymbolication"
]
}
}
2026-09-19 19:01:32.561 xcodebuild[686:4512] [MT] IDERunDestination: Supported platforms for the buildables in the current scheme is empty.
Running build ...
env DEVELOPER_DIR=/Applications/Xcode-27.0.0-Release.Candidate.app xcrun xcodebuild -IDEClonedSourcePackagesDirPathOverride=$PWD/.dependencies -skipMacroValidation -skipPackagePluginValidation -derivedDataPath $PWD/.derivedData build -scheme CoreSymbolication -destination generic/platform=watchOS
Command line invocation:
/Applications/Xcode-27.0.0-Release.Candidate.app/Contents/Developer/usr/bin/xcodebuild -IDEClonedSourcePackagesDirPathOverride=/Users/admin/builder/spi-builder-workspace/.dependencies -skipMacroValidation -skipPackagePluginValidation -derivedDataPath /Users/admin/builder/spi-builder-workspace/.derivedData build -scheme CoreSymbolication -destination generic/platform=watchOS
Resolve Package Graph
Resolved source packages:
CoreSymbolication: /Users/admin/builder/spi-builder-workspace
ComputePackagePrebuildTargetDependencyGraph
Prepare packages
CreateBuildRequest
SendProjectDescription
CreateBuildOperation
ComputeTargetDependencyGraph
note: Building targets in dependency order
note: Target dependency graph (4 targets)
Target 'SwiftCoreSymbolication-product' in project 'CoreSymbolication'
➜ Explicit dependency on target 'SwiftCoreSymbolication' in project 'CoreSymbolication'
➜ Explicit dependency on target 'LinkedTarget' in project 'CoreSymbolication'
Target 'SwiftCoreSymbolication' in project 'CoreSymbolication'
➜ Explicit dependency on target 'CoreSymbolication' in project 'CoreSymbolication'
➜ Explicit dependency on target 'LinkedTarget' in project 'CoreSymbolication'
Target 'LinkedTarget' in project 'CoreSymbolication'
➜ Explicit dependency on target 'CoreSymbolication' in project 'CoreSymbolication'
Target 'CoreSymbolication' in project 'CoreSymbolication' (no dependencies)
GatherProvisioningInputs
CreateBuildDescription
ClangStatCache /Applications/Xcode-27.0.0-Release.Candidate.app/Contents/Developer/Toolchains/XcodeDefault.xctoolchain/usr/bin/clang-stat-cache /Applications/Xcode-27.0.0-Release.Candidate.app/Contents/Developer/Platforms/WatchOS.platform/Developer/SDKs/WatchOS27.0.sdk /Users/admin/builder/spi-builder-workspace/.derivedData/SDKStatCaches.noindex/watchos27.0-24R360-e829b21a6f8c9b70876ba0858053c04477534ef55a1706bf4c1112bbb242f0a2.sdkstatcache
cd /Users/admin/builder/spi-builder-workspace/.swiftpm/xcode
/Applications/Xcode-27.0.0-Release.Candidate.app/Contents/Developer/Toolchains/XcodeDefault.xctoolchain/usr/bin/clang-stat-cache /Applications/Xcode-27.0.0-Release.Candidate.app/Contents/Developer/Platforms/WatchOS.platform/Developer/SDKs/WatchOS27.0.sdk -o /Users/admin/builder/spi-builder-workspace/.derivedData/SDKStatCaches.noindex/watchos27.0-24R360-e829b21a6f8c9b70876ba0858053c04477534ef55a1706bf4c1112bbb242f0a2.sdkstatcache
ExtractAppIntentsMetadata (in target 'LinkedTarget' from project 'CoreSymbolication')
cd /Users/admin/builder/spi-builder-workspace
/Applications/Xcode-27.0.0-Release.Candidate.app/Contents/Developer/Toolchains/XcodeDefault.xctoolchain/usr/bin/appintentsmetadataprocessor --toolchain-dir /var/run/com.apple.security.cryptexd/mnt/com.apple.MobileAsset.MetalToolchain-v27.1.266.1.FWs3ZT/Metal.xctoolchain --module-name LinkedTarget --sdk-root /Applications/Xcode-27.0.0-Release.Candidate.app/Contents/Developer/Platforms/WatchOS.platform/Developer/SDKs/WatchOS27.0.sdk --xcode-version 27A266a --platform-family watchOS --deployment-target 9.0 --bundle-identifier spi-builder-workspace.LinkedTarget --output /Users/admin/builder/spi-builder-workspace/.derivedData/Build/Products/Debug-watchos/LinkedTarget.appintents --target-triple arm64-apple-watchos9.0 --target-triple arm64_32-apple-watchos9.0 --binary-file /Users/admin/builder/spi-builder-workspace/.derivedData/Build/Products/Debug-watchos/LinkedTarget.o --dependency-file /Users/admin/builder/spi-builder-workspace/.derivedData/Build/Intermediates.noindex/CoreSymbolication.build/Debug-watchos/LinkedTarget-t.build/Objects-normal/arm64/LinkedTarget_dependency_info.dat --dependency-file /Users/admin/builder/spi-builder-workspace/.derivedData/Build/Intermediates.noindex/CoreSymbolication.build/Debug-watchos/LinkedTarget-t.build/Objects-normal/arm64_32/LinkedTarget_dependency_info.dat --stringsdata-file /Users/admin/builder/spi-builder-workspace/.derivedData/Build/Intermediates.noindex/CoreSymbolication.build/Debug-watchos/LinkedTarget-t.build/Objects-normal/arm64/ExtractedAppShortcutsMetadata.stringsdata --stringsdata-file /Users/admin/builder/spi-builder-workspace/.derivedData/Build/Intermediates.noindex/CoreSymbolication.build/Debug-watchos/LinkedTarget-t.build/Objects-normal/arm64_32/ExtractedAppShortcutsMetadata.stringsdata --source-file-list /Users/admin/builder/spi-builder-workspace/.derivedData/Build/Intermediates.noindex/CoreSymbolication.build/Debug-watchos/LinkedTarget-t.build/Objects-normal/arm64/LinkedTarget.SwiftFileList --source-file-list /Users/admin/builder/spi-builder-workspace/.derivedData/Build/Intermediates.noindex/CoreSymbolication.build/Debug-watchos/LinkedTarget-t.build/Objects-normal/arm64_32/LinkedTarget.SwiftFileList --metadata-file-list /Users/admin/builder/spi-builder-workspace/.derivedData/Build/Intermediates.noindex/CoreSymbolication.build/Debug-watchos/LinkedTarget-t.build/LinkedTarget.DependencyMetadataFileList --static-metadata-file-list /Users/admin/builder/spi-builder-workspace/.derivedData/Build/Intermediates.noindex/CoreSymbolication.build/Debug-watchos/LinkedTarget-t.build/LinkedTarget.DependencyStaticMetadataFileList --swift-const-vals-list /Users/admin/builder/spi-builder-workspace/.derivedData/Build/Intermediates.noindex/CoreSymbolication.build/Debug-watchos/LinkedTarget-t.build/Objects-normal/arm64/LinkedTarget.SwiftConstValuesFileList --swift-const-vals-list /Users/admin/builder/spi-builder-workspace/.derivedData/Build/Intermediates.noindex/CoreSymbolication.build/Debug-watchos/LinkedTarget-t.build/Objects-normal/arm64_32/LinkedTarget.SwiftConstValuesFileList --force --compile-time-extraction --deployment-aware-processing --no-app-shortcuts-localization
2026-09-19 19:01:34.001 appintentsmetadataprocessor[690:4586] Starting appintentsmetadataprocessor export
2026-09-19 19:01:34.065 appintentsmetadataprocessor[690:4586] Extracted no relevant App Intents symbols, skipping writing output
SwiftDriver SwiftCoreSymbolication normal arm64 com.apple.xcode.tools.swift.compiler (in target 'SwiftCoreSymbolication' from project 'CoreSymbolication')
cd /Users/admin/builder/spi-builder-workspace/.swiftpm/xcode
builtin-SwiftDriver -- /Applications/Xcode-27.0.0-Release.Candidate.app/Contents/Developer/Toolchains/XcodeDefault.xctoolchain/usr/bin/swiftc -parse-as-library -module-name SwiftCoreSymbolication -Onone @/Users/admin/builder/spi-builder-workspace/.derivedData/Build/Intermediates.noindex/CoreSymbolication.build/Debug-watchos/SwiftCoreSymbolication-t.build/Objects-normal/arm64/SwiftCoreSymbolication.SwiftFileList -DSWIFT_PACKAGE -DDEBUG -DSWIFT_MODULE_RESOURCE_BUNDLE_UNAVAILABLE -Xcc -fmodule-map-file\=/Users/admin/builder/spi-builder-workspace/Sources/CoreSymbolication/module.modulemap -DXcode -plugin-path /Applications/Xcode-27.0.0-Release.Candidate.app/Contents/Developer/Toolchains/XcodeDefault.xctoolchain/usr/lib/swift/host/plugins/testing -enable-experimental-feature DebugDescriptionMacro -sdk /Applications/Xcode-27.0.0-Release.Candidate.app/Contents/Developer/Platforms/WatchOS.platform/Developer/SDKs/WatchOS27.0.sdk -target arm64-apple-watchos9.0 -g -module-cache-path /Users/admin/builder/spi-builder-workspace/.derivedData/ModuleCache.noindex -Xfrontend -serialize-debugging-options -profile-coverage-mapping -profile-generate -enable-testing -index-store-path /Users/admin/builder/spi-builder-workspace/.derivedData/Index.noindex/DataStore -Xcc -D_LIBCPP_HARDENING_MODE\=_LIBCPP_HARDENING_MODE_DEBUG -swift-version 5 -I /Users/admin/builder/spi-builder-workspace/.derivedData/Build/Products/Debug-watchos -Isystem /Applications/Xcode-27.0.0-Release.Candidate.app/Contents/Developer/Platforms/WatchOS.platform/Developer/usr/lib -F /Users/admin/builder/spi-builder-workspace/.derivedData/Build/Products/Debug-watchos/PackageFrameworks -F /Users/admin/builder/spi-builder-workspace/.derivedData/Build/Products/Debug-watchos -F /Applications/Xcode-27.0.0-Release.Candidate.app/Contents/Developer/Platforms/WatchOS.platform/Developer/Library/Frameworks -F /Applications/Xcode-27.0.0-Release.Candidate.app/Contents/Developer/Platforms/WatchOS.platform/Developer/SDKs/WatchOS27.0.sdk/Developer/Library/Frameworks -c -j10 -enable-batch-mode -incremental -Xcc -ivfsstatcache -Xcc /Users/admin/builder/spi-builder-workspace/.derivedData/SDKStatCaches.noindex/watchos27.0-24R360-e829b21a6f8c9b70876ba0858053c04477534ef55a1706bf4c1112bbb242f0a2.sdkstatcache -output-file-map /Users/admin/builder/spi-builder-workspace/.derivedData/Build/Intermediates.noindex/CoreSymbolication.build/Debug-watchos/SwiftCoreSymbolication-t.build/Objects-normal/arm64/SwiftCoreSymbolication-OutputFileMap.json -save-temps -no-color-diagnostics -explicit-module-build -module-cache-path /Users/admin/builder/spi-builder-workspace/.derivedData/Build/Intermediates.noindex/SwiftExplicitPrecompiledModules -clang-scanner-module-cache-path /Users/admin/builder/spi-builder-workspace/.derivedData/ModuleCache.noindex -sdk-module-cache-path /Users/admin/builder/spi-builder-workspace/.derivedData/SDKExplicitPrecompiledModules -emit-dependencies -emit-module -emit-module-path /Users/admin/builder/spi-builder-workspace/.derivedData/Build/Intermediates.noindex/CoreSymbolication.build/Debug-watchos/SwiftCoreSymbolication-t.build/Objects-normal/arm64/SwiftCoreSymbolication.swiftmodule -serialize-diagnostics -dependency-scan-serialize-diagnostics-path /Users/admin/builder/spi-builder-workspace/.derivedData/Build/Intermediates.noindex/CoreSymbolication.build/Debug-watchos/SwiftCoreSymbolication-t.build/Objects-normal/arm64/SwiftCoreSymbolication-dependency-scan.dia -validate-clang-modules-once -clang-build-session-file /Users/admin/builder/spi-builder-workspace/.derivedData/ModuleCache.noindex/Session.modulevalidation -Xcc -fmodules-prune-interval\=86400 -Xcc -fmodules-prune-after\=345600 -emit-const-values -const-gather-protocols-list /Users/admin/builder/spi-builder-workspace/.derivedData/Build/Intermediates.noindex/CoreSymbolication.build/Debug-watchos/SwiftCoreSymbolication-t.build/Objects-normal/arm64/SwiftCoreSymbolication_const_extract_protocols.json -Xcc -I/Users/admin/builder/spi-builder-workspace/.derivedData/Build/Products/Debug-watchos/include -Xcc -I/Users/admin/builder/spi-builder-workspace/.derivedData/Build/Intermediates.noindex/CoreSymbolication.build/Debug-watchos/SwiftCoreSymbolication-t.build/DerivedSources-normal/arm64 -Xcc -I/Users/admin/builder/spi-builder-workspace/.derivedData/Build/Intermediates.noindex/CoreSymbolication.build/Debug-watchos/SwiftCoreSymbolication-t.build/DerivedSources/arm64 -Xcc -I/Users/admin/builder/spi-builder-workspace/.derivedData/Build/Intermediates.noindex/CoreSymbolication.build/Debug-watchos/SwiftCoreSymbolication-t.build/DerivedSources -Xcc -DSWIFT_PACKAGE -Xcc -DDEBUG\=1 -emit-objc-header -emit-objc-header-path /Users/admin/builder/spi-builder-workspace/.derivedData/Build/Intermediates.noindex/CoreSymbolication.build/Debug-watchos/SwiftCoreSymbolication-t.build/Objects-normal/arm64/SwiftCoreSymbolication-Swift.h -working-directory /Users/admin/builder/spi-builder-workspace/.swiftpm/xcode -experimental-emit-module-separately -disable-cmo
error: Clang dependency scanning failure: /Users/admin/builder/spi-builder-workspace/Sources/CoreSymbolication/module.modulemap:1:8: error: module 'CoreSymbolication' requires feature 'macos'
module-include.input:1:2: fatal error: could not build module 'CoreSymbolication'
(in target 'SwiftCoreSymbolication' from project 'CoreSymbolication')
/Users/admin/builder/spi-builder-workspace/Sources/SwiftCoreSymbolication/Architecture.swift:2:8: error: Unable to resolve module dependency: 'CoreSymbolication' (in target 'SwiftCoreSymbolication' from project 'CoreSymbolication')
note: A dependency of main module 'SwiftCoreSymbolication'
/Users/admin/builder/spi-builder-workspace/Sources/SwiftCoreSymbolication/SourceInfo.swift:2:8: note: Also imported here
/Users/admin/builder/spi-builder-workspace/Sources/SwiftCoreSymbolication/Symbol.swift:2:8: note: Also imported here
/Users/admin/builder/spi-builder-workspace/Sources/SwiftCoreSymbolication/SymbolOwner.swift:2:8: note: Also imported here
/Users/admin/builder/spi-builder-workspace/Sources/SwiftCoreSymbolication/Symbolicator.swift:2:8: note: Also imported here
error: Clang dependency scanning failure: /Users/admin/builder/spi-builder-workspace/Sources/CoreSymbolication/module.modulemap:1:8: error: module 'CoreSymbolication' requires feature 'macos'
module-include.input:1:2: fatal error: could not build module 'CoreSymbolication'
(in target 'SwiftCoreSymbolication' from project 'CoreSymbolication')
/Users/admin/builder/spi-builder-workspace/Sources/SwiftCoreSymbolication/Architecture.swift:2:8: note: A dependency of main module 'SwiftCoreSymbolication'
import CoreSymbolication
^ (in target 'SwiftCoreSymbolication' from project 'CoreSymbolication')
/Users/admin/builder/spi-builder-workspace/Sources/SwiftCoreSymbolication/SourceInfo.swift:2:8: note: Also imported here
import CoreSymbolication
^ (in target 'SwiftCoreSymbolication' from project 'CoreSymbolication')
/Users/admin/builder/spi-builder-workspace/Sources/SwiftCoreSymbolication/Symbol.swift:2:8: note: Also imported here
import CoreSymbolication
^ (in target 'SwiftCoreSymbolication' from project 'CoreSymbolication')
/Users/admin/builder/spi-builder-workspace/Sources/SwiftCoreSymbolication/SymbolOwner.swift:2:8: note: Also imported here
import CoreSymbolication
^ (in target 'SwiftCoreSymbolication' from project 'CoreSymbolication')
/Users/admin/builder/spi-builder-workspace/Sources/SwiftCoreSymbolication/Symbolicator.swift:2:8: note: Also imported here
import CoreSymbolication
^ (in target 'SwiftCoreSymbolication' from project 'CoreSymbolication')
SwiftDriver SwiftCoreSymbolication normal arm64_32 com.apple.xcode.tools.swift.compiler (in target 'SwiftCoreSymbolication' from project 'CoreSymbolication')
cd /Users/admin/builder/spi-builder-workspace/.swiftpm/xcode
builtin-SwiftDriver -- /Applications/Xcode-27.0.0-Release.Candidate.app/Contents/Developer/Toolchains/XcodeDefault.xctoolchain/usr/bin/swiftc -parse-as-library -module-name SwiftCoreSymbolication -Onone @/Users/admin/builder/spi-builder-workspace/.derivedData/Build/Intermediates.noindex/CoreSymbolication.build/Debug-watchos/SwiftCoreSymbolication-t.build/Objects-normal/arm64_32/SwiftCoreSymbolication.SwiftFileList -DSWIFT_PACKAGE -DDEBUG -DSWIFT_MODULE_RESOURCE_BUNDLE_UNAVAILABLE -Xcc -fmodule-map-file\=/Users/admin/builder/spi-builder-workspace/Sources/CoreSymbolication/module.modulemap -DXcode -plugin-path /Applications/Xcode-27.0.0-Release.Candidate.app/Contents/Developer/Toolchains/XcodeDefault.xctoolchain/usr/lib/swift/host/plugins/testing -enable-experimental-feature DebugDescriptionMacro -sdk /Applications/Xcode-27.0.0-Release.Candidate.app/Contents/Developer/Platforms/WatchOS.platform/Developer/SDKs/WatchOS27.0.sdk -target arm64_32-apple-watchos9.0 -g -module-cache-path /Users/admin/builder/spi-builder-workspace/.derivedData/ModuleCache.noindex -Xfrontend -serialize-debugging-options -profile-coverage-mapping -profile-generate -enable-testing -index-store-path /Users/admin/builder/spi-builder-workspace/.derivedData/Index.noindex/DataStore -Xcc -D_LIBCPP_HARDENING_MODE\=_LIBCPP_HARDENING_MODE_DEBUG -swift-version 5 -I /Users/admin/builder/spi-builder-workspace/.derivedData/Build/Products/Debug-watchos -Isystem /Applications/Xcode-27.0.0-Release.Candidate.app/Contents/Developer/Platforms/WatchOS.platform/Developer/usr/lib -F /Users/admin/builder/spi-builder-workspace/.derivedData/Build/Products/Debug-watchos/PackageFrameworks -F /Users/admin/builder/spi-builder-workspace/.derivedData/Build/Products/Debug-watchos -F /Applications/Xcode-27.0.0-Release.Candidate.app/Contents/Developer/Platforms/WatchOS.platform/Developer/Library/Frameworks -F /Applications/Xcode-27.0.0-Release.Candidate.app/Contents/Developer/Platforms/WatchOS.platform/Developer/SDKs/WatchOS27.0.sdk/Developer/Library/Frameworks -c -j10 -enable-batch-mode -incremental -Xcc -ivfsstatcache -Xcc /Users/admin/builder/spi-builder-workspace/.derivedData/SDKStatCaches.noindex/watchos27.0-24R360-e829b21a6f8c9b70876ba0858053c04477534ef55a1706bf4c1112bbb242f0a2.sdkstatcache -output-file-map /Users/admin/builder/spi-builder-workspace/.derivedData/Build/Intermediates.noindex/CoreSymbolication.build/Debug-watchos/SwiftCoreSymbolication-t.build/Objects-normal/arm64_32/SwiftCoreSymbolication-OutputFileMap.json -save-temps -no-color-diagnostics -explicit-module-build -module-cache-path /Users/admin/builder/spi-builder-workspace/.derivedData/Build/Intermediates.noindex/SwiftExplicitPrecompiledModules -clang-scanner-module-cache-path /Users/admin/builder/spi-builder-workspace/.derivedData/ModuleCache.noindex -sdk-module-cache-path /Users/admin/builder/spi-builder-workspace/.derivedData/SDKExplicitPrecompiledModules -emit-dependencies -emit-module -emit-module-path /Users/admin/builder/spi-builder-workspace/.derivedData/Build/Intermediates.noindex/CoreSymbolication.build/Debug-watchos/SwiftCoreSymbolication-t.build/Objects-normal/arm64_32/SwiftCoreSymbolication.swiftmodule -serialize-diagnostics -dependency-scan-serialize-diagnostics-path /Users/admin/builder/spi-builder-workspace/.derivedData/Build/Intermediates.noindex/CoreSymbolication.build/Debug-watchos/SwiftCoreSymbolication-t.build/Objects-normal/arm64_32/SwiftCoreSymbolication-dependency-scan.dia -validate-clang-modules-once -clang-build-session-file /Users/admin/builder/spi-builder-workspace/.derivedData/ModuleCache.noindex/Session.modulevalidation -Xcc -fmodules-prune-interval\=86400 -Xcc -fmodules-prune-after\=345600 -emit-const-values -const-gather-protocols-list /Users/admin/builder/spi-builder-workspace/.derivedData/Build/Intermediates.noindex/CoreSymbolication.build/Debug-watchos/SwiftCoreSymbolication-t.build/Objects-normal/arm64_32/SwiftCoreSymbolication_const_extract_protocols.json -Xcc -I/Users/admin/builder/spi-builder-workspace/.derivedData/Build/Products/Debug-watchos/include -Xcc -I/Users/admin/builder/spi-builder-workspace/.derivedData/Build/Intermediates.noindex/CoreSymbolication.build/Debug-watchos/SwiftCoreSymbolication-t.build/DerivedSources-normal/arm64_32 -Xcc -I/Users/admin/builder/spi-builder-workspace/.derivedData/Build/Intermediates.noindex/CoreSymbolication.build/Debug-watchos/SwiftCoreSymbolication-t.build/DerivedSources/arm64_32 -Xcc -I/Users/admin/builder/spi-builder-workspace/.derivedData/Build/Intermediates.noindex/CoreSymbolication.build/Debug-watchos/SwiftCoreSymbolication-t.build/DerivedSources -Xcc -DSWIFT_PACKAGE -Xcc -DDEBUG\=1 -emit-objc-header -emit-objc-header-path /Users/admin/builder/spi-builder-workspace/.derivedData/Build/Intermediates.noindex/CoreSymbolication.build/Debug-watchos/SwiftCoreSymbolication-t.build/Objects-normal/arm64_32/SwiftCoreSymbolication-Swift.h -working-directory /Users/admin/builder/spi-builder-workspace/.swiftpm/xcode -experimental-emit-module-separately -disable-cmo
error: Clang dependency scanning failure: /Users/admin/builder/spi-builder-workspace/Sources/CoreSymbolication/module.modulemap:1:8: error: module 'CoreSymbolication' requires feature 'macos'
module-include.input:1:2: fatal error: could not build module 'CoreSymbolication'
(in target 'SwiftCoreSymbolication' from project 'CoreSymbolication')
/Users/admin/builder/spi-builder-workspace/Sources/SwiftCoreSymbolication/Architecture.swift:2:8: error: Unable to resolve module dependency: 'CoreSymbolication' (in target 'SwiftCoreSymbolication' from project 'CoreSymbolication')
note: A dependency of main module 'SwiftCoreSymbolication'
/Users/admin/builder/spi-builder-workspace/Sources/SwiftCoreSymbolication/SourceInfo.swift:2:8: note: Also imported here
/Users/admin/builder/spi-builder-workspace/Sources/SwiftCoreSymbolication/Symbol.swift:2:8: note: Also imported here
/Users/admin/builder/spi-builder-workspace/Sources/SwiftCoreSymbolication/SymbolOwner.swift:2:8: note: Also imported here
/Users/admin/builder/spi-builder-workspace/Sources/SwiftCoreSymbolication/Symbolicator.swift:2:8: note: Also imported here
error: Clang dependency scanning failure: /Users/admin/builder/spi-builder-workspace/Sources/CoreSymbolication/module.modulemap:1:8: error: module 'CoreSymbolication' requires feature 'macos'
module-include.input:1:2: fatal error: could not build module 'CoreSymbolication'
(in target 'SwiftCoreSymbolication' from project 'CoreSymbolication')
/Users/admin/builder/spi-builder-workspace/Sources/SwiftCoreSymbolication/Architecture.swift:2:8: note: A dependency of main module 'SwiftCoreSymbolication'
import CoreSymbolication
^ (in target 'SwiftCoreSymbolication' from project 'CoreSymbolication')
/Users/admin/builder/spi-builder-workspace/Sources/SwiftCoreSymbolication/SourceInfo.swift:2:8: note: Also imported here
import CoreSymbolication
^ (in target 'SwiftCoreSymbolication' from project 'CoreSymbolication')
/Users/admin/builder/spi-builder-workspace/Sources/SwiftCoreSymbolication/Symbol.swift:2:8: note: Also imported here
import CoreSymbolication
^ (in target 'SwiftCoreSymbolication' from project 'CoreSymbolication')
/Users/admin/builder/spi-builder-workspace/Sources/SwiftCoreSymbolication/SymbolOwner.swift:2:8: note: Also imported here
import CoreSymbolication
^ (in target 'SwiftCoreSymbolication' from project 'CoreSymbolication')
/Users/admin/builder/spi-builder-workspace/Sources/SwiftCoreSymbolication/Symbolicator.swift:2:8: note: Also imported here
import CoreSymbolication
^ (in target 'SwiftCoreSymbolication' from project 'CoreSymbolication')
PruneExplicitPrecompiledModules /Users/admin/builder/spi-builder-workspace/.derivedData/Build/Intermediates.noindex/SwiftExplicitPrecompiledModules
PruneExplicitPrecompiledModules /Users/admin/builder/spi-builder-workspace/.derivedData/Build/Intermediates.noindex/ExplicitPrecompiledModules
PruneExplicitPrecompiledModules /Users/admin/builder/spi-builder-workspace/.derivedData/SDKExplicitPrecompiledModules
2026-09-19 19:01:33.503 xcodebuild[687:4539] [MT] IDERunDestination: Supported platforms for the buildables in the current scheme is empty.
** BUILD FAILED **
The following build commands failed:
SwiftDriver SwiftCoreSymbolication normal arm64 com.apple.xcode.tools.swift.compiler (in target 'SwiftCoreSymbolication' from project 'CoreSymbolication')
SwiftDriver SwiftCoreSymbolication normal arm64_32 com.apple.xcode.tools.swift.compiler (in target 'SwiftCoreSymbolication' from project 'CoreSymbolication')
Building workspace CoreSymbolication with scheme CoreSymbolication
(3 failures)
BUILD FAILURE 6.4 watchOS