Build Information
Failed to build monocle, reference main (31dd65), with Swift 6.4 for visionOS using Xcode 27.0 on 23 Sep 2026 23:18:27 UTC.
Build Command
env DEVELOPER_DIR=/Applications/Xcode-27.0.0-Release.Candidate.app xcrun xcodebuild -IDEClonedSourcePackagesDirPathOverride=$PWD/.dependencies -skipMacroValidation -skipPackagePluginValidation -derivedDataPath $PWD/.derivedData build -scheme monocle-Package -destination generic/platform=xrOSBuild Log
cd /Users/admin/builder/spi-builder-workspace/.dependencies/checkouts/swift-argument-parser
builtin-copy -exclude .DS_Store -exclude CVS -exclude .svn -exclude .git -exclude .hg -resolve-src-symlinks -rename /Users/admin/builder/spi-builder-workspace/.derivedData/Build/Intermediates.noindex/swift-argument-parser.build/Debug-xros/ArgumentParser-t.build/Objects-normal/arm64/ArgumentParser.swiftdoc /Users/admin/builder/spi-builder-workspace/.derivedData/Build/Products/Debug-xros/ArgumentParser.swiftmodule/arm64-apple-xros.swiftdoc
SwiftDriverJobDiscovery normal arm64 Compiling DataChannel.swift (in target 'JSONRPC' from project 'JSONRPC')
Copy /Users/admin/builder/spi-builder-workspace/.derivedData/Build/Products/Debug-xros/ArgumentParser.swiftmodule/arm64-apple-xros.abi.json /Users/admin/builder/spi-builder-workspace/.derivedData/Build/Intermediates.noindex/swift-argument-parser.build/Debug-xros/ArgumentParser-t.build/Objects-normal/arm64/ArgumentParser.abi.json (in target 'ArgumentParser' from project 'swift-argument-parser')
cd /Users/admin/builder/spi-builder-workspace/.dependencies/checkouts/swift-argument-parser
builtin-copy -exclude .DS_Store -exclude CVS -exclude .svn -exclude .git -exclude .hg -resolve-src-symlinks -rename /Users/admin/builder/spi-builder-workspace/.derivedData/Build/Intermediates.noindex/swift-argument-parser.build/Debug-xros/ArgumentParser-t.build/Objects-normal/arm64/ArgumentParser.abi.json /Users/admin/builder/spi-builder-workspace/.derivedData/Build/Products/Debug-xros/ArgumentParser.swiftmodule/arm64-apple-xros.abi.json
Copy /Users/admin/builder/spi-builder-workspace/.derivedData/Build/Products/Debug-xros/ArgumentParser.swiftmodule/Project/arm64-apple-xros.swiftsourceinfo /Users/admin/builder/spi-builder-workspace/.derivedData/Build/Intermediates.noindex/swift-argument-parser.build/Debug-xros/ArgumentParser-t.build/Objects-normal/arm64/ArgumentParser.swiftsourceinfo (in target 'ArgumentParser' from project 'swift-argument-parser')
cd /Users/admin/builder/spi-builder-workspace/.dependencies/checkouts/swift-argument-parser
builtin-copy -exclude .DS_Store -exclude CVS -exclude .svn -exclude .git -exclude .hg -resolve-src-symlinks -rename /Users/admin/builder/spi-builder-workspace/.derivedData/Build/Intermediates.noindex/swift-argument-parser.build/Debug-xros/ArgumentParser-t.build/Objects-normal/arm64/ArgumentParser.swiftsourceinfo /Users/admin/builder/spi-builder-workspace/.derivedData/Build/Products/Debug-xros/ArgumentParser.swiftmodule/Project/arm64-apple-xros.swiftsourceinfo
SwiftCompile normal arm64 Compiling\ JSONRPCError.swift /Users/admin/builder/spi-builder-workspace/.dependencies/checkouts/JSONRPC/Sources/JSONRPC/JSONRPCError.swift (in target 'JSONRPC' from project 'JSONRPC')
SwiftCompile normal arm64 /Users/admin/builder/spi-builder-workspace/.dependencies/checkouts/JSONRPC/Sources/JSONRPC/JSONRPCError.swift (in target 'JSONRPC' from project 'JSONRPC')
cd /Users/admin/builder/spi-builder-workspace/.swiftpm/xcode
builtin-SwiftPerFileCompile JSONRPCError.swift
SwiftCompile normal arm64 Compiling\ Pattern+Match.swift /Users/admin/builder/spi-builder-workspace/.dependencies/checkouts/swift-glob/Sources/Glob/Pattern+Match.swift (in target 'Glob' from project 'swift-glob')
SwiftCompile normal arm64 /Users/admin/builder/spi-builder-workspace/.dependencies/checkouts/swift-glob/Sources/Glob/Pattern+Match.swift (in target 'Glob' from project 'swift-glob')
cd /Users/admin/builder/spi-builder-workspace/.swiftpm/xcode
builtin-SwiftPerFileCompile Pattern+Match.swift
SwiftDriverJobDiscovery normal arm64 Compiling JSONId.swift (in target 'JSONRPC' from project 'JSONRPC')
SwiftCompile normal arm64 Compiling\ GlobSearch.swift /Users/admin/builder/spi-builder-workspace/.dependencies/checkouts/swift-glob/Sources/Glob/GlobSearch.swift (in target 'Glob' from project 'swift-glob')
SwiftCompile normal arm64 /Users/admin/builder/spi-builder-workspace/.dependencies/checkouts/swift-glob/Sources/Glob/GlobSearch.swift (in target 'Glob' from project 'swift-glob')
cd /Users/admin/builder/spi-builder-workspace/.swiftpm/xcode
builtin-SwiftPerFileCompile GlobSearch.swift
SwiftCompile normal arm64 Compiling\ Pattern+Options.swift /Users/admin/builder/spi-builder-workspace/.dependencies/checkouts/swift-glob/Sources/Glob/Pattern+Options.swift (in target 'Glob' from project 'swift-glob')
SwiftCompile normal arm64 /Users/admin/builder/spi-builder-workspace/.dependencies/checkouts/swift-glob/Sources/Glob/Pattern+Options.swift (in target 'Glob' from project 'swift-glob')
cd /Users/admin/builder/spi-builder-workspace/.swiftpm/xcode
builtin-SwiftPerFileCompile Pattern+Options.swift
SwiftDriverJobDiscovery normal arm64 Compiling AsyncSemaphore.swift (in target 'Semaphore' from project 'Semaphore')
SwiftCompile normal arm64 Compiling\ Pattern.swift /Users/admin/builder/spi-builder-workspace/.dependencies/checkouts/swift-glob/Sources/Glob/Pattern.swift (in target 'Glob' from project 'swift-glob')
SwiftCompile normal arm64 /Users/admin/builder/spi-builder-workspace/.dependencies/checkouts/swift-glob/Sources/Glob/Pattern.swift (in target 'Glob' from project 'swift-glob')
cd /Users/admin/builder/spi-builder-workspace/.swiftpm/xcode
builtin-SwiftPerFileCompile Pattern.swift
SwiftDriverJobDiscovery normal arm64 Compiling DataChannel+WebSocket.swift (in target 'JSONRPC' from project 'JSONRPC')
SwiftDriver\ Compilation Semaphore normal arm64 com.apple.xcode.tools.swift.compiler (in target 'Semaphore' from project 'Semaphore')
cd /Users/admin/builder/spi-builder-workspace/.swiftpm/xcode
builtin-Swift-Compilation -- /Applications/Xcode-27.0.0-Release.Candidate.app/Contents/Developer/Toolchains/XcodeDefault.xctoolchain/usr/bin/swiftc -parse-as-library -module-name Semaphore -Onone @/Users/admin/builder/spi-builder-workspace/.derivedData/Build/Intermediates.noindex/Semaphore.build/Debug-xros/Semaphore-t.build/Objects-normal/arm64/Semaphore.SwiftFileList -DSWIFT_PACKAGE -DDEBUG -DSWIFT_MODULE_RESOURCE_BUNDLE_UNAVAILABLE -DXcode -enable-experimental-feature StrictConcurrency -plugin-path /Applications/Xcode-27.0.0-Release.Candidate.app/Contents/Developer/Toolchains/XcodeDefault.xctoolchain/usr/lib/swift/host/plugins/testing -enable-experimental-feature DebugDescriptionMacro -sdk /Applications/Xcode-27.0.0-Release.Candidate.app/Contents/Developer/Platforms/XROS.platform/Developer/SDKs/XROS27.0.sdk -target arm64-apple-xros1.0 -g -module-cache-path /Users/admin/builder/spi-builder-workspace/.derivedData/ModuleCache.noindex -Xfrontend -serialize-debugging-options -profile-coverage-mapping -profile-generate -enable-testing -suppress-warnings -index-store-path /Users/admin/builder/spi-builder-workspace/.derivedData/Index.noindex/DataStore -Xcc -D_LIBCPP_HARDENING_MODE\=_LIBCPP_HARDENING_MODE_DEBUG -swift-version 5 -I /Users/admin/builder/spi-builder-workspace/.derivedData/Build/Products/Debug-xros -Isystem /Applications/Xcode-27.0.0-Release.Candidate.app/Contents/Developer/Platforms/XROS.platform/Developer/usr/lib -F /Users/admin/builder/spi-builder-workspace/.derivedData/Build/Products/Debug-xros -F /Applications/Xcode-27.0.0-Release.Candidate.app/Contents/Developer/Platforms/XROS.platform/Developer/Library/Frameworks -F /Applications/Xcode-27.0.0-Release.Candidate.app/Contents/Developer/Platforms/XROS.platform/Developer/SDKs/XROS27.0.sdk/Developer/Library/Frameworks -c -j10 -enable-batch-mode -incremental -Xcc -ivfsstatcache -Xcc /Users/admin/builder/spi-builder-workspace/.derivedData/SDKStatCaches.noindex/xros27.0-24M361-e829b21a6f8c9b70876ba0858053c044735bd543db762f57723cac368afd1ce4.sdkstatcache -output-file-map /Users/admin/builder/spi-builder-workspace/.derivedData/Build/Intermediates.noindex/Semaphore.build/Debug-xros/Semaphore-t.build/Objects-normal/arm64/Semaphore-OutputFileMap.json -save-temps -no-color-diagnostics -explicit-module-build -module-cache-path /Users/admin/builder/spi-builder-workspace/.derivedData/Build/Intermediates.noindex/SwiftExplicitPrecompiledModules -clang-scanner-module-cache-path /Users/admin/builder/spi-builder-workspace/.derivedData/ModuleCache.noindex -sdk-module-cache-path /Users/admin/builder/spi-builder-workspace/.derivedData/SDKExplicitPrecompiledModules -emit-dependencies -emit-module -emit-module-path /Users/admin/builder/spi-builder-workspace/.derivedData/Build/Intermediates.noindex/Semaphore.build/Debug-xros/Semaphore-t.build/Objects-normal/arm64/Semaphore.swiftmodule -serialize-diagnostics -dependency-scan-serialize-diagnostics-path /Users/admin/builder/spi-builder-workspace/.derivedData/Build/Intermediates.noindex/Semaphore.build/Debug-xros/Semaphore-t.build/Objects-normal/arm64/Semaphore-dependency-scan.dia -validate-clang-modules-once -clang-build-session-file /Users/admin/builder/spi-builder-workspace/.derivedData/ModuleCache.noindex/Session.modulevalidation -Xcc -fmodules-prune-interval\=86400 -Xcc -fmodules-prune-after\=345600 -package-name semaphore -emit-const-values -const-gather-protocols-list /Users/admin/builder/spi-builder-workspace/.derivedData/Build/Intermediates.noindex/Semaphore.build/Debug-xros/Semaphore-t.build/Objects-normal/arm64/Semaphore_const_extract_protocols.json -Xcc -I/Users/admin/builder/spi-builder-workspace/.derivedData/Build/Products/Debug-xros/include -Xcc -I/Users/admin/builder/spi-builder-workspace/.derivedData/Build/Intermediates.noindex/Semaphore.build/Debug-xros/Semaphore-t.build/DerivedSources-normal/arm64 -Xcc -I/Users/admin/builder/spi-builder-workspace/.derivedData/Build/Intermediates.noindex/Semaphore.build/Debug-xros/Semaphore-t.build/DerivedSources/arm64 -Xcc -I/Users/admin/builder/spi-builder-workspace/.derivedData/Build/Intermediates.noindex/Semaphore.build/Debug-xros/Semaphore-t.build/DerivedSources -Xcc -DSWIFT_PACKAGE -Xcc -DDEBUG\=1 -emit-objc-header -emit-objc-header-path /Users/admin/builder/spi-builder-workspace/.derivedData/Build/Intermediates.noindex/Semaphore.build/Debug-xros/Semaphore-t.build/Objects-normal/arm64/Semaphore-Swift.h -working-directory /Users/admin/builder/spi-builder-workspace/.swiftpm/xcode -experimental-emit-module-separately -disable-cmo
SwiftDriverJobDiscovery normal arm64 Compiling JSONValue.swift (in target 'JSONRPC' from project 'JSONRPC')
SwiftCompile normal arm64 Compiling\ InvalidPattern.swift /Users/admin/builder/spi-builder-workspace/.dependencies/checkouts/swift-glob/Sources/Glob/InvalidPattern.swift (in target 'Glob' from project 'swift-glob')
SwiftCompile normal arm64 /Users/admin/builder/spi-builder-workspace/.dependencies/checkouts/swift-glob/Sources/Glob/InvalidPattern.swift (in target 'Glob' from project 'swift-glob')
cd /Users/admin/builder/spi-builder-workspace/.swiftpm/xcode
builtin-SwiftPerFileCompile InvalidPattern.swift
SwiftDriverJobDiscovery normal arm64 Compiling AsyncQueue.swift (in target 'Queue' from project 'Queue')
SwiftDriver\ Compilation Queue normal arm64 com.apple.xcode.tools.swift.compiler (in target 'Queue' from project 'Queue')
cd /Users/admin/builder/spi-builder-workspace/.swiftpm/xcode
builtin-Swift-Compilation -- /Applications/Xcode-27.0.0-Release.Candidate.app/Contents/Developer/Toolchains/XcodeDefault.xctoolchain/usr/bin/swiftc -parse-as-library -module-name Queue -Onone @/Users/admin/builder/spi-builder-workspace/.derivedData/Build/Intermediates.noindex/Queue.build/Debug-xros/Queue-t.build/Objects-normal/arm64/Queue.SwiftFileList -DSWIFT_PACKAGE -DDEBUG -DSWIFT_MODULE_RESOURCE_BUNDLE_UNAVAILABLE -DXcode -enable-experimental-feature StrictConcurrency -plugin-path /Applications/Xcode-27.0.0-Release.Candidate.app/Contents/Developer/Toolchains/XcodeDefault.xctoolchain/usr/lib/swift/host/plugins/testing -enable-experimental-feature DebugDescriptionMacro -sdk /Applications/Xcode-27.0.0-Release.Candidate.app/Contents/Developer/Platforms/XROS.platform/Developer/SDKs/XROS27.0.sdk -target arm64-apple-xros1.0 -g -module-cache-path /Users/admin/builder/spi-builder-workspace/.derivedData/ModuleCache.noindex -Xfrontend -serialize-debugging-options -profile-coverage-mapping -profile-generate -enable-testing -suppress-warnings -index-store-path /Users/admin/builder/spi-builder-workspace/.derivedData/Index.noindex/DataStore -Xcc -D_LIBCPP_HARDENING_MODE\=_LIBCPP_HARDENING_MODE_DEBUG -swift-version 5 -I /Users/admin/builder/spi-builder-workspace/.derivedData/Build/Products/Debug-xros -Isystem /Applications/Xcode-27.0.0-Release.Candidate.app/Contents/Developer/Platforms/XROS.platform/Developer/usr/lib -F /Users/admin/builder/spi-builder-workspace/.derivedData/Build/Products/Debug-xros -F /Applications/Xcode-27.0.0-Release.Candidate.app/Contents/Developer/Platforms/XROS.platform/Developer/Library/Frameworks -F /Applications/Xcode-27.0.0-Release.Candidate.app/Contents/Developer/Platforms/XROS.platform/Developer/SDKs/XROS27.0.sdk/Developer/Library/Frameworks -c -j10 -enable-batch-mode -incremental -Xcc -ivfsstatcache -Xcc /Users/admin/builder/spi-builder-workspace/.derivedData/SDKStatCaches.noindex/xros27.0-24M361-e829b21a6f8c9b70876ba0858053c044735bd543db762f57723cac368afd1ce4.sdkstatcache -output-file-map /Users/admin/builder/spi-builder-workspace/.derivedData/Build/Intermediates.noindex/Queue.build/Debug-xros/Queue-t.build/Objects-normal/arm64/Queue-OutputFileMap.json -save-temps -no-color-diagnostics -explicit-module-build -module-cache-path /Users/admin/builder/spi-builder-workspace/.derivedData/Build/Intermediates.noindex/SwiftExplicitPrecompiledModules -clang-scanner-module-cache-path /Users/admin/builder/spi-builder-workspace/.derivedData/ModuleCache.noindex -sdk-module-cache-path /Users/admin/builder/spi-builder-workspace/.derivedData/SDKExplicitPrecompiledModules -emit-dependencies -emit-module -emit-module-path /Users/admin/builder/spi-builder-workspace/.derivedData/Build/Intermediates.noindex/Queue.build/Debug-xros/Queue-t.build/Objects-normal/arm64/Queue.swiftmodule -serialize-diagnostics -dependency-scan-serialize-diagnostics-path /Users/admin/builder/spi-builder-workspace/.derivedData/Build/Intermediates.noindex/Queue.build/Debug-xros/Queue-t.build/Objects-normal/arm64/Queue-dependency-scan.dia -validate-clang-modules-once -clang-build-session-file /Users/admin/builder/spi-builder-workspace/.derivedData/ModuleCache.noindex/Session.modulevalidation -Xcc -fmodules-prune-interval\=86400 -Xcc -fmodules-prune-after\=345600 -package-name queue -emit-const-values -const-gather-protocols-list /Users/admin/builder/spi-builder-workspace/.derivedData/Build/Intermediates.noindex/Queue.build/Debug-xros/Queue-t.build/Objects-normal/arm64/Queue_const_extract_protocols.json -Xcc -I/Users/admin/builder/spi-builder-workspace/.derivedData/Build/Products/Debug-xros/include -Xcc -I/Users/admin/builder/spi-builder-workspace/.derivedData/Build/Intermediates.noindex/Queue.build/Debug-xros/Queue-t.build/DerivedSources-normal/arm64 -Xcc -I/Users/admin/builder/spi-builder-workspace/.derivedData/Build/Intermediates.noindex/Queue.build/Debug-xros/Queue-t.build/DerivedSources/arm64 -Xcc -I/Users/admin/builder/spi-builder-workspace/.derivedData/Build/Intermediates.noindex/Queue.build/Debug-xros/Queue-t.build/DerivedSources -Xcc -DSWIFT_PACKAGE -Xcc -DDEBUG\=1 -emit-objc-header -emit-objc-header-path /Users/admin/builder/spi-builder-workspace/.derivedData/Build/Intermediates.noindex/Queue.build/Debug-xros/Queue-t.build/Objects-normal/arm64/Queue-Swift.h -working-directory /Users/admin/builder/spi-builder-workspace/.swiftpm/xcode -experimental-emit-module-separately -disable-cmo
SwiftCompile normal arm64 Compiling\ Unicode.GeneralCategory+Helpers.swift /Users/admin/builder/spi-builder-workspace/.dependencies/checkouts/swift-glob/Sources/Glob/Unicode.GeneralCategory+Helpers.swift (in target 'Glob' from project 'swift-glob')
SwiftCompile normal arm64 /Users/admin/builder/spi-builder-workspace/.dependencies/checkouts/swift-glob/Sources/Glob/Unicode.GeneralCategory+Helpers.swift (in target 'Glob' from project 'swift-glob')
cd /Users/admin/builder/spi-builder-workspace/.swiftpm/xcode
builtin-SwiftPerFileCompile Unicode.GeneralCategory+Helpers.swift
SwiftCompile normal arm64 Compiling\ Pattern+Operator.swift /Users/admin/builder/spi-builder-workspace/.dependencies/checkouts/swift-glob/Sources/Glob/Pattern+Operator.swift (in target 'Glob' from project 'swift-glob')
SwiftCompile normal arm64 /Users/admin/builder/spi-builder-workspace/.dependencies/checkouts/swift-glob/Sources/Glob/Pattern+Operator.swift (in target 'Glob' from project 'swift-glob')
cd /Users/admin/builder/spi-builder-workspace/.swiftpm/xcode
builtin-SwiftPerFileCompile Pattern+Operator.swift
SwiftDriverJobDiscovery normal arm64 Compiling JSONValueDecoder.swift (in target 'JSONRPC' from project 'JSONRPC')
SwiftCompile normal arm64 Compiling\ Pattern+Parser.swift /Users/admin/builder/spi-builder-workspace/.dependencies/checkouts/swift-glob/Sources/Glob/Pattern+Parser.swift (in target 'Glob' from project 'swift-glob')
SwiftCompile normal arm64 /Users/admin/builder/spi-builder-workspace/.dependencies/checkouts/swift-glob/Sources/Glob/Pattern+Parser.swift (in target 'Glob' from project 'swift-glob')
cd /Users/admin/builder/spi-builder-workspace/.swiftpm/xcode
builtin-SwiftPerFileCompile Pattern+Parser.swift
SwiftDriverJobDiscovery normal arm64 Compiling Protocol.swift (in target 'JSONRPC' from project 'JSONRPC')
SwiftCompile normal arm64 Compiling\ Option.swift,\ OptionGroup.swift,\ ParentCommand.swift,\ AsyncParsableCommand.swift,\ CommandConfiguration.swift /Users/admin/builder/spi-builder-workspace/.dependencies/checkouts/swift-argument-parser/Sources/ArgumentParser/Parsable\ Properties/Option.swift /Users/admin/builder/spi-builder-workspace/.dependencies/checkouts/swift-argument-parser/Sources/ArgumentParser/Parsable\ Properties/OptionGroup.swift /Users/admin/builder/spi-builder-workspace/.dependencies/checkouts/swift-argument-parser/Sources/ArgumentParser/Parsable\ Properties/ParentCommand.swift /Users/admin/builder/spi-builder-workspace/.dependencies/checkouts/swift-argument-parser/Sources/ArgumentParser/Parsable\ Types/AsyncParsableCommand.swift /Users/admin/builder/spi-builder-workspace/.dependencies/checkouts/swift-argument-parser/Sources/ArgumentParser/Parsable\ Types/CommandConfiguration.swift (in target 'ArgumentParser' from project 'swift-argument-parser')
SwiftCompile normal arm64 /Users/admin/builder/spi-builder-workspace/.dependencies/checkouts/swift-argument-parser/Sources/ArgumentParser/Parsable\ Properties/Option.swift (in target 'ArgumentParser' from project 'swift-argument-parser')
cd /Users/admin/builder/spi-builder-workspace/.swiftpm/xcode
builtin-SwiftPerFileCompile Option.swift
SwiftCompile normal arm64 /Users/admin/builder/spi-builder-workspace/.dependencies/checkouts/swift-argument-parser/Sources/ArgumentParser/Parsable\ Properties/OptionGroup.swift (in target 'ArgumentParser' from project 'swift-argument-parser')
cd /Users/admin/builder/spi-builder-workspace/.swiftpm/xcode
builtin-SwiftPerFileCompile OptionGroup.swift
SwiftCompile normal arm64 /Users/admin/builder/spi-builder-workspace/.dependencies/checkouts/swift-argument-parser/Sources/ArgumentParser/Parsable\ Properties/ParentCommand.swift (in target 'ArgumentParser' from project 'swift-argument-parser')
cd /Users/admin/builder/spi-builder-workspace/.swiftpm/xcode
builtin-SwiftPerFileCompile ParentCommand.swift
SwiftCompile normal arm64 /Users/admin/builder/spi-builder-workspace/.dependencies/checkouts/swift-argument-parser/Sources/ArgumentParser/Parsable\ Types/AsyncParsableCommand.swift (in target 'ArgumentParser' from project 'swift-argument-parser')
cd /Users/admin/builder/spi-builder-workspace/.swiftpm/xcode
builtin-SwiftPerFileCompile AsyncParsableCommand.swift
SwiftCompile normal arm64 /Users/admin/builder/spi-builder-workspace/.dependencies/checkouts/swift-argument-parser/Sources/ArgumentParser/Parsable\ Types/CommandConfiguration.swift (in target 'ArgumentParser' from project 'swift-argument-parser')
cd /Users/admin/builder/spi-builder-workspace/.swiftpm/xcode
builtin-SwiftPerFileCompile CommandConfiguration.swift
SwiftDriverJobDiscovery normal arm64 Compiling JSONRPCError.swift (in target 'JSONRPC' from project 'JSONRPC')
SwiftCompile normal arm64 Compiling\ CommandGroup.swift,\ EnumerableFlag.swift,\ ExpressibleByArgument.swift,\ ParsableArguments.swift,\ ParsableCommand.swift /Users/admin/builder/spi-builder-workspace/.dependencies/checkouts/swift-argument-parser/Sources/ArgumentParser/Parsable\ Types/CommandGroup.swift /Users/admin/builder/spi-builder-workspace/.dependencies/checkouts/swift-argument-parser/Sources/ArgumentParser/Parsable\ Types/EnumerableFlag.swift /Users/admin/builder/spi-builder-workspace/.dependencies/checkouts/swift-argument-parser/Sources/ArgumentParser/Parsable\ Types/ExpressibleByArgument.swift /Users/admin/builder/spi-builder-workspace/.dependencies/checkouts/swift-argument-parser/Sources/ArgumentParser/Parsable\ Types/ParsableArguments.swift /Users/admin/builder/spi-builder-workspace/.dependencies/checkouts/swift-argument-parser/Sources/ArgumentParser/Parsable\ Types/ParsableCommand.swift (in target 'ArgumentParser' from project 'swift-argument-parser')
SwiftCompile normal arm64 /Users/admin/builder/spi-builder-workspace/.dependencies/checkouts/swift-argument-parser/Sources/ArgumentParser/Parsable\ Types/CommandGroup.swift (in target 'ArgumentParser' from project 'swift-argument-parser')
cd /Users/admin/builder/spi-builder-workspace/.swiftpm/xcode
builtin-SwiftPerFileCompile CommandGroup.swift
SwiftCompile normal arm64 /Users/admin/builder/spi-builder-workspace/.dependencies/checkouts/swift-argument-parser/Sources/ArgumentParser/Parsable\ Types/EnumerableFlag.swift (in target 'ArgumentParser' from project 'swift-argument-parser')
cd /Users/admin/builder/spi-builder-workspace/.swiftpm/xcode
builtin-SwiftPerFileCompile EnumerableFlag.swift
SwiftCompile normal arm64 /Users/admin/builder/spi-builder-workspace/.dependencies/checkouts/swift-argument-parser/Sources/ArgumentParser/Parsable\ Types/ExpressibleByArgument.swift (in target 'ArgumentParser' from project 'swift-argument-parser')
cd /Users/admin/builder/spi-builder-workspace/.swiftpm/xcode
builtin-SwiftPerFileCompile ExpressibleByArgument.swift
SwiftCompile normal arm64 /Users/admin/builder/spi-builder-workspace/.dependencies/checkouts/swift-argument-parser/Sources/ArgumentParser/Parsable\ Types/ParsableArguments.swift (in target 'ArgumentParser' from project 'swift-argument-parser')
cd /Users/admin/builder/spi-builder-workspace/.swiftpm/xcode
builtin-SwiftPerFileCompile ParsableArguments.swift
SwiftCompile normal arm64 /Users/admin/builder/spi-builder-workspace/.dependencies/checkouts/swift-argument-parser/Sources/ArgumentParser/Parsable\ Types/ParsableCommand.swift (in target 'ArgumentParser' from project 'swift-argument-parser')
cd /Users/admin/builder/spi-builder-workspace/.swiftpm/xcode
builtin-SwiftPerFileCompile ParsableCommand.swift
SwiftDriverJobDiscovery normal arm64 Compiling InvalidPattern.swift (in target 'Glob' from project 'swift-glob')
SwiftCompile normal arm64 Compiling\ CodingKeyValidator.swift,\ NonsenseFlagsValidator.swift,\ ParsableArgumentsValidation.swift,\ PositionalArgumentsValidator.swift,\ UniqueNamesValidator.swift /Users/admin/builder/spi-builder-workspace/.dependencies/checkouts/swift-argument-parser/Sources/ArgumentParser/Validators/CodingKeyValidator.swift /Users/admin/builder/spi-builder-workspace/.dependencies/checkouts/swift-argument-parser/Sources/ArgumentParser/Validators/NonsenseFlagsValidator.swift /Users/admin/builder/spi-builder-workspace/.dependencies/checkouts/swift-argument-parser/Sources/ArgumentParser/Validators/ParsableArgumentsValidation.swift /Users/admin/builder/spi-builder-workspace/.dependencies/checkouts/swift-argument-parser/Sources/ArgumentParser/Validators/PositionalArgumentsValidator.swift /Users/admin/builder/spi-builder-workspace/.dependencies/checkouts/swift-argument-parser/Sources/ArgumentParser/Validators/UniqueNamesValidator.swift (in target 'ArgumentParser' from project 'swift-argument-parser')
SwiftCompile normal arm64 /Users/admin/builder/spi-builder-workspace/.dependencies/checkouts/swift-argument-parser/Sources/ArgumentParser/Validators/CodingKeyValidator.swift (in target 'ArgumentParser' from project 'swift-argument-parser')
cd /Users/admin/builder/spi-builder-workspace/.swiftpm/xcode
builtin-SwiftPerFileCompile CodingKeyValidator.swift
SwiftCompile normal arm64 /Users/admin/builder/spi-builder-workspace/.dependencies/checkouts/swift-argument-parser/Sources/ArgumentParser/Validators/NonsenseFlagsValidator.swift (in target 'ArgumentParser' from project 'swift-argument-parser')
cd /Users/admin/builder/spi-builder-workspace/.swiftpm/xcode
builtin-SwiftPerFileCompile NonsenseFlagsValidator.swift
SwiftCompile normal arm64 /Users/admin/builder/spi-builder-workspace/.dependencies/checkouts/swift-argument-parser/Sources/ArgumentParser/Validators/ParsableArgumentsValidation.swift (in target 'ArgumentParser' from project 'swift-argument-parser')
cd /Users/admin/builder/spi-builder-workspace/.swiftpm/xcode
builtin-SwiftPerFileCompile ParsableArgumentsValidation.swift
SwiftCompile normal arm64 /Users/admin/builder/spi-builder-workspace/.dependencies/checkouts/swift-argument-parser/Sources/ArgumentParser/Validators/PositionalArgumentsValidator.swift (in target 'ArgumentParser' from project 'swift-argument-parser')
cd /Users/admin/builder/spi-builder-workspace/.swiftpm/xcode
builtin-SwiftPerFileCompile PositionalArgumentsValidator.swift
SwiftCompile normal arm64 /Users/admin/builder/spi-builder-workspace/.dependencies/checkouts/swift-argument-parser/Sources/ArgumentParser/Validators/UniqueNamesValidator.swift (in target 'ArgumentParser' from project 'swift-argument-parser')
cd /Users/admin/builder/spi-builder-workspace/.swiftpm/xcode
builtin-SwiftPerFileCompile UniqueNamesValidator.swift
SwiftDriverJobDiscovery normal arm64 Compiling Unicode.GeneralCategory+Helpers.swift (in target 'Glob' from project 'swift-glob')
SwiftCompile normal arm64 Compiling\ UsageGenerator.swift,\ CollectionExtensions.swift,\ Foundation.swift,\ Mutex.swift,\ Platform.swift /Users/admin/builder/spi-builder-workspace/.dependencies/checkouts/swift-argument-parser/Sources/ArgumentParser/Usage/UsageGenerator.swift /Users/admin/builder/spi-builder-workspace/.dependencies/checkouts/swift-argument-parser/Sources/ArgumentParser/Utilities/CollectionExtensions.swift /Users/admin/builder/spi-builder-workspace/.dependencies/checkouts/swift-argument-parser/Sources/ArgumentParser/Utilities/Foundation.swift /Users/admin/builder/spi-builder-workspace/.dependencies/checkouts/swift-argument-parser/Sources/ArgumentParser/Utilities/Mutex.swift /Users/admin/builder/spi-builder-workspace/.dependencies/checkouts/swift-argument-parser/Sources/ArgumentParser/Utilities/Platform.swift (in target 'ArgumentParser' from project 'swift-argument-parser')
SwiftCompile normal arm64 /Users/admin/builder/spi-builder-workspace/.dependencies/checkouts/swift-argument-parser/Sources/ArgumentParser/Usage/UsageGenerator.swift (in target 'ArgumentParser' from project 'swift-argument-parser')
cd /Users/admin/builder/spi-builder-workspace/.swiftpm/xcode
builtin-SwiftPerFileCompile UsageGenerator.swift
SwiftCompile normal arm64 /Users/admin/builder/spi-builder-workspace/.dependencies/checkouts/swift-argument-parser/Sources/ArgumentParser/Utilities/CollectionExtensions.swift (in target 'ArgumentParser' from project 'swift-argument-parser')
cd /Users/admin/builder/spi-builder-workspace/.swiftpm/xcode
builtin-SwiftPerFileCompile CollectionExtensions.swift
SwiftCompile normal arm64 /Users/admin/builder/spi-builder-workspace/.dependencies/checkouts/swift-argument-parser/Sources/ArgumentParser/Utilities/Foundation.swift (in target 'ArgumentParser' from project 'swift-argument-parser')
cd /Users/admin/builder/spi-builder-workspace/.swiftpm/xcode
builtin-SwiftPerFileCompile Foundation.swift
SwiftCompile normal arm64 /Users/admin/builder/spi-builder-workspace/.dependencies/checkouts/swift-argument-parser/Sources/ArgumentParser/Utilities/Mutex.swift (in target 'ArgumentParser' from project 'swift-argument-parser')
cd /Users/admin/builder/spi-builder-workspace/.swiftpm/xcode
builtin-SwiftPerFileCompile Mutex.swift
SwiftCompile normal arm64 /Users/admin/builder/spi-builder-workspace/.dependencies/checkouts/swift-argument-parser/Sources/ArgumentParser/Utilities/Platform.swift (in target 'ArgumentParser' from project 'swift-argument-parser')
cd /Users/admin/builder/spi-builder-workspace/.swiftpm/xcode
builtin-SwiftPerFileCompile Platform.swift
SwiftDriverJobDiscovery normal arm64 Compiling Pattern+Operator.swift (in target 'Glob' from project 'swift-glob')
SwiftDriverJobDiscovery normal arm64 Compiling Pattern+Options.swift (in target 'Glob' from project 'swift-glob')
SwiftCompile normal arm64 Compiling\ BashCompletionsGenerator.swift,\ CompletionsGenerator.swift,\ FishCompletionsGenerator.swift,\ ZshCompletionsGenerator.swift,\ Argument.swift,\ ArgumentDiscussion.swift /Users/admin/builder/spi-builder-workspace/.dependencies/checkouts/swift-argument-parser/Sources/ArgumentParser/Completions/BashCompletionsGenerator.swift /Users/admin/builder/spi-builder-workspace/.dependencies/checkouts/swift-argument-parser/Sources/ArgumentParser/Completions/CompletionsGenerator.swift /Users/admin/builder/spi-builder-workspace/.dependencies/checkouts/swift-argument-parser/Sources/ArgumentParser/Completions/FishCompletionsGenerator.swift /Users/admin/builder/spi-builder-workspace/.dependencies/checkouts/swift-argument-parser/Sources/ArgumentParser/Completions/ZshCompletionsGenerator.swift /Users/admin/builder/spi-builder-workspace/.dependencies/checkouts/swift-argument-parser/Sources/ArgumentParser/Parsable\ Properties/Argument.swift /Users/admin/builder/spi-builder-workspace/.dependencies/checkouts/swift-argument-parser/Sources/ArgumentParser/Parsable\ Properties/ArgumentDiscussion.swift (in target 'ArgumentParser' from project 'swift-argument-parser')
SwiftCompile normal arm64 /Users/admin/builder/spi-builder-workspace/.dependencies/checkouts/swift-argument-parser/Sources/ArgumentParser/Completions/BashCompletionsGenerator.swift (in target 'ArgumentParser' from project 'swift-argument-parser')
cd /Users/admin/builder/spi-builder-workspace/.swiftpm/xcode
builtin-SwiftPerFileCompile BashCompletionsGenerator.swift
SwiftCompile normal arm64 /Users/admin/builder/spi-builder-workspace/.dependencies/checkouts/swift-argument-parser/Sources/ArgumentParser/Completions/CompletionsGenerator.swift (in target 'ArgumentParser' from project 'swift-argument-parser')
cd /Users/admin/builder/spi-builder-workspace/.swiftpm/xcode
builtin-SwiftPerFileCompile CompletionsGenerator.swift
SwiftCompile normal arm64 /Users/admin/builder/spi-builder-workspace/.dependencies/checkouts/swift-argument-parser/Sources/ArgumentParser/Completions/FishCompletionsGenerator.swift (in target 'ArgumentParser' from project 'swift-argument-parser')
cd /Users/admin/builder/spi-builder-workspace/.swiftpm/xcode
builtin-SwiftPerFileCompile FishCompletionsGenerator.swift
SwiftCompile normal arm64 /Users/admin/builder/spi-builder-workspace/.dependencies/checkouts/swift-argument-parser/Sources/ArgumentParser/Completions/ZshCompletionsGenerator.swift (in target 'ArgumentParser' from project 'swift-argument-parser')
cd /Users/admin/builder/spi-builder-workspace/.swiftpm/xcode
builtin-SwiftPerFileCompile ZshCompletionsGenerator.swift
SwiftCompile normal arm64 /Users/admin/builder/spi-builder-workspace/.dependencies/checkouts/swift-argument-parser/Sources/ArgumentParser/Parsable\ Properties/Argument.swift (in target 'ArgumentParser' from project 'swift-argument-parser')
cd /Users/admin/builder/spi-builder-workspace/.swiftpm/xcode
builtin-SwiftPerFileCompile Argument.swift
SwiftCompile normal arm64 /Users/admin/builder/spi-builder-workspace/.dependencies/checkouts/swift-argument-parser/Sources/ArgumentParser/Parsable\ Properties/ArgumentDiscussion.swift (in target 'ArgumentParser' from project 'swift-argument-parser')
cd /Users/admin/builder/spi-builder-workspace/.swiftpm/xcode
builtin-SwiftPerFileCompile ArgumentDiscussion.swift
SwiftCompile normal arm64 Compiling\ SequenceExtensions.swift,\ StringExtensions.swift,\ SwiftExtensions.swift,\ Tree.swift,\ AsyncCompletionsValidator.swift /Users/admin/builder/spi-builder-workspace/.dependencies/checkouts/swift-argument-parser/Sources/ArgumentParser/Utilities/SequenceExtensions.swift /Users/admin/builder/spi-builder-workspace/.dependencies/checkouts/swift-argument-parser/Sources/ArgumentParser/Utilities/StringExtensions.swift /Users/admin/builder/spi-builder-workspace/.dependencies/checkouts/swift-argument-parser/Sources/ArgumentParser/Utilities/SwiftExtensions.swift /Users/admin/builder/spi-builder-workspace/.dependencies/checkouts/swift-argument-parser/Sources/ArgumentParser/Utilities/Tree.swift /Users/admin/builder/spi-builder-workspace/.dependencies/checkouts/swift-argument-parser/Sources/ArgumentParser/Validators/AsyncCompletionsValidator.swift (in target 'ArgumentParser' from project 'swift-argument-parser')
SwiftCompile normal arm64 /Users/admin/builder/spi-builder-workspace/.dependencies/checkouts/swift-argument-parser/Sources/ArgumentParser/Utilities/SequenceExtensions.swift (in target 'ArgumentParser' from project 'swift-argument-parser')
cd /Users/admin/builder/spi-builder-workspace/.swiftpm/xcode
builtin-SwiftPerFileCompile SequenceExtensions.swift
SwiftCompile normal arm64 /Users/admin/builder/spi-builder-workspace/.dependencies/checkouts/swift-argument-parser/Sources/ArgumentParser/Utilities/StringExtensions.swift (in target 'ArgumentParser' from project 'swift-argument-parser')
cd /Users/admin/builder/spi-builder-workspace/.swiftpm/xcode
builtin-SwiftPerFileCompile StringExtensions.swift
SwiftCompile normal arm64 /Users/admin/builder/spi-builder-workspace/.dependencies/checkouts/swift-argument-parser/Sources/ArgumentParser/Utilities/SwiftExtensions.swift (in target 'ArgumentParser' from project 'swift-argument-parser')
cd /Users/admin/builder/spi-builder-workspace/.swiftpm/xcode
builtin-SwiftPerFileCompile SwiftExtensions.swift
SwiftCompile normal arm64 /Users/admin/builder/spi-builder-workspace/.dependencies/checkouts/swift-argument-parser/Sources/ArgumentParser/Utilities/Tree.swift (in target 'ArgumentParser' from project 'swift-argument-parser')
cd /Users/admin/builder/spi-builder-workspace/.swiftpm/xcode
builtin-SwiftPerFileCompile Tree.swift
SwiftCompile normal arm64 /Users/admin/builder/spi-builder-workspace/.dependencies/checkouts/swift-argument-parser/Sources/ArgumentParser/Validators/AsyncCompletionsValidator.swift (in target 'ArgumentParser' from project 'swift-argument-parser')
cd /Users/admin/builder/spi-builder-workspace/.swiftpm/xcode
builtin-SwiftPerFileCompile AsyncCompletionsValidator.swift
SwiftDriverJobDiscovery normal arm64 Compiling Pattern.swift (in target 'Glob' from project 'swift-glob')
SwiftDriverJobDiscovery normal arm64 Compiling GlobSearch.swift (in target 'Glob' from project 'swift-glob')
SwiftCompile normal arm64 Compiling\ InputOrigin.swift,\ Name.swift,\ Parsed.swift,\ ParsedValues.swift,\ ParserError.swift /Users/admin/builder/spi-builder-workspace/.dependencies/checkouts/swift-argument-parser/Sources/ArgumentParser/Parsing/InputOrigin.swift /Users/admin/builder/spi-builder-workspace/.dependencies/checkouts/swift-argument-parser/Sources/ArgumentParser/Parsing/Name.swift /Users/admin/builder/spi-builder-workspace/.dependencies/checkouts/swift-argument-parser/Sources/ArgumentParser/Parsing/Parsed.swift /Users/admin/builder/spi-builder-workspace/.dependencies/checkouts/swift-argument-parser/Sources/ArgumentParser/Parsing/ParsedValues.swift /Users/admin/builder/spi-builder-workspace/.dependencies/checkouts/swift-argument-parser/Sources/ArgumentParser/Parsing/ParserError.swift (in target 'ArgumentParser' from project 'swift-argument-parser')
SwiftCompile normal arm64 /Users/admin/builder/spi-builder-workspace/.dependencies/checkouts/swift-argument-parser/Sources/ArgumentParser/Parsing/InputOrigin.swift (in target 'ArgumentParser' from project 'swift-argument-parser')
cd /Users/admin/builder/spi-builder-workspace/.swiftpm/xcode
builtin-SwiftPerFileCompile InputOrigin.swift
SwiftCompile normal arm64 /Users/admin/builder/spi-builder-workspace/.dependencies/checkouts/swift-argument-parser/Sources/ArgumentParser/Parsing/Name.swift (in target 'ArgumentParser' from project 'swift-argument-parser')
cd /Users/admin/builder/spi-builder-workspace/.swiftpm/xcode
builtin-SwiftPerFileCompile Name.swift
SwiftCompile normal arm64 /Users/admin/builder/spi-builder-workspace/.dependencies/checkouts/swift-argument-parser/Sources/ArgumentParser/Parsing/Parsed.swift (in target 'ArgumentParser' from project 'swift-argument-parser')
cd /Users/admin/builder/spi-builder-workspace/.swiftpm/xcode
builtin-SwiftPerFileCompile Parsed.swift
SwiftCompile normal arm64 /Users/admin/builder/spi-builder-workspace/.dependencies/checkouts/swift-argument-parser/Sources/ArgumentParser/Parsing/ParsedValues.swift (in target 'ArgumentParser' from project 'swift-argument-parser')
cd /Users/admin/builder/spi-builder-workspace/.swiftpm/xcode
builtin-SwiftPerFileCompile ParsedValues.swift
SwiftCompile normal arm64 /Users/admin/builder/spi-builder-workspace/.dependencies/checkouts/swift-argument-parser/Sources/ArgumentParser/Parsing/ParserError.swift (in target 'ArgumentParser' from project 'swift-argument-parser')
cd /Users/admin/builder/spi-builder-workspace/.swiftpm/xcode
builtin-SwiftPerFileCompile ParserError.swift
SwiftDriverJobDiscovery normal arm64 Compiling Pattern+Parser.swift (in target 'Glob' from project 'swift-glob')
SwiftCompile normal arm64 Compiling\ SplitArguments.swift,\ DumpHelpGenerator.swift,\ HelpCommand.swift,\ HelpGenerator.swift,\ MessageInfo.swift /Users/admin/builder/spi-builder-workspace/.dependencies/checkouts/swift-argument-parser/Sources/ArgumentParser/Parsing/SplitArguments.swift /Users/admin/builder/spi-builder-workspace/.dependencies/checkouts/swift-argument-parser/Sources/ArgumentParser/Usage/DumpHelpGenerator.swift /Users/admin/builder/spi-builder-workspace/.dependencies/checkouts/swift-argument-parser/Sources/ArgumentParser/Usage/HelpCommand.swift /Users/admin/builder/spi-builder-workspace/.dependencies/checkouts/swift-argument-parser/Sources/ArgumentParser/Usage/HelpGenerator.swift /Users/admin/builder/spi-builder-workspace/.dependencies/checkouts/swift-argument-parser/Sources/ArgumentParser/Usage/MessageInfo.swift (in target 'ArgumentParser' from project 'swift-argument-parser')
SwiftCompile normal arm64 /Users/admin/builder/spi-builder-workspace/.dependencies/checkouts/swift-argument-parser/Sources/ArgumentParser/Parsing/SplitArguments.swift (in target 'ArgumentParser' from project 'swift-argument-parser')
cd /Users/admin/builder/spi-builder-workspace/.swiftpm/xcode
builtin-SwiftPerFileCompile SplitArguments.swift
SwiftCompile normal arm64 /Users/admin/builder/spi-builder-workspace/.dependencies/checkouts/swift-argument-parser/Sources/ArgumentParser/Usage/DumpHelpGenerator.swift (in target 'ArgumentParser' from project 'swift-argument-parser')
cd /Users/admin/builder/spi-builder-workspace/.swiftpm/xcode
builtin-SwiftPerFileCompile DumpHelpGenerator.swift
SwiftCompile normal arm64 /Users/admin/builder/spi-builder-workspace/.dependencies/checkouts/swift-argument-parser/Sources/ArgumentParser/Usage/HelpCommand.swift (in target 'ArgumentParser' from project 'swift-argument-parser')
cd /Users/admin/builder/spi-builder-workspace/.swiftpm/xcode
builtin-SwiftPerFileCompile HelpCommand.swift
SwiftCompile normal arm64 /Users/admin/builder/spi-builder-workspace/.dependencies/checkouts/swift-argument-parser/Sources/ArgumentParser/Usage/HelpGenerator.swift (in target 'ArgumentParser' from project 'swift-argument-parser')
cd /Users/admin/builder/spi-builder-workspace/.swiftpm/xcode
builtin-SwiftPerFileCompile HelpGenerator.swift
SwiftCompile normal arm64 /Users/admin/builder/spi-builder-workspace/.dependencies/checkouts/swift-argument-parser/Sources/ArgumentParser/Usage/MessageInfo.swift (in target 'ArgumentParser' from project 'swift-argument-parser')
cd /Users/admin/builder/spi-builder-workspace/.swiftpm/xcode
builtin-SwiftPerFileCompile MessageInfo.swift
SwiftCompile normal arm64 Compiling\ ArgumentHelp.swift,\ ArgumentVisibility.swift,\ CompletionKind.swift,\ Errors.swift,\ Flag.swift,\ NameSpecification.swift /Users/admin/builder/spi-builder-workspace/.dependencies/checkouts/swift-argument-parser/Sources/ArgumentParser/Parsable\ Properties/ArgumentHelp.swift /Users/admin/builder/spi-builder-workspace/.dependencies/checkouts/swift-argument-parser/Sources/ArgumentParser/Parsable\ Properties/ArgumentVisibility.swift /Users/admin/builder/spi-builder-workspace/.dependencies/checkouts/swift-argument-parser/Sources/ArgumentParser/Parsable\ Properties/CompletionKind.swift /Users/admin/builder/spi-builder-workspace/.dependencies/checkouts/swift-argument-parser/Sources/ArgumentParser/Parsable\ Properties/Errors.swift /Users/admin/builder/spi-builder-workspace/.dependencies/checkouts/swift-argument-parser/Sources/ArgumentParser/Parsable\ Properties/Flag.swift /Users/admin/builder/spi-builder-workspace/.dependencies/checkouts/swift-argument-parser/Sources/ArgumentParser/Parsable\ Properties/NameSpecification.swift (in target 'ArgumentParser' from project 'swift-argument-parser')
SwiftCompile normal arm64 /Users/admin/builder/spi-builder-workspace/.dependencies/checkouts/swift-argument-parser/Sources/ArgumentParser/Parsable\ Properties/ArgumentHelp.swift (in target 'ArgumentParser' from project 'swift-argument-parser')
cd /Users/admin/builder/spi-builder-workspace/.swiftpm/xcode
builtin-SwiftPerFileCompile ArgumentHelp.swift
SwiftCompile normal arm64 /Users/admin/builder/spi-builder-workspace/.dependencies/checkouts/swift-argument-parser/Sources/ArgumentParser/Parsable\ Properties/ArgumentVisibility.swift (in target 'ArgumentParser' from project 'swift-argument-parser')
cd /Users/admin/builder/spi-builder-workspace/.swiftpm/xcode
builtin-SwiftPerFileCompile ArgumentVisibility.swift
SwiftCompile normal arm64 /Users/admin/builder/spi-builder-workspace/.dependencies/checkouts/swift-argument-parser/Sources/ArgumentParser/Parsable\ Properties/CompletionKind.swift (in target 'ArgumentParser' from project 'swift-argument-parser')
cd /Users/admin/builder/spi-builder-workspace/.swiftpm/xcode
builtin-SwiftPerFileCompile CompletionKind.swift
SwiftCompile normal arm64 /Users/admin/builder/spi-builder-workspace/.dependencies/checkouts/swift-argument-parser/Sources/ArgumentParser/Parsable\ Properties/Errors.swift (in target 'ArgumentParser' from project 'swift-argument-parser')
cd /Users/admin/builder/spi-builder-workspace/.swiftpm/xcode
builtin-SwiftPerFileCompile Errors.swift
SwiftCompile normal arm64 /Users/admin/builder/spi-builder-workspace/.dependencies/checkouts/swift-argument-parser/Sources/ArgumentParser/Parsable\ Properties/Flag.swift (in target 'ArgumentParser' from project 'swift-argument-parser')
cd /Users/admin/builder/spi-builder-workspace/.swiftpm/xcode
builtin-SwiftPerFileCompile Flag.swift
SwiftCompile normal arm64 /Users/admin/builder/spi-builder-workspace/.dependencies/checkouts/swift-argument-parser/Sources/ArgumentParser/Parsable\ Properties/NameSpecification.swift (in target 'ArgumentParser' from project 'swift-argument-parser')
cd /Users/admin/builder/spi-builder-workspace/.swiftpm/xcode
builtin-SwiftPerFileCompile NameSpecification.swift
SwiftDriverJobDiscovery normal arm64 Compiling JSONRPCSession.swift (in target 'JSONRPC' from project 'JSONRPC')
SwiftDriver\ Compilation JSONRPC normal arm64 com.apple.xcode.tools.swift.compiler (in target 'JSONRPC' from project 'JSONRPC')
cd /Users/admin/builder/spi-builder-workspace/.swiftpm/xcode
builtin-Swift-Compilation -- /Applications/Xcode-27.0.0-Release.Candidate.app/Contents/Developer/Toolchains/XcodeDefault.xctoolchain/usr/bin/swiftc -parse-as-library -module-name JSONRPC -Onone @/Users/admin/builder/spi-builder-workspace/.derivedData/Build/Intermediates.noindex/JSONRPC.build/Debug-xros/JSONRPC-t.build/Objects-normal/arm64/JSONRPC.SwiftFileList -DSWIFT_PACKAGE -DDEBUG -DSWIFT_MODULE_RESOURCE_BUNDLE_UNAVAILABLE -DXcode -enable-experimental-feature StrictConcurrency -plugin-path /Applications/Xcode-27.0.0-Release.Candidate.app/Contents/Developer/Toolchains/XcodeDefault.xctoolchain/usr/lib/swift/host/plugins/testing -enable-experimental-feature DebugDescriptionMacro -sdk /Applications/Xcode-27.0.0-Release.Candidate.app/Contents/Developer/Platforms/XROS.platform/Developer/SDKs/XROS27.0.sdk -target arm64-apple-xros1.0 -g -module-cache-path /Users/admin/builder/spi-builder-workspace/.derivedData/ModuleCache.noindex -Xfrontend -serialize-debugging-options -profile-coverage-mapping -profile-generate -enable-testing -suppress-warnings -index-store-path /Users/admin/builder/spi-builder-workspace/.derivedData/Index.noindex/DataStore -Xcc -D_LIBCPP_HARDENING_MODE\=_LIBCPP_HARDENING_MODE_DEBUG -swift-version 5 -I /Users/admin/builder/spi-builder-workspace/.derivedData/Build/Products/Debug-xros -Isystem /Applications/Xcode-27.0.0-Release.Candidate.app/Contents/Developer/Platforms/XROS.platform/Developer/usr/lib -F /Users/admin/builder/spi-builder-workspace/.derivedData/Build/Products/Debug-xros -F /Applications/Xcode-27.0.0-Release.Candidate.app/Contents/Developer/Platforms/XROS.platform/Developer/Library/Frameworks -F /Applications/Xcode-27.0.0-Release.Candidate.app/Contents/Developer/Platforms/XROS.platform/Developer/SDKs/XROS27.0.sdk/Developer/Library/Frameworks -c -j10 -enable-batch-mode -incremental -Xcc -ivfsstatcache -Xcc /Users/admin/builder/spi-builder-workspace/.derivedData/SDKStatCaches.noindex/xros27.0-24M361-e829b21a6f8c9b70876ba0858053c044735bd543db762f57723cac368afd1ce4.sdkstatcache -output-file-map /Users/admin/builder/spi-builder-workspace/.derivedData/Build/Intermediates.noindex/JSONRPC.build/Debug-xros/JSONRPC-t.build/Objects-normal/arm64/JSONRPC-OutputFileMap.json -save-temps -no-color-diagnostics -explicit-module-build -module-cache-path /Users/admin/builder/spi-builder-workspace/.derivedData/Build/Intermediates.noindex/SwiftExplicitPrecompiledModules -clang-scanner-module-cache-path /Users/admin/builder/spi-builder-workspace/.derivedData/ModuleCache.noindex -sdk-module-cache-path /Users/admin/builder/spi-builder-workspace/.derivedData/SDKExplicitPrecompiledModules -emit-dependencies -emit-module -emit-module-path /Users/admin/builder/spi-builder-workspace/.derivedData/Build/Intermediates.noindex/JSONRPC.build/Debug-xros/JSONRPC-t.build/Objects-normal/arm64/JSONRPC.swiftmodule -serialize-diagnostics -dependency-scan-serialize-diagnostics-path /Users/admin/builder/spi-builder-workspace/.derivedData/Build/Intermediates.noindex/JSONRPC.build/Debug-xros/JSONRPC-t.build/Objects-normal/arm64/JSONRPC-dependency-scan.dia -validate-clang-modules-once -clang-build-session-file /Users/admin/builder/spi-builder-workspace/.derivedData/ModuleCache.noindex/Session.modulevalidation -Xcc -fmodules-prune-interval\=86400 -Xcc -fmodules-prune-after\=345600 -emit-const-values -const-gather-protocols-list /Users/admin/builder/spi-builder-workspace/.derivedData/Build/Intermediates.noindex/JSONRPC.build/Debug-xros/JSONRPC-t.build/Objects-normal/arm64/JSONRPC_const_extract_protocols.json -Xcc -I/Users/admin/builder/spi-builder-workspace/.derivedData/Build/Products/Debug-xros/include -Xcc -I/Users/admin/builder/spi-builder-workspace/.derivedData/Build/Intermediates.noindex/JSONRPC.build/Debug-xros/JSONRPC-t.build/DerivedSources-normal/arm64 -Xcc -I/Users/admin/builder/spi-builder-workspace/.derivedData/Build/Intermediates.noindex/JSONRPC.build/Debug-xros/JSONRPC-t.build/DerivedSources/arm64 -Xcc -I/Users/admin/builder/spi-builder-workspace/.derivedData/Build/Intermediates.noindex/JSONRPC.build/Debug-xros/JSONRPC-t.build/DerivedSources -Xcc -DSWIFT_PACKAGE -Xcc -DDEBUG\=1 -emit-objc-header -emit-objc-header-path /Users/admin/builder/spi-builder-workspace/.derivedData/Build/Intermediates.noindex/JSONRPC.build/Debug-xros/JSONRPC-t.build/Objects-normal/arm64/JSONRPC-Swift.h -working-directory /Users/admin/builder/spi-builder-workspace/.swiftpm/xcode -experimental-emit-module-separately -disable-cmo
SwiftDriverJobDiscovery normal arm64 Compiling Pattern+Match.swift (in target 'Glob' from project 'swift-glob')
SwiftCompile normal arm64 Compiling\ ArgumentDecoder.swift,\ ArgumentDefinition.swift,\ ArgumentSet.swift,\ CommandParser.swift,\ InputKey.swift /Users/admin/builder/spi-builder-workspace/.dependencies/checkouts/swift-argument-parser/Sources/ArgumentParser/Parsing/ArgumentDecoder.swift /Users/admin/builder/spi-builder-workspace/.dependencies/checkouts/swift-argument-parser/Sources/ArgumentParser/Parsing/ArgumentDefinition.swift /Users/admin/builder/spi-builder-workspace/.dependencies/checkouts/swift-argument-parser/Sources/ArgumentParser/Parsing/ArgumentSet.swift /Users/admin/builder/spi-builder-workspace/.dependencies/checkouts/swift-argument-parser/Sources/ArgumentParser/Parsing/CommandParser.swift /Users/admin/builder/spi-builder-workspace/.dependencies/checkouts/swift-argument-parser/Sources/ArgumentParser/Parsing/InputKey.swift (in target 'ArgumentParser' from project 'swift-argument-parser')
SwiftCompile normal arm64 /Users/admin/builder/spi-builder-workspace/.dependencies/checkouts/swift-argument-parser/Sources/ArgumentParser/Parsing/ArgumentDecoder.swift (in target 'ArgumentParser' from project 'swift-argument-parser')
cd /Users/admin/builder/spi-builder-workspace/.swiftpm/xcode
builtin-SwiftPerFileCompile ArgumentDecoder.swift
SwiftCompile normal arm64 /Users/admin/builder/spi-builder-workspace/.dependencies/checkouts/swift-argument-parser/Sources/ArgumentParser/Parsing/ArgumentDefinition.swift (in target 'ArgumentParser' from project 'swift-argument-parser')
cd /Users/admin/builder/spi-builder-workspace/.swiftpm/xcode
builtin-SwiftPerFileCompile ArgumentDefinition.swift
SwiftCompile normal arm64 /Users/admin/builder/spi-builder-workspace/.dependencies/checkouts/swift-argument-parser/Sources/ArgumentParser/Parsing/ArgumentSet.swift (in target 'ArgumentParser' from project 'swift-argument-parser')
cd /Users/admin/builder/spi-builder-workspace/.swiftpm/xcode
builtin-SwiftPerFileCompile ArgumentSet.swift
SwiftCompile normal arm64 /Users/admin/builder/spi-builder-workspace/.dependencies/checkouts/swift-argument-parser/Sources/ArgumentParser/Parsing/CommandParser.swift (in target 'ArgumentParser' from project 'swift-argument-parser')
cd /Users/admin/builder/spi-builder-workspace/.swiftpm/xcode
builtin-SwiftPerFileCompile CommandParser.swift
SwiftCompile normal arm64 /Users/admin/builder/spi-builder-workspace/.dependencies/checkouts/swift-argument-parser/Sources/ArgumentParser/Parsing/InputKey.swift (in target 'ArgumentParser' from project 'swift-argument-parser')
cd /Users/admin/builder/spi-builder-workspace/.swiftpm/xcode
builtin-SwiftPerFileCompile InputKey.swift
SwiftDriver\ Compilation Glob normal arm64 com.apple.xcode.tools.swift.compiler (in target 'Glob' from project 'swift-glob')
cd /Users/admin/builder/spi-builder-workspace/.swiftpm/xcode
builtin-Swift-Compilation -- /Applications/Xcode-27.0.0-Release.Candidate.app/Contents/Developer/Toolchains/XcodeDefault.xctoolchain/usr/bin/swiftc -parse-as-library -module-name Glob -Onone @/Users/admin/builder/spi-builder-workspace/.derivedData/Build/Intermediates.noindex/swift-glob.build/Debug-xros/Glob-t.build/Objects-normal/arm64/Glob.SwiftFileList -DSWIFT_PACKAGE -DDEBUG -DSWIFT_MODULE_RESOURCE_BUNDLE_UNAVAILABLE -Xcc -fmodule-map-file\=/Users/admin/builder/spi-builder-workspace/.derivedData/Build/Intermediates.noindex/GeneratedModuleMaps-xros/FNMDefinitions.modulemap -DXcode -enable-experimental-feature StrictConcurrency -plugin-path /Applications/Xcode-27.0.0-Release.Candidate.app/Contents/Developer/Toolchains/XcodeDefault.xctoolchain/usr/lib/swift/host/plugins/testing -enable-experimental-feature DebugDescriptionMacro -sdk /Applications/Xcode-27.0.0-Release.Candidate.app/Contents/Developer/Platforms/XROS.platform/Developer/SDKs/XROS27.0.sdk -target arm64-apple-xros1.0 -g -module-cache-path /Users/admin/builder/spi-builder-workspace/.derivedData/ModuleCache.noindex -Xfrontend -serialize-debugging-options -profile-coverage-mapping -profile-generate -enable-testing -suppress-warnings -index-store-path /Users/admin/builder/spi-builder-workspace/.derivedData/Index.noindex/DataStore -Xcc -D_LIBCPP_HARDENING_MODE\=_LIBCPP_HARDENING_MODE_DEBUG -swift-version 5 -I /Users/admin/builder/spi-builder-workspace/.derivedData/Build/Products/Debug-xros -Isystem /Applications/Xcode-27.0.0-Release.Candidate.app/Contents/Developer/Platforms/XROS.platform/Developer/usr/lib -F /Users/admin/builder/spi-builder-workspace/.derivedData/Build/Products/Debug-xros/PackageFrameworks -F /Users/admin/builder/spi-builder-workspace/.derivedData/Build/Products/Debug-xros -F /Applications/Xcode-27.0.0-Release.Candidate.app/Contents/Developer/Platforms/XROS.platform/Developer/Library/Frameworks -F /Applications/Xcode-27.0.0-Release.Candidate.app/Contents/Developer/Platforms/XROS.platform/Developer/SDKs/XROS27.0.sdk/Developer/Library/Frameworks -c -j10 -enable-batch-mode -incremental -Xcc -ivfsstatcache -Xcc /Users/admin/builder/spi-builder-workspace/.derivedData/SDKStatCaches.noindex/xros27.0-24M361-e829b21a6f8c9b70876ba0858053c044735bd543db762f57723cac368afd1ce4.sdkstatcache -output-file-map /Users/admin/builder/spi-builder-workspace/.derivedData/Build/Intermediates.noindex/swift-glob.build/Debug-xros/Glob-t.build/Objects-normal/arm64/Glob-OutputFileMap.json -save-temps -no-color-diagnostics -explicit-module-build -module-cache-path /Users/admin/builder/spi-builder-workspace/.derivedData/Build/Intermediates.noindex/SwiftExplicitPrecompiledModules -clang-scanner-module-cache-path /Users/admin/builder/spi-builder-workspace/.derivedData/ModuleCache.noindex -sdk-module-cache-path /Users/admin/builder/spi-builder-workspace/.derivedData/SDKExplicitPrecompiledModules -emit-dependencies -emit-module -emit-module-path /Users/admin/builder/spi-builder-workspace/.derivedData/Build/Intermediates.noindex/swift-glob.build/Debug-xros/Glob-t.build/Objects-normal/arm64/Glob.swiftmodule -serialize-diagnostics -dependency-scan-serialize-diagnostics-path /Users/admin/builder/spi-builder-workspace/.derivedData/Build/Intermediates.noindex/swift-glob.build/Debug-xros/Glob-t.build/Objects-normal/arm64/Glob-dependency-scan.dia -validate-clang-modules-once -clang-build-session-file /Users/admin/builder/spi-builder-workspace/.derivedData/ModuleCache.noindex/Session.modulevalidation -Xcc -fmodules-prune-interval\=86400 -Xcc -fmodules-prune-after\=345600 -package-name swift_glob -emit-const-values -const-gather-protocols-list /Users/admin/builder/spi-builder-workspace/.derivedData/Build/Intermediates.noindex/swift-glob.build/Debug-xros/Glob-t.build/Objects-normal/arm64/Glob_const_extract_protocols.json -Xcc -I/Users/admin/builder/spi-builder-workspace/.dependencies/checkouts/swift-glob/Sources/FNMDefinitions/include -Xcc -I/Users/admin/builder/spi-builder-workspace/.derivedData/Build/Products/Debug-xros/include -Xcc -I/Users/admin/builder/spi-builder-workspace/.derivedData/Build/Intermediates.noindex/swift-glob.build/Debug-xros/Glob-t.build/DerivedSources-normal/arm64 -Xcc -I/Users/admin/builder/spi-builder-workspace/.derivedData/Build/Intermediates.noindex/swift-glob.build/Debug-xros/Glob-t.build/DerivedSources/arm64 -Xcc -I/Users/admin/builder/spi-builder-workspace/.derivedData/Build/Intermediates.noindex/swift-glob.build/Debug-xros/Glob-t.build/DerivedSources -Xcc -DSWIFT_PACKAGE -Xcc -DDEBUG\=1 -emit-objc-header -emit-objc-header-path /Users/admin/builder/spi-builder-workspace/.derivedData/Build/Intermediates.noindex/swift-glob.build/Debug-xros/Glob-t.build/Objects-normal/arm64/Glob-Swift.h -working-directory /Users/admin/builder/spi-builder-workspace/.swiftpm/xcode -experimental-emit-module-separately -disable-cmo
SwiftDriverJobDiscovery normal arm64 Compiling CodingKeyValidator.swift, NonsenseFlagsValidator.swift, ParsableArgumentsValidation.swift, PositionalArgumentsValidator.swift, UniqueNamesValidator.swift (in target 'ArgumentParser' from project 'swift-argument-parser')
Ld /Users/admin/builder/spi-builder-workspace/.derivedData/Build/Products/Debug-xros/Semaphore.o normal (in target 'Semaphore' from project 'Semaphore')
cd /Users/admin/builder/spi-builder-workspace/.dependencies/checkouts/Semaphore
/Applications/Xcode-27.0.0-Release.Candidate.app/Contents/Developer/Toolchains/XcodeDefault.xctoolchain/usr/bin/clang -Xlinker -reproducible -target arm64-apple-xros1.0 -r -isysroot /Applications/Xcode-27.0.0-Release.Candidate.app/Contents/Developer/Platforms/XROS.platform/Developer/SDKs/XROS27.0.sdk -O0 -w -Xlinker -no_warn_duplicate_libraries -F/Users/admin/builder/spi-builder-workspace/.derivedData/Build/Intermediates.noindex/EagerLinkingTBDs/Debug-xros -F/Users/admin/builder/spi-builder-workspace/.derivedData/Build/Products/Debug-xros -iframework /Applications/Xcode-27.0.0-Release.Candidate.app/Contents/Developer/Platforms/XROS.platform/Developer/Library/Frameworks -iframework /Applications/Xcode-27.0.0-Release.Candidate.app/Contents/Developer/Platforms/XROS.platform/Developer/SDKs/XROS27.0.sdk/Developer/Library/Frameworks -filelist /Users/admin/builder/spi-builder-workspace/.derivedData/Build/Intermediates.noindex/Semaphore.build/Debug-xros/Semaphore-t.build/Objects-normal/arm64/Semaphore.LinkFileList -nostdlib -Xlinker -object_path_lto -Xlinker /Users/admin/builder/spi-builder-workspace/.derivedData/Build/Intermediates.noindex/Semaphore.build/Debug-xros/Semaphore-t.build/Objects-normal/arm64/Semaphore_lto.o -Xlinker -no_deduplicate -Xlinker -debug_variant -Xlinker -dependency_info -Xlinker /Users/admin/builder/spi-builder-workspace/.derivedData/Build/Intermediates.noindex/Semaphore.build/Debug-xros/Semaphore-t.build/Objects-normal/arm64/Semaphore_dependency_info.dat -fobjc-link-runtime -L/Applications/Xcode-27.0.0-Release.Candidate.app/Contents/Developer/Toolchains/XcodeDefault.xctoolchain/usr/lib/swift/xros -L/usr/lib/swift -Xlinker -add_ast_path -Xlinker /Users/admin/builder/spi-builder-workspace/.derivedData/Build/Intermediates.noindex/Semaphore.build/Debug-xros/Semaphore-t.build/Objects-normal/arm64/Semaphore.swiftmodule -o /Users/admin/builder/spi-builder-workspace/.derivedData/Build/Products/Debug-xros/Semaphore.o
Ld /Users/admin/builder/spi-builder-workspace/.derivedData/Build/Products/Debug-xros/Queue.o normal (in target 'Queue' from project 'Queue')
cd /Users/admin/builder/spi-builder-workspace/.dependencies/checkouts/Queue
/Applications/Xcode-27.0.0-Release.Candidate.app/Contents/Developer/Toolchains/XcodeDefault.xctoolchain/usr/bin/clang -Xlinker -reproducible -target arm64-apple-xros1.0 -r -isysroot /Applications/Xcode-27.0.0-Release.Candidate.app/Contents/Developer/Platforms/XROS.platform/Developer/SDKs/XROS27.0.sdk -O0 -w -Xlinker -no_warn_duplicate_libraries -F/Users/admin/builder/spi-builder-workspace/.derivedData/Build/Intermediates.noindex/EagerLinkingTBDs/Debug-xros -F/Users/admin/builder/spi-builder-workspace/.derivedData/Build/Products/Debug-xros -iframework /Applications/Xcode-27.0.0-Release.Candidate.app/Contents/Developer/Platforms/XROS.platform/Developer/Library/Frameworks -iframework /Applications/Xcode-27.0.0-Release.Candidate.app/Contents/Developer/Platforms/XROS.platform/Developer/SDKs/XROS27.0.sdk/Developer/Library/Frameworks -filelist /Users/admin/builder/spi-builder-workspace/.derivedData/Build/Intermediates.noindex/Queue.build/Debug-xros/Queue-t.build/Objects-normal/arm64/Queue.LinkFileList -nostdlib -Xlinker -object_path_lto -Xlinker /Users/admin/builder/spi-builder-workspace/.derivedData/Build/Intermediates.noindex/Queue.build/Debug-xros/Queue-t.build/Objects-normal/arm64/Queue_lto.o -Xlinker -no_deduplicate -Xlinker -debug_variant -Xlinker -dependency_info -Xlinker /Users/admin/builder/spi-builder-workspace/.derivedData/Build/Intermediates.noindex/Queue.build/Debug-xros/Queue-t.build/Objects-normal/arm64/Queue_dependency_info.dat -fobjc-link-runtime -L/Applications/Xcode-27.0.0-Release.Candidate.app/Contents/Developer/Toolchains/XcodeDefault.xctoolchain/usr/lib/swift/xros -L/usr/lib/swift -Xlinker -add_ast_path -Xlinker /Users/admin/builder/spi-builder-workspace/.derivedData/Build/Intermediates.noindex/Queue.build/Debug-xros/Queue-t.build/Objects-normal/arm64/Queue.swiftmodule -o /Users/admin/builder/spi-builder-workspace/.derivedData/Build/Products/Debug-xros/Queue.o
SwiftDriverJobDiscovery normal arm64 Compiling CommandGroup.swift, EnumerableFlag.swift, ExpressibleByArgument.swift, ParsableArguments.swift, ParsableCommand.swift (in target 'ArgumentParser' from project 'swift-argument-parser')
Ld /Users/admin/builder/spi-builder-workspace/.derivedData/Build/Products/Debug-xros/JSONRPC.o normal (in target 'JSONRPC' from project 'JSONRPC')
cd /Users/admin/builder/spi-builder-workspace/.dependencies/checkouts/JSONRPC
/Applications/Xcode-27.0.0-Release.Candidate.app/Contents/Developer/Toolchains/XcodeDefault.xctoolchain/usr/bin/clang -Xlinker -reproducible -target arm64-apple-xros1.0 -r -isysroot /Applications/Xcode-27.0.0-Release.Candidate.app/Contents/Developer/Platforms/XROS.platform/Developer/SDKs/XROS27.0.sdk -O0 -w -Xlinker -no_warn_duplicate_libraries -F/Users/admin/builder/spi-builder-workspace/.derivedData/Build/Intermediates.noindex/EagerLinkingTBDs/Debug-xros -F/Users/admin/builder/spi-builder-workspace/.derivedData/Build/Products/Debug-xros -iframework /Applications/Xcode-27.0.0-Release.Candidate.app/Contents/Developer/Platforms/XROS.platform/Developer/Library/Frameworks -iframework /Applications/Xcode-27.0.0-Release.Candidate.app/Contents/Developer/Platforms/XROS.platform/Developer/SDKs/XROS27.0.sdk/Developer/Library/Frameworks -filelist /Users/admin/builder/spi-builder-workspace/.derivedData/Build/Intermediates.noindex/JSONRPC.build/Debug-xros/JSONRPC-t.build/Objects-normal/arm64/JSONRPC.LinkFileList -nostdlib -Xlinker -object_path_lto -Xlinker /Users/admin/builder/spi-builder-workspace/.derivedData/Build/Intermediates.noindex/JSONRPC.build/Debug-xros/JSONRPC-t.build/Objects-normal/arm64/JSONRPC_lto.o -Xlinker -no_deduplicate -Xlinker -debug_variant -Xlinker -dependency_info -Xlinker /Users/admin/builder/spi-builder-workspace/.derivedData/Build/Intermediates.noindex/JSONRPC.build/Debug-xros/JSONRPC-t.build/Objects-normal/arm64/JSONRPC_dependency_info.dat -fobjc-link-runtime -L/Applications/Xcode-27.0.0-Release.Candidate.app/Contents/Developer/Toolchains/XcodeDefault.xctoolchain/usr/lib/swift/xros -L/usr/lib/swift -Xlinker -add_ast_path -Xlinker /Users/admin/builder/spi-builder-workspace/.derivedData/Build/Intermediates.noindex/JSONRPC.build/Debug-xros/JSONRPC-t.build/Objects-normal/arm64/JSONRPC.swiftmodule -o /Users/admin/builder/spi-builder-workspace/.derivedData/Build/Products/Debug-xros/JSONRPC.o
Ld /Users/admin/builder/spi-builder-workspace/.derivedData/Build/Products/Debug-xros/Glob.o normal (in target 'Glob' from project 'swift-glob')
cd /Users/admin/builder/spi-builder-workspace/.dependencies/checkouts/swift-glob
/Applications/Xcode-27.0.0-Release.Candidate.app/Contents/Developer/Toolchains/XcodeDefault.xctoolchain/usr/bin/clang -Xlinker -reproducible -target arm64-apple-xros1.0 -r -isysroot /Applications/Xcode-27.0.0-Release.Candidate.app/Contents/Developer/Platforms/XROS.platform/Developer/SDKs/XROS27.0.sdk -O0 -w -Xlinker -no_warn_duplicate_libraries -F/Users/admin/builder/spi-builder-workspace/.derivedData/Build/Intermediates.noindex/EagerLinkingTBDs/Debug-xros -F/Users/admin/builder/spi-builder-workspace/.derivedData/Build/Products/Debug-xros/PackageFrameworks -F/Users/admin/builder/spi-builder-workspace/.derivedData/Build/Products/Debug-xros -iframework /Applications/Xcode-27.0.0-Release.Candidate.app/Contents/Developer/Platforms/XROS.platform/Developer/Library/Frameworks -iframework /Applications/Xcode-27.0.0-Release.Candidate.app/Contents/Developer/Platforms/XROS.platform/Developer/SDKs/XROS27.0.sdk/Developer/Library/Frameworks -filelist /Users/admin/builder/spi-builder-workspace/.derivedData/Build/Intermediates.noindex/swift-glob.build/Debug-xros/Glob-t.build/Objects-normal/arm64/Glob.LinkFileList -nostdlib -Xlinker -object_path_lto -Xlinker /Users/admin/builder/spi-builder-workspace/.derivedData/Build/Intermediates.noindex/swift-glob.build/Debug-xros/Glob-t.build/Objects-normal/arm64/Glob_lto.o -Xlinker -no_deduplicate -Xlinker -debug_variant -Xlinker -dependency_info -Xlinker /Users/admin/builder/spi-builder-workspace/.derivedData/Build/Intermediates.noindex/swift-glob.build/Debug-xros/Glob-t.build/Objects-normal/arm64/Glob_dependency_info.dat -fobjc-link-runtime -L/Applications/Xcode-27.0.0-Release.Candidate.app/Contents/Developer/Toolchains/XcodeDefault.xctoolchain/usr/lib/swift/xros -L/usr/lib/swift -Xlinker -add_ast_path -Xlinker /Users/admin/builder/spi-builder-workspace/.derivedData/Build/Intermediates.noindex/swift-glob.build/Debug-xros/Glob-t.build/Objects-normal/arm64/Glob.swiftmodule -o /Users/admin/builder/spi-builder-workspace/.derivedData/Build/Products/Debug-xros/Glob.o
SwiftDriverJobDiscovery normal arm64 Compiling InputOrigin.swift, Name.swift, Parsed.swift, ParsedValues.swift, ParserError.swift (in target 'ArgumentParser' from project 'swift-argument-parser')
ExtractAppIntentsMetadata (in target 'Semaphore' from project 'Semaphore')
cd /Users/admin/builder/spi-builder-workspace/.dependencies/checkouts/Semaphore
/Applications/Xcode-27.0.0-Release.Candidate.app/Contents/Developer/Toolchains/XcodeDefault.xctoolchain/usr/bin/appintentsmetadataprocessor --toolchain-dir /var/run/com.apple.security.cryptexd/mnt/com.apple.MobileAsset.MetalToolchain-v27.1.266.1.V2dSdr/Metal.xctoolchain --module-name Semaphore --sdk-root /Applications/Xcode-27.0.0-Release.Candidate.app/Contents/Developer/Platforms/XROS.platform/Developer/SDKs/XROS27.0.sdk --xcode-version 27A266a --platform-family xrOS --deployment-target 1.0 --bundle-identifier semaphore.Semaphore --output /Users/admin/builder/spi-builder-workspace/.derivedData/Build/Products/Debug-xros/Semaphore.appintents --target-triple arm64-apple-xros1.0 --binary-file /Users/admin/builder/spi-builder-workspace/.derivedData/Build/Products/Debug-xros/Semaphore.o --dependency-file /Users/admin/builder/spi-builder-workspace/.derivedData/Build/Intermediates.noindex/Semaphore.build/Debug-xros/Semaphore-t.build/Objects-normal/arm64/Semaphore_dependency_info.dat --stringsdata-file /Users/admin/builder/spi-builder-workspace/.derivedData/Build/Intermediates.noindex/Semaphore.build/Debug-xros/Semaphore-t.build/Objects-normal/arm64/ExtractedAppShortcutsMetadata.stringsdata --source-file-list /Users/admin/builder/spi-builder-workspace/.derivedData/Build/Intermediates.noindex/Semaphore.build/Debug-xros/Semaphore-t.build/Objects-normal/arm64/Semaphore.SwiftFileList --metadata-file-list /Users/admin/builder/spi-builder-workspace/.derivedData/Build/Intermediates.noindex/Semaphore.build/Debug-xros/Semaphore-t.build/Semaphore.DependencyMetadataFileList --static-metadata-file-list /Users/admin/builder/spi-builder-workspace/.derivedData/Build/Intermediates.noindex/Semaphore.build/Debug-xros/Semaphore-t.build/Semaphore.DependencyStaticMetadataFileList --swift-const-vals-list /Users/admin/builder/spi-builder-workspace/.derivedData/Build/Intermediates.noindex/Semaphore.build/Debug-xros/Semaphore-t.build/Objects-normal/arm64/Semaphore.SwiftConstValuesFileList --force --compile-time-extraction --deployment-aware-processing --no-app-shortcuts-localization
2026-09-23 19:18:14.610 appintentsmetadataprocessor[1280:6980] Starting appintentsmetadataprocessor export
2026-09-23 19:18:14.681 appintentsmetadataprocessor[1280:6980] Extracted no relevant App Intents symbols, skipping writing output
ExtractAppIntentsMetadata (in target 'Queue' from project 'Queue')
cd /Users/admin/builder/spi-builder-workspace/.dependencies/checkouts/Queue
/Applications/Xcode-27.0.0-Release.Candidate.app/Contents/Developer/Toolchains/XcodeDefault.xctoolchain/usr/bin/appintentsmetadataprocessor --toolchain-dir /var/run/com.apple.security.cryptexd/mnt/com.apple.MobileAsset.MetalToolchain-v27.1.266.1.V2dSdr/Metal.xctoolchain --module-name Queue --sdk-root /Applications/Xcode-27.0.0-Release.Candidate.app/Contents/Developer/Platforms/XROS.platform/Developer/SDKs/XROS27.0.sdk --xcode-version 27A266a --platform-family xrOS --deployment-target 1.0 --bundle-identifier queue.Queue --output /Users/admin/builder/spi-builder-workspace/.derivedData/Build/Products/Debug-xros/Queue.appintents --target-triple arm64-apple-xros1.0 --binary-file /Users/admin/builder/spi-builder-workspace/.derivedData/Build/Products/Debug-xros/Queue.o --dependency-file /Users/admin/builder/spi-builder-workspace/.derivedData/Build/Intermediates.noindex/Queue.build/Debug-xros/Queue-t.build/Objects-normal/arm64/Queue_dependency_info.dat --stringsdata-file /Users/admin/builder/spi-builder-workspace/.derivedData/Build/Intermediates.noindex/Queue.build/Debug-xros/Queue-t.build/Objects-normal/arm64/ExtractedAppShortcutsMetadata.stringsdata --source-file-list /Users/admin/builder/spi-builder-workspace/.derivedData/Build/Intermediates.noindex/Queue.build/Debug-xros/Queue-t.build/Objects-normal/arm64/Queue.SwiftFileList --metadata-file-list /Users/admin/builder/spi-builder-workspace/.derivedData/Build/Intermediates.noindex/Queue.build/Debug-xros/Queue-t.build/Queue.DependencyMetadataFileList --static-metadata-file-list /Users/admin/builder/spi-builder-workspace/.derivedData/Build/Intermediates.noindex/Queue.build/Debug-xros/Queue-t.build/Queue.DependencyStaticMetadataFileList --swift-const-vals-list /Users/admin/builder/spi-builder-workspace/.derivedData/Build/Intermediates.noindex/Queue.build/Debug-xros/Queue-t.build/Objects-normal/arm64/Queue.SwiftConstValuesFileList --force --compile-time-extraction --deployment-aware-processing --no-app-shortcuts-localization
2026-09-23 19:18:14.623 appintentsmetadataprocessor[1282:6993] Starting appintentsmetadataprocessor export
2026-09-23 19:18:14.692 appintentsmetadataprocessor[1282:6993] Extracted no relevant App Intents symbols, skipping writing output
ExtractAppIntentsMetadata (in target 'JSONRPC' from project 'JSONRPC')
cd /Users/admin/builder/spi-builder-workspace/.dependencies/checkouts/JSONRPC
/Applications/Xcode-27.0.0-Release.Candidate.app/Contents/Developer/Toolchains/XcodeDefault.xctoolchain/usr/bin/appintentsmetadataprocessor --toolchain-dir /var/run/com.apple.security.cryptexd/mnt/com.apple.MobileAsset.MetalToolchain-v27.1.266.1.V2dSdr/Metal.xctoolchain --module-name JSONRPC --sdk-root /Applications/Xcode-27.0.0-Release.Candidate.app/Contents/Developer/Platforms/XROS.platform/Developer/SDKs/XROS27.0.sdk --xcode-version 27A266a --platform-family xrOS --deployment-target 1.0 --bundle-identifier jsonrpc.JSONRPC --output /Users/admin/builder/spi-builder-workspace/.derivedData/Build/Products/Debug-xros/JSONRPC.appintents --target-triple arm64-apple-xros1.0 --binary-file /Users/admin/builder/spi-builder-workspace/.derivedData/Build/Products/Debug-xros/JSONRPC.o --dependency-file /Users/admin/builder/spi-builder-workspace/.derivedData/Build/Intermediates.noindex/JSONRPC.build/Debug-xros/JSONRPC-t.build/Objects-normal/arm64/JSONRPC_dependency_info.dat --stringsdata-file /Users/admin/builder/spi-builder-workspace/.derivedData/Build/Intermediates.noindex/JSONRPC.build/Debug-xros/JSONRPC-t.build/Objects-normal/arm64/ExtractedAppShortcutsMetadata.stringsdata --source-file-list /Users/admin/builder/spi-builder-workspace/.derivedData/Build/Intermediates.noindex/JSONRPC.build/Debug-xros/JSONRPC-t.build/Objects-normal/arm64/JSONRPC.SwiftFileList --metadata-file-list /Users/admin/builder/spi-builder-workspace/.derivedData/Build/Intermediates.noindex/JSONRPC.build/Debug-xros/JSONRPC-t.build/JSONRPC.DependencyMetadataFileList --static-metadata-file-list /Users/admin/builder/spi-builder-workspace/.derivedData/Build/Intermediates.noindex/JSONRPC.build/Debug-xros/JSONRPC-t.build/JSONRPC.DependencyStaticMetadataFileList --swift-const-vals-list /Users/admin/builder/spi-builder-workspace/.derivedData/Build/Intermediates.noindex/JSONRPC.build/Debug-xros/JSONRPC-t.build/Objects-normal/arm64/JSONRPC.SwiftConstValuesFileList --force --compile-time-extraction --deployment-aware-processing --no-app-shortcuts-localization
2026-09-23 19:18:14.635 appintentsmetadataprocessor[1283:7008] Starting appintentsmetadataprocessor export
2026-09-23 19:18:14.704 appintentsmetadataprocessor[1283:7008] Extracted no relevant App Intents symbols, skipping writing output
SwiftDriverJobDiscovery normal arm64 Compiling Option.swift, OptionGroup.swift, ParentCommand.swift, AsyncParsableCommand.swift, CommandConfiguration.swift (in target 'ArgumentParser' from project 'swift-argument-parser')
ExtractAppIntentsMetadata (in target 'Glob' from project 'swift-glob')
cd /Users/admin/builder/spi-builder-workspace/.dependencies/checkouts/swift-glob
/Applications/Xcode-27.0.0-Release.Candidate.app/Contents/Developer/Toolchains/XcodeDefault.xctoolchain/usr/bin/appintentsmetadataprocessor --toolchain-dir /var/run/com.apple.security.cryptexd/mnt/com.apple.MobileAsset.MetalToolchain-v27.1.266.1.V2dSdr/Metal.xctoolchain --module-name Glob --sdk-root /Applications/Xcode-27.0.0-Release.Candidate.app/Contents/Developer/Platforms/XROS.platform/Developer/SDKs/XROS27.0.sdk --xcode-version 27A266a --platform-family xrOS --deployment-target 1.0 --bundle-identifier swift-glob.Glob --output /Users/admin/builder/spi-builder-workspace/.derivedData/Build/Products/Debug-xros/Glob.appintents --target-triple arm64-apple-xros1.0 --binary-file /Users/admin/builder/spi-builder-workspace/.derivedData/Build/Products/Debug-xros/Glob.o --dependency-file /Users/admin/builder/spi-builder-workspace/.derivedData/Build/Intermediates.noindex/swift-glob.build/Debug-xros/Glob-t.build/Objects-normal/arm64/Glob_dependency_info.dat --stringsdata-file /Users/admin/builder/spi-builder-workspace/.derivedData/Build/Intermediates.noindex/swift-glob.build/Debug-xros/Glob-t.build/Objects-normal/arm64/ExtractedAppShortcutsMetadata.stringsdata --source-file-list /Users/admin/builder/spi-builder-workspace/.derivedData/Build/Intermediates.noindex/swift-glob.build/Debug-xros/Glob-t.build/Objects-normal/arm64/Glob.SwiftFileList --metadata-file-list /Users/admin/builder/spi-builder-workspace/.derivedData/Build/Intermediates.noindex/swift-glob.build/Debug-xros/Glob-t.build/Glob.DependencyMetadataFileList --static-metadata-file-list /Users/admin/builder/spi-builder-workspace/.derivedData/Build/Intermediates.noindex/swift-glob.build/Debug-xros/Glob-t.build/Glob.DependencyStaticMetadataFileList --swift-const-vals-list /Users/admin/builder/spi-builder-workspace/.derivedData/Build/Intermediates.noindex/swift-glob.build/Debug-xros/Glob-t.build/Objects-normal/arm64/Glob.SwiftConstValuesFileList --force --compile-time-extraction --deployment-aware-processing --no-app-shortcuts-localization
2026-09-23 19:18:14.645 appintentsmetadataprocessor[1284:7011] Starting appintentsmetadataprocessor export
2026-09-23 19:18:14.711 appintentsmetadataprocessor[1284:7011] Extracted no relevant App Intents symbols, skipping writing output
SwiftDriverJobDiscovery normal arm64 Compiling SequenceExtensions.swift, StringExtensions.swift, SwiftExtensions.swift, Tree.swift, AsyncCompletionsValidator.swift (in target 'ArgumentParser' from project 'swift-argument-parser')
SwiftDriver LanguageServerProtocol normal arm64 com.apple.xcode.tools.swift.compiler (in target 'LanguageServerProtocol' from project 'LanguageServerProtocol')
cd /Users/admin/builder/spi-builder-workspace/.swiftpm/xcode
builtin-SwiftDriver -- /Applications/Xcode-27.0.0-Release.Candidate.app/Contents/Developer/Toolchains/XcodeDefault.xctoolchain/usr/bin/swiftc -parse-as-library -module-name LanguageServerProtocol -Onone @/Users/admin/builder/spi-builder-workspace/.derivedData/Build/Intermediates.noindex/LanguageServerProtocol.build/Debug-xros/LanguageServerProtocol-t.build/Objects-normal/arm64/LanguageServerProtocol.SwiftFileList -DSWIFT_PACKAGE -DDEBUG -DSWIFT_MODULE_RESOURCE_BUNDLE_UNAVAILABLE -DXcode -enable-experimental-feature StrictConcurrency -plugin-path /Applications/Xcode-27.0.0-Release.Candidate.app/Contents/Developer/Toolchains/XcodeDefault.xctoolchain/usr/lib/swift/host/plugins/testing -enable-experimental-feature DebugDescriptionMacro -sdk /Applications/Xcode-27.0.0-Release.Candidate.app/Contents/Developer/Platforms/XROS.platform/Developer/SDKs/XROS27.0.sdk -target arm64-apple-xros1.0 -g -module-cache-path /Users/admin/builder/spi-builder-workspace/.derivedData/ModuleCache.noindex -Xfrontend -serialize-debugging-options -profile-coverage-mapping -profile-generate -enable-testing -suppress-warnings -index-store-path /Users/admin/builder/spi-builder-workspace/.derivedData/Index.noindex/DataStore -Xcc -D_LIBCPP_HARDENING_MODE\=_LIBCPP_HARDENING_MODE_DEBUG -swift-version 5 -I /Users/admin/builder/spi-builder-workspace/.derivedData/Build/Products/Debug-xros -Isystem /Applications/Xcode-27.0.0-Release.Candidate.app/Contents/Developer/Platforms/XROS.platform/Developer/usr/lib -F /Users/admin/builder/spi-builder-workspace/.derivedData/Build/Products/Debug-xros/PackageFrameworks -F /Users/admin/builder/spi-builder-workspace/.derivedData/Build/Products/Debug-xros -F /Applications/Xcode-27.0.0-Release.Candidate.app/Contents/Developer/Platforms/XROS.platform/Developer/Library/Frameworks -F /Applications/Xcode-27.0.0-Release.Candidate.app/Contents/Developer/Platforms/XROS.platform/Developer/SDKs/XROS27.0.sdk/Developer/Library/Frameworks -c -j10 -enable-batch-mode -incremental -Xcc -ivfsstatcache -Xcc /Users/admin/builder/spi-builder-workspace/.derivedData/SDKStatCaches.noindex/xros27.0-24M361-e829b21a6f8c9b70876ba0858053c044735bd543db762f57723cac368afd1ce4.sdkstatcache -output-file-map /Users/admin/builder/spi-builder-workspace/.derivedData/Build/Intermediates.noindex/LanguageServerProtocol.build/Debug-xros/LanguageServerProtocol-t.build/Objects-normal/arm64/LanguageServerProtocol-OutputFileMap.json -save-temps -no-color-diagnostics -explicit-module-build -module-cache-path /Users/admin/builder/spi-builder-workspace/.derivedData/Build/Intermediates.noindex/SwiftExplicitPrecompiledModules -clang-scanner-module-cache-path /Users/admin/builder/spi-builder-workspace/.derivedData/ModuleCache.noindex -sdk-module-cache-path /Users/admin/builder/spi-builder-workspace/.derivedData/SDKExplicitPrecompiledModules -emit-dependencies -emit-module -emit-module-path /Users/admin/builder/spi-builder-workspace/.derivedData/Build/Intermediates.noindex/LanguageServerProtocol.build/Debug-xros/LanguageServerProtocol-t.build/Objects-normal/arm64/LanguageServerProtocol.swiftmodule -serialize-diagnostics -dependency-scan-serialize-diagnostics-path /Users/admin/builder/spi-builder-workspace/.derivedData/Build/Intermediates.noindex/LanguageServerProtocol.build/Debug-xros/LanguageServerProtocol-t.build/Objects-normal/arm64/LanguageServerProtocol-dependency-scan.dia -validate-clang-modules-once -clang-build-session-file /Users/admin/builder/spi-builder-workspace/.derivedData/ModuleCache.noindex/Session.modulevalidation -Xcc -fmodules-prune-interval\=86400 -Xcc -fmodules-prune-after\=345600 -emit-const-values -const-gather-protocols-list /Users/admin/builder/spi-builder-workspace/.derivedData/Build/Intermediates.noindex/LanguageServerProtocol.build/Debug-xros/LanguageServerProtocol-t.build/Objects-normal/arm64/LanguageServerProtocol_const_extract_protocols.json -Xcc -I/Users/admin/builder/spi-builder-workspace/.derivedData/Build/Products/Debug-xros/include -Xcc -I/Users/admin/builder/spi-builder-workspace/.derivedData/Build/Intermediates.noindex/LanguageServerProtocol.build/Debug-xros/LanguageServerProtocol-t.build/DerivedSources-normal/arm64 -Xcc -I/Users/admin/builder/spi-builder-workspace/.derivedData/Build/Intermediates.noindex/LanguageServerProtocol.build/Debug-xros/LanguageServerProtocol-t.build/DerivedSources/arm64 -Xcc -I/Users/admin/builder/spi-builder-workspace/.derivedData/Build/Intermediates.noindex/LanguageServerProtocol.build/Debug-xros/LanguageServerProtocol-t.build/DerivedSources -Xcc -DSWIFT_PACKAGE -Xcc -DDEBUG\=1 -emit-objc-header -emit-objc-header-path /Users/admin/builder/spi-builder-workspace/.derivedData/Build/Intermediates.noindex/LanguageServerProtocol.build/Debug-xros/LanguageServerProtocol-t.build/Objects-normal/arm64/LanguageServerProtocol-Swift.h -working-directory /Users/admin/builder/spi-builder-workspace/.swiftpm/xcode -experimental-emit-module-separately -disable-cmo
SwiftDriverJobDiscovery normal arm64 Compiling UsageGenerator.swift, CollectionExtensions.swift, Foundation.swift, Mutex.swift, Platform.swift (in target 'ArgumentParser' from project 'swift-argument-parser')
SwiftDriverJobDiscovery normal arm64 Compiling ArgumentHelp.swift, ArgumentVisibility.swift, CompletionKind.swift, Errors.swift, Flag.swift, NameSpecification.swift (in target 'ArgumentParser' from project 'swift-argument-parser')
SwiftCompile normal arm64 Compiling\ AsyncStreamPolyfill.swift,\ NSRegularExpression+Matching.swift,\ Protocol+Mutating.swift,\ ServerCapabilities+Extensions.swift,\ Snippet.swift,\ TokenRepresentation.swift,\ BaseProtocol.swift /Users/admin/builder/spi-builder-workspace/.dependencies/checkouts/LanguageServerProtocol/Sources/LanguageServerProtocol/Additions/AsyncStreamPolyfill.swift /Users/admin/builder/spi-builder-workspace/.dependencies/checkouts/LanguageServerProtocol/Sources/LanguageServerProtocol/Additions/NSRegularExpression+Matching.swift /Users/admin/builder/spi-builder-workspace/.dependencies/checkouts/LanguageServerProtocol/Sources/LanguageServerProtocol/Additions/Protocol+Mutating.swift /Users/admin/builder/spi-builder-workspace/.dependencies/checkouts/LanguageServerProtocol/Sources/LanguageServerProtocol/Additions/ServerCapabilities+Extensions.swift /Users/admin/builder/spi-builder-workspace/.dependencies/checkouts/LanguageServerProtocol/Sources/LanguageServerProtocol/Additions/Snippet.swift /Users/admin/builder/spi-builder-workspace/.dependencies/checkouts/LanguageServerProtocol/Sources/LanguageServerProtocol/Additions/TokenRepresentation.swift /Users/admin/builder/spi-builder-workspace/.dependencies/checkouts/LanguageServerProtocol/Sources/LanguageServerProtocol/BaseProtocol.swift (in target 'LanguageServerProtocol' from project 'LanguageServerProtocol')
SwiftCompile normal arm64 /Users/admin/builder/spi-builder-workspace/.dependencies/checkouts/LanguageServerProtocol/Sources/LanguageServerProtocol/Additions/AsyncStreamPolyfill.swift (in target 'LanguageServerProtocol' from project 'LanguageServerProtocol')
cd /Users/admin/builder/spi-builder-workspace/.swiftpm/xcode
builtin-SwiftPerFileCompile AsyncStreamPolyfill.swift
SwiftCompile normal arm64 /Users/admin/builder/spi-builder-workspace/.dependencies/checkouts/LanguageServerProtocol/Sources/LanguageServerProtocol/Additions/NSRegularExpression+Matching.swift (in target 'LanguageServerProtocol' from project 'LanguageServerProtocol')
cd /Users/admin/builder/spi-builder-workspace/.swiftpm/xcode
builtin-SwiftPerFileCompile NSRegularExpression+Matching.swift
SwiftCompile normal arm64 /Users/admin/builder/spi-builder-workspace/.dependencies/checkouts/LanguageServerProtocol/Sources/LanguageServerProtocol/Additions/Protocol+Mutating.swift (in target 'LanguageServerProtocol' from project 'LanguageServerProtocol')
cd /Users/admin/builder/spi-builder-workspace/.swiftpm/xcode
builtin-SwiftPerFileCompile Protocol+Mutating.swift
SwiftCompile normal arm64 /Users/admin/builder/spi-builder-workspace/.dependencies/checkouts/LanguageServerProtocol/Sources/LanguageServerProtocol/Additions/ServerCapabilities+Extensions.swift (in target 'LanguageServerProtocol' from project 'LanguageServerProtocol')
cd /Users/admin/builder/spi-builder-workspace/.swiftpm/xcode
builtin-SwiftPerFileCompile ServerCapabilities+Extensions.swift
SwiftCompile normal arm64 /Users/admin/builder/spi-builder-workspace/.dependencies/checkouts/LanguageServerProtocol/Sources/LanguageServerProtocol/Additions/Snippet.swift (in target 'LanguageServerProtocol' from project 'LanguageServerProtocol')
cd /Users/admin/builder/spi-builder-workspace/.swiftpm/xcode
builtin-SwiftPerFileCompile Snippet.swift
SwiftCompile normal arm64 /Users/admin/builder/spi-builder-workspace/.dependencies/checkouts/LanguageServerProtocol/Sources/LanguageServerProtocol/Additions/TokenRepresentation.swift (in target 'LanguageServerProtocol' from project 'LanguageServerProtocol')
cd /Users/admin/builder/spi-builder-workspace/.swiftpm/xcode
builtin-SwiftPerFileCompile TokenRepresentation.swift
SwiftCompile normal arm64 /Users/admin/builder/spi-builder-workspace/.dependencies/checkouts/LanguageServerProtocol/Sources/LanguageServerProtocol/BaseProtocol.swift (in target 'LanguageServerProtocol' from project 'LanguageServerProtocol')
cd /Users/admin/builder/spi-builder-workspace/.swiftpm/xcode
builtin-SwiftPerFileCompile BaseProtocol.swift
SwiftCompile normal arm64 Compiling\ DocumentColor.swift,\ DocumentHighlight.swift,\ DocumentLink.swift,\ DocumentSymbol.swift,\ FoldingRange.swift,\ Formatting.swift /Users/admin/builder/spi-builder-workspace/.dependencies/checkouts/LanguageServerProtocol/Sources/LanguageServerProtocol/LanguageFeatures/DocumentColor.swift /Users/admin/builder/spi-builder-workspace/.dependencies/checkouts/LanguageServerProtocol/Sources/LanguageServerProtocol/LanguageFeatures/DocumentHighlight.swift /Users/admin/builder/spi-builder-workspace/.dependencies/checkouts/LanguageServerProtocol/Sources/LanguageServerProtocol/LanguageFeatures/DocumentLink.swift /Users/admin/builder/spi-builder-workspace/.dependencies/checkouts/LanguageServerProtocol/Sources/LanguageServerProtocol/LanguageFeatures/DocumentSymbol.swift /Users/admin/builder/spi-builder-workspace/.dependencies/checkouts/LanguageServerProtocol/Sources/LanguageServerProtocol/LanguageFeatures/FoldingRange.swift /Users/admin/builder/spi-builder-workspace/.dependencies/checkouts/LanguageServerProtocol/Sources/LanguageServerProtocol/LanguageFeatures/Formatting.swift (in target 'LanguageServerProtocol' from project 'LanguageServerProtocol')
SwiftCompile normal arm64 /Users/admin/builder/spi-builder-workspace/.dependencies/checkouts/LanguageServerProtocol/Sources/LanguageServerProtocol/LanguageFeatures/DocumentColor.swift (in target 'LanguageServerProtocol' from project 'LanguageServerProtocol')
cd /Users/admin/builder/spi-builder-workspace/.swiftpm/xcode
builtin-SwiftPerFileCompile DocumentColor.swift
SwiftCompile normal arm64 /Users/admin/builder/spi-builder-workspace/.dependencies/checkouts/LanguageServerProtocol/Sources/LanguageServerProtocol/LanguageFeatures/DocumentHighlight.swift (in target 'LanguageServerProtocol' from project 'LanguageServerProtocol')
cd /Users/admin/builder/spi-builder-workspace/.swiftpm/xcode
builtin-SwiftPerFileCompile DocumentHighlight.swift
SwiftCompile normal arm64 /Users/admin/builder/spi-builder-workspace/.dependencies/checkouts/LanguageServerProtocol/Sources/LanguageServerProtocol/LanguageFeatures/DocumentLink.swift (in target 'LanguageServerProtocol' from project 'LanguageServerProtocol')
cd /Users/admin/builder/spi-builder-workspace/.swiftpm/xcode
builtin-SwiftPerFileCompile DocumentLink.swift
SwiftCompile normal arm64 /Users/admin/builder/spi-builder-workspace/.dependencies/checkouts/LanguageServerProtocol/Sources/LanguageServerProtocol/LanguageFeatures/DocumentSymbol.swift (in target 'LanguageServerProtocol' from project 'LanguageServerProtocol')
cd /Users/admin/builder/spi-builder-workspace/.swiftpm/xcode
builtin-SwiftPerFileCompile DocumentSymbol.swift
SwiftCompile normal arm64 /Users/admin/builder/spi-builder-workspace/.dependencies/checkouts/LanguageServerProtocol/Sources/LanguageServerProtocol/LanguageFeatures/FoldingRange.swift (in target 'LanguageServerProtocol' from project 'LanguageServerProtocol')
cd /Users/admin/builder/spi-builder-workspace/.swiftpm/xcode
builtin-SwiftPerFileCompile FoldingRange.swift
SwiftCompile normal arm64 /Users/admin/builder/spi-builder-workspace/.dependencies/checkouts/LanguageServerProtocol/Sources/LanguageServerProtocol/LanguageFeatures/Formatting.swift (in target 'LanguageServerProtocol' from project 'LanguageServerProtocol')
cd /Users/admin/builder/spi-builder-workspace/.swiftpm/xcode
builtin-SwiftPerFileCompile Formatting.swift
SwiftCompile normal arm64 Compiling\ CodeLens.swift,\ ColorPresentation.swift,\ Completion.swift,\ Declaration.swift,\ Definition.swift,\ Diagnostics.swift /Users/admin/builder/spi-builder-workspace/.dependencies/checkouts/LanguageServerProtocol/Sources/LanguageServerProtocol/LanguageFeatures/CodeLens.swift /Users/admin/builder/spi-builder-workspace/.dependencies/checkouts/LanguageServerProtocol/Sources/LanguageServerProtocol/LanguageFeatures/ColorPresentation.swift /Users/admin/builder/spi-builder-workspace/.dependencies/checkouts/LanguageServerProtocol/Sources/LanguageServerProtocol/LanguageFeatures/Completion.swift /Users/admin/builder/spi-builder-workspace/.dependencies/checkouts/LanguageServerProtocol/Sources/LanguageServerProtocol/LanguageFeatures/Declaration.swift /Users/admin/builder/spi-builder-workspace/.dependencies/checkouts/LanguageServerProtocol/Sources/LanguageServerProtocol/LanguageFeatures/Definition.swift /Users/admin/builder/spi-builder-workspace/.dependencies/checkouts/LanguageServerProtocol/Sources/LanguageServerProtocol/LanguageFeatures/Diagnostics.swift (in target 'LanguageServerProtocol' from project 'LanguageServerProtocol')
SwiftCompile normal arm64 /Users/admin/builder/spi-builder-workspace/.dependencies/checkouts/LanguageServerProtocol/Sources/LanguageServerProtocol/LanguageFeatures/CodeLens.swift (in target 'LanguageServerProtocol' from project 'LanguageServerProtocol')
cd /Users/admin/builder/spi-builder-workspace/.swiftpm/xcode
builtin-SwiftPerFileCompile CodeLens.swift
SwiftCompile normal arm64 /Users/admin/builder/spi-builder-workspace/.dependencies/checkouts/LanguageServerProtocol/Sources/LanguageServerProtocol/LanguageFeatures/ColorPresentation.swift (in target 'LanguageServerProtocol' from project 'LanguageServerProtocol')
cd /Users/admin/builder/spi-builder-workspace/.swiftpm/xcode
builtin-SwiftPerFileCompile ColorPresentation.swift
SwiftCompile normal arm64 /Users/admin/builder/spi-builder-workspace/.dependencies/checkouts/LanguageServerProtocol/Sources/LanguageServerProtocol/LanguageFeatures/Completion.swift (in target 'LanguageServerProtocol' from project 'LanguageServerProtocol')
cd /Users/admin/builder/spi-builder-workspace/.swiftpm/xcode
builtin-SwiftPerFileCompile Completion.swift
SwiftCompile normal arm64 /Users/admin/builder/spi-builder-workspace/.dependencies/checkouts/LanguageServerProtocol/Sources/LanguageServerProtocol/LanguageFeatures/Declaration.swift (in target 'LanguageServerProtocol' from project 'LanguageServerProtocol')
cd /Users/admin/builder/spi-builder-workspace/.swiftpm/xcode
builtin-SwiftPerFileCompile Declaration.swift
SwiftCompile normal arm64 /Users/admin/builder/spi-builder-workspace/.dependencies/checkouts/LanguageServerProtocol/Sources/LanguageServerProtocol/LanguageFeatures/Definition.swift (in target 'LanguageServerProtocol' from project 'LanguageServerProtocol')
cd /Users/admin/builder/spi-builder-workspace/.swiftpm/xcode
builtin-SwiftPerFileCompile Definition.swift
SwiftCompile normal arm64 /Users/admin/builder/spi-builder-workspace/.dependencies/checkouts/LanguageServerProtocol/Sources/LanguageServerProtocol/LanguageFeatures/Diagnostics.swift (in target 'LanguageServerProtocol' from project 'LanguageServerProtocol')
cd /Users/admin/builder/spi-builder-workspace/.swiftpm/xcode
builtin-SwiftPerFileCompile Diagnostics.swift
SwiftCompile normal arm64 Compiling\ AsyncByteSequence.swift,\ AsyncMessageFramingSequence.swift,\ DataChannel+MessageFraming.swift,\ MessageFraming.swift,\ General.swift,\ CallHierarchy.swift,\ CodeAction.swift /Users/admin/builder/spi-builder-workspace/.dependencies/checkouts/LanguageServerProtocol/Sources/LanguageServerProtocol/Framing/AsyncByteSequence.swift /Users/admin/builder/spi-builder-workspace/.dependencies/checkouts/LanguageServerProtocol/Sources/LanguageServerProtocol/Framing/AsyncMessageFramingSequence.swift /Users/admin/builder/spi-builder-workspace/.dependencies/checkouts/LanguageServerProtocol/Sources/LanguageServerProtocol/Framing/DataChannel+MessageFraming.swift /Users/admin/builder/spi-builder-workspace/.dependencies/checkouts/LanguageServerProtocol/Sources/LanguageServerProtocol/Framing/MessageFraming.swift /Users/admin/builder/spi-builder-workspace/.dependencies/checkouts/LanguageServerProtocol/Sources/LanguageServerProtocol/General.swift /Users/admin/builder/spi-builder-workspace/.dependencies/checkouts/LanguageServerProtocol/Sources/LanguageServerProtocol/LanguageFeatures/CallHierarchy.swift /Users/admin/builder/spi-builder-workspace/.dependencies/checkouts/LanguageServerProtocol/Sources/LanguageServerProtocol/LanguageFeatures/CodeAction.swift (in target 'LanguageServerProtocol' from project 'LanguageServerProtocol')
SwiftCompile normal arm64 /Users/admin/builder/spi-builder-workspace/.dependencies/checkouts/LanguageServerProtocol/Sources/LanguageServerProtocol/Framing/AsyncByteSequence.swift (in target 'LanguageServerProtocol' from project 'LanguageServerProtocol')
cd /Users/admin/builder/spi-builder-workspace/.swiftpm/xcode
builtin-SwiftPerFileCompile AsyncByteSequence.swift
SwiftCompile normal arm64 /Users/admin/builder/spi-builder-workspace/.dependencies/checkouts/LanguageServerProtocol/Sources/LanguageServerProtocol/Framing/AsyncMessageFramingSequence.swift (in target 'LanguageServerProtocol' from project 'LanguageServerProtocol')
cd /Users/admin/builder/spi-builder-workspace/.swiftpm/xcode
builtin-SwiftPerFileCompile AsyncMessageFramingSequence.swift
SwiftCompile normal arm64 /Users/admin/builder/spi-builder-workspace/.dependencies/checkouts/LanguageServerProtocol/Sources/LanguageServerProtocol/Framing/DataChannel+MessageFraming.swift (in target 'LanguageServerProtocol' from project 'LanguageServerProtocol')
cd /Users/admin/builder/spi-builder-workspace/.swiftpm/xcode
builtin-SwiftPerFileCompile DataChannel+MessageFraming.swift
SwiftCompile normal arm64 /Users/admin/builder/spi-builder-workspace/.dependencies/checkouts/LanguageServerProtocol/Sources/LanguageServerProtocol/Framing/MessageFraming.swift (in target 'LanguageServerProtocol' from project 'LanguageServerProtocol')
cd /Users/admin/builder/spi-builder-workspace/.swiftpm/xcode
builtin-SwiftPerFileCompile MessageFraming.swift
SwiftCompile normal arm64 /Users/admin/builder/spi-builder-workspace/.dependencies/checkouts/LanguageServerProtocol/Sources/LanguageServerProtocol/General.swift (in target 'LanguageServerProtocol' from project 'LanguageServerProtocol')
cd /Users/admin/builder/spi-builder-workspace/.swiftpm/xcode
builtin-SwiftPerFileCompile General.swift
SwiftCompile normal arm64 /Users/admin/builder/spi-builder-workspace/.dependencies/checkouts/LanguageServerProtocol/Sources/LanguageServerProtocol/LanguageFeatures/CallHierarchy.swift (in target 'LanguageServerProtocol' from project 'LanguageServerProtocol')
cd /Users/admin/builder/spi-builder-workspace/.swiftpm/xcode
builtin-SwiftPerFileCompile CallHierarchy.swift
SwiftCompile normal arm64 /Users/admin/builder/spi-builder-workspace/.dependencies/checkouts/LanguageServerProtocol/Sources/LanguageServerProtocol/LanguageFeatures/CodeAction.swift (in target 'LanguageServerProtocol' from project 'LanguageServerProtocol')
cd /Users/admin/builder/spi-builder-workspace/.swiftpm/xcode
builtin-SwiftPerFileCompile CodeAction.swift
SwiftCompile normal arm64 Compiling\ BasicStructures.swift,\ Client.swift,\ JSONRPCServerConnection.swift,\ MockServer.swift,\ ServerConnection.swift,\ ClientCapabilities.swift,\ ErrorCodes.swift /Users/admin/builder/spi-builder-workspace/.dependencies/checkouts/LanguageServerProtocol/Sources/LanguageServerProtocol/BasicStructures.swift /Users/admin/builder/spi-builder-workspace/.dependencies/checkouts/LanguageServerProtocol/Sources/LanguageServerProtocol/Client.swift /Users/admin/builder/spi-builder-workspace/.dependencies/checkouts/LanguageServerProtocol/Sources/LanguageServerProtocol/Client/JSONRPCServerConnection.swift /Users/admin/builder/spi-builder-workspace/.dependencies/checkouts/LanguageServerProtocol/Sources/LanguageServerProtocol/Client/MockServer.swift /Users/admin/builder/spi-builder-workspace/.dependencies/checkouts/LanguageServerProtocol/Sources/LanguageServerProtocol/Client/ServerConnection.swift /Users/admin/builder/spi-builder-workspace/.dependencies/checkouts/LanguageServerProtocol/Sources/LanguageServerProtocol/ClientCapabilities.swift /Users/admin/builder/spi-builder-workspace/.dependencies/checkouts/LanguageServerProtocol/Sources/LanguageServerProtocol/ErrorCodes.swift (in target 'LanguageServerProtocol' from project 'LanguageServerProtocol')
SwiftCompile normal arm64 /Users/admin/builder/spi-builder-workspace/.dependencies/checkouts/LanguageServerProtocol/Sources/LanguageServerProtocol/BasicStructures.swift (in target 'LanguageServerProtocol' from project 'LanguageServerProtocol')
cd /Users/admin/builder/spi-builder-workspace/.swiftpm/xcode
builtin-SwiftPerFileCompile BasicStructures.swift
SwiftCompile normal arm64 /Users/admin/builder/spi-builder-workspace/.dependencies/checkouts/LanguageServerProtocol/Sources/LanguageServerProtocol/Client.swift (in target 'LanguageServerProtocol' from project 'LanguageServerProtocol')
cd /Users/admin/builder/spi-builder-workspace/.swiftpm/xcode
builtin-SwiftPerFileCompile Client.swift
SwiftCompile normal arm64 /Users/admin/builder/spi-builder-workspace/.dependencies/checkouts/LanguageServerProtocol/Sources/LanguageServerProtocol/Client/JSONRPCServerConnection.swift (in target 'LanguageServerProtocol' from project 'LanguageServerProtocol')
cd /Users/admin/builder/spi-builder-workspace/.swiftpm/xcode
builtin-SwiftPerFileCompile JSONRPCServerConnection.swift
SwiftCompile normal arm64 /Users/admin/builder/spi-builder-workspace/.dependencies/checkouts/LanguageServerProtocol/Sources/LanguageServerProtocol/Client/MockServer.swift (in target 'LanguageServerProtocol' from project 'LanguageServerProtocol')
cd /Users/admin/builder/spi-builder-workspace/.swiftpm/xcode
builtin-SwiftPerFileCompile MockServer.swift
SwiftCompile normal arm64 /Users/admin/builder/spi-builder-workspace/.dependencies/checkouts/LanguageServerProtocol/Sources/LanguageServerProtocol/Client/ServerConnection.swift (in target 'LanguageServerProtocol' from project 'LanguageServerProtocol')
cd /Users/admin/builder/spi-builder-workspace/.swiftpm/xcode
builtin-SwiftPerFileCompile ServerConnection.swift
SwiftCompile normal arm64 /Users/admin/builder/spi-builder-workspace/.dependencies/checkouts/LanguageServerProtocol/Sources/LanguageServerProtocol/ClientCapabilities.swift (in target 'LanguageServerProtocol' from project 'LanguageServerProtocol')
cd /Users/admin/builder/spi-builder-workspace/.swiftpm/xcode
builtin-SwiftPerFileCompile ClientCapabilities.swift
SwiftCompile normal arm64 /Users/admin/builder/spi-builder-workspace/.dependencies/checkouts/LanguageServerProtocol/Sources/LanguageServerProtocol/ErrorCodes.swift (in target 'LanguageServerProtocol' from project 'LanguageServerProtocol')
cd /Users/admin/builder/spi-builder-workspace/.swiftpm/xcode
builtin-SwiftPerFileCompile ErrorCodes.swift
SwiftEmitModule normal arm64 Emitting\ module\ for\ LanguageServerProtocol (in target 'LanguageServerProtocol' from project 'LanguageServerProtocol')
SwiftCompile normal arm64 (in target 'LanguageServerProtocol' from project 'LanguageServerProtocol')
cd /Users/admin/builder/spi-builder-workspace/.swiftpm/xcode
SwiftCompile normal arm64 Compiling\ ExecuteCommand.swift,\ Folders.swift,\ Symbol.swift,\ WillCreateFiles.swift,\ WillDeleteFiles.swift,\ WillRenameFiles.swift /Users/admin/builder/spi-builder-workspace/.dependencies/checkouts/LanguageServerProtocol/Sources/LanguageServerProtocol/Workspace/ExecuteCommand.swift /Users/admin/builder/spi-builder-workspace/.dependencies/checkouts/LanguageServerProtocol/Sources/LanguageServerProtocol/Workspace/Folders.swift /Users/admin/builder/spi-builder-workspace/.dependencies/checkouts/LanguageServerProtocol/Sources/LanguageServerProtocol/Workspace/Symbol.swift /Users/admin/builder/spi-builder-workspace/.dependencies/checkouts/LanguageServerProtocol/Sources/LanguageServerProtocol/Workspace/WillCreateFiles.swift /Users/admin/builder/spi-builder-workspace/.dependencies/checkouts/LanguageServerProtocol/Sources/LanguageServerProtocol/Workspace/WillDeleteFiles.swift /Users/admin/builder/spi-builder-workspace/.dependencies/checkouts/LanguageServerProtocol/Sources/LanguageServerProtocol/Workspace/WillRenameFiles.swift (in target 'LanguageServerProtocol' from project 'LanguageServerProtocol')
SwiftCompile normal arm64 /Users/admin/builder/spi-builder-workspace/.dependencies/checkouts/LanguageServerProtocol/Sources/LanguageServerProtocol/Workspace/ExecuteCommand.swift (in target 'LanguageServerProtocol' from project 'LanguageServerProtocol')
cd /Users/admin/builder/spi-builder-workspace/.swiftpm/xcode
builtin-SwiftPerFileCompile ExecuteCommand.swift
SwiftCompile normal arm64 /Users/admin/builder/spi-builder-workspace/.dependencies/checkouts/LanguageServerProtocol/Sources/LanguageServerProtocol/Workspace/Folders.swift (in target 'LanguageServerProtocol' from project 'LanguageServerProtocol')
cd /Users/admin/builder/spi-builder-workspace/.swiftpm/xcode
builtin-SwiftPerFileCompile Folders.swift
SwiftCompile normal arm64 /Users/admin/builder/spi-builder-workspace/.dependencies/checkouts/LanguageServerProtocol/Sources/LanguageServerProtocol/Workspace/Symbol.swift (in target 'LanguageServerProtocol' from project 'LanguageServerProtocol')
cd /Users/admin/builder/spi-builder-workspace/.swiftpm/xcode
builtin-SwiftPerFileCompile Symbol.swift
SwiftCompile normal arm64 /Users/admin/builder/spi-builder-workspace/.dependencies/checkouts/LanguageServerProtocol/Sources/LanguageServerProtocol/Workspace/WillCreateFiles.swift (in target 'LanguageServerProtocol' from project 'LanguageServerProtocol')
cd /Users/admin/builder/spi-builder-workspace/.swiftpm/xcode
builtin-SwiftPerFileCompile WillCreateFiles.swift
SwiftCompile normal arm64 /Users/admin/builder/spi-builder-workspace/.dependencies/checkouts/LanguageServerProtocol/Sources/LanguageServerProtocol/Workspace/WillDeleteFiles.swift (in target 'LanguageServerProtocol' from project 'LanguageServerProtocol')
cd /Users/admin/builder/spi-builder-workspace/.swiftpm/xcode
builtin-SwiftPerFileCompile WillDeleteFiles.swift
SwiftCompile normal arm64 /Users/admin/builder/spi-builder-workspace/.dependencies/checkouts/LanguageServerProtocol/Sources/LanguageServerProtocol/Workspace/WillRenameFiles.swift (in target 'LanguageServerProtocol' from project 'LanguageServerProtocol')
cd /Users/admin/builder/spi-builder-workspace/.swiftpm/xcode
builtin-SwiftPerFileCompile WillRenameFiles.swift
SwiftCompile normal arm64 Compiling\ References.swift,\ Rename.swift,\ SelectionRange.swift,\ SemanticTokens.swift,\ SignatureHelp.swift,\ TypeDefinition.swift /Users/admin/builder/spi-builder-workspace/.dependencies/checkouts/LanguageServerProtocol/Sources/LanguageServerProtocol/LanguageFeatures/References.swift /Users/admin/builder/spi-builder-workspace/.dependencies/checkouts/LanguageServerProtocol/Sources/LanguageServerProtocol/LanguageFeatures/Rename.swift /Users/admin/builder/spi-builder-workspace/.dependencies/checkouts/LanguageServerProtocol/Sources/LanguageServerProtocol/LanguageFeatures/SelectionRange.swift /Users/admin/builder/spi-builder-workspace/.dependencies/checkouts/LanguageServerProtocol/Sources/LanguageServerProtocol/LanguageFeatures/SemanticTokens.swift /Users/admin/builder/spi-builder-workspace/.dependencies/checkouts/LanguageServerProtocol/Sources/LanguageServerProtocol/LanguageFeatures/SignatureHelp.swift /Users/admin/builder/spi-builder-workspace/.dependencies/checkouts/LanguageServerProtocol/Sources/LanguageServerProtocol/LanguageFeatures/TypeDefinition.swift (in target 'LanguageServerProtocol' from project 'LanguageServerProtocol')
SwiftCompile normal arm64 /Users/admin/builder/spi-builder-workspace/.dependencies/checkouts/LanguageServerProtocol/Sources/LanguageServerProtocol/LanguageFeatures/References.swift (in target 'LanguageServerProtocol' from project 'LanguageServerProtocol')
cd /Users/admin/builder/spi-builder-workspace/.swiftpm/xcode
builtin-SwiftPerFileCompile References.swift
SwiftCompile normal arm64 /Users/admin/builder/spi-builder-workspace/.dependencies/checkouts/LanguageServerProtocol/Sources/LanguageServerProtocol/LanguageFeatures/Rename.swift (in target 'LanguageServerProtocol' from project 'LanguageServerProtocol')
cd /Users/admin/builder/spi-builder-workspace/.swiftpm/xcode
builtin-SwiftPerFileCompile Rename.swift
SwiftCompile normal arm64 /Users/admin/builder/spi-builder-workspace/.dependencies/checkouts/LanguageServerProtocol/Sources/LanguageServerProtocol/LanguageFeatures/SelectionRange.swift (in target 'LanguageServerProtocol' from project 'LanguageServerProtocol')
cd /Users/admin/builder/spi-builder-workspace/.swiftpm/xcode
builtin-SwiftPerFileCompile SelectionRange.swift
SwiftCompile normal arm64 /Users/admin/builder/spi-builder-workspace/.dependencies/checkouts/LanguageServerProtocol/Sources/LanguageServerProtocol/LanguageFeatures/SemanticTokens.swift (in target 'LanguageServerProtocol' from project 'LanguageServerProtocol')
cd /Users/admin/builder/spi-builder-workspace/.swiftpm/xcode
builtin-SwiftPerFileCompile SemanticTokens.swift
SwiftCompile normal arm64 /Users/admin/builder/spi-builder-workspace/.dependencies/checkouts/LanguageServerProtocol/Sources/LanguageServerProtocol/LanguageFeatures/SignatureHelp.swift (in target 'LanguageServerProtocol' from project 'LanguageServerProtocol')
cd /Users/admin/builder/spi-builder-workspace/.swiftpm/xcode
builtin-SwiftPerFileCompile SignatureHelp.swift
SwiftCompile normal arm64 /Users/admin/builder/spi-builder-workspace/.dependencies/checkouts/LanguageServerProtocol/Sources/LanguageServerProtocol/LanguageFeatures/TypeDefinition.swift (in target 'LanguageServerProtocol' from project 'LanguageServerProtocol')
cd /Users/admin/builder/spi-builder-workspace/.swiftpm/xcode
builtin-SwiftPerFileCompile TypeDefinition.swift
SwiftDriverJobDiscovery normal arm64 Compiling BashCompletionsGenerator.swift, CompletionsGenerator.swift, FishCompletionsGenerator.swift, ZshCompletionsGenerator.swift, Argument.swift, ArgumentDiscussion.swift (in target 'ArgumentParser' from project 'swift-argument-parser')
SwiftCompile normal arm64 Compiling\ TypeHierarchy.swift,\ LanguageServerProtocol.swift,\ ServerCapabilities.swift,\ TextSynchronization.swift,\ ThreeTypeOption.swift,\ TwoTypeOption.swift /Users/admin/builder/spi-builder-workspace/.dependencies/checkouts/LanguageServerProtocol/Sources/LanguageServerProtocol/LanguageFeatures/TypeHierarchy.swift /Users/admin/builder/spi-builder-workspace/.dependencies/checkouts/LanguageServerProtocol/Sources/LanguageServerProtocol/LanguageServerProtocol.swift /Users/admin/builder/spi-builder-workspace/.dependencies/checkouts/LanguageServerProtocol/Sources/LanguageServerProtocol/ServerCapabilities.swift /Users/admin/builder/spi-builder-workspace/.dependencies/checkouts/LanguageServerProtocol/Sources/LanguageServerProtocol/TextSynchronization.swift /Users/admin/builder/spi-builder-workspace/.dependencies/checkouts/LanguageServerProtocol/Sources/LanguageServerProtocol/ThreeTypeOption.swift /Users/admin/builder/spi-builder-workspace/.dependencies/checkouts/LanguageServerProtocol/Sources/LanguageServerProtocol/TwoTypeOption.swift (in target 'LanguageServerProtocol' from project 'LanguageServerProtocol')
SwiftCompile normal arm64 /Users/admin/builder/spi-builder-workspace/.dependencies/checkouts/LanguageServerProtocol/Sources/LanguageServerProtocol/LanguageFeatures/TypeHierarchy.swift (in target 'LanguageServerProtocol' from project 'LanguageServerProtocol')
cd /Users/admin/builder/spi-builder-workspace/.swiftpm/xcode
builtin-SwiftPerFileCompile TypeHierarchy.swift
SwiftCompile normal arm64 /Users/admin/builder/spi-builder-workspace/.dependencies/checkouts/LanguageServerProtocol/Sources/LanguageServerProtocol/LanguageServerProtocol.swift (in target 'LanguageServerProtocol' from project 'LanguageServerProtocol')
cd /Users/admin/builder/spi-builder-workspace/.swiftpm/xcode
builtin-SwiftPerFileCompile LanguageServerProtocol.swift
SwiftCompile normal arm64 /Users/admin/builder/spi-builder-workspace/.dependencies/checkouts/LanguageServerProtocol/Sources/LanguageServerProtocol/ServerCapabilities.swift (in target 'LanguageServerProtocol' from project 'LanguageServerProtocol')
cd /Users/admin/builder/spi-builder-workspace/.swiftpm/xcode
builtin-SwiftPerFileCompile ServerCapabilities.swift
SwiftCompile normal arm64 /Users/admin/builder/spi-builder-workspace/.dependencies/checkouts/LanguageServerProtocol/Sources/LanguageServerProtocol/TextSynchronization.swift (in target 'LanguageServerProtocol' from project 'LanguageServerProtocol')
cd /Users/admin/builder/spi-builder-workspace/.swiftpm/xcode
builtin-SwiftPerFileCompile TextSynchronization.swift
SwiftCompile normal arm64 /Users/admin/builder/spi-builder-workspace/.dependencies/checkouts/LanguageServerProtocol/Sources/LanguageServerProtocol/ThreeTypeOption.swift (in target 'LanguageServerProtocol' from project 'LanguageServerProtocol')
cd /Users/admin/builder/spi-builder-workspace/.swiftpm/xcode
builtin-SwiftPerFileCompile ThreeTypeOption.swift
SwiftCompile normal arm64 /Users/admin/builder/spi-builder-workspace/.dependencies/checkouts/LanguageServerProtocol/Sources/LanguageServerProtocol/TwoTypeOption.swift (in target 'LanguageServerProtocol' from project 'LanguageServerProtocol')
cd /Users/admin/builder/spi-builder-workspace/.swiftpm/xcode
builtin-SwiftPerFileCompile TwoTypeOption.swift
SwiftDriverJobDiscovery normal arm64 Compiling SplitArguments.swift, DumpHelpGenerator.swift, HelpCommand.swift, HelpGenerator.swift, MessageInfo.swift (in target 'ArgumentParser' from project 'swift-argument-parser')
SwiftCompile normal arm64 Compiling\ Utility.swift,\ Window.swift,\ ShowMessageRequest.swift,\ Workspace.swift,\ ApplyEdit.swift,\ Configuration.swift /Users/admin/builder/spi-builder-workspace/.dependencies/checkouts/LanguageServerProtocol/Sources/LanguageServerProtocol/Utility.swift /Users/admin/builder/spi-builder-workspace/.dependencies/checkouts/LanguageServerProtocol/Sources/LanguageServerProtocol/Window.swift /Users/admin/builder/spi-builder-workspace/.dependencies/checkouts/LanguageServerProtocol/Sources/LanguageServerProtocol/Window/ShowMessageRequest.swift /Users/admin/builder/spi-builder-workspace/.dependencies/checkouts/LanguageServerProtocol/Sources/LanguageServerProtocol/Workspace.swift /Users/admin/builder/spi-builder-workspace/.dependencies/checkouts/LanguageServerProtocol/Sources/LanguageServerProtocol/Workspace/ApplyEdit.swift /Users/admin/builder/spi-builder-workspace/.dependencies/checkouts/LanguageServerProtocol/Sources/LanguageServerProtocol/Workspace/Configuration.swift (in target 'LanguageServerProtocol' from project 'LanguageServerProtocol')
SwiftCompile normal arm64 /Users/admin/builder/spi-builder-workspace/.dependencies/checkouts/LanguageServerProtocol/Sources/LanguageServerProtocol/Utility.swift (in target 'LanguageServerProtocol' from project 'LanguageServerProtocol')
cd /Users/admin/builder/spi-builder-workspace/.swiftpm/xcode
builtin-SwiftPerFileCompile Utility.swift
SwiftCompile normal arm64 /Users/admin/builder/spi-builder-workspace/.dependencies/checkouts/LanguageServerProtocol/Sources/LanguageServerProtocol/Window.swift (in target 'LanguageServerProtocol' from project 'LanguageServerProtocol')
cd /Users/admin/builder/spi-builder-workspace/.swiftpm/xcode
builtin-SwiftPerFileCompile Window.swift
SwiftCompile normal arm64 /Users/admin/builder/spi-builder-workspace/.dependencies/checkouts/LanguageServerProtocol/Sources/LanguageServerProtocol/Window/ShowMessageRequest.swift (in target 'LanguageServerProtocol' from project 'LanguageServerProtocol')
cd /Users/admin/builder/spi-builder-workspace/.swiftpm/xcode
builtin-SwiftPerFileCompile ShowMessageRequest.swift
SwiftCompile normal arm64 /Users/admin/builder/spi-builder-workspace/.dependencies/checkouts/LanguageServerProtocol/Sources/LanguageServerProtocol/Workspace.swift (in target 'LanguageServerProtocol' from project 'LanguageServerProtocol')
cd /Users/admin/builder/spi-builder-workspace/.swiftpm/xcode
builtin-SwiftPerFileCompile Workspace.swift
SwiftCompile normal arm64 /Users/admin/builder/spi-builder-workspace/.dependencies/checkouts/LanguageServerProtocol/Sources/LanguageServerProtocol/Workspace/ApplyEdit.swift (in target 'LanguageServerProtocol' from project 'LanguageServerProtocol')
cd /Users/admin/builder/spi-builder-workspace/.swiftpm/xcode
builtin-SwiftPerFileCompile ApplyEdit.swift
SwiftCompile normal arm64 /Users/admin/builder/spi-builder-workspace/.dependencies/checkouts/LanguageServerProtocol/Sources/LanguageServerProtocol/Workspace/Configuration.swift (in target 'LanguageServerProtocol' from project 'LanguageServerProtocol')
cd /Users/admin/builder/spi-builder-workspace/.swiftpm/xcode
builtin-SwiftPerFileCompile Configuration.swift
SwiftDriverJobDiscovery normal arm64 Compiling ArgumentDecoder.swift, ArgumentDefinition.swift, ArgumentSet.swift, CommandParser.swift, InputKey.swift (in target 'ArgumentParser' from project 'swift-argument-parser')
SwiftCompile normal arm64 Compiling\ Hover.swift,\ Implementation.swift,\ InlayHint.swift,\ LinkedEditingRange.swift,\ Moniker.swift,\ OnTypeFormatting.swift /Users/admin/builder/spi-builder-workspace/.dependencies/checkouts/LanguageServerProtocol/Sources/LanguageServerProtocol/LanguageFeatures/Hover.swift /Users/admin/builder/spi-builder-workspace/.dependencies/checkouts/LanguageServerProtocol/Sources/LanguageServerProtocol/LanguageFeatures/Implementation.swift /Users/admin/builder/spi-builder-workspace/.dependencies/checkouts/LanguageServerProtocol/Sources/LanguageServerProtocol/LanguageFeatures/InlayHint.swift /Users/admin/builder/spi-builder-workspace/.dependencies/checkouts/LanguageServerProtocol/Sources/LanguageServerProtocol/LanguageFeatures/LinkedEditingRange.swift /Users/admin/builder/spi-builder-workspace/.dependencies/checkouts/LanguageServerProtocol/Sources/LanguageServerProtocol/LanguageFeatures/Moniker.swift /Users/admin/builder/spi-builder-workspace/.dependencies/checkouts/LanguageServerProtocol/Sources/LanguageServerProtocol/LanguageFeatures/OnTypeFormatting.swift (in target 'LanguageServerProtocol' from project 'LanguageServerProtocol')
SwiftCompile normal arm64 /Users/admin/builder/spi-builder-workspace/.dependencies/checkouts/LanguageServerProtocol/Sources/LanguageServerProtocol/LanguageFeatures/Hover.swift (in target 'LanguageServerProtocol' from project 'LanguageServerProtocol')
cd /Users/admin/builder/spi-builder-workspace/.swiftpm/xcode
builtin-SwiftPerFileCompile Hover.swift
SwiftCompile normal arm64 /Users/admin/builder/spi-builder-workspace/.dependencies/checkouts/LanguageServerProtocol/Sources/LanguageServerProtocol/LanguageFeatures/Implementation.swift (in target 'LanguageServerProtocol' from project 'LanguageServerProtocol')
cd /Users/admin/builder/spi-builder-workspace/.swiftpm/xcode
builtin-SwiftPerFileCompile Implementation.swift
SwiftCompile normal arm64 /Users/admin/builder/spi-builder-workspace/.dependencies/checkouts/LanguageServerProtocol/Sources/LanguageServerProtocol/LanguageFeatures/InlayHint.swift (in target 'LanguageServerProtocol' from project 'LanguageServerProtocol')
cd /Users/admin/builder/spi-builder-workspace/.swiftpm/xcode
builtin-SwiftPerFileCompile InlayHint.swift
SwiftCompile normal arm64 /Users/admin/builder/spi-builder-workspace/.dependencies/checkouts/LanguageServerProtocol/Sources/LanguageServerProtocol/LanguageFeatures/LinkedEditingRange.swift (in target 'LanguageServerProtocol' from project 'LanguageServerProtocol')
cd /Users/admin/builder/spi-builder-workspace/.swiftpm/xcode
builtin-SwiftPerFileCompile LinkedEditingRange.swift
SwiftCompile normal arm64 /Users/admin/builder/spi-builder-workspace/.dependencies/checkouts/LanguageServerProtocol/Sources/LanguageServerProtocol/LanguageFeatures/Moniker.swift (in target 'LanguageServerProtocol' from project 'LanguageServerProtocol')
cd /Users/admin/builder/spi-builder-workspace/.swiftpm/xcode
builtin-SwiftPerFileCompile Moniker.swift
SwiftCompile normal arm64 /Users/admin/builder/spi-builder-workspace/.dependencies/checkouts/LanguageServerProtocol/Sources/LanguageServerProtocol/LanguageFeatures/OnTypeFormatting.swift (in target 'LanguageServerProtocol' from project 'LanguageServerProtocol')
cd /Users/admin/builder/spi-builder-workspace/.swiftpm/xcode
builtin-SwiftPerFileCompile OnTypeFormatting.swift
SwiftDriverJobDiscovery normal arm64 Compiling ExecuteCommand.swift, Folders.swift, Symbol.swift, WillCreateFiles.swift, WillDeleteFiles.swift, WillRenameFiles.swift (in target 'LanguageServerProtocol' from project 'LanguageServerProtocol')
SwiftDriver\ Compilation ArgumentParser normal arm64 com.apple.xcode.tools.swift.compiler (in target 'ArgumentParser' from project 'swift-argument-parser')
cd /Users/admin/builder/spi-builder-workspace/.swiftpm/xcode
builtin-Swift-Compilation -- /Applications/Xcode-27.0.0-Release.Candidate.app/Contents/Developer/Toolchains/XcodeDefault.xctoolchain/usr/bin/swiftc -parse-as-library -module-name ArgumentParser -Onone @/Users/admin/builder/spi-builder-workspace/.derivedData/Build/Intermediates.noindex/swift-argument-parser.build/Debug-xros/ArgumentParser-t.build/Objects-normal/arm64/ArgumentParser.SwiftFileList -DSWIFT_PACKAGE -DDEBUG -DSWIFT_MODULE_RESOURCE_BUNDLE_UNAVAILABLE -DXcode -plugin-path /Applications/Xcode-27.0.0-Release.Candidate.app/Contents/Developer/Toolchains/XcodeDefault.xctoolchain/usr/lib/swift/host/plugins/testing -enable-experimental-feature DebugDescriptionMacro -sdk /Applications/Xcode-27.0.0-Release.Candidate.app/Contents/Developer/Platforms/XROS.platform/Developer/SDKs/XROS27.0.sdk -target arm64-apple-xros1.0 -g -module-cache-path /Users/admin/builder/spi-builder-workspace/.derivedData/ModuleCache.noindex -Xfrontend -serialize-debugging-options -profile-coverage-mapping -profile-generate -enable-testing -suppress-warnings -index-store-path /Users/admin/builder/spi-builder-workspace/.derivedData/Index.noindex/DataStore -Xcc -D_LIBCPP_HARDENING_MODE\=_LIBCPP_HARDENING_MODE_DEBUG -swift-version 6 -I /Users/admin/builder/spi-builder-workspace/.derivedData/Build/Products/Debug-xros -Isystem /Applications/Xcode-27.0.0-Release.Candidate.app/Contents/Developer/Platforms/XROS.platform/Developer/usr/lib -F /Users/admin/builder/spi-builder-workspace/.derivedData/Build/Products/Debug-xros/PackageFrameworks -F /Users/admin/builder/spi-builder-workspace/.derivedData/Build/Products/Debug-xros -F /Applications/Xcode-27.0.0-Release.Candidate.app/Contents/Developer/Platforms/XROS.platform/Developer/Library/Frameworks -F /Applications/Xcode-27.0.0-Release.Candidate.app/Contents/Developer/Platforms/XROS.platform/Developer/SDKs/XROS27.0.sdk/Developer/Library/Frameworks -c -j10 -enable-batch-mode -incremental -Xcc -ivfsstatcache -Xcc /Users/admin/builder/spi-builder-workspace/.derivedData/SDKStatCaches.noindex/xros27.0-24M361-e829b21a6f8c9b70876ba0858053c044735bd543db762f57723cac368afd1ce4.sdkstatcache -output-file-map /Users/admin/builder/spi-builder-workspace/.derivedData/Build/Intermediates.noindex/swift-argument-parser.build/Debug-xros/ArgumentParser-t.build/Objects-normal/arm64/ArgumentParser-OutputFileMap.json -save-temps -no-color-diagnostics -explicit-module-build -module-cache-path /Users/admin/builder/spi-builder-workspace/.derivedData/Build/Intermediates.noindex/SwiftExplicitPrecompiledModules -clang-scanner-module-cache-path /Users/admin/builder/spi-builder-workspace/.derivedData/ModuleCache.noindex -sdk-module-cache-path /Users/admin/builder/spi-builder-workspace/.derivedData/SDKExplicitPrecompiledModules -emit-dependencies -emit-module -emit-module-path /Users/admin/builder/spi-builder-workspace/.derivedData/Build/Intermediates.noindex/swift-argument-parser.build/Debug-xros/ArgumentParser-t.build/Objects-normal/arm64/ArgumentParser.swiftmodule -serialize-diagnostics -dependency-scan-serialize-diagnostics-path /Users/admin/builder/spi-builder-workspace/.derivedData/Build/Intermediates.noindex/swift-argument-parser.build/Debug-xros/ArgumentParser-t.build/Objects-normal/arm64/ArgumentParser-dependency-scan.dia -user-module-version 1.8.2 -validate-clang-modules-once -clang-build-session-file /Users/admin/builder/spi-builder-workspace/.derivedData/ModuleCache.noindex/Session.modulevalidation -Xcc -fmodules-prune-interval\=86400 -Xcc -fmodules-prune-after\=345600 -package-name swift_argument_parser -emit-const-values -const-gather-protocols-list /Users/admin/builder/spi-builder-workspace/.derivedData/Build/Intermediates.noindex/swift-argument-parser.build/Debug-xros/ArgumentParser-t.build/Objects-normal/arm64/ArgumentParser_const_extract_protocols.json -Xcc -I/Users/admin/builder/spi-builder-workspace/.derivedData/Build/Products/Debug-xros/include -Xcc -I/Users/admin/builder/spi-builder-workspace/.derivedData/Build/Intermediates.noindex/swift-argument-parser.build/Debug-xros/ArgumentParser-t.build/DerivedSources-normal/arm64 -Xcc -I/Users/admin/builder/spi-builder-workspace/.derivedData/Build/Intermediates.noindex/swift-argument-parser.build/Debug-xros/ArgumentParser-t.build/DerivedSources/arm64 -Xcc -I/Users/admin/builder/spi-builder-workspace/.derivedData/Build/Intermediates.noindex/swift-argument-parser.build/Debug-xros/ArgumentParser-t.build/DerivedSources -Xcc -DSWIFT_PACKAGE -Xcc -DDEBUG\=1 -emit-objc-header -emit-objc-header-path /Users/admin/builder/spi-builder-workspace/.derivedData/Build/Intermediates.noindex/swift-argument-parser.build/Debug-xros/ArgumentParser-t.build/Objects-normal/arm64/ArgumentParser-Swift.h -working-directory /Users/admin/builder/spi-builder-workspace/.swiftpm/xcode -experimental-emit-module-separately -disable-cmo
SwiftDriverJobDiscovery normal arm64 Compiling AsyncStreamPolyfill.swift, NSRegularExpression+Matching.swift, Protocol+Mutating.swift, ServerCapabilities+Extensions.swift, Snippet.swift, TokenRepresentation.swift, BaseProtocol.swift (in target 'LanguageServerProtocol' from project 'LanguageServerProtocol')
Ld /Users/admin/builder/spi-builder-workspace/.derivedData/Build/Products/Debug-xros/ArgumentParser.o normal (in target 'ArgumentParser' from project 'swift-argument-parser')
cd /Users/admin/builder/spi-builder-workspace/.dependencies/checkouts/swift-argument-parser
/Applications/Xcode-27.0.0-Release.Candidate.app/Contents/Developer/Toolchains/XcodeDefault.xctoolchain/usr/bin/clang -Xlinker -reproducible -target arm64-apple-xros1.0 -r -isysroot /Applications/Xcode-27.0.0-Release.Candidate.app/Contents/Developer/Platforms/XROS.platform/Developer/SDKs/XROS27.0.sdk -O0 -w -Xlinker -no_warn_duplicate_libraries -F/Users/admin/builder/spi-builder-workspace/.derivedData/Build/Intermediates.noindex/EagerLinkingTBDs/Debug-xros -F/Users/admin/builder/spi-builder-workspace/.derivedData/Build/Products/Debug-xros/PackageFrameworks -F/Users/admin/builder/spi-builder-workspace/.derivedData/Build/Products/Debug-xros -iframework /Applications/Xcode-27.0.0-Release.Candidate.app/Contents/Developer/Platforms/XROS.platform/Developer/Library/Frameworks -iframework /Applications/Xcode-27.0.0-Release.Candidate.app/Contents/Developer/Platforms/XROS.platform/Developer/SDKs/XROS27.0.sdk/Developer/Library/Frameworks -filelist /Users/admin/builder/spi-builder-workspace/.derivedData/Build/Intermediates.noindex/swift-argument-parser.build/Debug-xros/ArgumentParser-t.build/Objects-normal/arm64/ArgumentParser.LinkFileList -nostdlib -Xlinker -object_path_lto -Xlinker /Users/admin/builder/spi-builder-workspace/.derivedData/Build/Intermediates.noindex/swift-argument-parser.build/Debug-xros/ArgumentParser-t.build/Objects-normal/arm64/ArgumentParser_lto.o -Xlinker -no_deduplicate -Xlinker -debug_variant -Xlinker -dependency_info -Xlinker /Users/admin/builder/spi-builder-workspace/.derivedData/Build/Intermediates.noindex/swift-argument-parser.build/Debug-xros/ArgumentParser-t.build/Objects-normal/arm64/ArgumentParser_dependency_info.dat -fobjc-link-runtime -L/Applications/Xcode-27.0.0-Release.Candidate.app/Contents/Developer/Toolchains/XcodeDefault.xctoolchain/usr/lib/swift/xros -L/usr/lib/swift -Xlinker -add_ast_path -Xlinker /Users/admin/builder/spi-builder-workspace/.derivedData/Build/Intermediates.noindex/swift-argument-parser.build/Debug-xros/ArgumentParser-t.build/Objects-normal/arm64/ArgumentParser.swiftmodule -o /Users/admin/builder/spi-builder-workspace/.derivedData/Build/Products/Debug-xros/ArgumentParser.o
SwiftDriverJobDiscovery normal arm64 Compiling DocumentColor.swift, DocumentHighlight.swift, DocumentLink.swift, DocumentSymbol.swift, FoldingRange.swift, Formatting.swift (in target 'LanguageServerProtocol' from project 'LanguageServerProtocol')
ExtractAppIntentsMetadata (in target 'ArgumentParser' from project 'swift-argument-parser')
cd /Users/admin/builder/spi-builder-workspace/.dependencies/checkouts/swift-argument-parser
/Applications/Xcode-27.0.0-Release.Candidate.app/Contents/Developer/Toolchains/XcodeDefault.xctoolchain/usr/bin/appintentsmetadataprocessor --toolchain-dir /var/run/com.apple.security.cryptexd/mnt/com.apple.MobileAsset.MetalToolchain-v27.1.266.1.V2dSdr/Metal.xctoolchain --module-name ArgumentParser --sdk-root /Applications/Xcode-27.0.0-Release.Candidate.app/Contents/Developer/Platforms/XROS.platform/Developer/SDKs/XROS27.0.sdk --xcode-version 27A266a --platform-family xrOS --deployment-target 1.0 --bundle-identifier swift-argument-parser.ArgumentParser --output /Users/admin/builder/spi-builder-workspace/.derivedData/Build/Products/Debug-xros/ArgumentParser.appintents --target-triple arm64-apple-xros1.0 --binary-file /Users/admin/builder/spi-builder-workspace/.derivedData/Build/Products/Debug-xros/ArgumentParser.o --dependency-file /Users/admin/builder/spi-builder-workspace/.derivedData/Build/Intermediates.noindex/swift-argument-parser.build/Debug-xros/ArgumentParser-t.build/Objects-normal/arm64/ArgumentParser_dependency_info.dat --stringsdata-file /Users/admin/builder/spi-builder-workspace/.derivedData/Build/Intermediates.noindex/swift-argument-parser.build/Debug-xros/ArgumentParser-t.build/Objects-normal/arm64/ExtractedAppShortcutsMetadata.stringsdata --source-file-list /Users/admin/builder/spi-builder-workspace/.derivedData/Build/Intermediates.noindex/swift-argument-parser.build/Debug-xros/ArgumentParser-t.build/Objects-normal/arm64/ArgumentParser.SwiftFileList --metadata-file-list /Users/admin/builder/spi-builder-workspace/.derivedData/Build/Intermediates.noindex/swift-argument-parser.build/Debug-xros/ArgumentParser-t.build/ArgumentParser.DependencyMetadataFileList --static-metadata-file-list /Users/admin/builder/spi-builder-workspace/.derivedData/Build/Intermediates.noindex/swift-argument-parser.build/Debug-xros/ArgumentParser-t.build/ArgumentParser.DependencyStaticMetadataFileList --swift-const-vals-list /Users/admin/builder/spi-builder-workspace/.derivedData/Build/Intermediates.noindex/swift-argument-parser.build/Debug-xros/ArgumentParser-t.build/Objects-normal/arm64/ArgumentParser.SwiftConstValuesFileList --force --compile-time-extraction --deployment-aware-processing --no-app-shortcuts-localization
2026-09-23 19:18:15.853 appintentsmetadataprocessor[1304:7154] Starting appintentsmetadataprocessor export
2026-09-23 19:18:15.927 appintentsmetadataprocessor[1304:7154] Extracted no relevant App Intents symbols, skipping writing output
SwiftDriverJobDiscovery normal arm64 Compiling AsyncByteSequence.swift, AsyncMessageFramingSequence.swift, DataChannel+MessageFraming.swift, MessageFraming.swift, General.swift, CallHierarchy.swift, CodeAction.swift (in target 'LanguageServerProtocol' from project 'LanguageServerProtocol')
SwiftDriverJobDiscovery normal arm64 Emitting module for LanguageServerProtocol (in target 'LanguageServerProtocol' from project 'LanguageServerProtocol')
SwiftDriver\ Compilation\ Requirements LanguageServerProtocol normal arm64 com.apple.xcode.tools.swift.compiler (in target 'LanguageServerProtocol' from project 'LanguageServerProtocol')
cd /Users/admin/builder/spi-builder-workspace/.swiftpm/xcode
builtin-Swift-Compilation-Requirements -- /Applications/Xcode-27.0.0-Release.Candidate.app/Contents/Developer/Toolchains/XcodeDefault.xctoolchain/usr/bin/swiftc -parse-as-library -module-name LanguageServerProtocol -Onone @/Users/admin/builder/spi-builder-workspace/.derivedData/Build/Intermediates.noindex/LanguageServerProtocol.build/Debug-xros/LanguageServerProtocol-t.build/Objects-normal/arm64/LanguageServerProtocol.SwiftFileList -DSWIFT_PACKAGE -DDEBUG -DSWIFT_MODULE_RESOURCE_BUNDLE_UNAVAILABLE -DXcode -enable-experimental-feature StrictConcurrency -plugin-path /Applications/Xcode-27.0.0-Release.Candidate.app/Contents/Developer/Toolchains/XcodeDefault.xctoolchain/usr/lib/swift/host/plugins/testing -enable-experimental-feature DebugDescriptionMacro -sdk /Applications/Xcode-27.0.0-Release.Candidate.app/Contents/Developer/Platforms/XROS.platform/Developer/SDKs/XROS27.0.sdk -target arm64-apple-xros1.0 -g -module-cache-path /Users/admin/builder/spi-builder-workspace/.derivedData/ModuleCache.noindex -Xfrontend -serialize-debugging-options -profile-coverage-mapping -profile-generate -enable-testing -suppress-warnings -index-store-path /Users/admin/builder/spi-builder-workspace/.derivedData/Index.noindex/DataStore -Xcc -D_LIBCPP_HARDENING_MODE\=_LIBCPP_HARDENING_MODE_DEBUG -swift-version 5 -I /Users/admin/builder/spi-builder-workspace/.derivedData/Build/Products/Debug-xros -Isystem /Applications/Xcode-27.0.0-Release.Candidate.app/Contents/Developer/Platforms/XROS.platform/Developer/usr/lib -F /Users/admin/builder/spi-builder-workspace/.derivedData/Build/Products/Debug-xros/PackageFrameworks -F /Users/admin/builder/spi-builder-workspace/.derivedData/Build/Products/Debug-xros -F /Applications/Xcode-27.0.0-Release.Candidate.app/Contents/Developer/Platforms/XROS.platform/Developer/Library/Frameworks -F /Applications/Xcode-27.0.0-Release.Candidate.app/Contents/Developer/Platforms/XROS.platform/Developer/SDKs/XROS27.0.sdk/Developer/Library/Frameworks -c -j10 -enable-batch-mode -incremental -Xcc -ivfsstatcache -Xcc /Users/admin/builder/spi-builder-workspace/.derivedData/SDKStatCaches.noindex/xros27.0-24M361-e829b21a6f8c9b70876ba0858053c044735bd543db762f57723cac368afd1ce4.sdkstatcache -output-file-map /Users/admin/builder/spi-builder-workspace/.derivedData/Build/Intermediates.noindex/LanguageServerProtocol.build/Debug-xros/LanguageServerProtocol-t.build/Objects-normal/arm64/LanguageServerProtocol-OutputFileMap.json -save-temps -no-color-diagnostics -explicit-module-build -module-cache-path /Users/admin/builder/spi-builder-workspace/.derivedData/Build/Intermediates.noindex/SwiftExplicitPrecompiledModules -clang-scanner-module-cache-path /Users/admin/builder/spi-builder-workspace/.derivedData/ModuleCache.noindex -sdk-module-cache-path /Users/admin/builder/spi-builder-workspace/.derivedData/SDKExplicitPrecompiledModules -emit-dependencies -emit-module -emit-module-path /Users/admin/builder/spi-builder-workspace/.derivedData/Build/Intermediates.noindex/LanguageServerProtocol.build/Debug-xros/LanguageServerProtocol-t.build/Objects-normal/arm64/LanguageServerProtocol.swiftmodule -serialize-diagnostics -dependency-scan-serialize-diagnostics-path /Users/admin/builder/spi-builder-workspace/.derivedData/Build/Intermediates.noindex/LanguageServerProtocol.build/Debug-xros/LanguageServerProtocol-t.build/Objects-normal/arm64/LanguageServerProtocol-dependency-scan.dia -validate-clang-modules-once -clang-build-session-file /Users/admin/builder/spi-builder-workspace/.derivedData/ModuleCache.noindex/Session.modulevalidation -Xcc -fmodules-prune-interval\=86400 -Xcc -fmodules-prune-after\=345600 -emit-const-values -const-gather-protocols-list /Users/admin/builder/spi-builder-workspace/.derivedData/Build/Intermediates.noindex/LanguageServerProtocol.build/Debug-xros/LanguageServerProtocol-t.build/Objects-normal/arm64/LanguageServerProtocol_const_extract_protocols.json -Xcc -I/Users/admin/builder/spi-builder-workspace/.derivedData/Build/Products/Debug-xros/include -Xcc -I/Users/admin/builder/spi-builder-workspace/.derivedData/Build/Intermediates.noindex/LanguageServerProtocol.build/Debug-xros/LanguageServerProtocol-t.build/DerivedSources-normal/arm64 -Xcc -I/Users/admin/builder/spi-builder-workspace/.derivedData/Build/Intermediates.noindex/LanguageServerProtocol.build/Debug-xros/LanguageServerProtocol-t.build/DerivedSources/arm64 -Xcc -I/Users/admin/builder/spi-builder-workspace/.derivedData/Build/Intermediates.noindex/LanguageServerProtocol.build/Debug-xros/LanguageServerProtocol-t.build/DerivedSources -Xcc -DSWIFT_PACKAGE -Xcc -DDEBUG\=1 -emit-objc-header -emit-objc-header-path /Users/admin/builder/spi-builder-workspace/.derivedData/Build/Intermediates.noindex/LanguageServerProtocol.build/Debug-xros/LanguageServerProtocol-t.build/Objects-normal/arm64/LanguageServerProtocol-Swift.h -working-directory /Users/admin/builder/spi-builder-workspace/.swiftpm/xcode -experimental-emit-module-separately -disable-cmo
SwiftMergeGeneratedHeaders /Users/admin/builder/spi-builder-workspace/.derivedData/Build/Intermediates.noindex/GeneratedModuleMaps-xros/LanguageServerProtocol-Swift.h /Users/admin/builder/spi-builder-workspace/.derivedData/Build/Intermediates.noindex/LanguageServerProtocol.build/Debug-xros/LanguageServerProtocol-t.build/Objects-normal/arm64/LanguageServerProtocol-Swift.h (in target 'LanguageServerProtocol' from project 'LanguageServerProtocol')
cd /Users/admin/builder/spi-builder-workspace/.dependencies/checkouts/LanguageServerProtocol
builtin-swiftHeaderTool -arch arm64 /Users/admin/builder/spi-builder-workspace/.derivedData/Build/Intermediates.noindex/LanguageServerProtocol.build/Debug-xros/LanguageServerProtocol-t.build/Objects-normal/arm64/LanguageServerProtocol-Swift.h -o /Users/admin/builder/spi-builder-workspace/.derivedData/Build/Intermediates.noindex/GeneratedModuleMaps-xros/LanguageServerProtocol-Swift.h
Copy /Users/admin/builder/spi-builder-workspace/.derivedData/Build/Products/Debug-xros/LanguageServerProtocol.swiftmodule/arm64-apple-xros.swiftmodule /Users/admin/builder/spi-builder-workspace/.derivedData/Build/Intermediates.noindex/LanguageServerProtocol.build/Debug-xros/LanguageServerProtocol-t.build/Objects-normal/arm64/LanguageServerProtocol.swiftmodule (in target 'LanguageServerProtocol' from project 'LanguageServerProtocol')
cd /Users/admin/builder/spi-builder-workspace/.dependencies/checkouts/LanguageServerProtocol
builtin-copy -exclude .DS_Store -exclude CVS -exclude .svn -exclude .git -exclude .hg -resolve-src-symlinks -rename /Users/admin/builder/spi-builder-workspace/.derivedData/Build/Intermediates.noindex/LanguageServerProtocol.build/Debug-xros/LanguageServerProtocol-t.build/Objects-normal/arm64/LanguageServerProtocol.swiftmodule /Users/admin/builder/spi-builder-workspace/.derivedData/Build/Products/Debug-xros/LanguageServerProtocol.swiftmodule/arm64-apple-xros.swiftmodule
Copy /Users/admin/builder/spi-builder-workspace/.derivedData/Build/Products/Debug-xros/LanguageServerProtocol.swiftmodule/arm64-apple-xros.swiftdoc /Users/admin/builder/spi-builder-workspace/.derivedData/Build/Intermediates.noindex/LanguageServerProtocol.build/Debug-xros/LanguageServerProtocol-t.build/Objects-normal/arm64/LanguageServerProtocol.swiftdoc (in target 'LanguageServerProtocol' from project 'LanguageServerProtocol')
cd /Users/admin/builder/spi-builder-workspace/.dependencies/checkouts/LanguageServerProtocol
builtin-copy -exclude .DS_Store -exclude CVS -exclude .svn -exclude .git -exclude .hg -resolve-src-symlinks -rename /Users/admin/builder/spi-builder-workspace/.derivedData/Build/Intermediates.noindex/LanguageServerProtocol.build/Debug-xros/LanguageServerProtocol-t.build/Objects-normal/arm64/LanguageServerProtocol.swiftdoc /Users/admin/builder/spi-builder-workspace/.derivedData/Build/Products/Debug-xros/LanguageServerProtocol.swiftmodule/arm64-apple-xros.swiftdoc
Copy /Users/admin/builder/spi-builder-workspace/.derivedData/Build/Products/Debug-xros/LanguageServerProtocol.swiftmodule/arm64-apple-xros.abi.json /Users/admin/builder/spi-builder-workspace/.derivedData/Build/Intermediates.noindex/LanguageServerProtocol.build/Debug-xros/LanguageServerProtocol-t.build/Objects-normal/arm64/LanguageServerProtocol.abi.json (in target 'LanguageServerProtocol' from project 'LanguageServerProtocol')
cd /Users/admin/builder/spi-builder-workspace/.dependencies/checkouts/LanguageServerProtocol
builtin-copy -exclude .DS_Store -exclude CVS -exclude .svn -exclude .git -exclude .hg -resolve-src-symlinks -rename /Users/admin/builder/spi-builder-workspace/.derivedData/Build/Intermediates.noindex/LanguageServerProtocol.build/Debug-xros/LanguageServerProtocol-t.build/Objects-normal/arm64/LanguageServerProtocol.abi.json /Users/admin/builder/spi-builder-workspace/.derivedData/Build/Products/Debug-xros/LanguageServerProtocol.swiftmodule/arm64-apple-xros.abi.json
Copy /Users/admin/builder/spi-builder-workspace/.derivedData/Build/Products/Debug-xros/LanguageServerProtocol.swiftmodule/Project/arm64-apple-xros.swiftsourceinfo /Users/admin/builder/spi-builder-workspace/.derivedData/Build/Intermediates.noindex/LanguageServerProtocol.build/Debug-xros/LanguageServerProtocol-t.build/Objects-normal/arm64/LanguageServerProtocol.swiftsourceinfo (in target 'LanguageServerProtocol' from project 'LanguageServerProtocol')
cd /Users/admin/builder/spi-builder-workspace/.dependencies/checkouts/LanguageServerProtocol
builtin-copy -exclude .DS_Store -exclude CVS -exclude .svn -exclude .git -exclude .hg -resolve-src-symlinks -rename /Users/admin/builder/spi-builder-workspace/.derivedData/Build/Intermediates.noindex/LanguageServerProtocol.build/Debug-xros/LanguageServerProtocol-t.build/Objects-normal/arm64/LanguageServerProtocol.swiftsourceinfo /Users/admin/builder/spi-builder-workspace/.derivedData/Build/Products/Debug-xros/LanguageServerProtocol.swiftmodule/Project/arm64-apple-xros.swiftsourceinfo
SwiftDriver LanguageClient normal arm64 com.apple.xcode.tools.swift.compiler (in target 'LanguageClient' from project 'LanguageClient')
cd /Users/admin/builder/spi-builder-workspace/.swiftpm/xcode
builtin-SwiftDriver -- /Applications/Xcode-27.0.0-Release.Candidate.app/Contents/Developer/Toolchains/XcodeDefault.xctoolchain/usr/bin/swiftc -parse-as-library -module-name LanguageClient -Onone @/Users/admin/builder/spi-builder-workspace/.derivedData/Build/Intermediates.noindex/LanguageClient.build/Debug-xros/LanguageClient-t.build/Objects-normal/arm64/LanguageClient.SwiftFileList -DSWIFT_PACKAGE -DDEBUG -DSWIFT_MODULE_RESOURCE_BUNDLE_UNAVAILABLE -Xcc -fmodule-map-file\=/Users/admin/builder/spi-builder-workspace/.derivedData/Build/Intermediates.noindex/GeneratedModuleMaps-xros/FNMDefinitions.modulemap -DXcode -enable-experimental-feature StrictConcurrency -plugin-path /Applications/Xcode-27.0.0-Release.Candidate.app/Contents/Developer/Toolchains/XcodeDefault.xctoolchain/usr/lib/swift/host/plugins/testing -enable-experimental-feature DebugDescriptionMacro -sdk /Applications/Xcode-27.0.0-Release.Candidate.app/Contents/Developer/Platforms/XROS.platform/Developer/SDKs/XROS27.0.sdk -target arm64-apple-xros1.0 -g -module-cache-path /Users/admin/builder/spi-builder-workspace/.derivedData/ModuleCache.noindex -Xfrontend -serialize-debugging-options -profile-coverage-mapping -profile-generate -enable-testing -suppress-warnings -index-store-path /Users/admin/builder/spi-builder-workspace/.derivedData/Index.noindex/DataStore -Xcc -D_LIBCPP_HARDENING_MODE\=_LIBCPP_HARDENING_MODE_DEBUG -swift-version 5 -I /Users/admin/builder/spi-builder-workspace/.derivedData/Build/Products/Debug-xros -Isystem /Applications/Xcode-27.0.0-Release.Candidate.app/Contents/Developer/Platforms/XROS.platform/Developer/usr/lib -F /Users/admin/builder/spi-builder-workspace/.derivedData/Build/Products/Debug-xros/PackageFrameworks -F /Users/admin/builder/spi-builder-workspace/.derivedData/Build/Products/Debug-xros -F /Applications/Xcode-27.0.0-Release.Candidate.app/Contents/Developer/Platforms/XROS.platform/Developer/Library/Frameworks -F /Applications/Xcode-27.0.0-Release.Candidate.app/Contents/Developer/Platforms/XROS.platform/Developer/SDKs/XROS27.0.sdk/Developer/Library/Frameworks -c -j10 -enable-batch-mode -incremental -Xcc -ivfsstatcache -Xcc /Users/admin/builder/spi-builder-workspace/.derivedData/SDKStatCaches.noindex/xros27.0-24M361-e829b21a6f8c9b70876ba0858053c044735bd543db762f57723cac368afd1ce4.sdkstatcache -output-file-map /Users/admin/builder/spi-builder-workspace/.derivedData/Build/Intermediates.noindex/LanguageClient.build/Debug-xros/LanguageClient-t.build/Objects-normal/arm64/LanguageClient-OutputFileMap.json -save-temps -no-color-diagnostics -explicit-module-build -module-cache-path /Users/admin/builder/spi-builder-workspace/.derivedData/Build/Intermediates.noindex/SwiftExplicitPrecompiledModules -clang-scanner-module-cache-path /Users/admin/builder/spi-builder-workspace/.derivedData/ModuleCache.noindex -sdk-module-cache-path /Users/admin/builder/spi-builder-workspace/.derivedData/SDKExplicitPrecompiledModules -emit-dependencies -emit-module -emit-module-path /Users/admin/builder/spi-builder-workspace/.derivedData/Build/Intermediates.noindex/LanguageClient.build/Debug-xros/LanguageClient-t.build/Objects-normal/arm64/LanguageClient.swiftmodule -serialize-diagnostics -dependency-scan-serialize-diagnostics-path /Users/admin/builder/spi-builder-workspace/.derivedData/Build/Intermediates.noindex/LanguageClient.build/Debug-xros/LanguageClient-t.build/Objects-normal/arm64/LanguageClient-dependency-scan.dia -validate-clang-modules-once -clang-build-session-file /Users/admin/builder/spi-builder-workspace/.derivedData/ModuleCache.noindex/Session.modulevalidation -Xcc -fmodules-prune-interval\=86400 -Xcc -fmodules-prune-after\=345600 -package-name languageclient -emit-const-values -const-gather-protocols-list /Users/admin/builder/spi-builder-workspace/.derivedData/Build/Intermediates.noindex/LanguageClient.build/Debug-xros/LanguageClient-t.build/Objects-normal/arm64/LanguageClient_const_extract_protocols.json -Xcc -I/Users/admin/builder/spi-builder-workspace/.dependencies/checkouts/swift-glob/Sources/FNMDefinitions/include -Xcc -I/Users/admin/builder/spi-builder-workspace/.derivedData/Build/Products/Debug-xros/include -Xcc -I/Users/admin/builder/spi-builder-workspace/.derivedData/Build/Intermediates.noindex/LanguageClient.build/Debug-xros/LanguageClient-t.build/DerivedSources-normal/arm64 -Xcc -I/Users/admin/builder/spi-builder-workspace/.derivedData/Build/Intermediates.noindex/LanguageClient.build/Debug-xros/LanguageClient-t.build/DerivedSources/arm64 -Xcc -I/Users/admin/builder/spi-builder-workspace/.derivedData/Build/Intermediates.noindex/LanguageClient.build/Debug-xros/LanguageClient-t.build/DerivedSources -Xcc -DSWIFT_PACKAGE -Xcc -DDEBUG\=1 -emit-objc-header -emit-objc-header-path /Users/admin/builder/spi-builder-workspace/.derivedData/Build/Intermediates.noindex/LanguageClient.build/Debug-xros/LanguageClient-t.build/Objects-normal/arm64/LanguageClient-Swift.h -working-directory /Users/admin/builder/spi-builder-workspace/.swiftpm/xcode -experimental-emit-module-separately -disable-cmo
SwiftDriverJobDiscovery normal arm64 Compiling References.swift, Rename.swift, SelectionRange.swift, SemanticTokens.swift, SignatureHelp.swift, TypeDefinition.swift (in target 'LanguageServerProtocol' from project 'LanguageServerProtocol')
SwiftDriverJobDiscovery normal arm64 Compiling CodeLens.swift, ColorPresentation.swift, Completion.swift, Declaration.swift, Definition.swift, Diagnostics.swift (in target 'LanguageServerProtocol' from project 'LanguageServerProtocol')
SwiftDriverJobDiscovery normal arm64 Compiling Hover.swift, Implementation.swift, InlayHint.swift, LinkedEditingRange.swift, Moniker.swift, OnTypeFormatting.swift (in target 'LanguageServerProtocol' from project 'LanguageServerProtocol')
SwiftDriverJobDiscovery normal arm64 Compiling Utility.swift, Window.swift, ShowMessageRequest.swift, Workspace.swift, ApplyEdit.swift, Configuration.swift (in target 'LanguageServerProtocol' from project 'LanguageServerProtocol')
SwiftExplicitDependencyGeneratePcm arm64 /Users/admin/builder/spi-builder-workspace/.derivedData/SDKExplicitPrecompiledModules/MachO-3XTHY7HWV6RF3KXKYQVHUBUXK.pcm
SwiftExplicitDependencyGeneratePcm arm64 /Users/admin/builder/spi-builder-workspace/.derivedData/SDKExplicitPrecompiledModules/_Builtin_stdatomic-1VUZPM79PNCAHXVBERD53WRSF.pcm
SwiftExplicitDependencyGeneratePcm arm64 /Users/admin/builder/spi-builder-workspace/.derivedData/SDKExplicitPrecompiledModules/os-1004XEJ3IXOOAU0KL58SM3D0K.pcm
SwiftExplicitDependencyGeneratePcm arm64 /Users/admin/builder/spi-builder-workspace/.derivedData/SDKExplicitPrecompiledModules/OSLog-BNGT87TS0GMBFF7TY70HHB69.pcm
SwiftCompile normal arm64 Compiling\ Server+Shutdown.swift /Users/admin/builder/spi-builder-workspace/.dependencies/checkouts/LanguageClient/Sources/LanguageClient/Server+Shutdown.swift (in target 'LanguageClient' from project 'LanguageClient')
SwiftCompile normal arm64 /Users/admin/builder/spi-builder-workspace/.dependencies/checkouts/LanguageClient/Sources/LanguageClient/Server+Shutdown.swift (in target 'LanguageClient' from project 'LanguageClient')
cd /Users/admin/builder/spi-builder-workspace/.swiftpm/xcode
builtin-SwiftPerFileCompile Server+Shutdown.swift
SwiftEmitModule normal arm64 Emitting\ module\ for\ LanguageClient (in target 'LanguageClient' from project 'LanguageClient')
SwiftCompile normal arm64 (in target 'LanguageClient' from project 'LanguageClient')
cd /Users/admin/builder/spi-builder-workspace/.swiftpm/xcode
SwiftCompile normal arm64 Compiling\ AsyncStreamTap.swift /Users/admin/builder/spi-builder-workspace/.dependencies/checkouts/LanguageClient/Sources/LanguageClient/AsyncStreamTap.swift (in target 'LanguageClient' from project 'LanguageClient')
SwiftCompile normal arm64 /Users/admin/builder/spi-builder-workspace/.dependencies/checkouts/LanguageClient/Sources/LanguageClient/AsyncStreamTap.swift (in target 'LanguageClient' from project 'LanguageClient')
cd /Users/admin/builder/spi-builder-workspace/.swiftpm/xcode
builtin-SwiftPerFileCompile AsyncStreamTap.swift
SwiftCompile normal arm64 Compiling\ FileEventAsyncSequence.swift /Users/admin/builder/spi-builder-workspace/.dependencies/checkouts/LanguageClient/Sources/LanguageClient/FileEventAsyncSequence.swift (in target 'LanguageClient' from project 'LanguageClient')
SwiftCompile normal arm64 /Users/admin/builder/spi-builder-workspace/.dependencies/checkouts/LanguageClient/Sources/LanguageClient/FileEventAsyncSequence.swift (in target 'LanguageClient' from project 'LanguageClient')
cd /Users/admin/builder/spi-builder-workspace/.swiftpm/xcode
builtin-SwiftPerFileCompile FileEventAsyncSequence.swift
SwiftCompile normal arm64 Compiling\ RestartingServer.swift /Users/admin/builder/spi-builder-workspace/.dependencies/checkouts/LanguageClient/Sources/LanguageClient/RestartingServer.swift (in target 'LanguageClient' from project 'LanguageClient')
SwiftCompile normal arm64 /Users/admin/builder/spi-builder-workspace/.dependencies/checkouts/LanguageClient/Sources/LanguageClient/RestartingServer.swift (in target 'LanguageClient' from project 'LanguageClient')
cd /Users/admin/builder/spi-builder-workspace/.swiftpm/xcode
builtin-SwiftPerFileCompile RestartingServer.swift
SwiftCompile normal arm64 Compiling\ DataChannel+UserScript.swift /Users/admin/builder/spi-builder-workspace/.dependencies/checkouts/LanguageClient/Sources/LanguageClient/DataChannel+UserScript.swift (in target 'LanguageClient' from project 'LanguageClient')
SwiftCompile normal arm64 /Users/admin/builder/spi-builder-workspace/.dependencies/checkouts/LanguageClient/Sources/LanguageClient/DataChannel+UserScript.swift (in target 'LanguageClient' from project 'LanguageClient')
cd /Users/admin/builder/spi-builder-workspace/.swiftpm/xcode
builtin-SwiftPerFileCompile DataChannel+UserScript.swift
SwiftCompile normal arm64 Compiling\ InitializingServer.swift /Users/admin/builder/spi-builder-workspace/.dependencies/checkouts/LanguageClient/Sources/LanguageClient/InitializingServer.swift (in target 'LanguageClient' from project 'LanguageClient')
SwiftCompile normal arm64 /Users/admin/builder/spi-builder-workspace/.dependencies/checkouts/LanguageClient/Sources/LanguageClient/InitializingServer.swift (in target 'LanguageClient' from project 'LanguageClient')
cd /Users/admin/builder/spi-builder-workspace/.swiftpm/xcode
builtin-SwiftPerFileCompile InitializingServer.swift
SwiftCompile normal arm64 Compiling\ StatefulServer.swift /Users/admin/builder/spi-builder-workspace/.dependencies/checkouts/LanguageClient/Sources/LanguageClient/StatefulServer.swift (in target 'LanguageClient' from project 'LanguageClient')
SwiftCompile normal arm64 /Users/admin/builder/spi-builder-workspace/.dependencies/checkouts/LanguageClient/Sources/LanguageClient/StatefulServer.swift (in target 'LanguageClient' from project 'LanguageClient')
cd /Users/admin/builder/spi-builder-workspace/.swiftpm/xcode
builtin-SwiftPerFileCompile StatefulServer.swift
SwiftCompile normal arm64 Compiling\ FileHandle+DataStream.swift /Users/admin/builder/spi-builder-workspace/.dependencies/checkouts/LanguageClient/Sources/LanguageClient/FileHandle+DataStream.swift (in target 'LanguageClient' from project 'LanguageClient')
SwiftCompile normal arm64 /Users/admin/builder/spi-builder-workspace/.dependencies/checkouts/LanguageClient/Sources/LanguageClient/FileHandle+DataStream.swift (in target 'LanguageClient' from project 'LanguageClient')
cd /Users/admin/builder/spi-builder-workspace/.swiftpm/xcode
builtin-SwiftPerFileCompile FileHandle+DataStream.swift
SwiftDriverJobDiscovery normal arm64 Compiling FileEventAsyncSequence.swift (in target 'LanguageClient' from project 'LanguageClient')
SwiftCompile normal arm64 Compiling\ DataChannel+LocalProcess.swift /Users/admin/builder/spi-builder-workspace/.dependencies/checkouts/LanguageClient/Sources/LanguageClient/DataChannel+LocalProcess.swift (in target 'LanguageClient' from project 'LanguageClient')
SwiftCompile normal arm64 /Users/admin/builder/spi-builder-workspace/.dependencies/checkouts/LanguageClient/Sources/LanguageClient/DataChannel+LocalProcess.swift (in target 'LanguageClient' from project 'LanguageClient')
cd /Users/admin/builder/spi-builder-workspace/.swiftpm/xcode
builtin-SwiftPerFileCompile DataChannel+LocalProcess.swift
SwiftDriverJobDiscovery normal arm64 Compiling DataChannel+UserScript.swift (in target 'LanguageClient' from project 'LanguageClient')
SwiftDriverJobDiscovery normal arm64 Compiling StatefulServer.swift (in target 'LanguageClient' from project 'LanguageClient')
SwiftDriverJobDiscovery normal arm64 Compiling Server+Shutdown.swift (in target 'LanguageClient' from project 'LanguageClient')
SwiftDriverJobDiscovery normal arm64 Compiling AsyncStreamTap.swift (in target 'LanguageClient' from project 'LanguageClient')
SwiftDriverJobDiscovery normal arm64 Emitting module for LanguageClient (in target 'LanguageClient' from project 'LanguageClient')
SwiftDriver\ Compilation\ Requirements LanguageClient normal arm64 com.apple.xcode.tools.swift.compiler (in target 'LanguageClient' from project 'LanguageClient')
cd /Users/admin/builder/spi-builder-workspace/.swiftpm/xcode
builtin-Swift-Compilation-Requirements -- /Applications/Xcode-27.0.0-Release.Candidate.app/Contents/Developer/Toolchains/XcodeDefault.xctoolchain/usr/bin/swiftc -parse-as-library -module-name LanguageClient -Onone @/Users/admin/builder/spi-builder-workspace/.derivedData/Build/Intermediates.noindex/LanguageClient.build/Debug-xros/LanguageClient-t.build/Objects-normal/arm64/LanguageClient.SwiftFileList -DSWIFT_PACKAGE -DDEBUG -DSWIFT_MODULE_RESOURCE_BUNDLE_UNAVAILABLE -Xcc -fmodule-map-file\=/Users/admin/builder/spi-builder-workspace/.derivedData/Build/Intermediates.noindex/GeneratedModuleMaps-xros/FNMDefinitions.modulemap -DXcode -enable-experimental-feature StrictConcurrency -plugin-path /Applications/Xcode-27.0.0-Release.Candidate.app/Contents/Developer/Toolchains/XcodeDefault.xctoolchain/usr/lib/swift/host/plugins/testing -enable-experimental-feature DebugDescriptionMacro -sdk /Applications/Xcode-27.0.0-Release.Candidate.app/Contents/Developer/Platforms/XROS.platform/Developer/SDKs/XROS27.0.sdk -target arm64-apple-xros1.0 -g -module-cache-path /Users/admin/builder/spi-builder-workspace/.derivedData/ModuleCache.noindex -Xfrontend -serialize-debugging-options -profile-coverage-mapping -profile-generate -enable-testing -suppress-warnings -index-store-path /Users/admin/builder/spi-builder-workspace/.derivedData/Index.noindex/DataStore -Xcc -D_LIBCPP_HARDENING_MODE\=_LIBCPP_HARDENING_MODE_DEBUG -swift-version 5 -I /Users/admin/builder/spi-builder-workspace/.derivedData/Build/Products/Debug-xros -Isystem /Applications/Xcode-27.0.0-Release.Candidate.app/Contents/Developer/Platforms/XROS.platform/Developer/usr/lib -F /Users/admin/builder/spi-builder-workspace/.derivedData/Build/Products/Debug-xros/PackageFrameworks -F /Users/admin/builder/spi-builder-workspace/.derivedData/Build/Products/Debug-xros -F /Applications/Xcode-27.0.0-Release.Candidate.app/Contents/Developer/Platforms/XROS.platform/Developer/Library/Frameworks -F /Applications/Xcode-27.0.0-Release.Candidate.app/Contents/Developer/Platforms/XROS.platform/Developer/SDKs/XROS27.0.sdk/Developer/Library/Frameworks -c -j10 -enable-batch-mode -incremental -Xcc -ivfsstatcache -Xcc /Users/admin/builder/spi-builder-workspace/.derivedData/SDKStatCaches.noindex/xros27.0-24M361-e829b21a6f8c9b70876ba0858053c044735bd543db762f57723cac368afd1ce4.sdkstatcache -output-file-map /Users/admin/builder/spi-builder-workspace/.derivedData/Build/Intermediates.noindex/LanguageClient.build/Debug-xros/LanguageClient-t.build/Objects-normal/arm64/LanguageClient-OutputFileMap.json -save-temps -no-color-diagnostics -explicit-module-build -module-cache-path /Users/admin/builder/spi-builder-workspace/.derivedData/Build/Intermediates.noindex/SwiftExplicitPrecompiledModules -clang-scanner-module-cache-path /Users/admin/builder/spi-builder-workspace/.derivedData/ModuleCache.noindex -sdk-module-cache-path /Users/admin/builder/spi-builder-workspace/.derivedData/SDKExplicitPrecompiledModules -emit-dependencies -emit-module -emit-module-path /Users/admin/builder/spi-builder-workspace/.derivedData/Build/Intermediates.noindex/LanguageClient.build/Debug-xros/LanguageClient-t.build/Objects-normal/arm64/LanguageClient.swiftmodule -serialize-diagnostics -dependency-scan-serialize-diagnostics-path /Users/admin/builder/spi-builder-workspace/.derivedData/Build/Intermediates.noindex/LanguageClient.build/Debug-xros/LanguageClient-t.build/Objects-normal/arm64/LanguageClient-dependency-scan.dia -validate-clang-modules-once -clang-build-session-file /Users/admin/builder/spi-builder-workspace/.derivedData/ModuleCache.noindex/Session.modulevalidation -Xcc -fmodules-prune-interval\=86400 -Xcc -fmodules-prune-after\=345600 -package-name languageclient -emit-const-values -const-gather-protocols-list /Users/admin/builder/spi-builder-workspace/.derivedData/Build/Intermediates.noindex/LanguageClient.build/Debug-xros/LanguageClient-t.build/Objects-normal/arm64/LanguageClient_const_extract_protocols.json -Xcc -I/Users/admin/builder/spi-builder-workspace/.dependencies/checkouts/swift-glob/Sources/FNMDefinitions/include -Xcc -I/Users/admin/builder/spi-builder-workspace/.derivedData/Build/Products/Debug-xros/include -Xcc -I/Users/admin/builder/spi-builder-workspace/.derivedData/Build/Intermediates.noindex/LanguageClient.build/Debug-xros/LanguageClient-t.build/DerivedSources-normal/arm64 -Xcc -I/Users/admin/builder/spi-builder-workspace/.derivedData/Build/Intermediates.noindex/LanguageClient.build/Debug-xros/LanguageClient-t.build/DerivedSources/arm64 -Xcc -I/Users/admin/builder/spi-builder-workspace/.derivedData/Build/Intermediates.noindex/LanguageClient.build/Debug-xros/LanguageClient-t.build/DerivedSources -Xcc -DSWIFT_PACKAGE -Xcc -DDEBUG\=1 -emit-objc-header -emit-objc-header-path /Users/admin/builder/spi-builder-workspace/.derivedData/Build/Intermediates.noindex/LanguageClient.build/Debug-xros/LanguageClient-t.build/Objects-normal/arm64/LanguageClient-Swift.h -working-directory /Users/admin/builder/spi-builder-workspace/.swiftpm/xcode -experimental-emit-module-separately -disable-cmo
SwiftMergeGeneratedHeaders /Users/admin/builder/spi-builder-workspace/.derivedData/Build/Intermediates.noindex/GeneratedModuleMaps-xros/LanguageClient-Swift.h /Users/admin/builder/spi-builder-workspace/.derivedData/Build/Intermediates.noindex/LanguageClient.build/Debug-xros/LanguageClient-t.build/Objects-normal/arm64/LanguageClient-Swift.h (in target 'LanguageClient' from project 'LanguageClient')
cd /Users/admin/builder/spi-builder-workspace/.dependencies/checkouts/LanguageClient
builtin-swiftHeaderTool -arch arm64 /Users/admin/builder/spi-builder-workspace/.derivedData/Build/Intermediates.noindex/LanguageClient.build/Debug-xros/LanguageClient-t.build/Objects-normal/arm64/LanguageClient-Swift.h -o /Users/admin/builder/spi-builder-workspace/.derivedData/Build/Intermediates.noindex/GeneratedModuleMaps-xros/LanguageClient-Swift.h
Copy /Users/admin/builder/spi-builder-workspace/.derivedData/Build/Products/Debug-xros/LanguageClient.swiftmodule/arm64-apple-xros.abi.json /Users/admin/builder/spi-builder-workspace/.derivedData/Build/Intermediates.noindex/LanguageClient.build/Debug-xros/LanguageClient-t.build/Objects-normal/arm64/LanguageClient.abi.json (in target 'LanguageClient' from project 'LanguageClient')
cd /Users/admin/builder/spi-builder-workspace/.dependencies/checkouts/LanguageClient
builtin-copy -exclude .DS_Store -exclude CVS -exclude .svn -exclude .git -exclude .hg -resolve-src-symlinks -rename /Users/admin/builder/spi-builder-workspace/.derivedData/Build/Intermediates.noindex/LanguageClient.build/Debug-xros/LanguageClient-t.build/Objects-normal/arm64/LanguageClient.abi.json /Users/admin/builder/spi-builder-workspace/.derivedData/Build/Products/Debug-xros/LanguageClient.swiftmodule/arm64-apple-xros.abi.json
Copy /Users/admin/builder/spi-builder-workspace/.derivedData/Build/Products/Debug-xros/LanguageClient.swiftmodule/arm64-apple-xros.swiftmodule /Users/admin/builder/spi-builder-workspace/.derivedData/Build/Intermediates.noindex/LanguageClient.build/Debug-xros/LanguageClient-t.build/Objects-normal/arm64/LanguageClient.swiftmodule (in target 'LanguageClient' from project 'LanguageClient')
cd /Users/admin/builder/spi-builder-workspace/.dependencies/checkouts/LanguageClient
builtin-copy -exclude .DS_Store -exclude CVS -exclude .svn -exclude .git -exclude .hg -resolve-src-symlinks -rename /Users/admin/builder/spi-builder-workspace/.derivedData/Build/Intermediates.noindex/LanguageClient.build/Debug-xros/LanguageClient-t.build/Objects-normal/arm64/LanguageClient.swiftmodule /Users/admin/builder/spi-builder-workspace/.derivedData/Build/Products/Debug-xros/LanguageClient.swiftmodule/arm64-apple-xros.swiftmodule
Copy /Users/admin/builder/spi-builder-workspace/.derivedData/Build/Products/Debug-xros/LanguageClient.swiftmodule/arm64-apple-xros.swiftdoc /Users/admin/builder/spi-builder-workspace/.derivedData/Build/Intermediates.noindex/LanguageClient.build/Debug-xros/LanguageClient-t.build/Objects-normal/arm64/LanguageClient.swiftdoc (in target 'LanguageClient' from project 'LanguageClient')
cd /Users/admin/builder/spi-builder-workspace/.dependencies/checkouts/LanguageClient
builtin-copy -exclude .DS_Store -exclude CVS -exclude .svn -exclude .git -exclude .hg -resolve-src-symlinks -rename /Users/admin/builder/spi-builder-workspace/.derivedData/Build/Intermediates.noindex/LanguageClient.build/Debug-xros/LanguageClient-t.build/Objects-normal/arm64/LanguageClient.swiftdoc /Users/admin/builder/spi-builder-workspace/.derivedData/Build/Products/Debug-xros/LanguageClient.swiftmodule/arm64-apple-xros.swiftdoc
Copy /Users/admin/builder/spi-builder-workspace/.derivedData/Build/Products/Debug-xros/LanguageClient.swiftmodule/Project/arm64-apple-xros.swiftsourceinfo /Users/admin/builder/spi-builder-workspace/.derivedData/Build/Intermediates.noindex/LanguageClient.build/Debug-xros/LanguageClient-t.build/Objects-normal/arm64/LanguageClient.swiftsourceinfo (in target 'LanguageClient' from project 'LanguageClient')
cd /Users/admin/builder/spi-builder-workspace/.dependencies/checkouts/LanguageClient
builtin-copy -exclude .DS_Store -exclude CVS -exclude .svn -exclude .git -exclude .hg -resolve-src-symlinks -rename /Users/admin/builder/spi-builder-workspace/.derivedData/Build/Intermediates.noindex/LanguageClient.build/Debug-xros/LanguageClient-t.build/Objects-normal/arm64/LanguageClient.swiftsourceinfo /Users/admin/builder/spi-builder-workspace/.derivedData/Build/Products/Debug-xros/LanguageClient.swiftmodule/Project/arm64-apple-xros.swiftsourceinfo
SwiftDriverJobDiscovery normal arm64 Compiling DataChannel+LocalProcess.swift (in target 'LanguageClient' from project 'LanguageClient')
SwiftDriver MonocleCore normal arm64 com.apple.xcode.tools.swift.compiler (in target 'MonocleCore' from project 'monocle')
cd /Users/admin/builder/spi-builder-workspace/.swiftpm/xcode
builtin-SwiftDriver -- /Applications/Xcode-27.0.0-Release.Candidate.app/Contents/Developer/Toolchains/XcodeDefault.xctoolchain/usr/bin/swiftc -parse-as-library -module-name MonocleCore -Onone @/Users/admin/builder/spi-builder-workspace/.derivedData/Build/Intermediates.noindex/monocle.build/Debug-xros/MonocleCore-t.build/Objects-normal/arm64/MonocleCore.SwiftFileList -DSWIFT_PACKAGE -DDEBUG -DSWIFT_MODULE_RESOURCE_BUNDLE_UNAVAILABLE -Xcc -fmodule-map-file\=/Users/admin/builder/spi-builder-workspace/.derivedData/Build/Intermediates.noindex/GeneratedModuleMaps-xros/FNMDefinitions.modulemap -DXcode -plugin-path /Applications/Xcode-27.0.0-Release.Candidate.app/Contents/Developer/Toolchains/XcodeDefault.xctoolchain/usr/lib/swift/host/plugins/testing -enable-experimental-feature DebugDescriptionMacro -sdk /Applications/Xcode-27.0.0-Release.Candidate.app/Contents/Developer/Platforms/XROS.platform/Developer/SDKs/XROS27.0.sdk -target arm64-apple-xros1.0 -g -module-cache-path /Users/admin/builder/spi-builder-workspace/.derivedData/ModuleCache.noindex -Xfrontend -serialize-debugging-options -profile-coverage-mapping -profile-generate -enable-testing -index-store-path /Users/admin/builder/spi-builder-workspace/.derivedData/Index.noindex/DataStore -Xcc -D_LIBCPP_HARDENING_MODE\=_LIBCPP_HARDENING_MODE_DEBUG -swift-version 6 -I /Users/admin/builder/spi-builder-workspace/.derivedData/Build/Products/Debug-xros -Isystem /Applications/Xcode-27.0.0-Release.Candidate.app/Contents/Developer/Platforms/XROS.platform/Developer/usr/lib -F /Users/admin/builder/spi-builder-workspace/.derivedData/Build/Products/Debug-xros/PackageFrameworks -F /Users/admin/builder/spi-builder-workspace/.derivedData/Build/Products/Debug-xros -F /Applications/Xcode-27.0.0-Release.Candidate.app/Contents/Developer/Platforms/XROS.platform/Developer/Library/Frameworks -F /Applications/Xcode-27.0.0-Release.Candidate.app/Contents/Developer/Platforms/XROS.platform/Developer/SDKs/XROS27.0.sdk/Developer/Library/Frameworks -c -j10 -enable-batch-mode -incremental -Xcc -ivfsstatcache -Xcc /Users/admin/builder/spi-builder-workspace/.derivedData/SDKStatCaches.noindex/xros27.0-24M361-e829b21a6f8c9b70876ba0858053c044735bd543db762f57723cac368afd1ce4.sdkstatcache -output-file-map /Users/admin/builder/spi-builder-workspace/.derivedData/Build/Intermediates.noindex/monocle.build/Debug-xros/MonocleCore-t.build/Objects-normal/arm64/MonocleCore-OutputFileMap.json -save-temps -no-color-diagnostics -explicit-module-build -module-cache-path /Users/admin/builder/spi-builder-workspace/.derivedData/Build/Intermediates.noindex/SwiftExplicitPrecompiledModules -clang-scanner-module-cache-path /Users/admin/builder/spi-builder-workspace/.derivedData/ModuleCache.noindex -sdk-module-cache-path /Users/admin/builder/spi-builder-workspace/.derivedData/SDKExplicitPrecompiledModules -emit-dependencies -emit-module -emit-module-path /Users/admin/builder/spi-builder-workspace/.derivedData/Build/Intermediates.noindex/monocle.build/Debug-xros/MonocleCore-t.build/Objects-normal/arm64/MonocleCore.swiftmodule -serialize-diagnostics -dependency-scan-serialize-diagnostics-path /Users/admin/builder/spi-builder-workspace/.derivedData/Build/Intermediates.noindex/monocle.build/Debug-xros/MonocleCore-t.build/Objects-normal/arm64/MonocleCore-dependency-scan.dia -validate-clang-modules-once -clang-build-session-file /Users/admin/builder/spi-builder-workspace/.derivedData/ModuleCache.noindex/Session.modulevalidation -Xcc -fmodules-prune-interval\=86400 -Xcc -fmodules-prune-after\=345600 -package-name spi_builder_workspace -emit-const-values -const-gather-protocols-list /Users/admin/builder/spi-builder-workspace/.derivedData/Build/Intermediates.noindex/monocle.build/Debug-xros/MonocleCore-t.build/Objects-normal/arm64/MonocleCore_const_extract_protocols.json -Xcc -I/Users/admin/builder/spi-builder-workspace/.dependencies/checkouts/swift-glob/Sources/FNMDefinitions/include -Xcc -I/Users/admin/builder/spi-builder-workspace/.derivedData/Build/Products/Debug-xros/include -Xcc -I/Users/admin/builder/spi-builder-workspace/.derivedData/Build/Intermediates.noindex/monocle.build/Debug-xros/MonocleCore-t.build/DerivedSources-normal/arm64 -Xcc -I/Users/admin/builder/spi-builder-workspace/.derivedData/Build/Intermediates.noindex/monocle.build/Debug-xros/MonocleCore-t.build/DerivedSources/arm64 -Xcc -I/Users/admin/builder/spi-builder-workspace/.derivedData/Build/Intermediates.noindex/monocle.build/Debug-xros/MonocleCore-t.build/DerivedSources -Xcc -DSWIFT_PACKAGE -Xcc -DDEBUG\=1 -emit-objc-header -emit-objc-header-path /Users/admin/builder/spi-builder-workspace/.derivedData/Build/Intermediates.noindex/monocle.build/Debug-xros/MonocleCore-t.build/Objects-normal/arm64/MonocleCore-Swift.h -working-directory /Users/admin/builder/spi-builder-workspace/.swiftpm/xcode -experimental-emit-module-separately -disable-cmo
error: Clang dependency scanning failure: (in target 'MonocleCore' from project 'monocle')
/Users/admin/builder/spi-builder-workspace/Sources/MonocleCore/SourceKitService.swift:7:8: error: Unable to resolve module dependency: 'ProcessEnv' (in target 'MonocleCore' from project 'monocle')
note: A dependency of main module 'MonocleCore'
/Users/admin/builder/spi-builder-workspace/Sources/MonocleCore/SourceKitService.swift:7:8: note: A dependency of main module 'MonocleCore'
import ProcessEnv
^ (in target 'MonocleCore' from project 'monocle')
SwiftDriverJobDiscovery normal arm64 Compiling FileHandle+DataStream.swift (in target 'LanguageClient' from project 'LanguageClient')
PruneExplicitPrecompiledModules /Users/admin/builder/spi-builder-workspace/.derivedData/Build/Intermediates.noindex/ExplicitPrecompiledModules
PruneExplicitPrecompiledModules /Users/admin/builder/spi-builder-workspace/.derivedData/SDKExplicitPrecompiledModules
PruneExplicitPrecompiledModules /Users/admin/builder/spi-builder-workspace/.derivedData/Build/Intermediates.noindex/SwiftExplicitPrecompiledModules
2026-09-23 19:17:59.849 xcodebuild[1015:5761] [MT] IDERunDestination: Supported platforms for the buildables in the current scheme is empty.
2026-09-23 19:17:59.950 xcodebuild[1015:5761] [MT] IDERunDestination: Supported platforms for the buildables in the current scheme is empty.
** BUILD FAILED **
The following build commands failed:
SwiftDriver MonocleCore normal arm64 com.apple.xcode.tools.swift.compiler (in target 'MonocleCore' from project 'monocle')
Building workspace monocle with scheme monocle-Package
(2 failures)
Command line invocation:
/Applications/Xcode-27.0.0-Release.Candidate.app/Contents/Developer/usr/bin/xcodebuild -IDEClonedSourcePackagesDirPathOverride=/Users/admin/builder/spi-builder-workspace/.dependencies -resolvePackageDependencies
Resolve Package Graph
Resolved source packages:
Semaphore: https://github.com/groue/Semaphore @ 0.1.0
ProcessEnv: https://github.com/ChimeHQ/ProcessEnv @ 1.0.1
swift-glob: https://github.com/davbeck/swift-glob @ 0.2.0
JSONRPC: https://github.com/ChimeHQ/JSONRPC @ 0.9.2
Queue: https://github.com/mattmassicotte/Queue @ 0.2.2
LanguageClient: https://github.com/ChimeHQ/LanguageClient.git @ 0.8.2
FSEventsWrapper: https://github.com/Frizlab/FSEventsWrapper @ 2.1.0
LanguageServerProtocol: https://github.com/ChimeHQ/LanguageServerProtocol.git @ 0.14.2
monocle: /Users/admin/builder/spi-builder-workspace
swift-argument-parser: https://github.com/apple/swift-argument-parser.git @ 1.8.2
resolved source packages: Semaphore, ProcessEnv, swift-glob, JSONRPC, Queue, LanguageClient, FSEventsWrapper, LanguageServerProtocol, monocle, swift-argument-parser
2026-09-23 19:18:17.955 xcodebuild[1331:7347] [MT] IDERunDestination: Supported platforms for the buildables in the current scheme is empty.
2026-09-23 19:18:18.054 xcodebuild[1331:7347] [MT] IDERunDestination: Supported platforms for the buildables in the current scheme is empty.
{
"dependencies" : [
{
"identity" : "swift-argument-parser",
"requirement" : {
"range" : [
{
"lower_bound" : "1.2.0",
"upper_bound" : "2.0.0"
}
]
},
"type" : "sourceControl",
"url" : "https://github.com/apple/swift-argument-parser.git"
},
{
"identity" : "languageserverprotocol",
"requirement" : {
"range" : [
{
"lower_bound" : "0.14.0",
"upper_bound" : "1.0.0"
}
]
},
"type" : "sourceControl",
"url" : "https://github.com/ChimeHQ/LanguageServerProtocol.git"
},
{
"identity" : "languageclient",
"requirement" : {
"range" : [
{
"lower_bound" : "0.8.2",
"upper_bound" : "1.0.0"
}
]
},
"type" : "sourceControl",
"url" : "https://github.com/ChimeHQ/LanguageClient.git"
}
],
"manifest_display_name" : "monocle",
"name" : "monocle",
"path" : "/Users/admin/builder/spi-builder-workspace",
"platforms" : [
{
"name" : "macos",
"version" : "13.0"
}
],
"products" : [
{
"name" : "MonocleCore",
"targets" : [
"MonocleCore"
],
"type" : {
"library" : [
"automatic"
]
}
},
{
"name" : "monocle",
"targets" : [
"MonocleCLI"
],
"type" : {
"executable" : null
}
}
],
"targets" : [
{
"c99name" : "MonocleCoreTests",
"module_type" : "SwiftTarget",
"name" : "MonocleCoreTests",
"path" : "Tests/MonocleCoreTests",
"sources" : [
"FileDescriptorIOTests.swift",
"PackageCheckoutLocatorTests.swift",
"SourceKitServiceTests.swift",
"SymbolSearchRankingTests.swift",
"WorkspaceLocatorTests.swift"
],
"target_dependencies" : [
"MonocleCore"
],
"type" : "test"
},
{
"c99name" : "MonocleCore",
"module_type" : "SwiftTarget",
"name" : "MonocleCore",
"path" : "Sources/MonocleCore",
"product_dependencies" : [
"LanguageServerProtocol",
"LanguageClient"
],
"product_memberships" : [
"MonocleCore",
"monocle"
],
"sources" : [
"Daemon/DaemonClient.swift",
"Daemon/DaemonModels.swift",
"Daemon/DaemonRequestHandler.swift",
"Daemon/DaemonServer.swift",
"Daemon/DaemonSessionManager.swift",
"Daemon/FileDescriptorIO.swift",
"Daemon/UnixDomainSocket.swift",
"FilePathResolver.swift",
"LspSession+Helpers.swift",
"LspSession.swift",
"MonocleError.swift",
"PackageCheckoutLocator.swift",
"SourceKitService.swift",
"SymbolInfo.swift",
"SymbolSearchRanking.swift",
"ToolchainConfiguration.swift",
"Version.generated.swift",
"Workspace.swift",
"WorkspaceLocator.swift",
"XcodeSwiftPackageDependencyLocator.swift"
],
"type" : "library"
},
{
"c99name" : "MonocleCLI",
"module_type" : "SwiftTarget",
"name" : "MonocleCLI",
"path" : "Sources/MonocleCLI",
"product_dependencies" : [
"ArgumentParser"
],
"product_memberships" : [
"monocle"
],
"sources" : [
"Commands/DefinitionCommand.swift",
"Commands/HoverCommand.swift",
"Commands/InspectCommand.swift",
"Commands/PackagesCommand.swift",
"Commands/ServeCommand.swift",
"Commands/StatusCommand.swift",
"Commands/StopCommand.swift",
"Commands/SymbolCommand+Search.swift",
"Commands/SymbolCommand.swift",
"HumanReadablePrinter.swift",
"MonocleCommand.swift",
"MonocleMain.swift",
"SymbolCommandRunner.swift",
"SymbolSearchArguments.swift"
],
"target_dependencies" : [
"MonocleCore"
],
"type" : "executable"
}
],
"tools_version" : "6.2"
}
{
"workspace" : {
"name" : "monocle",
"schemes" : [
"monocle",
"monocle-Package",
"MonocleCore",
"Semaphore"
]
}
}
2026-09-23 19:18:20.250 xcodebuild[1347:7473] [MT] IDERunDestination: Supported platforms for the buildables in the current scheme is empty.
2026-09-23 19:18:20.352 xcodebuild[1347:7473] [MT] IDERunDestination: Supported platforms for the buildables in the current scheme is empty.
{
"workspace" : {
"name" : "monocle",
"schemes" : [
"monocle",
"monocle-Package",
"MonocleCore",
"Semaphore"
]
}
}
2026-09-23 19:18:22.275 xcodebuild[1357:7553] [MT] IDERunDestination: Supported platforms for the buildables in the current scheme is empty.
2026-09-23 19:18:22.376 xcodebuild[1357:7553] [MT] IDERunDestination: Supported platforms for the buildables in the current scheme is empty.
Running build ...
env DEVELOPER_DIR=/Applications/Xcode-27.0.0-Release.Candidate.app xcrun xcodebuild -IDEClonedSourcePackagesDirPathOverride=$PWD/.dependencies -skipMacroValidation -skipPackagePluginValidation -derivedDataPath $PWD/.derivedData build -scheme monocle-Package -destination generic/platform=xrOS
Command line invocation:
/Applications/Xcode-27.0.0-Release.Candidate.app/Contents/Developer/usr/bin/xcodebuild -IDEClonedSourcePackagesDirPathOverride=/Users/admin/builder/spi-builder-workspace/.dependencies -skipMacroValidation -skipPackagePluginValidation -derivedDataPath /Users/admin/builder/spi-builder-workspace/.derivedData build -scheme monocle-Package -destination generic/platform=xrOS
Resolve Package Graph
Resolved source packages:
FSEventsWrapper: https://github.com/Frizlab/FSEventsWrapper @ 2.1.0
LanguageClient: https://github.com/ChimeHQ/LanguageClient.git @ 0.8.2
swift-argument-parser: https://github.com/apple/swift-argument-parser.git @ 1.8.2
Semaphore: https://github.com/groue/Semaphore @ 0.1.0
LanguageServerProtocol: https://github.com/ChimeHQ/LanguageServerProtocol.git @ 0.14.2
JSONRPC: https://github.com/ChimeHQ/JSONRPC @ 0.9.2
ProcessEnv: https://github.com/ChimeHQ/ProcessEnv @ 1.0.1
monocle: /Users/admin/builder/spi-builder-workspace
swift-glob: https://github.com/davbeck/swift-glob @ 0.2.0
Queue: https://github.com/mattmassicotte/Queue @ 0.2.2
ComputePackagePrebuildTargetDependencyGraph
Prepare packages
CreateBuildRequest
SendProjectDescription
CreateBuildOperation
ComputeTargetDependencyGraph
note: Building targets in dependency order
note: Target dependency graph (19 targets)
Target 'monocle-product' in project 'monocle'
➜ Explicit dependency on target 'MonocleCore' in project 'monocle'
➜ Explicit dependency on target 'LanguageServerProtocol-product' in project 'LanguageServerProtocol'
➜ Explicit dependency on target 'LanguageClient-product' in project 'LanguageClient'
➜ Explicit dependency on target 'ArgumentParser-product' in project 'swift-argument-parser'
Target 'ArgumentParser-product' in project 'swift-argument-parser'
➜ Explicit dependency on target 'ArgumentParser' in project 'swift-argument-parser'
➜ Explicit dependency on target 'ArgumentParserToolInfo' in project 'swift-argument-parser'
Target 'ArgumentParser' in project 'swift-argument-parser'
➜ Explicit dependency on target 'ArgumentParserToolInfo' in project 'swift-argument-parser'
Target 'ArgumentParserToolInfo' in project 'swift-argument-parser' (no dependencies)
Target 'MonocleCore-product' in project 'monocle'
➜ Explicit dependency on target 'MonocleCore' in project 'monocle'
➜ Explicit dependency on target 'LanguageServerProtocol-product' in project 'LanguageServerProtocol'
➜ Explicit dependency on target 'LanguageClient-product' in project 'LanguageClient'
Target 'MonocleCore' in project 'monocle'
➜ Explicit dependency on target 'LanguageServerProtocol-product' in project 'LanguageServerProtocol'
➜ Explicit dependency on target 'LanguageClient-product' in project 'LanguageClient'
Target 'LanguageClient-product' in project 'LanguageClient'
➜ Explicit dependency on target 'LanguageClient' in project 'LanguageClient'
➜ Explicit dependency on target 'Glob-product' in project 'swift-glob'
➜ Explicit dependency on target 'JSONRPC-product' in project 'JSONRPC'
➜ Explicit dependency on target 'LanguageServerProtocol-product' in project 'LanguageServerProtocol'
➜ Explicit dependency on target 'Queue-product' in project 'Queue'
➜ Explicit dependency on target 'Semaphore-product' in project 'Semaphore'
Target 'LanguageClient' in project 'LanguageClient'
➜ Explicit dependency on target 'Glob-product' in project 'swift-glob'
➜ Explicit dependency on target 'JSONRPC-product' in project 'JSONRPC'
➜ Explicit dependency on target 'LanguageServerProtocol-product' in project 'LanguageServerProtocol'
➜ Explicit dependency on target 'Queue-product' in project 'Queue'
➜ Explicit dependency on target 'Semaphore-product' in project 'Semaphore'
Target 'Semaphore-product' in project 'Semaphore'
➜ Explicit dependency on target 'Semaphore' in project 'Semaphore'
Target 'Semaphore' in project 'Semaphore' (no dependencies)
Target 'Queue-product' in project 'Queue'
➜ Explicit dependency on target 'Queue' in project 'Queue'
Target 'Queue' in project 'Queue' (no dependencies)
Target 'Glob-product' in project 'swift-glob'
➜ Explicit dependency on target 'Glob' in project 'swift-glob'
➜ Explicit dependency on target 'FNMDefinitions' in project 'swift-glob'
Target 'Glob' in project 'swift-glob'
➜ Explicit dependency on target 'FNMDefinitions' in project 'swift-glob'
Target 'FNMDefinitions' in project 'swift-glob' (no dependencies)
Target 'LanguageServerProtocol-product' in project 'LanguageServerProtocol'
➜ Explicit dependency on target 'LanguageServerProtocol' in project 'LanguageServerProtocol'
➜ Explicit dependency on target 'JSONRPC-product' in project 'JSONRPC'
Target 'LanguageServerProtocol' in project 'LanguageServerProtocol'
➜ Explicit dependency on target 'JSONRPC-product' in project 'JSONRPC'
Target 'JSONRPC-product' in project 'JSONRPC'
➜ Explicit dependency on target 'JSONRPC' in project 'JSONRPC'
Target 'JSONRPC' in project 'JSONRPC' (no dependencies)
GatherProvisioningInputs
CreateBuildDescription
ClangStatCache /Applications/Xcode-27.0.0-Release.Candidate.app/Contents/Developer/Toolchains/XcodeDefault.xctoolchain/usr/bin/clang-stat-cache /Applications/Xcode-27.0.0-Release.Candidate.app/Contents/Developer/Platforms/XROS.platform/Developer/SDKs/XROS27.0.sdk /Users/admin/builder/spi-builder-workspace/.derivedData/SDKStatCaches.noindex/xros27.0-24M361-e829b21a6f8c9b70876ba0858053c044735bd543db762f57723cac368afd1ce4.sdkstatcache
cd /Users/admin/builder/spi-builder-workspace/.swiftpm/xcode
/Applications/Xcode-27.0.0-Release.Candidate.app/Contents/Developer/Toolchains/XcodeDefault.xctoolchain/usr/bin/clang-stat-cache /Applications/Xcode-27.0.0-Release.Candidate.app/Contents/Developer/Platforms/XROS.platform/Developer/SDKs/XROS27.0.sdk -o /Users/admin/builder/spi-builder-workspace/.derivedData/SDKStatCaches.noindex/xros27.0-24M361-e829b21a6f8c9b70876ba0858053c044735bd543db762f57723cac368afd1ce4.sdkstatcache
SwiftDriver MonocleCore normal arm64 com.apple.xcode.tools.swift.compiler (in target 'MonocleCore' from project 'monocle')
cd /Users/admin/builder/spi-builder-workspace/.swiftpm/xcode
builtin-SwiftDriver -- /Applications/Xcode-27.0.0-Release.Candidate.app/Contents/Developer/Toolchains/XcodeDefault.xctoolchain/usr/bin/swiftc -parse-as-library -module-name MonocleCore -Onone @/Users/admin/builder/spi-builder-workspace/.derivedData/Build/Intermediates.noindex/monocle.build/Debug-xros/MonocleCore-t.build/Objects-normal/arm64/MonocleCore.SwiftFileList -DSWIFT_PACKAGE -DDEBUG -DSWIFT_MODULE_RESOURCE_BUNDLE_UNAVAILABLE -Xcc -fmodule-map-file\=/Users/admin/builder/spi-builder-workspace/.derivedData/Build/Intermediates.noindex/GeneratedModuleMaps-xros/FNMDefinitions.modulemap -DXcode -plugin-path /Applications/Xcode-27.0.0-Release.Candidate.app/Contents/Developer/Toolchains/XcodeDefault.xctoolchain/usr/lib/swift/host/plugins/testing -enable-experimental-feature DebugDescriptionMacro -sdk /Applications/Xcode-27.0.0-Release.Candidate.app/Contents/Developer/Platforms/XROS.platform/Developer/SDKs/XROS27.0.sdk -target arm64-apple-xros1.0 -g -module-cache-path /Users/admin/builder/spi-builder-workspace/.derivedData/ModuleCache.noindex -Xfrontend -serialize-debugging-options -profile-coverage-mapping -profile-generate -enable-testing -index-store-path /Users/admin/builder/spi-builder-workspace/.derivedData/Index.noindex/DataStore -Xcc -D_LIBCPP_HARDENING_MODE\=_LIBCPP_HARDENING_MODE_DEBUG -swift-version 6 -I /Users/admin/builder/spi-builder-workspace/.derivedData/Build/Products/Debug-xros -Isystem /Applications/Xcode-27.0.0-Release.Candidate.app/Contents/Developer/Platforms/XROS.platform/Developer/usr/lib -F /Users/admin/builder/spi-builder-workspace/.derivedData/Build/Products/Debug-xros/PackageFrameworks -F /Users/admin/builder/spi-builder-workspace/.derivedData/Build/Products/Debug-xros -F /Applications/Xcode-27.0.0-Release.Candidate.app/Contents/Developer/Platforms/XROS.platform/Developer/Library/Frameworks -F /Applications/Xcode-27.0.0-Release.Candidate.app/Contents/Developer/Platforms/XROS.platform/Developer/SDKs/XROS27.0.sdk/Developer/Library/Frameworks -c -j10 -enable-batch-mode -incremental -Xcc -ivfsstatcache -Xcc /Users/admin/builder/spi-builder-workspace/.derivedData/SDKStatCaches.noindex/xros27.0-24M361-e829b21a6f8c9b70876ba0858053c044735bd543db762f57723cac368afd1ce4.sdkstatcache -output-file-map /Users/admin/builder/spi-builder-workspace/.derivedData/Build/Intermediates.noindex/monocle.build/Debug-xros/MonocleCore-t.build/Objects-normal/arm64/MonocleCore-OutputFileMap.json -save-temps -no-color-diagnostics -explicit-module-build -module-cache-path /Users/admin/builder/spi-builder-workspace/.derivedData/Build/Intermediates.noindex/SwiftExplicitPrecompiledModules -clang-scanner-module-cache-path /Users/admin/builder/spi-builder-workspace/.derivedData/ModuleCache.noindex -sdk-module-cache-path /Users/admin/builder/spi-builder-workspace/.derivedData/SDKExplicitPrecompiledModules -emit-dependencies -emit-module -emit-module-path /Users/admin/builder/spi-builder-workspace/.derivedData/Build/Intermediates.noindex/monocle.build/Debug-xros/MonocleCore-t.build/Objects-normal/arm64/MonocleCore.swiftmodule -serialize-diagnostics -dependency-scan-serialize-diagnostics-path /Users/admin/builder/spi-builder-workspace/.derivedData/Build/Intermediates.noindex/monocle.build/Debug-xros/MonocleCore-t.build/Objects-normal/arm64/MonocleCore-dependency-scan.dia -validate-clang-modules-once -clang-build-session-file /Users/admin/builder/spi-builder-workspace/.derivedData/ModuleCache.noindex/Session.modulevalidation -Xcc -fmodules-prune-interval\=86400 -Xcc -fmodules-prune-after\=345600 -package-name spi_builder_workspace -emit-const-values -const-gather-protocols-list /Users/admin/builder/spi-builder-workspace/.derivedData/Build/Intermediates.noindex/monocle.build/Debug-xros/MonocleCore-t.build/Objects-normal/arm64/MonocleCore_const_extract_protocols.json -Xcc -I/Users/admin/builder/spi-builder-workspace/.dependencies/checkouts/swift-glob/Sources/FNMDefinitions/include -Xcc -I/Users/admin/builder/spi-builder-workspace/.derivedData/Build/Products/Debug-xros/include -Xcc -I/Users/admin/builder/spi-builder-workspace/.derivedData/Build/Intermediates.noindex/monocle.build/Debug-xros/MonocleCore-t.build/DerivedSources-normal/arm64 -Xcc -I/Users/admin/builder/spi-builder-workspace/.derivedData/Build/Intermediates.noindex/monocle.build/Debug-xros/MonocleCore-t.build/DerivedSources/arm64 -Xcc -I/Users/admin/builder/spi-builder-workspace/.derivedData/Build/Intermediates.noindex/monocle.build/Debug-xros/MonocleCore-t.build/DerivedSources -Xcc -DSWIFT_PACKAGE -Xcc -DDEBUG\=1 -emit-objc-header -emit-objc-header-path /Users/admin/builder/spi-builder-workspace/.derivedData/Build/Intermediates.noindex/monocle.build/Debug-xros/MonocleCore-t.build/Objects-normal/arm64/MonocleCore-Swift.h -working-directory /Users/admin/builder/spi-builder-workspace/.swiftpm/xcode -experimental-emit-module-separately -disable-cmo
error: Clang dependency scanning failure: (in target 'MonocleCore' from project 'monocle')
/Users/admin/builder/spi-builder-workspace/Sources/MonocleCore/SourceKitService.swift:7:8: error: Unable to resolve module dependency: 'ProcessEnv' (in target 'MonocleCore' from project 'monocle')
note: A dependency of main module 'MonocleCore'
/Users/admin/builder/spi-builder-workspace/Sources/MonocleCore/SourceKitService.swift:7:8: note: A dependency of main module 'MonocleCore'
import ProcessEnv
^ (in target 'MonocleCore' from project 'monocle')
SwiftDriver LanguageClient normal arm64 com.apple.xcode.tools.swift.compiler (in target 'LanguageClient' from project 'LanguageClient')
cd /Users/admin/builder/spi-builder-workspace/.swiftpm/xcode
builtin-SwiftDriver -- /Applications/Xcode-27.0.0-Release.Candidate.app/Contents/Developer/Toolchains/XcodeDefault.xctoolchain/usr/bin/swiftc -parse-as-library -module-name LanguageClient -Onone @/Users/admin/builder/spi-builder-workspace/.derivedData/Build/Intermediates.noindex/LanguageClient.build/Debug-xros/LanguageClient-t.build/Objects-normal/arm64/LanguageClient.SwiftFileList -DSWIFT_PACKAGE -DDEBUG -DSWIFT_MODULE_RESOURCE_BUNDLE_UNAVAILABLE -Xcc -fmodule-map-file\=/Users/admin/builder/spi-builder-workspace/.derivedData/Build/Intermediates.noindex/GeneratedModuleMaps-xros/FNMDefinitions.modulemap -DXcode -enable-experimental-feature StrictConcurrency -plugin-path /Applications/Xcode-27.0.0-Release.Candidate.app/Contents/Developer/Toolchains/XcodeDefault.xctoolchain/usr/lib/swift/host/plugins/testing -enable-experimental-feature DebugDescriptionMacro -sdk /Applications/Xcode-27.0.0-Release.Candidate.app/Contents/Developer/Platforms/XROS.platform/Developer/SDKs/XROS27.0.sdk -target arm64-apple-xros1.0 -g -module-cache-path /Users/admin/builder/spi-builder-workspace/.derivedData/ModuleCache.noindex -Xfrontend -serialize-debugging-options -profile-coverage-mapping -profile-generate -enable-testing -suppress-warnings -index-store-path /Users/admin/builder/spi-builder-workspace/.derivedData/Index.noindex/DataStore -Xcc -D_LIBCPP_HARDENING_MODE\=_LIBCPP_HARDENING_MODE_DEBUG -swift-version 5 -I /Users/admin/builder/spi-builder-workspace/.derivedData/Build/Products/Debug-xros -Isystem /Applications/Xcode-27.0.0-Release.Candidate.app/Contents/Developer/Platforms/XROS.platform/Developer/usr/lib -F /Users/admin/builder/spi-builder-workspace/.derivedData/Build/Products/Debug-xros/PackageFrameworks -F /Users/admin/builder/spi-builder-workspace/.derivedData/Build/Products/Debug-xros -F /Applications/Xcode-27.0.0-Release.Candidate.app/Contents/Developer/Platforms/XROS.platform/Developer/Library/Frameworks -F /Applications/Xcode-27.0.0-Release.Candidate.app/Contents/Developer/Platforms/XROS.platform/Developer/SDKs/XROS27.0.sdk/Developer/Library/Frameworks -c -j10 -enable-batch-mode -incremental -Xcc -ivfsstatcache -Xcc /Users/admin/builder/spi-builder-workspace/.derivedData/SDKStatCaches.noindex/xros27.0-24M361-e829b21a6f8c9b70876ba0858053c044735bd543db762f57723cac368afd1ce4.sdkstatcache -output-file-map /Users/admin/builder/spi-builder-workspace/.derivedData/Build/Intermediates.noindex/LanguageClient.build/Debug-xros/LanguageClient-t.build/Objects-normal/arm64/LanguageClient-OutputFileMap.json -save-temps -no-color-diagnostics -explicit-module-build -module-cache-path /Users/admin/builder/spi-builder-workspace/.derivedData/Build/Intermediates.noindex/SwiftExplicitPrecompiledModules -clang-scanner-module-cache-path /Users/admin/builder/spi-builder-workspace/.derivedData/ModuleCache.noindex -sdk-module-cache-path /Users/admin/builder/spi-builder-workspace/.derivedData/SDKExplicitPrecompiledModules -emit-dependencies -emit-module -emit-module-path /Users/admin/builder/spi-builder-workspace/.derivedData/Build/Intermediates.noindex/LanguageClient.build/Debug-xros/LanguageClient-t.build/Objects-normal/arm64/LanguageClient.swiftmodule -serialize-diagnostics -dependency-scan-serialize-diagnostics-path /Users/admin/builder/spi-builder-workspace/.derivedData/Build/Intermediates.noindex/LanguageClient.build/Debug-xros/LanguageClient-t.build/Objects-normal/arm64/LanguageClient-dependency-scan.dia -validate-clang-modules-once -clang-build-session-file /Users/admin/builder/spi-builder-workspace/.derivedData/ModuleCache.noindex/Session.modulevalidation -Xcc -fmodules-prune-interval\=86400 -Xcc -fmodules-prune-after\=345600 -package-name languageclient -emit-const-values -const-gather-protocols-list /Users/admin/builder/spi-builder-workspace/.derivedData/Build/Intermediates.noindex/LanguageClient.build/Debug-xros/LanguageClient-t.build/Objects-normal/arm64/LanguageClient_const_extract_protocols.json -Xcc -I/Users/admin/builder/spi-builder-workspace/.dependencies/checkouts/swift-glob/Sources/FNMDefinitions/include -Xcc -I/Users/admin/builder/spi-builder-workspace/.derivedData/Build/Products/Debug-xros/include -Xcc -I/Users/admin/builder/spi-builder-workspace/.derivedData/Build/Intermediates.noindex/LanguageClient.build/Debug-xros/LanguageClient-t.build/DerivedSources-normal/arm64 -Xcc -I/Users/admin/builder/spi-builder-workspace/.derivedData/Build/Intermediates.noindex/LanguageClient.build/Debug-xros/LanguageClient-t.build/DerivedSources/arm64 -Xcc -I/Users/admin/builder/spi-builder-workspace/.derivedData/Build/Intermediates.noindex/LanguageClient.build/Debug-xros/LanguageClient-t.build/DerivedSources -Xcc -DSWIFT_PACKAGE -Xcc -DDEBUG\=1 -emit-objc-header -emit-objc-header-path /Users/admin/builder/spi-builder-workspace/.derivedData/Build/Intermediates.noindex/LanguageClient.build/Debug-xros/LanguageClient-t.build/Objects-normal/arm64/LanguageClient-Swift.h -working-directory /Users/admin/builder/spi-builder-workspace/.swiftpm/xcode -experimental-emit-module-separately -disable-cmo
SwiftDriver LanguageServerProtocol normal arm64 com.apple.xcode.tools.swift.compiler (in target 'LanguageServerProtocol' from project 'LanguageServerProtocol')
cd /Users/admin/builder/spi-builder-workspace/.swiftpm/xcode
builtin-SwiftDriver -- /Applications/Xcode-27.0.0-Release.Candidate.app/Contents/Developer/Toolchains/XcodeDefault.xctoolchain/usr/bin/swiftc -parse-as-library -module-name LanguageServerProtocol -Onone @/Users/admin/builder/spi-builder-workspace/.derivedData/Build/Intermediates.noindex/LanguageServerProtocol.build/Debug-xros/LanguageServerProtocol-t.build/Objects-normal/arm64/LanguageServerProtocol.SwiftFileList -DSWIFT_PACKAGE -DDEBUG -DSWIFT_MODULE_RESOURCE_BUNDLE_UNAVAILABLE -DXcode -enable-experimental-feature StrictConcurrency -plugin-path /Applications/Xcode-27.0.0-Release.Candidate.app/Contents/Developer/Toolchains/XcodeDefault.xctoolchain/usr/lib/swift/host/plugins/testing -enable-experimental-feature DebugDescriptionMacro -sdk /Applications/Xcode-27.0.0-Release.Candidate.app/Contents/Developer/Platforms/XROS.platform/Developer/SDKs/XROS27.0.sdk -target arm64-apple-xros1.0 -g -module-cache-path /Users/admin/builder/spi-builder-workspace/.derivedData/ModuleCache.noindex -Xfrontend -serialize-debugging-options -profile-coverage-mapping -profile-generate -enable-testing -suppress-warnings -index-store-path /Users/admin/builder/spi-builder-workspace/.derivedData/Index.noindex/DataStore -Xcc -D_LIBCPP_HARDENING_MODE\=_LIBCPP_HARDENING_MODE_DEBUG -swift-version 5 -I /Users/admin/builder/spi-builder-workspace/.derivedData/Build/Products/Debug-xros -Isystem /Applications/Xcode-27.0.0-Release.Candidate.app/Contents/Developer/Platforms/XROS.platform/Developer/usr/lib -F /Users/admin/builder/spi-builder-workspace/.derivedData/Build/Products/Debug-xros/PackageFrameworks -F /Users/admin/builder/spi-builder-workspace/.derivedData/Build/Products/Debug-xros -F /Applications/Xcode-27.0.0-Release.Candidate.app/Contents/Developer/Platforms/XROS.platform/Developer/Library/Frameworks -F /Applications/Xcode-27.0.0-Release.Candidate.app/Contents/Developer/Platforms/XROS.platform/Developer/SDKs/XROS27.0.sdk/Developer/Library/Frameworks -c -j10 -enable-batch-mode -incremental -Xcc -ivfsstatcache -Xcc /Users/admin/builder/spi-builder-workspace/.derivedData/SDKStatCaches.noindex/xros27.0-24M361-e829b21a6f8c9b70876ba0858053c044735bd543db762f57723cac368afd1ce4.sdkstatcache -output-file-map /Users/admin/builder/spi-builder-workspace/.derivedData/Build/Intermediates.noindex/LanguageServerProtocol.build/Debug-xros/LanguageServerProtocol-t.build/Objects-normal/arm64/LanguageServerProtocol-OutputFileMap.json -save-temps -no-color-diagnostics -explicit-module-build -module-cache-path /Users/admin/builder/spi-builder-workspace/.derivedData/Build/Intermediates.noindex/SwiftExplicitPrecompiledModules -clang-scanner-module-cache-path /Users/admin/builder/spi-builder-workspace/.derivedData/ModuleCache.noindex -sdk-module-cache-path /Users/admin/builder/spi-builder-workspace/.derivedData/SDKExplicitPrecompiledModules -emit-dependencies -emit-module -emit-module-path /Users/admin/builder/spi-builder-workspace/.derivedData/Build/Intermediates.noindex/LanguageServerProtocol.build/Debug-xros/LanguageServerProtocol-t.build/Objects-normal/arm64/LanguageServerProtocol.swiftmodule -serialize-diagnostics -dependency-scan-serialize-diagnostics-path /Users/admin/builder/spi-builder-workspace/.derivedData/Build/Intermediates.noindex/LanguageServerProtocol.build/Debug-xros/LanguageServerProtocol-t.build/Objects-normal/arm64/LanguageServerProtocol-dependency-scan.dia -validate-clang-modules-once -clang-build-session-file /Users/admin/builder/spi-builder-workspace/.derivedData/ModuleCache.noindex/Session.modulevalidation -Xcc -fmodules-prune-interval\=86400 -Xcc -fmodules-prune-after\=345600 -emit-const-values -const-gather-protocols-list /Users/admin/builder/spi-builder-workspace/.derivedData/Build/Intermediates.noindex/LanguageServerProtocol.build/Debug-xros/LanguageServerProtocol-t.build/Objects-normal/arm64/LanguageServerProtocol_const_extract_protocols.json -Xcc -I/Users/admin/builder/spi-builder-workspace/.derivedData/Build/Products/Debug-xros/include -Xcc -I/Users/admin/builder/spi-builder-workspace/.derivedData/Build/Intermediates.noindex/LanguageServerProtocol.build/Debug-xros/LanguageServerProtocol-t.build/DerivedSources-normal/arm64 -Xcc -I/Users/admin/builder/spi-builder-workspace/.derivedData/Build/Intermediates.noindex/LanguageServerProtocol.build/Debug-xros/LanguageServerProtocol-t.build/DerivedSources/arm64 -Xcc -I/Users/admin/builder/spi-builder-workspace/.derivedData/Build/Intermediates.noindex/LanguageServerProtocol.build/Debug-xros/LanguageServerProtocol-t.build/DerivedSources -Xcc -DSWIFT_PACKAGE -Xcc -DDEBUG\=1 -emit-objc-header -emit-objc-header-path /Users/admin/builder/spi-builder-workspace/.derivedData/Build/Intermediates.noindex/LanguageServerProtocol.build/Debug-xros/LanguageServerProtocol-t.build/Objects-normal/arm64/LanguageServerProtocol-Swift.h -working-directory /Users/admin/builder/spi-builder-workspace/.swiftpm/xcode -experimental-emit-module-separately -disable-cmo
PruneExplicitPrecompiledModules /Users/admin/builder/spi-builder-workspace/.derivedData/Build/Intermediates.noindex/ExplicitPrecompiledModules
PruneExplicitPrecompiledModules /Users/admin/builder/spi-builder-workspace/.derivedData/Build/Intermediates.noindex/SwiftExplicitPrecompiledModules
PruneExplicitPrecompiledModules /Users/admin/builder/spi-builder-workspace/.derivedData/SDKExplicitPrecompiledModules
2026-09-23 19:18:24.339 xcodebuild[1366:7627] [MT] IDERunDestination: Supported platforms for the buildables in the current scheme is empty.
2026-09-23 19:18:24.442 xcodebuild[1366:7627] [MT] IDERunDestination: Supported platforms for the buildables in the current scheme is empty.
** BUILD FAILED **
The following build commands failed:
SwiftDriver MonocleCore normal arm64 com.apple.xcode.tools.swift.compiler (in target 'MonocleCore' from project 'monocle')
Building workspace monocle with scheme monocle-Package
(2 failures)
BUILD FAILURE 6.4 visionOS