Build Information
Failed to build Split, reference master (596f9d), with Swift 6.4 for visionOS using Xcode 27.0 on 23 Oct 2026 22:08:26 UTC.
Build Command
env DEVELOPER_DIR=/Applications/Xcode-27.0.0.app xcrun xcodebuild -IDEClonedSourcePackagesDirPathOverride=$PWD/.dependencies -skipMacroValidation -skipPackagePluginValidation -derivedDataPath $PWD/.derivedData build -scheme Split -destination generic/platform=xrOSBuild Log
/Users/admin/builder/spi-builder-workspace/Split/Common/Utils/NotificationsHelper.swift:101:59: error: type 'Self' has no member 'didEnterBgNotification'
99 | NotificationCenter.default.addObserver(self,
100 | selector: #selector(applicationDidEnterBackground),
101 | name: Self.didEnterBgNotification,
| `- error: type 'Self' has no member 'didEnterBgNotification'
102 | object: nil)
103 | NotificationCenter.default.addObserver(self,
/Users/admin/builder/spi-builder-workspace/Split/Common/Utils/NotificationsHelper.swift:105:59: error: type 'Self' has no member 'didBecomeActiveNotification'
103 | NotificationCenter.default.addObserver(self,
104 | selector: #selector(applicationDidBecomeActive),
105 | name: Self.didBecomeActiveNotification,
| `- error: type 'Self' has no member 'didBecomeActiveNotification'
106 | object: nil)
107 | }
/Users/admin/builder/spi-builder-workspace/Split/Common/Utils/NotificationsHelper.swift:110:68: error: type 'Self' has no member 'didEnterBgNotification'
108 |
109 | private func unsubscribe() {
110 | NotificationCenter.default.removeObserver(self, name: Self.didEnterBgNotification, object: nil)
| `- error: type 'Self' has no member 'didEnterBgNotification'
111 | NotificationCenter.default.removeObserver(self, name: Self.didBecomeActiveNotification, object: nil)
112 | }
/Users/admin/builder/spi-builder-workspace/Split/Common/Utils/NotificationsHelper.swift:111:68: error: type 'Self' has no member 'didBecomeActiveNotification'
109 | private func unsubscribe() {
110 | NotificationCenter.default.removeObserver(self, name: Self.didEnterBgNotification, object: nil)
111 | NotificationCenter.default.removeObserver(self, name: Self.didBecomeActiveNotification, object: nil)
| `- error: type 'Self' has no member 'didBecomeActiveNotification'
112 | }
113 |
Failed frontend command:
SwiftCompile normal arm64 /Users/admin/builder/spi-builder-workspace/Split/Common/Extensions/String+Utils.swift (in target 'Split' from project 'Split')
cd /Users/admin/builder/spi-builder-workspace/.swiftpm/xcode
builtin-SwiftPerFileCompile String+Utils.swift
SwiftCompile normal arm64 /Users/admin/builder/spi-builder-workspace/Split/Common/Extensions/UInt64+bits.swift (in target 'Split' from project 'Split')
cd /Users/admin/builder/spi-builder-workspace/.swiftpm/xcode
builtin-SwiftPerFileCompile UInt64+bits.swift
SwiftCompile normal arm64 /Users/admin/builder/spi-builder-workspace/Split/Common/ServiceConstants.swift (in target 'Split' from project 'Split')
cd /Users/admin/builder/spi-builder-workspace/.swiftpm/xcode
builtin-SwiftPerFileCompile ServiceConstants.swift
SwiftCompile normal arm64 /Users/admin/builder/spi-builder-workspace/Split/Common/Structs/ConcurrentArrayQueue.swift (in target 'Split' from project 'Split')
cd /Users/admin/builder/spi-builder-workspace/.swiftpm/xcode
builtin-SwiftPerFileCompile ConcurrentArrayQueue.swift
SwiftCompile normal arm64 /Users/admin/builder/spi-builder-workspace/Split/Common/Structs/ConcurrentDictionary.swift (in target 'Split' from project 'Split')
cd /Users/admin/builder/spi-builder-workspace/.swiftpm/xcode
builtin-SwiftPerFileCompile ConcurrentDictionary.swift
SwiftCompile normal arm64 /Users/admin/builder/spi-builder-workspace/Split/Common/Structs/ConcurrentDictionaryList.swift (in target 'Split' from project 'Split')
cd /Users/admin/builder/spi-builder-workspace/.swiftpm/xcode
builtin-SwiftPerFileCompile ConcurrentDictionaryList.swift
SwiftCompile normal arm64 /Users/admin/builder/spi-builder-workspace/Split/Common/Structs/ConcurrentSet.swift (in target 'Split' from project 'Split')
cd /Users/admin/builder/spi-builder-workspace/.swiftpm/xcode
builtin-SwiftPerFileCompile ConcurrentSet.swift
SwiftCompile normal arm64 /Users/admin/builder/spi-builder-workspace/Split/Common/Structs/KeyStorage.swift (in target 'Split' from project 'Split')
cd /Users/admin/builder/spi-builder-workspace/.swiftpm/xcode
builtin-SwiftPerFileCompile KeyStorage.swift
SwiftCompile normal arm64 /Users/admin/builder/spi-builder-workspace/Split/Common/Structs/LRUCache.swift (in target 'Split' from project 'Split')
cd /Users/admin/builder/spi-builder-workspace/.swiftpm/xcode
builtin-SwiftPerFileCompile LRUCache.swift
SwiftCompile normal arm64 /Users/admin/builder/spi-builder-workspace/Split/Common/Structs/SynchronizedDictionary.swift (in target 'Split' from project 'Split')
cd /Users/admin/builder/spi-builder-workspace/.swiftpm/xcode
builtin-SwiftPerFileCompile SynchronizedDictionary.swift
SwiftCompile normal arm64 /Users/admin/builder/spi-builder-workspace/Split/Common/Structs/SynchronizedDictionaryComposed.swift (in target 'Split' from project 'Split')
cd /Users/admin/builder/spi-builder-workspace/.swiftpm/xcode
builtin-SwiftPerFileCompile SynchronizedDictionaryComposed.swift
SwiftCompile normal arm64 /Users/admin/builder/spi-builder-workspace/Split/Common/Structs/SynchronizedDictionarySet.swift (in target 'Split' from project 'Split')
cd /Users/admin/builder/spi-builder-workspace/.swiftpm/xcode
builtin-SwiftPerFileCompile SynchronizedDictionarySet.swift
SwiftCompile normal arm64 /Users/admin/builder/spi-builder-workspace/Split/Common/Structs/SynchronizedList.swift (in target 'Split' from project 'Split')
cd /Users/admin/builder/spi-builder-workspace/.swiftpm/xcode
builtin-SwiftPerFileCompile SynchronizedList.swift
SwiftCompile normal arm64 /Users/admin/builder/spi-builder-workspace/Split/Common/Utils/Atomic.swift (in target 'Split' from project 'Split')
cd /Users/admin/builder/spi-builder-workspace/.swiftpm/xcode
builtin-SwiftPerFileCompile Atomic.swift
SwiftCompile normal arm64 /Users/admin/builder/spi-builder-workspace/Split/Common/Utils/Base64Utils.swift (in target 'Split' from project 'Split')
cd /Users/admin/builder/spi-builder-workspace/.swiftpm/xcode
builtin-SwiftPerFileCompile Base64Utils.swift
SwiftCompile normal arm64 /Users/admin/builder/spi-builder-workspace/Split/Common/Utils/CastUtils.swift (in target 'Split' from project 'Split')
cd /Users/admin/builder/spi-builder-workspace/.swiftpm/xcode
builtin-SwiftPerFileCompile CastUtils.swift
SwiftCompile normal arm64 /Users/admin/builder/spi-builder-workspace/Split/Common/Utils/Cipher.swift (in target 'Split' from project 'Split')
cd /Users/admin/builder/spi-builder-workspace/.swiftpm/xcode
builtin-SwiftPerFileCompile Cipher.swift
SwiftCompile normal arm64 /Users/admin/builder/spi-builder-workspace/Split/Common/Utils/CompressionUtil.swift (in target 'Split' from project 'Split')
cd /Users/admin/builder/spi-builder-workspace/.swiftpm/xcode
builtin-SwiftPerFileCompile CompressionUtil.swift
SwiftCompile normal arm64 /Users/admin/builder/spi-builder-workspace/Split/Common/Utils/DbCipher.swift (in target 'Split' from project 'Split')
cd /Users/admin/builder/spi-builder-workspace/.swiftpm/xcode
builtin-SwiftPerFileCompile DbCipher.swift
SwiftCompile normal arm64 /Users/admin/builder/spi-builder-workspace/Split/Common/Utils/DbEncryptionManager.swift (in target 'Split' from project 'Split')
cd /Users/admin/builder/spi-builder-workspace/.swiftpm/xcode
builtin-SwiftPerFileCompile DbEncryptionManager.swift
SwiftCompile normal arm64 /Users/admin/builder/spi-builder-workspace/Split/Common/Utils/FileUtil.swift (in target 'Split' from project 'Split')
cd /Users/admin/builder/spi-builder-workspace/.swiftpm/xcode
builtin-SwiftPerFileCompile FileUtil.swift
SwiftCompile normal arm64 /Users/admin/builder/spi-builder-workspace/Split/Common/Utils/InfoUtils.swift (in target 'Split' from project 'Split')
cd /Users/admin/builder/spi-builder-workspace/.swiftpm/xcode
builtin-SwiftPerFileCompile InfoUtils.swift
SwiftCompile normal arm64 /Users/admin/builder/spi-builder-workspace/Split/Common/Utils/Logger.swift (in target 'Split' from project 'Split')
cd /Users/admin/builder/spi-builder-workspace/.swiftpm/xcode
builtin-SwiftPerFileCompile Logger.swift
SwiftCompile normal arm64 /Users/admin/builder/spi-builder-workspace/Split/Common/Utils/NotificationsHelper.swift (in target 'Split' from project 'Split')
cd /Users/admin/builder/spi-builder-workspace/.swiftpm/xcode
builtin-SwiftPerFileCompile NotificationsHelper.swift
/Applications/Xcode-27.0.0.app/Contents/Developer/Toolchains/XcodeDefault.xctoolchain/usr/bin/swift-frontend -frontend -c -filelist /Users/admin/builder/spi-builder-workspace/.derivedData/Build/Intermediates.noindex/Split.build/Debug-xros/Split-t.build/Objects-normal/arm64/sources-1 -primary-file /Users/admin/builder/spi-builder-workspace/Split/Common/Extensions/String+Utils.swift -primary-file /Users/admin/builder/spi-builder-workspace/Split/Common/Extensions/UInt64+bits.swift -primary-file /Users/admin/builder/spi-builder-workspace/Split/Common/ServiceConstants.swift -primary-file /Users/admin/builder/spi-builder-workspace/Split/Common/Structs/ConcurrentArrayQueue.swift -primary-file /Users/admin/builder/spi-builder-workspace/Split/Common/Structs/ConcurrentDictionary.swift -primary-file /Users/admin/builder/spi-builder-workspace/Split/Common/Structs/ConcurrentDictionaryList.swift -primary-file /Users/admin/builder/spi-builder-workspace/Split/Common/Structs/ConcurrentSet.swift -primary-file /Users/admin/builder/spi-builder-workspace/Split/Common/Structs/KeyStorage.swift -primary-file /Users/admin/builder/spi-builder-workspace/Split/Common/Structs/LRUCache.swift -primary-file /Users/admin/builder/spi-builder-workspace/Split/Common/Structs/SynchronizedDictionary.swift -primary-file /Users/admin/builder/spi-builder-workspace/Split/Common/Structs/SynchronizedDictionaryComposed.swift -primary-file /Users/admin/builder/spi-builder-workspace/Split/Common/Structs/SynchronizedDictionarySet.swift -primary-file /Users/admin/builder/spi-builder-workspace/Split/Common/Structs/SynchronizedList.swift -primary-file /Users/admin/builder/spi-builder-workspace/Split/Common/Utils/Atomic.swift -primary-file /Users/admin/builder/spi-builder-workspace/Split/Common/Utils/Base64Utils.swift -primary-file /Users/admin/builder/spi-builder-workspace/Split/Common/Utils/CastUtils.swift -primary-file /Users/admin/builder/spi-builder-workspace/Split/Common/Utils/Cipher.swift -primary-file /Users/admin/builder/spi-builder-workspace/Split/Common/Utils/CompressionUtil.swift -primary-file /Users/admin/builder/spi-builder-workspace/Split/Common/Utils/DbCipher.swift -primary-file /Users/admin/builder/spi-builder-workspace/Split/Common/Utils/DbEncryptionManager.swift -primary-file /Users/admin/builder/spi-builder-workspace/Split/Common/Utils/FileUtil.swift -primary-file /Users/admin/builder/spi-builder-workspace/Split/Common/Utils/InfoUtils.swift -primary-file /Users/admin/builder/spi-builder-workspace/Split/Common/Utils/Logger.swift -primary-file /Users/admin/builder/spi-builder-workspace/Split/Common/Utils/NotificationsHelper.swift -supplementary-output-file-map /Users/admin/builder/spi-builder-workspace/.derivedData/Build/Intermediates.noindex/Split.build/Debug-xros/Split-t.build/Objects-normal/arm64/supplementaryOutputs-3 -target arm64-apple-xros1.0 -module-can-import-version UIKit 9127.0.84.1 9127.0.84 -disable-cross-import-overlay-search -swift-module-cross-import CoreData /Applications/Xcode-27.0.0.app/Contents/Developer/Platforms/XROS.platform/Developer/SDKs/XROS.sdk/System/Library/Frameworks/CoreData.framework/Modules/CoreData.swiftcrossimport/CloudKit.swiftoverlay -swift-module-cross-import CoreData /Applications/Xcode-27.0.0.app/Contents/Developer/Platforms/XROS.platform/Developer/SDKs/XROS27.0.sdk/System/Library/Frameworks/CoreData.framework/Modules/CoreData.swiftcrossimport/CloudKit.swiftoverlay -load-resolved-plugin /Applications/Xcode-27.0.0.app/Contents/Developer/Platforms/XROS.platform/Developer/usr/lib/swift/host/plugins/libFoundationMacros.dylib\#/Applications/Xcode-27.0.0.app/Contents/Developer/Platforms/XROS.platform/Developer/usr/bin/swift-plugin-server\#FoundationMacros -load-resolved-plugin /Applications/Xcode-27.0.0.app/Contents/Developer/Platforms/XROS.platform/Developer/usr/lib/swift/host/plugins/libObservationMacros.dylib\#/Applications/Xcode-27.0.0.app/Contents/Developer/Platforms/XROS.platform/Developer/usr/bin/swift-plugin-server\#ObservationMacros -load-resolved-plugin /Applications/Xcode-27.0.0.app/Contents/Developer/Platforms/XROS.platform/Developer/usr/lib/swift/host/plugins/libPreviewsMacros.dylib\#/Applications/Xcode-27.0.0.app/Contents/Developer/Platforms/XROS.platform/Developer/usr/bin/swift-plugin-server\#PreviewsMacros -load-resolved-plugin /Applications/Xcode-27.0.0.app/Contents/Developer/Platforms/XROS.platform/Developer/usr/lib/swift/host/plugins/libSwiftMacros.dylib\#/Applications/Xcode-27.0.0.app/Contents/Developer/Platforms/XROS.platform/Developer/usr/bin/swift-plugin-server\#SwiftMacros -load-resolved-plugin /Applications/Xcode-27.0.0.app/Contents/Developer/Platforms/XROS.platform/Developer/usr/lib/swift/host/plugins/libSwiftUIMacros.dylib\#/Applications/Xcode-27.0.0.app/Contents/Developer/Platforms/XROS.platform/Developer/usr/bin/swift-plugin-server\#SwiftUIMacros -disable-implicit-swift-modules -Xcc -fno-implicit-modules -Xcc -fno-implicit-module-maps -explicit-swift-module-map-file /Users/admin/builder/spi-builder-workspace/.derivedData/Build/Intermediates.noindex/Split.build/Debug-xros/Split-t.build/Objects-normal/arm64/Split-dependencies-1.json -Xllvm -aarch64-use-tbi -enable-objc-interop -stack-check -sdk /Applications/Xcode-27.0.0.app/Contents/Developer/Platforms/XROS.platform/Developer/SDKs/XROS27.0.sdk -I /Users/admin/builder/spi-builder-workspace/.derivedData/Build/Products/Debug-xros -Isystem /Applications/Xcode-27.0.0.app/Contents/Developer/Platforms/XROS.platform/Developer/usr/lib -F /Users/admin/builder/spi-builder-workspace/.derivedData/Build/Products/Debug-xros -F /Applications/Xcode-27.0.0.app/Contents/Developer/Platforms/XROS.platform/Developer/Library/Frameworks -F /Applications/Xcode-27.0.0.app/Contents/Developer/Platforms/XROS.platform/Developer/SDKs/XROS27.0.sdk/Developer/Library/Frameworks -module-cache-path /Users/admin/builder/spi-builder-workspace/.derivedData/Build/Intermediates.noindex/SwiftExplicitPrecompiledModules -no-color-diagnostics -Xcc -fno-color-diagnostics -enable-testing -g -debug-info-format\=dwarf -dwarf-version\=4 -swift-version 5 -Onone -D SWIFT_PACKAGE -D DEBUG -D SWIFT_MODULE_RESOURCE_BUNDLE_AVAILABLE -D Xcode -serialize-debugging-options -enable-experimental-feature DebugDescriptionMacro -empty-abi-descriptor -validate-clang-modules-once -clang-build-session-file /Users/admin/builder/spi-builder-workspace/.derivedData/ModuleCache.noindex/Session.modulevalidation -Xcc -working-directory -Xcc /Users/admin/builder/spi-builder-workspace/.swiftpm/xcode -enable-anonymous-context-mangled-names -file-compilation-dir /Users/admin/builder/spi-builder-workspace/.swiftpm/xcode -Xcc -D_LIBCPP_HARDENING_MODE\=_LIBCPP_HARDENING_MODE_DEBUG -Xcc -ivfsstatcache -Xcc /Users/admin/builder/spi-builder-workspace/.derivedData/SDKStatCaches.noindex/xros27.0-24M361-e829b21a6f8c9b70876ba0858053c04489c3c372b822c72ca60ec5271cbc7f3c.sdkstatcache -Xcc -fmodules-prune-interval\=86400 -Xcc -fmodules-prune-after\=345600 -Xcc -I/Users/admin/builder/spi-builder-workspace/.derivedData/Build/Products/Debug-xros/include -Xcc -I/Users/admin/builder/spi-builder-workspace/.derivedData/Build/Intermediates.noindex/Split.build/Debug-xros/Split-t.build/DerivedSources-normal/arm64 -Xcc -I/Users/admin/builder/spi-builder-workspace/.derivedData/Build/Intermediates.noindex/Split.build/Debug-xros/Split-t.build/DerivedSources/arm64 -Xcc -I/Users/admin/builder/spi-builder-workspace/.derivedData/Build/Intermediates.noindex/Split.build/Debug-xros/Split-t.build/DerivedSources -Xcc -DSWIFT_PACKAGE -Xcc -DDEBUG\=1 -no-auto-bridging-header-chaining -module-name Split -const-gather-protocols-file /Users/admin/builder/spi-builder-workspace/.derivedData/Build/Intermediates.noindex/Split.build/Debug-xros/Split-t.build/Objects-normal/arm64/Split_const_extract_protocols.json -disable-clang-spi -clang-target arm64-apple-xros27.0 -target-sdk-version 27.0 -target-sdk-name xros27.0 -in-process-plugin-server-path /Applications/Xcode-27.0.0.app/Contents/Developer/Toolchains/XcodeDefault.xctoolchain/usr/lib/swift/host/libSwiftInProcPluginServer.dylib -parse-as-library -o /Users/admin/builder/spi-builder-workspace/.derivedData/Build/Intermediates.noindex/Split.build/Debug-xros/Split-t.build/Objects-normal/arm64/String+Utils.o -o /Users/admin/builder/spi-builder-workspace/.derivedData/Build/Intermediates.noindex/Split.build/Debug-xros/Split-t.build/Objects-normal/arm64/UInt64+bits.o -o /Users/admin/builder/spi-builder-workspace/.derivedData/Build/Intermediates.noindex/Split.build/Debug-xros/Split-t.build/Objects-normal/arm64/ServiceConstants.o -o /Users/admin/builder/spi-builder-workspace/.derivedData/Build/Intermediates.noindex/Split.build/Debug-xros/Split-t.build/Objects-normal/arm64/ConcurrentArrayQueue.o -o /Users/admin/builder/spi-builder-workspace/.derivedData/Build/Intermediates.noindex/Split.build/Debug-xros/Split-t.build/Objects-normal/arm64/ConcurrentDictionary.o -o /Users/admin/builder/spi-builder-workspace/.derivedData/Build/Intermediates.noindex/Split.build/Debug-xros/Split-t.build/Objects-normal/arm64/ConcurrentDictionaryList.o -o /Users/admin/builder/spi-builder-workspace/.derivedData/Build/Intermediates.noindex/Split.build/Debug-xros/Split-t.build/Objects-normal/arm64/ConcurrentSet.o -o /Users/admin/builder/spi-builder-workspace/.derivedData/Build/Intermediates.noindex/Split.build/Debug-xros/Split-t.build/Objects-normal/arm64/KeyStorage.o -o /Users/admin/builder/spi-builder-workspace/.derivedData/Build/Intermediates.noindex/Split.build/Debug-xros/Split-t.build/Objects-normal/arm64/LRUCache.o -o /Users/admin/builder/spi-builder-workspace/.derivedData/Build/Intermediates.noindex/Split.build/Debug-xros/Split-t.build/Objects-normal/arm64/SynchronizedDictionary.o -o /Users/admin/builder/spi-builder-workspace/.derivedData/Build/Intermediates.noindex/Split.build/Debug-xros/Split-t.build/Objects-normal/arm64/SynchronizedDictionaryComposed.o -o /Users/admin/builder/spi-builder-workspace/.derivedData/Build/Intermediates.noindex/Split.build/Debug-xros/Split-t.build/Objects-normal/arm64/SynchronizedDictionarySet.o -o /Users/admin/builder/spi-builder-workspace/.derivedData/Build/Intermediates.noindex/Split.build/Debug-xros/Split-t.build/Objects-normal/arm64/SynchronizedList.o -o /Users/admin/builder/spi-builder-workspace/.derivedData/Build/Intermediates.noindex/Split.build/Debug-xros/Split-t.build/Objects-normal/arm64/Atomic.o -o /Users/admin/builder/spi-builder-workspace/.derivedData/Build/Intermediates.noindex/Split.build/Debug-xros/Split-t.build/Objects-normal/arm64/Base64Utils.o -o /Users/admin/builder/spi-builder-workspace/.derivedData/Build/Intermediates.noindex/Split.build/Debug-xros/Split-t.build/Objects-normal/arm64/CastUtils.o -o /Users/admin/builder/spi-builder-workspace/.derivedData/Build/Intermediates.noindex/Split.build/Debug-xros/Split-t.build/Objects-normal/arm64/Cipher.o -o /Users/admin/builder/spi-builder-workspace/.derivedData/Build/Intermediates.noindex/Split.build/Debug-xros/Split-t.build/Objects-normal/arm64/CompressionUtil.o -o /Users/admin/builder/spi-builder-workspace/.derivedData/Build/Intermediates.noindex/Split.build/Debug-xros/Split-t.build/Objects-normal/arm64/DbCipher.o -o /Users/admin/builder/spi-builder-workspace/.derivedData/Build/Intermediates.noindex/Split.build/Debug-xros/Split-t.build/Objects-normal/arm64/DbEncryptionManager.o -o /Users/admin/builder/spi-builder-workspace/.derivedData/Build/Intermediates.noindex/Split.build/Debug-xros/Split-t.build/Objects-normal/arm64/FileUtil.o -o /Users/admin/builder/spi-builder-workspace/.derivedData/Build/Intermediates.noindex/Split.build/Debug-xros/Split-t.build/Objects-normal/arm64/InfoUtils.o -o /Users/admin/builder/spi-builder-workspace/.derivedData/Build/Intermediates.noindex/Split.build/Debug-xros/Split-t.build/Objects-normal/arm64/Logger.o -o /Users/admin/builder/spi-builder-workspace/.derivedData/Build/Intermediates.noindex/Split.build/Debug-xros/Split-t.build/Objects-normal/arm64/NotificationsHelper.o -debug-module-path /Users/admin/builder/spi-builder-workspace/.derivedData/Build/Intermediates.noindex/Split.build/Debug-xros/Split-t.build/Objects-normal/arm64/Split.swiftmodule -index-unit-output-path /Split.build/Debug-xros/Split-t.build/Objects-normal/arm64/String+Utils.o -index-unit-output-path /Split.build/Debug-xros/Split-t.build/Objects-normal/arm64/UInt64+bits.o -index-unit-output-path /Split.build/Debug-xros/Split-t.build/Objects-normal/arm64/ServiceConstants.o -index-unit-output-path /Split.build/Debug-xros/Split-t.build/Objects-normal/arm64/ConcurrentArrayQueue.o -index-unit-output-path /Split.build/Debug-xros/Split-t.build/Objects-normal/arm64/ConcurrentDictionary.o -index-unit-output-path /Split.build/Debug-xros/Split-t.build/Objects-normal/arm64/ConcurrentDictionaryList.o -index-unit-output-path /Split.build/Debug-xros/Split-t.build/Objects-normal/arm64/ConcurrentSet.o -index-unit-output-path /Split.build/Debug-xros/Split-t.build/Objects-normal/arm64/KeyStorage.o -index-unit-output-path /Split.build/Debug-xros/Split-t.build/Objects-normal/arm64/LRUCache.o -index-unit-output-path /Split.build/Debug-xros/Split-t.build/Objects-normal/arm64/SynchronizedDictionary.o -index-unit-output-path /Split.build/Debug-xros/Split-t.build/Objects-normal/arm64/SynchronizedDictionaryComposed.o -index-unit-output-path /Split.build/Debug-xros/Split-t.build/Objects-normal/arm64/SynchronizedDictionarySet.o -index-unit-output-path /Split.build/Debug-xros/Split-t.build/Objects-normal/arm64/SynchronizedList.o -index-unit-output-path /Split.build/Debug-xros/Split-t.build/Objects-normal/arm64/Atomic.o -index-unit-output-path /Split.build/Debug-xros/Split-t.build/Objects-normal/arm64/Base64Utils.o -index-unit-output-path /Split.build/Debug-xros/Split-t.build/Objects-normal/arm64/CastUtils.o -index-unit-output-path /Split.build/Debug-xros/Split-t.build/Objects-normal/arm64/Cipher.o -index-unit-output-path /Split.build/Debug-xros/Split-t.build/Objects-normal/arm64/CompressionUtil.o -index-unit-output-path /Split.build/Debug-xros/Split-t.build/Objects-normal/arm64/DbCipher.o -index-unit-output-path /Split.build/Debug-xros/Split-t.build/Objects-normal/arm64/DbEncryptionManager.o -index-unit-output-path /Split.build/Debug-xros/Split-t.build/Objects-normal/arm64/FileUtil.o -index-unit-output-path /Split.build/Debug-xros/Split-t.build/Objects-normal/arm64/InfoUtils.o -index-unit-output-path /Split.build/Debug-xros/Split-t.build/Objects-normal/arm64/Logger.o -index-unit-output-path /Split.build/Debug-xros/Split-t.build/Objects-normal/arm64/NotificationsHelper.o -index-store-path /Users/admin/builder/spi-builder-workspace/.derivedData/Index.noindex/DataStore -index-system-modules
SwiftCompile normal arm64 Compiling\ ContainsAnyOfSetMatcher.swift,\ ContainsStringMatcher.swift,\ DateTime.swift,\ DependencyMatcher.swift,\ EndsWithMatcher.swift,\ EqualToBooleanMatcher.swift,\ EqualToMatcher.swift,\ EqualToSetMatcher.swift,\ GreaterThanOrEqualToMatcher.swift,\ InRuleBasedSegmentMatcher.swift,\ InSegmentMatcher.swift,\ LessThanOrEqualToMatcher.swift,\ MatchesStringMatcher.swift,\ PartOfSetMatcher.swift,\ PrerequisitesMatcher.swift,\ BetweenSemverMatcher.swift,\ EqualToSemverMatcher.swift,\ GreaterThanOrEqualToSemverMatcher.swift,\ InListSemverMatcher.swift,\ LessThanOrEqualToSemverMatcher.swift,\ Semver.swift,\ StartWithMatcher.swift,\ Whitelist.swift,\ BetweenMatcherData.swift /Users/admin/builder/spi-builder-workspace/Split/Matchers/ContainsAnyOfSetMatcher.swift /Users/admin/builder/spi-builder-workspace/Split/Matchers/ContainsStringMatcher.swift /Users/admin/builder/spi-builder-workspace/Split/Matchers/DataType/DateTime.swift /Users/admin/builder/spi-builder-workspace/Split/Matchers/DependencyMatcher.swift /Users/admin/builder/spi-builder-workspace/Split/Matchers/EndsWithMatcher.swift /Users/admin/builder/spi-builder-workspace/Split/Matchers/EqualToBooleanMatcher.swift /Users/admin/builder/spi-builder-workspace/Split/Matchers/EqualToMatcher.swift /Users/admin/builder/spi-builder-workspace/Split/Matchers/EqualToSetMatcher.swift /Users/admin/builder/spi-builder-workspace/Split/Matchers/GreaterThanOrEqualToMatcher.swift /Users/admin/builder/spi-builder-workspace/Split/Matchers/InRuleBasedSegmentMatcher.swift /Users/admin/builder/spi-builder-workspace/Split/Matchers/InSegmentMatcher.swift /Users/admin/builder/spi-builder-workspace/Split/Matchers/LessThanOrEqualToMatcher.swift /Users/admin/builder/spi-builder-workspace/Split/Matchers/MatchesStringMatcher.swift /Users/admin/builder/spi-builder-workspace/Split/Matchers/PartOfSetMatcher.swift /Users/admin/builder/spi-builder-workspace/Split/Matchers/PrerequisitesMatcher.swift /Users/admin/builder/spi-builder-workspace/Split/Matchers/Semver/BetweenSemverMatcher.swift /Users/admin/builder/spi-builder-workspace/Split/Matchers/Semver/EqualToSemverMatcher.swift /Users/admin/builder/spi-builder-workspace/Split/Matchers/Semver/GreaterThanOrEqualToSemverMatcher.swift /Users/admin/builder/spi-builder-workspace/Split/Matchers/Semver/InListSemverMatcher.swift /Users/admin/builder/spi-builder-workspace/Split/Matchers/Semver/LessThanOrEqualToSemverMatcher.swift /Users/admin/builder/spi-builder-workspace/Split/Matchers/Semver/Semver.swift /Users/admin/builder/spi-builder-workspace/Split/Matchers/StartWithMatcher.swift /Users/admin/builder/spi-builder-workspace/Split/Matchers/Whitelist.swift /Users/admin/builder/spi-builder-workspace/Split/Models/BetweenMatcherData.swift (in target 'Split' from project 'Split')
SwiftCompile normal arm64 /Users/admin/builder/spi-builder-workspace/Split/Matchers/ContainsAnyOfSetMatcher.swift (in target 'Split' from project 'Split')
cd /Users/admin/builder/spi-builder-workspace/.swiftpm/xcode
builtin-SwiftPerFileCompile ContainsAnyOfSetMatcher.swift
SwiftCompile normal arm64 /Users/admin/builder/spi-builder-workspace/Split/Matchers/ContainsStringMatcher.swift (in target 'Split' from project 'Split')
cd /Users/admin/builder/spi-builder-workspace/.swiftpm/xcode
builtin-SwiftPerFileCompile ContainsStringMatcher.swift
SwiftCompile normal arm64 /Users/admin/builder/spi-builder-workspace/Split/Matchers/DataType/DateTime.swift (in target 'Split' from project 'Split')
cd /Users/admin/builder/spi-builder-workspace/.swiftpm/xcode
builtin-SwiftPerFileCompile DateTime.swift
SwiftCompile normal arm64 /Users/admin/builder/spi-builder-workspace/Split/Matchers/DependencyMatcher.swift (in target 'Split' from project 'Split')
cd /Users/admin/builder/spi-builder-workspace/.swiftpm/xcode
builtin-SwiftPerFileCompile DependencyMatcher.swift
SwiftCompile normal arm64 /Users/admin/builder/spi-builder-workspace/Split/Matchers/EndsWithMatcher.swift (in target 'Split' from project 'Split')
cd /Users/admin/builder/spi-builder-workspace/.swiftpm/xcode
builtin-SwiftPerFileCompile EndsWithMatcher.swift
SwiftCompile normal arm64 /Users/admin/builder/spi-builder-workspace/Split/Matchers/EqualToBooleanMatcher.swift (in target 'Split' from project 'Split')
cd /Users/admin/builder/spi-builder-workspace/.swiftpm/xcode
builtin-SwiftPerFileCompile EqualToBooleanMatcher.swift
SwiftCompile normal arm64 /Users/admin/builder/spi-builder-workspace/Split/Matchers/EqualToMatcher.swift (in target 'Split' from project 'Split')
cd /Users/admin/builder/spi-builder-workspace/.swiftpm/xcode
builtin-SwiftPerFileCompile EqualToMatcher.swift
SwiftCompile normal arm64 /Users/admin/builder/spi-builder-workspace/Split/Matchers/EqualToSetMatcher.swift (in target 'Split' from project 'Split')
cd /Users/admin/builder/spi-builder-workspace/.swiftpm/xcode
builtin-SwiftPerFileCompile EqualToSetMatcher.swift
SwiftCompile normal arm64 /Users/admin/builder/spi-builder-workspace/Split/Matchers/GreaterThanOrEqualToMatcher.swift (in target 'Split' from project 'Split')
cd /Users/admin/builder/spi-builder-workspace/.swiftpm/xcode
builtin-SwiftPerFileCompile GreaterThanOrEqualToMatcher.swift
SwiftCompile normal arm64 /Users/admin/builder/spi-builder-workspace/Split/Matchers/InRuleBasedSegmentMatcher.swift (in target 'Split' from project 'Split')
cd /Users/admin/builder/spi-builder-workspace/.swiftpm/xcode
builtin-SwiftPerFileCompile InRuleBasedSegmentMatcher.swift
SwiftCompile normal arm64 /Users/admin/builder/spi-builder-workspace/Split/Matchers/InSegmentMatcher.swift (in target 'Split' from project 'Split')
cd /Users/admin/builder/spi-builder-workspace/.swiftpm/xcode
builtin-SwiftPerFileCompile InSegmentMatcher.swift
SwiftCompile normal arm64 /Users/admin/builder/spi-builder-workspace/Split/Matchers/LessThanOrEqualToMatcher.swift (in target 'Split' from project 'Split')
cd /Users/admin/builder/spi-builder-workspace/.swiftpm/xcode
builtin-SwiftPerFileCompile LessThanOrEqualToMatcher.swift
SwiftCompile normal arm64 /Users/admin/builder/spi-builder-workspace/Split/Matchers/MatchesStringMatcher.swift (in target 'Split' from project 'Split')
cd /Users/admin/builder/spi-builder-workspace/.swiftpm/xcode
builtin-SwiftPerFileCompile MatchesStringMatcher.swift
SwiftCompile normal arm64 /Users/admin/builder/spi-builder-workspace/Split/Matchers/PartOfSetMatcher.swift (in target 'Split' from project 'Split')
cd /Users/admin/builder/spi-builder-workspace/.swiftpm/xcode
builtin-SwiftPerFileCompile PartOfSetMatcher.swift
SwiftCompile normal arm64 /Users/admin/builder/spi-builder-workspace/Split/Matchers/PrerequisitesMatcher.swift (in target 'Split' from project 'Split')
cd /Users/admin/builder/spi-builder-workspace/.swiftpm/xcode
builtin-SwiftPerFileCompile PrerequisitesMatcher.swift
SwiftCompile normal arm64 /Users/admin/builder/spi-builder-workspace/Split/Matchers/Semver/BetweenSemverMatcher.swift (in target 'Split' from project 'Split')
cd /Users/admin/builder/spi-builder-workspace/.swiftpm/xcode
builtin-SwiftPerFileCompile BetweenSemverMatcher.swift
SwiftCompile normal arm64 /Users/admin/builder/spi-builder-workspace/Split/Matchers/Semver/EqualToSemverMatcher.swift (in target 'Split' from project 'Split')
cd /Users/admin/builder/spi-builder-workspace/.swiftpm/xcode
builtin-SwiftPerFileCompile EqualToSemverMatcher.swift
SwiftCompile normal arm64 /Users/admin/builder/spi-builder-workspace/Split/Matchers/Semver/GreaterThanOrEqualToSemverMatcher.swift (in target 'Split' from project 'Split')
cd /Users/admin/builder/spi-builder-workspace/.swiftpm/xcode
builtin-SwiftPerFileCompile GreaterThanOrEqualToSemverMatcher.swift
SwiftCompile normal arm64 /Users/admin/builder/spi-builder-workspace/Split/Matchers/Semver/InListSemverMatcher.swift (in target 'Split' from project 'Split')
cd /Users/admin/builder/spi-builder-workspace/.swiftpm/xcode
builtin-SwiftPerFileCompile InListSemverMatcher.swift
SwiftCompile normal arm64 /Users/admin/builder/spi-builder-workspace/Split/Matchers/Semver/LessThanOrEqualToSemverMatcher.swift (in target 'Split' from project 'Split')
cd /Users/admin/builder/spi-builder-workspace/.swiftpm/xcode
builtin-SwiftPerFileCompile LessThanOrEqualToSemverMatcher.swift
SwiftCompile normal arm64 /Users/admin/builder/spi-builder-workspace/Split/Matchers/Semver/Semver.swift (in target 'Split' from project 'Split')
cd /Users/admin/builder/spi-builder-workspace/.swiftpm/xcode
builtin-SwiftPerFileCompile Semver.swift
SwiftCompile normal arm64 /Users/admin/builder/spi-builder-workspace/Split/Matchers/StartWithMatcher.swift (in target 'Split' from project 'Split')
cd /Users/admin/builder/spi-builder-workspace/.swiftpm/xcode
builtin-SwiftPerFileCompile StartWithMatcher.swift
SwiftCompile normal arm64 /Users/admin/builder/spi-builder-workspace/Split/Matchers/Whitelist.swift (in target 'Split' from project 'Split')
cd /Users/admin/builder/spi-builder-workspace/.swiftpm/xcode
builtin-SwiftPerFileCompile Whitelist.swift
SwiftCompile normal arm64 /Users/admin/builder/spi-builder-workspace/Split/Models/BetweenMatcherData.swift (in target 'Split' from project 'Split')
cd /Users/admin/builder/spi-builder-workspace/.swiftpm/xcode
builtin-SwiftPerFileCompile BetweenMatcherData.swift
SwiftDriverJobDiscovery normal arm64 Emitting module for Split (in target 'Split' from project 'Split')
SwiftDriver\ Compilation\ Requirements Split normal arm64 com.apple.xcode.tools.swift.compiler (in target 'Split' from project 'Split')
cd /Users/admin/builder/spi-builder-workspace/.swiftpm/xcode
builtin-Swift-Compilation-Requirements -- /Applications/Xcode-27.0.0.app/Contents/Developer/Toolchains/XcodeDefault.xctoolchain/usr/bin/swiftc -parse-as-library -module-name Split -Onone @/Users/admin/builder/spi-builder-workspace/.derivedData/Build/Intermediates.noindex/Split.build/Debug-xros/Split-t.build/Objects-normal/arm64/Split.SwiftFileList -DSWIFT_PACKAGE -DDEBUG -DSWIFT_MODULE_RESOURCE_BUNDLE_AVAILABLE -DXcode -plugin-path /Applications/Xcode-27.0.0.app/Contents/Developer/Toolchains/XcodeDefault.xctoolchain/usr/lib/swift/host/plugins/testing -enable-experimental-feature DebugDescriptionMacro -sdk /Applications/Xcode-27.0.0.app/Contents/Developer/Platforms/XROS.platform/Developer/SDKs/XROS27.0.sdk -target arm64-apple-xros1.0 -g -module-cache-path /Users/admin/builder/spi-builder-workspace/.derivedData/ModuleCache.noindex -Xfrontend -serialize-debugging-options -enable-testing -index-store-path /Users/admin/builder/spi-builder-workspace/.derivedData/Index.noindex/DataStore -Xcc -D_LIBCPP_HARDENING_MODE\=_LIBCPP_HARDENING_MODE_DEBUG -swift-version 5 -I /Users/admin/builder/spi-builder-workspace/.derivedData/Build/Products/Debug-xros -Isystem /Applications/Xcode-27.0.0.app/Contents/Developer/Platforms/XROS.platform/Developer/usr/lib -F /Users/admin/builder/spi-builder-workspace/.derivedData/Build/Products/Debug-xros -F /Applications/Xcode-27.0.0.app/Contents/Developer/Platforms/XROS.platform/Developer/Library/Frameworks -F /Applications/Xcode-27.0.0.app/Contents/Developer/Platforms/XROS.platform/Developer/SDKs/XROS27.0.sdk/Developer/Library/Frameworks -c -j10 -enable-batch-mode -incremental -Xcc -ivfsstatcache -Xcc /Users/admin/builder/spi-builder-workspace/.derivedData/SDKStatCaches.noindex/xros27.0-24M361-e829b21a6f8c9b70876ba0858053c04489c3c372b822c72ca60ec5271cbc7f3c.sdkstatcache -output-file-map /Users/admin/builder/spi-builder-workspace/.derivedData/Build/Intermediates.noindex/Split.build/Debug-xros/Split-t.build/Objects-normal/arm64/Split-OutputFileMap.json -save-temps -no-color-diagnostics -explicit-module-build -module-cache-path /Users/admin/builder/spi-builder-workspace/.derivedData/Build/Intermediates.noindex/SwiftExplicitPrecompiledModules -clang-scanner-module-cache-path /Users/admin/builder/spi-builder-workspace/.derivedData/ModuleCache.noindex -sdk-module-cache-path /Users/admin/builder/spi-builder-workspace/.derivedData/SDKExplicitPrecompiledModules -emit-dependencies -emit-module -emit-module-path /Users/admin/builder/spi-builder-workspace/.derivedData/Build/Intermediates.noindex/Split.build/Debug-xros/Split-t.build/Objects-normal/arm64/Split.swiftmodule -serialize-diagnostics -dependency-scan-serialize-diagnostics-path /Users/admin/builder/spi-builder-workspace/.derivedData/Build/Intermediates.noindex/Split.build/Debug-xros/Split-t.build/Objects-normal/arm64/Split-dependency-scan.dia -validate-clang-modules-once -clang-build-session-file /Users/admin/builder/spi-builder-workspace/.derivedData/ModuleCache.noindex/Session.modulevalidation -Xcc -fmodules-prune-interval\=86400 -Xcc -fmodules-prune-after\=345600 -emit-const-values -const-gather-protocols-list /Users/admin/builder/spi-builder-workspace/.derivedData/Build/Intermediates.noindex/Split.build/Debug-xros/Split-t.build/Objects-normal/arm64/Split_const_extract_protocols.json -Xcc -I/Users/admin/builder/spi-builder-workspace/.derivedData/Build/Products/Debug-xros/include -Xcc -I/Users/admin/builder/spi-builder-workspace/.derivedData/Build/Intermediates.noindex/Split.build/Debug-xros/Split-t.build/DerivedSources-normal/arm64 -Xcc -I/Users/admin/builder/spi-builder-workspace/.derivedData/Build/Intermediates.noindex/Split.build/Debug-xros/Split-t.build/DerivedSources/arm64 -Xcc -I/Users/admin/builder/spi-builder-workspace/.derivedData/Build/Intermediates.noindex/Split.build/Debug-xros/Split-t.build/DerivedSources -Xcc -DSWIFT_PACKAGE -Xcc -DDEBUG\=1 -emit-objc-header -emit-objc-header-path /Users/admin/builder/spi-builder-workspace/.derivedData/Build/Intermediates.noindex/Split.build/Debug-xros/Split-t.build/Objects-normal/arm64/Split-Swift.h -working-directory /Users/admin/builder/spi-builder-workspace/.swiftpm/xcode -experimental-emit-module-separately -disable-cmo
SwiftDriverJobDiscovery normal arm64 Compiling BetweenStringMatcherData.swift, Condition.swift, ConditionType.swift, DataType.swift, DependencyMatcherData.swift, SplitModels+StringConvertible.swift, Key.swift, KeySelector.swift, Matcher.swift, MatcherCombiner.swift, MatcherGroup.swift, MatcherProtocol.swift, MatcherType.swift, Segment.swift, RuleBasedSegmentChange.swift, Split.swift, SplitBase.swift, SplitChange.swift, TargetingRulesChange.swift, TargetingRulesChangeDecoder.swift, Status.swift, TrafficType.swift, Treatment.swift, UnaryNumericMatcherData.swift (in target 'Split' from project 'Split')
SwiftCompile normal arm64 Compiling\ ImpressionsConstants.swift,\ ImpressionsCount.swift,\ ImpressionsCountEntity.swift,\ ImpressionsCountPerFeature.swift,\ ImpressionsCounter.swift,\ ImpressionsTest.swift,\ KeyImpression.swift,\ UniqueKey.swift,\ UniqueKeys.swift,\ RolloutCacheManager.swift,\ SplitComponentCatalog.swift,\ SplitComponentFactory.swift,\ LocalhostApiDataSource.swift,\ LocalhostClientManager.swift,\ LocalhostFileDataSource.swift,\ LocalhostSplitsParser.swift,\ LocalhostSplitsStorage.swift,\ LocalhostSynchronizer.swift,\ SpaceDelimitedLocalhostSplitsParser.swift,\ YamlLocalhostSplitsParser.swift,\ AllKeysMatcher.swift,\ BaseMatcher.swift,\ BetweenMatcher.swift,\ ContainsAllOfSetMatcher.swift /Users/admin/builder/spi-builder-workspace/Split/Impressions/ImpressionsConstants.swift /Users/admin/builder/spi-builder-workspace/Split/Impressions/ImpressionsCount.swift /Users/admin/builder/spi-builder-workspace/Split/Impressions/ImpressionsCountEntity.swift /Users/admin/builder/spi-builder-workspace/Split/Impressions/ImpressionsCountPerFeature.swift /Users/admin/builder/spi-builder-workspace/Split/Impressions/ImpressionsCounter.swift /Users/admin/builder/spi-builder-workspace/Split/Impressions/ImpressionsTest.swift /Users/admin/builder/spi-builder-workspace/Split/Impressions/KeyImpression.swift /Users/admin/builder/spi-builder-workspace/Split/Impressions/UniqueKey.swift /Users/admin/builder/spi-builder-workspace/Split/Impressions/UniqueKeys.swift /Users/admin/builder/spi-builder-workspace/Split/Initialization/RolloutCacheManager.swift /Users/admin/builder/spi-builder-workspace/Split/Initialization/SplitComponentCatalog.swift /Users/admin/builder/spi-builder-workspace/Split/Initialization/SplitComponentFactory.swift /Users/admin/builder/spi-builder-workspace/Split/Localhost/LocalhostApiDataSource.swift /Users/admin/builder/spi-builder-workspace/Split/Localhost/LocalhostClientManager.swift /Users/admin/builder/spi-builder-workspace/Split/Localhost/LocalhostFileDataSource.swift /Users/admin/builder/spi-builder-workspace/Split/Localhost/LocalhostSplitsParser.swift /Users/admin/builder/spi-builder-workspace/Split/Localhost/LocalhostSplitsStorage.swift /Users/admin/builder/spi-builder-workspace/Split/Localhost/LocalhostSynchronizer.swift /Users/admin/builder/spi-builder-workspace/Split/Localhost/SpaceDelimitedLocalhostSplitsParser.swift /Users/admin/builder/spi-builder-workspace/Split/Localhost/YamlLocalhostSplitsParser.swift /Users/admin/builder/spi-builder-workspace/Split/Matchers/AllKeysMatcher.swift /Users/admin/builder/spi-builder-workspace/Split/Matchers/BaseMatcher.swift /Users/admin/builder/spi-builder-workspace/Split/Matchers/BetweenMatcher.swift /Users/admin/builder/spi-builder-workspace/Split/Matchers/ContainsAllOfSetMatcher.swift (in target 'Split' from project 'Split')
SwiftCompile normal arm64 /Users/admin/builder/spi-builder-workspace/Split/Impressions/ImpressionsConstants.swift (in target 'Split' from project 'Split')
cd /Users/admin/builder/spi-builder-workspace/.swiftpm/xcode
builtin-SwiftPerFileCompile ImpressionsConstants.swift
SwiftCompile normal arm64 /Users/admin/builder/spi-builder-workspace/Split/Impressions/ImpressionsCount.swift (in target 'Split' from project 'Split')
cd /Users/admin/builder/spi-builder-workspace/.swiftpm/xcode
builtin-SwiftPerFileCompile ImpressionsCount.swift
SwiftCompile normal arm64 /Users/admin/builder/spi-builder-workspace/Split/Impressions/ImpressionsCountEntity.swift (in target 'Split' from project 'Split')
cd /Users/admin/builder/spi-builder-workspace/.swiftpm/xcode
builtin-SwiftPerFileCompile ImpressionsCountEntity.swift
SwiftCompile normal arm64 /Users/admin/builder/spi-builder-workspace/Split/Impressions/ImpressionsCountPerFeature.swift (in target 'Split' from project 'Split')
cd /Users/admin/builder/spi-builder-workspace/.swiftpm/xcode
builtin-SwiftPerFileCompile ImpressionsCountPerFeature.swift
SwiftCompile normal arm64 /Users/admin/builder/spi-builder-workspace/Split/Impressions/ImpressionsCounter.swift (in target 'Split' from project 'Split')
cd /Users/admin/builder/spi-builder-workspace/.swiftpm/xcode
builtin-SwiftPerFileCompile ImpressionsCounter.swift
SwiftCompile normal arm64 /Users/admin/builder/spi-builder-workspace/Split/Impressions/ImpressionsTest.swift (in target 'Split' from project 'Split')
cd /Users/admin/builder/spi-builder-workspace/.swiftpm/xcode
builtin-SwiftPerFileCompile ImpressionsTest.swift
SwiftCompile normal arm64 /Users/admin/builder/spi-builder-workspace/Split/Impressions/KeyImpression.swift (in target 'Split' from project 'Split')
cd /Users/admin/builder/spi-builder-workspace/.swiftpm/xcode
builtin-SwiftPerFileCompile KeyImpression.swift
SwiftCompile normal arm64 /Users/admin/builder/spi-builder-workspace/Split/Impressions/UniqueKey.swift (in target 'Split' from project 'Split')
cd /Users/admin/builder/spi-builder-workspace/.swiftpm/xcode
builtin-SwiftPerFileCompile UniqueKey.swift
SwiftCompile normal arm64 /Users/admin/builder/spi-builder-workspace/Split/Impressions/UniqueKeys.swift (in target 'Split' from project 'Split')
cd /Users/admin/builder/spi-builder-workspace/.swiftpm/xcode
builtin-SwiftPerFileCompile UniqueKeys.swift
SwiftCompile normal arm64 /Users/admin/builder/spi-builder-workspace/Split/Initialization/RolloutCacheManager.swift (in target 'Split' from project 'Split')
cd /Users/admin/builder/spi-builder-workspace/.swiftpm/xcode
builtin-SwiftPerFileCompile RolloutCacheManager.swift
SwiftCompile normal arm64 /Users/admin/builder/spi-builder-workspace/Split/Initialization/SplitComponentCatalog.swift (in target 'Split' from project 'Split')
cd /Users/admin/builder/spi-builder-workspace/.swiftpm/xcode
builtin-SwiftPerFileCompile SplitComponentCatalog.swift
SwiftCompile normal arm64 /Users/admin/builder/spi-builder-workspace/Split/Initialization/SplitComponentFactory.swift (in target 'Split' from project 'Split')
cd /Users/admin/builder/spi-builder-workspace/.swiftpm/xcode
builtin-SwiftPerFileCompile SplitComponentFactory.swift
SwiftCompile normal arm64 /Users/admin/builder/spi-builder-workspace/Split/Localhost/LocalhostApiDataSource.swift (in target 'Split' from project 'Split')
cd /Users/admin/builder/spi-builder-workspace/.swiftpm/xcode
builtin-SwiftPerFileCompile LocalhostApiDataSource.swift
SwiftCompile normal arm64 /Users/admin/builder/spi-builder-workspace/Split/Localhost/LocalhostClientManager.swift (in target 'Split' from project 'Split')
cd /Users/admin/builder/spi-builder-workspace/.swiftpm/xcode
builtin-SwiftPerFileCompile LocalhostClientManager.swift
SwiftCompile normal arm64 /Users/admin/builder/spi-builder-workspace/Split/Localhost/LocalhostFileDataSource.swift (in target 'Split' from project 'Split')
cd /Users/admin/builder/spi-builder-workspace/.swiftpm/xcode
builtin-SwiftPerFileCompile LocalhostFileDataSource.swift
SwiftCompile normal arm64 /Users/admin/builder/spi-builder-workspace/Split/Localhost/LocalhostSplitsParser.swift (in target 'Split' from project 'Split')
cd /Users/admin/builder/spi-builder-workspace/.swiftpm/xcode
builtin-SwiftPerFileCompile LocalhostSplitsParser.swift
SwiftCompile normal arm64 /Users/admin/builder/spi-builder-workspace/Split/Localhost/LocalhostSplitsStorage.swift (in target 'Split' from project 'Split')
cd /Users/admin/builder/spi-builder-workspace/.swiftpm/xcode
builtin-SwiftPerFileCompile LocalhostSplitsStorage.swift
SwiftCompile normal arm64 /Users/admin/builder/spi-builder-workspace/Split/Localhost/LocalhostSynchronizer.swift (in target 'Split' from project 'Split')
cd /Users/admin/builder/spi-builder-workspace/.swiftpm/xcode
builtin-SwiftPerFileCompile LocalhostSynchronizer.swift
SwiftCompile normal arm64 /Users/admin/builder/spi-builder-workspace/Split/Localhost/SpaceDelimitedLocalhostSplitsParser.swift (in target 'Split' from project 'Split')
cd /Users/admin/builder/spi-builder-workspace/.swiftpm/xcode
builtin-SwiftPerFileCompile SpaceDelimitedLocalhostSplitsParser.swift
SwiftCompile normal arm64 /Users/admin/builder/spi-builder-workspace/Split/Localhost/YamlLocalhostSplitsParser.swift (in target 'Split' from project 'Split')
cd /Users/admin/builder/spi-builder-workspace/.swiftpm/xcode
builtin-SwiftPerFileCompile YamlLocalhostSplitsParser.swift
SwiftCompile normal arm64 /Users/admin/builder/spi-builder-workspace/Split/Matchers/AllKeysMatcher.swift (in target 'Split' from project 'Split')
cd /Users/admin/builder/spi-builder-workspace/.swiftpm/xcode
builtin-SwiftPerFileCompile AllKeysMatcher.swift
SwiftCompile normal arm64 /Users/admin/builder/spi-builder-workspace/Split/Matchers/BaseMatcher.swift (in target 'Split' from project 'Split')
cd /Users/admin/builder/spi-builder-workspace/.swiftpm/xcode
builtin-SwiftPerFileCompile BaseMatcher.swift
SwiftCompile normal arm64 /Users/admin/builder/spi-builder-workspace/Split/Matchers/BetweenMatcher.swift (in target 'Split' from project 'Split')
cd /Users/admin/builder/spi-builder-workspace/.swiftpm/xcode
builtin-SwiftPerFileCompile BetweenMatcher.swift
SwiftCompile normal arm64 /Users/admin/builder/spi-builder-workspace/Split/Matchers/ContainsAllOfSetMatcher.swift (in target 'Split' from project 'Split')
cd /Users/admin/builder/spi-builder-workspace/.swiftpm/xcode
builtin-SwiftPerFileCompile ContainsAllOfSetMatcher.swift
SwiftCompile normal arm64 Compiling\ RestClient+Impressions.swift,\ RestClient+ImpressionsCount.swift,\ RestClient+MySegments.swift,\ RestClient+SplitChanges.swift,\ RestClient+SseAuthenticator.swift,\ RestClient+TelemetryConfig.swift,\ RestClient+TelemetryStats.swift,\ RestClient+TrackEvents.swift,\ RestClient+UniqueKeys.swift,\ RestClient.swift,\ AllSegmentsChange.swift,\ DataResult.swift,\ SegmentsChange.swift,\ HostDomainFilter.swift,\ PublicKeyHeaders.swift,\ TlsPinChecker.swift,\ BackoffCounterTimer.swift,\ DefaultSseNotificationParser.swift,\ EventStreamParser.swift,\ FeatureFlagsPayloadDecoder.swift,\ JwtTokenParser.swift,\ MySegmentsPayloadDecoder.swift,\ NotificationManagerKeeper.swift,\ PushNotificationManager.swift /Users/admin/builder/spi-builder-workspace/Split/Network/RestClient/RestClient+Impressions.swift /Users/admin/builder/spi-builder-workspace/Split/Network/RestClient/RestClient+ImpressionsCount.swift /Users/admin/builder/spi-builder-workspace/Split/Network/RestClient/RestClient+MySegments.swift /Users/admin/builder/spi-builder-workspace/Split/Network/RestClient/RestClient+SplitChanges.swift /Users/admin/builder/spi-builder-workspace/Split/Network/RestClient/RestClient+SseAuthenticator.swift /Users/admin/builder/spi-builder-workspace/Split/Network/RestClient/RestClient+TelemetryConfig.swift /Users/admin/builder/spi-builder-workspace/Split/Network/RestClient/RestClient+TelemetryStats.swift /Users/admin/builder/spi-builder-workspace/Split/Network/RestClient/RestClient+TrackEvents.swift /Users/admin/builder/spi-builder-workspace/Split/Network/RestClient/RestClient+UniqueKeys.swift /Users/admin/builder/spi-builder-workspace/Split/Network/RestClient/RestClient.swift /Users/admin/builder/spi-builder-workspace/Split/Network/Results/AllSegmentsChange.swift /Users/admin/builder/spi-builder-workspace/Split/Network/Results/DataResult.swift /Users/admin/builder/spi-builder-workspace/Split/Network/Results/SegmentsChange.swift /Users/admin/builder/spi-builder-workspace/Split/Network/Security/HostDomainFilter.swift /Users/admin/builder/spi-builder-workspace/Split/Network/Security/PublicKeyHeaders.swift /Users/admin/builder/spi-builder-workspace/Split/Network/Security/TlsPinChecker.swift /Users/admin/builder/spi-builder-workspace/Split/Network/Streaming/BackoffCounterTimer.swift /Users/admin/builder/spi-builder-workspace/Split/Network/Streaming/DefaultSseNotificationParser.swift /Users/admin/builder/spi-builder-workspace/Split/Network/Streaming/EventStreamParser.swift /Users/admin/builder/spi-builder-workspace/Split/Network/Streaming/FeatureFlagsPayloadDecoder.swift /Users/admin/builder/spi-builder-workspace/Split/Network/Streaming/JwtTokenParser.swift /Users/admin/builder/spi-builder-workspace/Split/Network/Streaming/MySegmentsPayloadDecoder.swift /Users/admin/builder/spi-builder-workspace/Split/Network/Streaming/NotificationManagerKeeper.swift /Users/admin/builder/spi-builder-workspace/Split/Network/Streaming/PushNotificationManager.swift (in target 'Split' from project 'Split')
SwiftCompile normal arm64 /Users/admin/builder/spi-builder-workspace/Split/Network/RestClient/RestClient+Impressions.swift (in target 'Split' from project 'Split')
cd /Users/admin/builder/spi-builder-workspace/.swiftpm/xcode
builtin-SwiftPerFileCompile RestClient+Impressions.swift
SwiftCompile normal arm64 /Users/admin/builder/spi-builder-workspace/Split/Network/RestClient/RestClient+ImpressionsCount.swift (in target 'Split' from project 'Split')
cd /Users/admin/builder/spi-builder-workspace/.swiftpm/xcode
builtin-SwiftPerFileCompile RestClient+ImpressionsCount.swift
SwiftCompile normal arm64 /Users/admin/builder/spi-builder-workspace/Split/Network/RestClient/RestClient+MySegments.swift (in target 'Split' from project 'Split')
cd /Users/admin/builder/spi-builder-workspace/.swiftpm/xcode
builtin-SwiftPerFileCompile RestClient+MySegments.swift
SwiftCompile normal arm64 /Users/admin/builder/spi-builder-workspace/Split/Network/RestClient/RestClient+SplitChanges.swift (in target 'Split' from project 'Split')
cd /Users/admin/builder/spi-builder-workspace/.swiftpm/xcode
builtin-SwiftPerFileCompile RestClient+SplitChanges.swift
SwiftCompile normal arm64 /Users/admin/builder/spi-builder-workspace/Split/Network/RestClient/RestClient+SseAuthenticator.swift (in target 'Split' from project 'Split')
cd /Users/admin/builder/spi-builder-workspace/.swiftpm/xcode
builtin-SwiftPerFileCompile RestClient+SseAuthenticator.swift
SwiftCompile normal arm64 /Users/admin/builder/spi-builder-workspace/Split/Network/RestClient/RestClient+TelemetryConfig.swift (in target 'Split' from project 'Split')
cd /Users/admin/builder/spi-builder-workspace/.swiftpm/xcode
builtin-SwiftPerFileCompile RestClient+TelemetryConfig.swift
SwiftCompile normal arm64 /Users/admin/builder/spi-builder-workspace/Split/Network/RestClient/RestClient+TelemetryStats.swift (in target 'Split' from project 'Split')
cd /Users/admin/builder/spi-builder-workspace/.swiftpm/xcode
builtin-SwiftPerFileCompile RestClient+TelemetryStats.swift
SwiftCompile normal arm64 /Users/admin/builder/spi-builder-workspace/Split/Network/RestClient/RestClient+TrackEvents.swift (in target 'Split' from project 'Split')
cd /Users/admin/builder/spi-builder-workspace/.swiftpm/xcode
builtin-SwiftPerFileCompile RestClient+TrackEvents.swift
SwiftCompile normal arm64 /Users/admin/builder/spi-builder-workspace/Split/Network/RestClient/RestClient+UniqueKeys.swift (in target 'Split' from project 'Split')
cd /Users/admin/builder/spi-builder-workspace/.swiftpm/xcode
builtin-SwiftPerFileCompile RestClient+UniqueKeys.swift
SwiftCompile normal arm64 /Users/admin/builder/spi-builder-workspace/Split/Network/RestClient/RestClient.swift (in target 'Split' from project 'Split')
cd /Users/admin/builder/spi-builder-workspace/.swiftpm/xcode
builtin-SwiftPerFileCompile RestClient.swift
SwiftCompile normal arm64 /Users/admin/builder/spi-builder-workspace/Split/Network/Results/AllSegmentsChange.swift (in target 'Split' from project 'Split')
cd /Users/admin/builder/spi-builder-workspace/.swiftpm/xcode
builtin-SwiftPerFileCompile AllSegmentsChange.swift
SwiftCompile normal arm64 /Users/admin/builder/spi-builder-workspace/Split/Network/Results/DataResult.swift (in target 'Split' from project 'Split')
cd /Users/admin/builder/spi-builder-workspace/.swiftpm/xcode
builtin-SwiftPerFileCompile DataResult.swift
SwiftCompile normal arm64 /Users/admin/builder/spi-builder-workspace/Split/Network/Results/SegmentsChange.swift (in target 'Split' from project 'Split')
cd /Users/admin/builder/spi-builder-workspace/.swiftpm/xcode
builtin-SwiftPerFileCompile SegmentsChange.swift
SwiftCompile normal arm64 /Users/admin/builder/spi-builder-workspace/Split/Network/Security/HostDomainFilter.swift (in target 'Split' from project 'Split')
cd /Users/admin/builder/spi-builder-workspace/.swiftpm/xcode
builtin-SwiftPerFileCompile HostDomainFilter.swift
SwiftCompile normal arm64 /Users/admin/builder/spi-builder-workspace/Split/Network/Security/PublicKeyHeaders.swift (in target 'Split' from project 'Split')
cd /Users/admin/builder/spi-builder-workspace/.swiftpm/xcode
builtin-SwiftPerFileCompile PublicKeyHeaders.swift
SwiftCompile normal arm64 /Users/admin/builder/spi-builder-workspace/Split/Network/Security/TlsPinChecker.swift (in target 'Split' from project 'Split')
cd /Users/admin/builder/spi-builder-workspace/.swiftpm/xcode
builtin-SwiftPerFileCompile TlsPinChecker.swift
SwiftCompile normal arm64 /Users/admin/builder/spi-builder-workspace/Split/Network/Streaming/BackoffCounterTimer.swift (in target 'Split' from project 'Split')
cd /Users/admin/builder/spi-builder-workspace/.swiftpm/xcode
builtin-SwiftPerFileCompile BackoffCounterTimer.swift
SwiftCompile normal arm64 /Users/admin/builder/spi-builder-workspace/Split/Network/Streaming/DefaultSseNotificationParser.swift (in target 'Split' from project 'Split')
cd /Users/admin/builder/spi-builder-workspace/.swiftpm/xcode
builtin-SwiftPerFileCompile DefaultSseNotificationParser.swift
SwiftCompile normal arm64 /Users/admin/builder/spi-builder-workspace/Split/Network/Streaming/EventStreamParser.swift (in target 'Split' from project 'Split')
cd /Users/admin/builder/spi-builder-workspace/.swiftpm/xcode
builtin-SwiftPerFileCompile EventStreamParser.swift
SwiftCompile normal arm64 /Users/admin/builder/spi-builder-workspace/Split/Network/Streaming/FeatureFlagsPayloadDecoder.swift (in target 'Split' from project 'Split')
cd /Users/admin/builder/spi-builder-workspace/.swiftpm/xcode
builtin-SwiftPerFileCompile FeatureFlagsPayloadDecoder.swift
SwiftCompile normal arm64 /Users/admin/builder/spi-builder-workspace/Split/Network/Streaming/JwtTokenParser.swift (in target 'Split' from project 'Split')
cd /Users/admin/builder/spi-builder-workspace/.swiftpm/xcode
builtin-SwiftPerFileCompile JwtTokenParser.swift
SwiftCompile normal arm64 /Users/admin/builder/spi-builder-workspace/Split/Network/Streaming/MySegmentsPayloadDecoder.swift (in target 'Split' from project 'Split')
cd /Users/admin/builder/spi-builder-workspace/.swiftpm/xcode
builtin-SwiftPerFileCompile MySegmentsPayloadDecoder.swift
SwiftCompile normal arm64 /Users/admin/builder/spi-builder-workspace/Split/Network/Streaming/NotificationManagerKeeper.swift (in target 'Split' from project 'Split')
cd /Users/admin/builder/spi-builder-workspace/.swiftpm/xcode
builtin-SwiftPerFileCompile NotificationManagerKeeper.swift
SwiftCompile normal arm64 /Users/admin/builder/spi-builder-workspace/Split/Network/Streaming/PushNotificationManager.swift (in target 'Split' from project 'Split')
cd /Users/admin/builder/spi-builder-workspace/.swiftpm/xcode
builtin-SwiftPerFileCompile PushNotificationManager.swift
SwiftDriverJobDiscovery normal arm64 Compiling UserDefinedSegmentMatcherData.swift, WhitelistMatcherData.swift, RestClientConfiguration.swift, Json.swift, Endpoint.swift, EndpointFactory.swift, ServiceEndpoints.swift, GenericError.swift, HttpClient.swift, HttpDataRequest.swift, HttpDataResponse.swift, HttpError.swift, HttpParameter.swift, HttpParameters.swift, HttpRequest.swift, HttpRequestList.swift, HttpRequestManager.swift, HttpResponse.swift, HttpSession.swift, HttpStreamRequest.swift, HttpStreamResponse.swift, HttpTask.swift, OutdatedSplitProxyHandler.swift, NetworkReachabilityManager.swift (in target 'Split' from project 'Split')
SwiftCompile normal arm64 Compiling\ SplitFactoryBuilder.swift,\ SplitFilter.swift,\ SplitHttpsAuthenticator.swift,\ SplitLocalhostDataSource.swift,\ SplitLogLevel.swift,\ SplitManager.swift,\ SplitResult.swift,\ SplitView.swift,\ SyncConfig.swift,\ TelemetryConfigHelper.swift,\ UserConsentManager.swift,\ UserConsent.swift,\ Array+Chunked.swift,\ Array+DynamicCodable.swift,\ Array+asSet.swift,\ Bundle+Finder.swift,\ Bundle+Name.swift,\ Data+StringRepresentation.swift,\ Date+Utils.swift,\ Dictionary+DynamicCodable.swift,\ Dictionary+Extensions.swift,\ Dictionary+JSON.swift,\ Int+Extension.swift,\ Set+Extension.swift,\ SplitView+StringConvertible.swift /Users/admin/builder/spi-builder-workspace/Split/Api/SplitFactoryBuilder.swift /Users/admin/builder/spi-builder-workspace/Split/Api/SplitFilter.swift /Users/admin/builder/spi-builder-workspace/Split/Api/SplitHttpsAuthenticator.swift /Users/admin/builder/spi-builder-workspace/Split/Api/SplitLocalhostDataSource.swift /Users/admin/builder/spi-builder-workspace/Split/Api/SplitLogLevel.swift /Users/admin/builder/spi-builder-workspace/Split/Api/SplitManager.swift /Users/admin/builder/spi-builder-workspace/Split/Api/SplitResult.swift /Users/admin/builder/spi-builder-workspace/Split/Api/SplitView.swift /Users/admin/builder/spi-builder-workspace/Split/Api/SyncConfig.swift /Users/admin/builder/spi-builder-workspace/Split/Api/TelemetryConfigHelper.swift /Users/admin/builder/spi-builder-workspace/Split/Api/UserConsentManager.swift /Users/admin/builder/spi-builder-workspace/Split/Common/Config/UserConsent.swift /Users/admin/builder/spi-builder-workspace/Split/Common/Extensions/Array+Chunked.swift /Users/admin/builder/spi-builder-workspace/Split/Common/Extensions/Array+DynamicCodable.swift /Users/admin/builder/spi-builder-workspace/Split/Common/Extensions/Array+asSet.swift /Users/admin/builder/spi-builder-workspace/Split/Common/Extensions/Bundle+Finder.swift /Users/admin/builder/spi-builder-workspace/Split/Common/Extensions/Bundle+Name.swift /Users/admin/builder/spi-builder-workspace/Split/Common/Extensions/Data+StringRepresentation.swift /Users/admin/builder/spi-builder-workspace/Split/Common/Extensions/Date+Utils.swift /Users/admin/builder/spi-builder-workspace/Split/Common/Extensions/Dictionary+DynamicCodable.swift /Users/admin/builder/spi-builder-workspace/Split/Common/Extensions/Dictionary+Extensions.swift /Users/admin/builder/spi-builder-workspace/Split/Common/Extensions/Dictionary+JSON.swift /Users/admin/builder/spi-builder-workspace/Split/Common/Extensions/Int+Extension.swift /Users/admin/builder/spi-builder-workspace/Split/Common/Extensions/Set+Extension.swift /Users/admin/builder/spi-builder-workspace/Split/Common/Extensions/SplitView+StringConvertible.swift (in target 'Split' from project 'Split')
SwiftCompile normal arm64 /Users/admin/builder/spi-builder-workspace/Split/Api/SplitFactoryBuilder.swift (in target 'Split' from project 'Split')
cd /Users/admin/builder/spi-builder-workspace/.swiftpm/xcode
builtin-SwiftPerFileCompile SplitFactoryBuilder.swift
SwiftCompile normal arm64 /Users/admin/builder/spi-builder-workspace/Split/Api/SplitFilter.swift (in target 'Split' from project 'Split')
cd /Users/admin/builder/spi-builder-workspace/.swiftpm/xcode
builtin-SwiftPerFileCompile SplitFilter.swift
SwiftCompile normal arm64 /Users/admin/builder/spi-builder-workspace/Split/Api/SplitHttpsAuthenticator.swift (in target 'Split' from project 'Split')
cd /Users/admin/builder/spi-builder-workspace/.swiftpm/xcode
builtin-SwiftPerFileCompile SplitHttpsAuthenticator.swift
SwiftCompile normal arm64 /Users/admin/builder/spi-builder-workspace/Split/Api/SplitLocalhostDataSource.swift (in target 'Split' from project 'Split')
cd /Users/admin/builder/spi-builder-workspace/.swiftpm/xcode
builtin-SwiftPerFileCompile SplitLocalhostDataSource.swift
SwiftCompile normal arm64 /Users/admin/builder/spi-builder-workspace/Split/Api/SplitLogLevel.swift (in target 'Split' from project 'Split')
cd /Users/admin/builder/spi-builder-workspace/.swiftpm/xcode
builtin-SwiftPerFileCompile SplitLogLevel.swift
SwiftCompile normal arm64 /Users/admin/builder/spi-builder-workspace/Split/Api/SplitManager.swift (in target 'Split' from project 'Split')
cd /Users/admin/builder/spi-builder-workspace/.swiftpm/xcode
builtin-SwiftPerFileCompile SplitManager.swift
SwiftCompile normal arm64 /Users/admin/builder/spi-builder-workspace/Split/Api/SplitResult.swift (in target 'Split' from project 'Split')
cd /Users/admin/builder/spi-builder-workspace/.swiftpm/xcode
builtin-SwiftPerFileCompile SplitResult.swift
SwiftCompile normal arm64 /Users/admin/builder/spi-builder-workspace/Split/Api/SplitView.swift (in target 'Split' from project 'Split')
cd /Users/admin/builder/spi-builder-workspace/.swiftpm/xcode
builtin-SwiftPerFileCompile SplitView.swift
SwiftCompile normal arm64 /Users/admin/builder/spi-builder-workspace/Split/Api/SyncConfig.swift (in target 'Split' from project 'Split')
cd /Users/admin/builder/spi-builder-workspace/.swiftpm/xcode
builtin-SwiftPerFileCompile SyncConfig.swift
SwiftCompile normal arm64 /Users/admin/builder/spi-builder-workspace/Split/Api/TelemetryConfigHelper.swift (in target 'Split' from project 'Split')
cd /Users/admin/builder/spi-builder-workspace/.swiftpm/xcode
builtin-SwiftPerFileCompile TelemetryConfigHelper.swift
SwiftCompile normal arm64 /Users/admin/builder/spi-builder-workspace/Split/Api/UserConsentManager.swift (in target 'Split' from project 'Split')
cd /Users/admin/builder/spi-builder-workspace/.swiftpm/xcode
builtin-SwiftPerFileCompile UserConsentManager.swift
SwiftCompile normal arm64 /Users/admin/builder/spi-builder-workspace/Split/Common/Config/UserConsent.swift (in target 'Split' from project 'Split')
cd /Users/admin/builder/spi-builder-workspace/.swiftpm/xcode
builtin-SwiftPerFileCompile UserConsent.swift
SwiftCompile normal arm64 /Users/admin/builder/spi-builder-workspace/Split/Common/Extensions/Array+Chunked.swift (in target 'Split' from project 'Split')
cd /Users/admin/builder/spi-builder-workspace/.swiftpm/xcode
builtin-SwiftPerFileCompile Array+Chunked.swift
SwiftCompile normal arm64 /Users/admin/builder/spi-builder-workspace/Split/Common/Extensions/Array+DynamicCodable.swift (in target 'Split' from project 'Split')
cd /Users/admin/builder/spi-builder-workspace/.swiftpm/xcode
builtin-SwiftPerFileCompile Array+DynamicCodable.swift
SwiftCompile normal arm64 /Users/admin/builder/spi-builder-workspace/Split/Common/Extensions/Array+asSet.swift (in target 'Split' from project 'Split')
cd /Users/admin/builder/spi-builder-workspace/.swiftpm/xcode
builtin-SwiftPerFileCompile Array+asSet.swift
SwiftCompile normal arm64 /Users/admin/builder/spi-builder-workspace/Split/Common/Extensions/Bundle+Finder.swift (in target 'Split' from project 'Split')
cd /Users/admin/builder/spi-builder-workspace/.swiftpm/xcode
builtin-SwiftPerFileCompile Bundle+Finder.swift
SwiftCompile normal arm64 /Users/admin/builder/spi-builder-workspace/Split/Common/Extensions/Bundle+Name.swift (in target 'Split' from project 'Split')
cd /Users/admin/builder/spi-builder-workspace/.swiftpm/xcode
builtin-SwiftPerFileCompile Bundle+Name.swift
SwiftCompile normal arm64 /Users/admin/builder/spi-builder-workspace/Split/Common/Extensions/Data+StringRepresentation.swift (in target 'Split' from project 'Split')
cd /Users/admin/builder/spi-builder-workspace/.swiftpm/xcode
builtin-SwiftPerFileCompile Data+StringRepresentation.swift
SwiftCompile normal arm64 /Users/admin/builder/spi-builder-workspace/Split/Common/Extensions/Date+Utils.swift (in target 'Split' from project 'Split')
cd /Users/admin/builder/spi-builder-workspace/.swiftpm/xcode
builtin-SwiftPerFileCompile Date+Utils.swift
SwiftCompile normal arm64 /Users/admin/builder/spi-builder-workspace/Split/Common/Extensions/Dictionary+DynamicCodable.swift (in target 'Split' from project 'Split')
cd /Users/admin/builder/spi-builder-workspace/.swiftpm/xcode
builtin-SwiftPerFileCompile Dictionary+DynamicCodable.swift
SwiftCompile normal arm64 /Users/admin/builder/spi-builder-workspace/Split/Common/Extensions/Dictionary+Extensions.swift (in target 'Split' from project 'Split')
cd /Users/admin/builder/spi-builder-workspace/.swiftpm/xcode
builtin-SwiftPerFileCompile Dictionary+Extensions.swift
SwiftCompile normal arm64 /Users/admin/builder/spi-builder-workspace/Split/Common/Extensions/Dictionary+JSON.swift (in target 'Split' from project 'Split')
cd /Users/admin/builder/spi-builder-workspace/.swiftpm/xcode
builtin-SwiftPerFileCompile Dictionary+JSON.swift
SwiftCompile normal arm64 /Users/admin/builder/spi-builder-workspace/Split/Common/Extensions/Int+Extension.swift (in target 'Split' from project 'Split')
cd /Users/admin/builder/spi-builder-workspace/.swiftpm/xcode
builtin-SwiftPerFileCompile Int+Extension.swift
SwiftCompile normal arm64 /Users/admin/builder/spi-builder-workspace/Split/Common/Extensions/Set+Extension.swift (in target 'Split' from project 'Split')
cd /Users/admin/builder/spi-builder-workspace/.swiftpm/xcode
builtin-SwiftPerFileCompile Set+Extension.swift
SwiftCompile normal arm64 /Users/admin/builder/spi-builder-workspace/Split/Common/Extensions/SplitView+StringConvertible.swift (in target 'Split' from project 'Split')
cd /Users/admin/builder/spi-builder-workspace/.swiftpm/xcode
builtin-SwiftPerFileCompile SplitView+StringConvertible.swift
SwiftCompile normal arm64 Compiling\ resource_bundle_accessor.swift,\ CertificatePinningConfig.swift,\ DefaultSplitClient.swift,\ DefaultSplitFactory.swift,\ DefaultSplitFactoryBuilder.swift,\ DefaultSplitManager.swift,\ Destroyable.swift,\ EvaluationOptions.swift,\ EventsTracker.swift,\ FailHelpers.swift,\ FilterBuilder.swift,\ FlagSetsValidator.swift,\ InternalSplitClient.swift,\ LocalhostSplitClient.swift,\ LocalhostSplitFactory.swift,\ RolloutCacheConfiguration.swift,\ SplitApiFacade.swift,\ SplitCertPinningAuthenticator.swift,\ SplitClient.swift,\ SplitClientConfig.swift,\ SplitClientManager.swift,\ SplitDatabaseHelper.swift,\ SplitEncryptionLevel.swift,\ SplitError.swift,\ SplitFactory.swift /Users/admin/builder/spi-builder-workspace/.derivedData/Build/Intermediates.noindex/Split.build/Debug-xros/Split-t.build/DerivedSources/resource_bundle_accessor.swift /Users/admin/builder/spi-builder-workspace/Split/Api/CertificatePinningConfig.swift /Users/admin/builder/spi-builder-workspace/Split/Api/DefaultSplitClient.swift /Users/admin/builder/spi-builder-workspace/Split/Api/DefaultSplitFactory.swift /Users/admin/builder/spi-builder-workspace/Split/Api/DefaultSplitFactoryBuilder.swift /Users/admin/builder/spi-builder-workspace/Split/Api/DefaultSplitManager.swift /Users/admin/builder/spi-builder-workspace/Split/Api/Destroyable.swift /Users/admin/builder/spi-builder-workspace/Split/Api/EvaluationOptions.swift /Users/admin/builder/spi-builder-workspace/Split/Api/EventsTracker.swift /Users/admin/builder/spi-builder-workspace/Split/Api/FailHelpers.swift /Users/admin/builder/spi-builder-workspace/Split/Api/FilterBuilder.swift /Users/admin/builder/spi-builder-workspace/Split/Api/FlagSetsValidator.swift /Users/admin/builder/spi-builder-workspace/Split/Api/InternalSplitClient.swift /Users/admin/builder/spi-builder-workspace/Split/Api/LocalhostSplitClient.swift /Users/admin/builder/spi-builder-workspace/Split/Api/LocalhostSplitFactory.swift /Users/admin/builder/spi-builder-workspace/Split/Api/RolloutCacheConfiguration.swift /Users/admin/builder/spi-builder-workspace/Split/Api/SplitApiFacade.swift /Users/admin/builder/spi-builder-workspace/Split/Api/SplitCertPinningAuthenticator.swift /Users/admin/builder/spi-builder-workspace/Split/Api/SplitClient.swift /Users/admin/builder/spi-builder-workspace/Split/Api/SplitClientConfig.swift /Users/admin/builder/spi-builder-workspace/Split/Api/SplitClientManager.swift /Users/admin/builder/spi-builder-workspace/Split/Api/SplitDatabaseHelper.swift /Users/admin/builder/spi-builder-workspace/Split/Api/SplitEncryptionLevel.swift /Users/admin/builder/spi-builder-workspace/Split/Api/SplitError.swift /Users/admin/builder/spi-builder-workspace/Split/Api/SplitFactory.swift (in target 'Split' from project 'Split')
/Users/admin/builder/spi-builder-workspace/Split/Api/DefaultSplitClient.swift:95:46: warning: converting non-Sendable function value to '@Sendable (SdkReadyMetadata) -> Void' may introduce data races
93 | @objc public func addEventListener(listener: SplitEventListener) {
94 | if let l = listener.onReady {
95 | registerEvent(.sdkReady, action: l)
| `- warning: converting non-Sendable function value to '@Sendable (SdkReadyMetadata) -> Void' may introduce data races
96 | }
97 |
/Users/admin/builder/spi-builder-workspace/Split/Api/DefaultSplitClient.swift:99:55: warning: converting non-Sendable function value to '@Sendable (SdkReadyFromCacheMetadata) -> Void' may introduce data races
97 |
98 | if let l = listener.onReadyFromCache {
99 | registerEvent(.sdkReadyFromCache, action: l)
| `- warning: converting non-Sendable function value to '@Sendable (SdkReadyFromCacheMetadata) -> Void' may introduce data races
100 | }
101 |
/Users/admin/builder/spi-builder-workspace/Split/Api/DefaultSplitClient.swift:103:48: warning: converting non-Sendable function value to '@Sendable (SdkUpdateMetadata) -> Void' may introduce data races
101 |
102 | if let l = listener.onUpdate {
103 | registerEvent(.sdkUpdated, action: l)
| `- warning: converting non-Sendable function value to '@Sendable (SdkUpdateMetadata) -> Void' may introduce data races
104 | }
105 | }
/Users/admin/builder/spi-builder-workspace/Split/Api/LocalhostSplitClient.swift:149:46: warning: converting non-Sendable function value to '@Sendable (SdkReadyMetadata) -> Void' may introduce data races
147 | @objc public func addEventListener(listener: SplitEventListener) {
148 | if let l = listener.onReady {
149 | registerEvent(.sdkReady, action: l)
| `- warning: converting non-Sendable function value to '@Sendable (SdkReadyMetadata) -> Void' may introduce data races
150 | }
151 |
/Users/admin/builder/spi-builder-workspace/Split/Api/LocalhostSplitClient.swift:153:55: warning: converting non-Sendable function value to '@Sendable (SdkReadyFromCacheMetadata) -> Void' may introduce data races
151 |
152 | if let l = listener.onReadyFromCache {
153 | registerEvent(.sdkReadyFromCache, action: l)
| `- warning: converting non-Sendable function value to '@Sendable (SdkReadyFromCacheMetadata) -> Void' may introduce data races
154 | }
155 |
/Users/admin/builder/spi-builder-workspace/Split/Api/LocalhostSplitClient.swift:157:48: warning: converting non-Sendable function value to '@Sendable (SdkUpdateMetadata) -> Void' may introduce data races
155 |
156 | if let l = listener.onUpdate {
157 | registerEvent(.sdkUpdated, action: l)
| `- warning: converting non-Sendable function value to '@Sendable (SdkUpdateMetadata) -> Void' may introduce data races
158 | }
159 | }
/Users/admin/builder/spi-builder-workspace/Split/Api/SplitClientManager.swift:95:53: warning: 'weak' ownership of capture 'self' differs from implicitly-captured strong reference in outer scope [#ImplicitStrongCapture]
92 |
93 | if let producer = telemetryProducer {
94 | defaultClient?.on(event: .sdkReadyFromCache) {
| |- note: 'self' implicitly strongly captured here
| `- note: add 'self' as a capture list item to silence
95 | DispatchQueue.general.async { [weak self] in
| |- warning: 'weak' ownership of capture 'self' differs from implicitly-captured strong reference in outer scope [#ImplicitStrongCapture]
| `- note: explicitly assign the capture list item to silence
96 | if let self = self {
97 | producer.recordTimeUntilReadyFromCache(self.telemetryStopwatch?.interval() ?? 0)
SwiftCompile normal arm64 /Users/admin/builder/spi-builder-workspace/.derivedData/Build/Intermediates.noindex/Split.build/Debug-xros/Split-t.build/DerivedSources/resource_bundle_accessor.swift (in target 'Split' from project 'Split')
cd /Users/admin/builder/spi-builder-workspace/.swiftpm/xcode
builtin-SwiftPerFileCompile resource_bundle_accessor.swift
SwiftCompile normal arm64 /Users/admin/builder/spi-builder-workspace/Split/Api/CertificatePinningConfig.swift (in target 'Split' from project 'Split')
cd /Users/admin/builder/spi-builder-workspace/.swiftpm/xcode
builtin-SwiftPerFileCompile CertificatePinningConfig.swift
SwiftCompile normal arm64 /Users/admin/builder/spi-builder-workspace/Split/Api/DefaultSplitClient.swift (in target 'Split' from project 'Split')
cd /Users/admin/builder/spi-builder-workspace/.swiftpm/xcode
builtin-SwiftPerFileCompile DefaultSplitClient.swift
SwiftCompile normal arm64 /Users/admin/builder/spi-builder-workspace/Split/Api/DefaultSplitFactory.swift (in target 'Split' from project 'Split')
cd /Users/admin/builder/spi-builder-workspace/.swiftpm/xcode
builtin-SwiftPerFileCompile DefaultSplitFactory.swift
SwiftCompile normal arm64 /Users/admin/builder/spi-builder-workspace/Split/Api/DefaultSplitFactoryBuilder.swift (in target 'Split' from project 'Split')
cd /Users/admin/builder/spi-builder-workspace/.swiftpm/xcode
builtin-SwiftPerFileCompile DefaultSplitFactoryBuilder.swift
SwiftCompile normal arm64 /Users/admin/builder/spi-builder-workspace/Split/Api/DefaultSplitManager.swift (in target 'Split' from project 'Split')
cd /Users/admin/builder/spi-builder-workspace/.swiftpm/xcode
builtin-SwiftPerFileCompile DefaultSplitManager.swift
SwiftCompile normal arm64 /Users/admin/builder/spi-builder-workspace/Split/Api/Destroyable.swift (in target 'Split' from project 'Split')
cd /Users/admin/builder/spi-builder-workspace/.swiftpm/xcode
builtin-SwiftPerFileCompile Destroyable.swift
SwiftCompile normal arm64 /Users/admin/builder/spi-builder-workspace/Split/Api/EvaluationOptions.swift (in target 'Split' from project 'Split')
cd /Users/admin/builder/spi-builder-workspace/.swiftpm/xcode
builtin-SwiftPerFileCompile EvaluationOptions.swift
SwiftCompile normal arm64 /Users/admin/builder/spi-builder-workspace/Split/Api/EventsTracker.swift (in target 'Split' from project 'Split')
cd /Users/admin/builder/spi-builder-workspace/.swiftpm/xcode
builtin-SwiftPerFileCompile EventsTracker.swift
SwiftCompile normal arm64 /Users/admin/builder/spi-builder-workspace/Split/Api/FailHelpers.swift (in target 'Split' from project 'Split')
cd /Users/admin/builder/spi-builder-workspace/.swiftpm/xcode
builtin-SwiftPerFileCompile FailHelpers.swift
SwiftCompile normal arm64 /Users/admin/builder/spi-builder-workspace/Split/Api/FilterBuilder.swift (in target 'Split' from project 'Split')
cd /Users/admin/builder/spi-builder-workspace/.swiftpm/xcode
builtin-SwiftPerFileCompile FilterBuilder.swift
SwiftCompile normal arm64 /Users/admin/builder/spi-builder-workspace/Split/Api/FlagSetsValidator.swift (in target 'Split' from project 'Split')
cd /Users/admin/builder/spi-builder-workspace/.swiftpm/xcode
builtin-SwiftPerFileCompile FlagSetsValidator.swift
SwiftCompile normal arm64 /Users/admin/builder/spi-builder-workspace/Split/Api/InternalSplitClient.swift (in target 'Split' from project 'Split')
cd /Users/admin/builder/spi-builder-workspace/.swiftpm/xcode
builtin-SwiftPerFileCompile InternalSplitClient.swift
SwiftCompile normal arm64 /Users/admin/builder/spi-builder-workspace/Split/Api/LocalhostSplitClient.swift (in target 'Split' from project 'Split')
cd /Users/admin/builder/spi-builder-workspace/.swiftpm/xcode
builtin-SwiftPerFileCompile LocalhostSplitClient.swift
SwiftCompile normal arm64 /Users/admin/builder/spi-builder-workspace/Split/Api/LocalhostSplitFactory.swift (in target 'Split' from project 'Split')
cd /Users/admin/builder/spi-builder-workspace/.swiftpm/xcode
builtin-SwiftPerFileCompile LocalhostSplitFactory.swift
SwiftCompile normal arm64 /Users/admin/builder/spi-builder-workspace/Split/Api/RolloutCacheConfiguration.swift (in target 'Split' from project 'Split')
cd /Users/admin/builder/spi-builder-workspace/.swiftpm/xcode
builtin-SwiftPerFileCompile RolloutCacheConfiguration.swift
SwiftCompile normal arm64 /Users/admin/builder/spi-builder-workspace/Split/Api/SplitApiFacade.swift (in target 'Split' from project 'Split')
cd /Users/admin/builder/spi-builder-workspace/.swiftpm/xcode
builtin-SwiftPerFileCompile SplitApiFacade.swift
SwiftCompile normal arm64 /Users/admin/builder/spi-builder-workspace/Split/Api/SplitCertPinningAuthenticator.swift (in target 'Split' from project 'Split')
cd /Users/admin/builder/spi-builder-workspace/.swiftpm/xcode
builtin-SwiftPerFileCompile SplitCertPinningAuthenticator.swift
SwiftCompile normal arm64 /Users/admin/builder/spi-builder-workspace/Split/Api/SplitClient.swift (in target 'Split' from project 'Split')
cd /Users/admin/builder/spi-builder-workspace/.swiftpm/xcode
builtin-SwiftPerFileCompile SplitClient.swift
SwiftCompile normal arm64 /Users/admin/builder/spi-builder-workspace/Split/Api/SplitClientConfig.swift (in target 'Split' from project 'Split')
cd /Users/admin/builder/spi-builder-workspace/.swiftpm/xcode
builtin-SwiftPerFileCompile SplitClientConfig.swift
SwiftCompile normal arm64 /Users/admin/builder/spi-builder-workspace/Split/Api/SplitClientManager.swift (in target 'Split' from project 'Split')
cd /Users/admin/builder/spi-builder-workspace/.swiftpm/xcode
builtin-SwiftPerFileCompile SplitClientManager.swift
SwiftCompile normal arm64 /Users/admin/builder/spi-builder-workspace/Split/Api/SplitDatabaseHelper.swift (in target 'Split' from project 'Split')
cd /Users/admin/builder/spi-builder-workspace/.swiftpm/xcode
builtin-SwiftPerFileCompile SplitDatabaseHelper.swift
SwiftCompile normal arm64 /Users/admin/builder/spi-builder-workspace/Split/Api/SplitEncryptionLevel.swift (in target 'Split' from project 'Split')
cd /Users/admin/builder/spi-builder-workspace/.swiftpm/xcode
builtin-SwiftPerFileCompile SplitEncryptionLevel.swift
SwiftCompile normal arm64 /Users/admin/builder/spi-builder-workspace/Split/Api/SplitError.swift (in target 'Split' from project 'Split')
cd /Users/admin/builder/spi-builder-workspace/.swiftpm/xcode
builtin-SwiftPerFileCompile SplitError.swift
SwiftCompile normal arm64 /Users/admin/builder/spi-builder-workspace/Split/Api/SplitFactory.swift (in target 'Split' from project 'Split')
cd /Users/admin/builder/spi-builder-workspace/.swiftpm/xcode
builtin-SwiftPerFileCompile SplitFactory.swift
SwiftDriverJobDiscovery normal arm64 Compiling PeriodicTaskManager.swift, Spec.swift, SplitHelper.swift, Stopwatch.swift, ThreadUtils.swift, Version.swift, AnyValueValidator.swift, ApiKeyValidator.swift, EventValidator.swift, FactoryMonitor.swift, KeyValidator.swift, PropertyValidator.swift, SplitValidator.swift, ValidationConfig.swift, ValidationErrorInfo.swift, ValidatorMessageLogger.swift, YAMLOperators.swift, YAMLParser.swift, YAMLRegex.swift, YAMLResult.swift, YAMLTokenizer.swift, Yaml.swift, SplitConstants.swift, DefaultTreatmentManager.swift (in target 'Split' from project 'Split')
SwiftDriverJobDiscovery normal arm64 Compiling ImpressionsRecorder.swift, ImpressionsRecorderWorker.swift, PeriodicRecorderWorker.swift, RecorderWorker.swift, TelemetryConfigRecorder.swift, TelemetryConfigRecorderWorker.swift, TelemetryStatsRecorder.swift, TelemetryStatsRecorderWorker.swift, UniqueKeysRecorder.swift, UniqueKeysRecorderWorker.swift, BackgroundSyncWorker.swift, ChangesChecker.swift, EmptyMySegmentsStorage.swift, PeriodicSyncWorker.swift, QueryableMySegmentsFetcher.swift, RetryableSegmentsSyncWorker.swift, RetryableSyncWorker.swift, SplitBgSynchronizer.swift, SplitsSyncHelper.swift, SyncHelper.swift, DecoratedImpression.swift, DefaultImpressionsObserver.swift, HashedImpression.swift, Impression.swift (in target 'Split' from project 'Split')
SwiftCompile normal arm64 Compiling\ Evaluator.swift,\ EvaluatorError.swift,\ FallbackSanitizer.swift,\ FallbackTreatments.swift,\ FallbackTreatmentsCalculator.swift,\ LegacyHash.swift,\ Murmur3Hash.swift,\ Murmur64x128.swift,\ Partition.swift,\ Splitter.swift,\ TreatmentManager.swift,\ EventsManagerCoordinator.swift,\ SplitEvent.swift,\ SplitEventActionTask.swift,\ SplitEventTask.swift,\ SplitEventsManager.swift,\ SplitInternalEvent.swift,\ SplitMetadata.swift,\ HttpMySegmentsFetcher.swift,\ HttpSplitFetcher.swift,\ EventsRecorder.swift,\ EventsRecorderWorker.swift,\ ImpressionsCountRecorder.swift,\ ImpressionsCountRecorderWorker.swift /Users/admin/builder/spi-builder-workspace/Split/Engine/Evaluator.swift /Users/admin/builder/spi-builder-workspace/Split/Engine/EvaluatorError.swift /Users/admin/builder/spi-builder-workspace/Split/Engine/FallbackTreatments/FallbackSanitizer.swift /Users/admin/builder/spi-builder-workspace/Split/Engine/FallbackTreatments/FallbackTreatments.swift /Users/admin/builder/spi-builder-workspace/Split/Engine/FallbackTreatments/FallbackTreatmentsCalculator.swift /Users/admin/builder/spi-builder-workspace/Split/Engine/Hashing/LegacyHash.swift /Users/admin/builder/spi-builder-workspace/Split/Engine/Hashing/Murmur3Hash.swift /Users/admin/builder/spi-builder-workspace/Split/Engine/Hashing/Murmur64x128.swift /Users/admin/builder/spi-builder-workspace/Split/Engine/Partition.swift /Users/admin/builder/spi-builder-workspace/Split/Engine/Splitter.swift /Users/admin/builder/spi-builder-workspace/Split/Engine/TreatmentManager.swift /Users/admin/builder/spi-builder-workspace/Split/Events/EventsManagerCoordinator.swift /Users/admin/builder/spi-builder-workspace/Split/Events/SplitEvent.swift /Users/admin/builder/spi-builder-workspace/Split/Events/SplitEventActionTask.swift /Users/admin/builder/spi-builder-workspace/Split/Events/SplitEventTask.swift /Users/admin/builder/spi-builder-workspace/Split/Events/SplitEventsManager.swift /Users/admin/builder/spi-builder-workspace/Split/Events/SplitInternalEvent.swift /Users/admin/builder/spi-builder-workspace/Split/Events/SplitMetadata.swift /Users/admin/builder/spi-builder-workspace/Split/FetcherEngine/HttpMySegmentsFetcher.swift /Users/admin/builder/spi-builder-workspace/Split/FetcherEngine/HttpSplitFetcher.swift /Users/admin/builder/spi-builder-workspace/Split/FetcherEngine/Recorder/EventsRecorder.swift /Users/admin/builder/spi-builder-workspace/Split/FetcherEngine/Recorder/EventsRecorderWorker.swift /Users/admin/builder/spi-builder-workspace/Split/FetcherEngine/Recorder/ImpressionsCountRecorder.swift /Users/admin/builder/spi-builder-workspace/Split/FetcherEngine/Recorder/ImpressionsCountRecorderWorker.swift (in target 'Split' from project 'Split')
SwiftCompile normal arm64 /Users/admin/builder/spi-builder-workspace/Split/Engine/Evaluator.swift (in target 'Split' from project 'Split')
cd /Users/admin/builder/spi-builder-workspace/.swiftpm/xcode
builtin-SwiftPerFileCompile Evaluator.swift
SwiftCompile normal arm64 /Users/admin/builder/spi-builder-workspace/Split/Engine/EvaluatorError.swift (in target 'Split' from project 'Split')
cd /Users/admin/builder/spi-builder-workspace/.swiftpm/xcode
builtin-SwiftPerFileCompile EvaluatorError.swift
SwiftCompile normal arm64 /Users/admin/builder/spi-builder-workspace/Split/Engine/FallbackTreatments/FallbackSanitizer.swift (in target 'Split' from project 'Split')
cd /Users/admin/builder/spi-builder-workspace/.swiftpm/xcode
builtin-SwiftPerFileCompile FallbackSanitizer.swift
SwiftCompile normal arm64 /Users/admin/builder/spi-builder-workspace/Split/Engine/FallbackTreatments/FallbackTreatments.swift (in target 'Split' from project 'Split')
cd /Users/admin/builder/spi-builder-workspace/.swiftpm/xcode
builtin-SwiftPerFileCompile FallbackTreatments.swift
SwiftCompile normal arm64 /Users/admin/builder/spi-builder-workspace/Split/Engine/FallbackTreatments/FallbackTreatmentsCalculator.swift (in target 'Split' from project 'Split')
cd /Users/admin/builder/spi-builder-workspace/.swiftpm/xcode
builtin-SwiftPerFileCompile FallbackTreatmentsCalculator.swift
SwiftCompile normal arm64 /Users/admin/builder/spi-builder-workspace/Split/Engine/Hashing/LegacyHash.swift (in target 'Split' from project 'Split')
cd /Users/admin/builder/spi-builder-workspace/.swiftpm/xcode
builtin-SwiftPerFileCompile LegacyHash.swift
SwiftCompile normal arm64 /Users/admin/builder/spi-builder-workspace/Split/Engine/Hashing/Murmur3Hash.swift (in target 'Split' from project 'Split')
cd /Users/admin/builder/spi-builder-workspace/.swiftpm/xcode
builtin-SwiftPerFileCompile Murmur3Hash.swift
SwiftCompile normal arm64 /Users/admin/builder/spi-builder-workspace/Split/Engine/Hashing/Murmur64x128.swift (in target 'Split' from project 'Split')
cd /Users/admin/builder/spi-builder-workspace/.swiftpm/xcode
builtin-SwiftPerFileCompile Murmur64x128.swift
SwiftCompile normal arm64 /Users/admin/builder/spi-builder-workspace/Split/Engine/Partition.swift (in target 'Split' from project 'Split')
cd /Users/admin/builder/spi-builder-workspace/.swiftpm/xcode
builtin-SwiftPerFileCompile Partition.swift
SwiftCompile normal arm64 /Users/admin/builder/spi-builder-workspace/Split/Engine/Splitter.swift (in target 'Split' from project 'Split')
cd /Users/admin/builder/spi-builder-workspace/.swiftpm/xcode
builtin-SwiftPerFileCompile Splitter.swift
SwiftCompile normal arm64 /Users/admin/builder/spi-builder-workspace/Split/Engine/TreatmentManager.swift (in target 'Split' from project 'Split')
cd /Users/admin/builder/spi-builder-workspace/.swiftpm/xcode
builtin-SwiftPerFileCompile TreatmentManager.swift
SwiftCompile normal arm64 /Users/admin/builder/spi-builder-workspace/Split/Events/EventsManagerCoordinator.swift (in target 'Split' from project 'Split')
cd /Users/admin/builder/spi-builder-workspace/.swiftpm/xcode
builtin-SwiftPerFileCompile EventsManagerCoordinator.swift
SwiftCompile normal arm64 /Users/admin/builder/spi-builder-workspace/Split/Events/SplitEvent.swift (in target 'Split' from project 'Split')
cd /Users/admin/builder/spi-builder-workspace/.swiftpm/xcode
builtin-SwiftPerFileCompile SplitEvent.swift
SwiftCompile normal arm64 /Users/admin/builder/spi-builder-workspace/Split/Events/SplitEventActionTask.swift (in target 'Split' from project 'Split')
cd /Users/admin/builder/spi-builder-workspace/.swiftpm/xcode
builtin-SwiftPerFileCompile SplitEventActionTask.swift
SwiftCompile normal arm64 /Users/admin/builder/spi-builder-workspace/Split/Events/SplitEventTask.swift (in target 'Split' from project 'Split')
cd /Users/admin/builder/spi-builder-workspace/.swiftpm/xcode
builtin-SwiftPerFileCompile SplitEventTask.swift
SwiftCompile normal arm64 /Users/admin/builder/spi-builder-workspace/Split/Events/SplitEventsManager.swift (in target 'Split' from project 'Split')
cd /Users/admin/builder/spi-builder-workspace/.swiftpm/xcode
builtin-SwiftPerFileCompile SplitEventsManager.swift
SwiftCompile normal arm64 /Users/admin/builder/spi-builder-workspace/Split/Events/SplitInternalEvent.swift (in target 'Split' from project 'Split')
cd /Users/admin/builder/spi-builder-workspace/.swiftpm/xcode
builtin-SwiftPerFileCompile SplitInternalEvent.swift
SwiftCompile normal arm64 /Users/admin/builder/spi-builder-workspace/Split/Events/SplitMetadata.swift (in target 'Split' from project 'Split')
cd /Users/admin/builder/spi-builder-workspace/.swiftpm/xcode
builtin-SwiftPerFileCompile SplitMetadata.swift
SwiftCompile normal arm64 /Users/admin/builder/spi-builder-workspace/Split/FetcherEngine/HttpMySegmentsFetcher.swift (in target 'Split' from project 'Split')
cd /Users/admin/builder/spi-builder-workspace/.swiftpm/xcode
builtin-SwiftPerFileCompile HttpMySegmentsFetcher.swift
SwiftCompile normal arm64 /Users/admin/builder/spi-builder-workspace/Split/FetcherEngine/HttpSplitFetcher.swift (in target 'Split' from project 'Split')
cd /Users/admin/builder/spi-builder-workspace/.swiftpm/xcode
builtin-SwiftPerFileCompile HttpSplitFetcher.swift
SwiftCompile normal arm64 /Users/admin/builder/spi-builder-workspace/Split/FetcherEngine/Recorder/EventsRecorder.swift (in target 'Split' from project 'Split')
cd /Users/admin/builder/spi-builder-workspace/.swiftpm/xcode
builtin-SwiftPerFileCompile EventsRecorder.swift
SwiftCompile normal arm64 /Users/admin/builder/spi-builder-workspace/Split/FetcherEngine/Recorder/EventsRecorderWorker.swift (in target 'Split' from project 'Split')
cd /Users/admin/builder/spi-builder-workspace/.swiftpm/xcode
builtin-SwiftPerFileCompile EventsRecorderWorker.swift
SwiftCompile normal arm64 /Users/admin/builder/spi-builder-workspace/Split/FetcherEngine/Recorder/ImpressionsCountRecorder.swift (in target 'Split' from project 'Split')
cd /Users/admin/builder/spi-builder-workspace/.swiftpm/xcode
builtin-SwiftPerFileCompile ImpressionsCountRecorder.swift
SwiftCompile normal arm64 /Users/admin/builder/spi-builder-workspace/Split/FetcherEngine/Recorder/ImpressionsCountRecorderWorker.swift (in target 'Split' from project 'Split')
cd /Users/admin/builder/spi-builder-workspace/.swiftpm/xcode
builtin-SwiftPerFileCompile ImpressionsCountRecorderWorker.swift
SwiftMergeGeneratedHeaders /Users/admin/builder/spi-builder-workspace/.derivedData/Build/Intermediates.noindex/GeneratedModuleMaps-xros/Split-Swift.h /Users/admin/builder/spi-builder-workspace/.derivedData/Build/Intermediates.noindex/Split.build/Debug-xros/Split-t.build/Objects-normal/arm64/Split-Swift.h (in target 'Split' from project 'Split')
cd /Users/admin/builder/spi-builder-workspace
builtin-swiftHeaderTool -arch arm64 /Users/admin/builder/spi-builder-workspace/.derivedData/Build/Intermediates.noindex/Split.build/Debug-xros/Split-t.build/Objects-normal/arm64/Split-Swift.h -o /Users/admin/builder/spi-builder-workspace/.derivedData/Build/Intermediates.noindex/GeneratedModuleMaps-xros/Split-Swift.h
SwiftDriverJobDiscovery normal arm64 Compiling TelemetrySynchronizer.swift, UniqueKeyTracker.swift, SecureDataStore.swift, AttributeEntity.swift, AttributeMap.swift, AttributesDao.swift, AttributesStorage.swift, ByKeyAttributesStorage.swift, OneKeyAttributesStorage.swift, OneKeyPersistentAttributesStorage.swift, PersistentAttributesStorage.swift, CoreDataContextBuilder.swift, CoreDataHelper.swift, DefaultFileStorage.swift, EventDao.swift, EventEntity.swift, EventsStorage.swift, PersistentEventsStorage.swift, FileStorage.swift, GeneralInfoDao.swift, GeneralInfoEntity.swift, GeneralInfoStorage.swift, GlobalSecureStorage.swift, KeyValueStorage.swift (in target 'Split' from project 'Split')
SwiftDriverJobDiscovery normal arm64 Compiling HashedImpressionDao.swift, HashedImpressionEntity.swift, HashedImpressionStorage.swift, PersistentHashedImpressionsStorage.swift, ImpressionDao.swift, ImpressionEntity.swift, ImpressionsCountDao.swift, ImpressionsMode.swift, ImpressionsStorage.swift, PersistentImpressionsCountStorage.swift, PersistentImpressionsStorage.swift, LegacyStorageCleaner.swift, ByKeyMySegmentsStorage.swift, MyLargeSegmentsStorage.swift, MySegmentEntity.swift, MySegmentsDao.swift, MySegmentsStorage.swift, PersistentMySegmentsStorage.swift, PersistenceBreaker.swift, RolloutDefinitionsCache.swift, PersistentRuleBasedSegmentsStorage.swift, ProcessedRuleBasedSegmentChange.swift, RuleBasedSegment.swift, RuleBasedSegmentDao.swift (in target 'Split' from project 'Split')
Copy /Users/admin/builder/spi-builder-workspace/.derivedData/Build/Products/Debug-xros/Split.swiftmodule/arm64-apple-xros.swiftmodule /Users/admin/builder/spi-builder-workspace/.derivedData/Build/Intermediates.noindex/Split.build/Debug-xros/Split-t.build/Objects-normal/arm64/Split.swiftmodule (in target 'Split' from project 'Split')
cd /Users/admin/builder/spi-builder-workspace
builtin-copy -exclude .DS_Store -exclude CVS -exclude .svn -exclude .git -exclude .hg -resolve-src-symlinks -rename /Users/admin/builder/spi-builder-workspace/.derivedData/Build/Intermediates.noindex/Split.build/Debug-xros/Split-t.build/Objects-normal/arm64/Split.swiftmodule /Users/admin/builder/spi-builder-workspace/.derivedData/Build/Products/Debug-xros/Split.swiftmodule/arm64-apple-xros.swiftmodule
Copy /Users/admin/builder/spi-builder-workspace/.derivedData/Build/Products/Debug-xros/Split.swiftmodule/arm64-apple-xros.swiftdoc /Users/admin/builder/spi-builder-workspace/.derivedData/Build/Intermediates.noindex/Split.build/Debug-xros/Split-t.build/Objects-normal/arm64/Split.swiftdoc (in target 'Split' from project 'Split')
cd /Users/admin/builder/spi-builder-workspace
builtin-copy -exclude .DS_Store -exclude CVS -exclude .svn -exclude .git -exclude .hg -resolve-src-symlinks -rename /Users/admin/builder/spi-builder-workspace/.derivedData/Build/Intermediates.noindex/Split.build/Debug-xros/Split-t.build/Objects-normal/arm64/Split.swiftdoc /Users/admin/builder/spi-builder-workspace/.derivedData/Build/Products/Debug-xros/Split.swiftmodule/arm64-apple-xros.swiftdoc
Copy /Users/admin/builder/spi-builder-workspace/.derivedData/Build/Products/Debug-xros/Split.swiftmodule/arm64-apple-xros.abi.json /Users/admin/builder/spi-builder-workspace/.derivedData/Build/Intermediates.noindex/Split.build/Debug-xros/Split-t.build/Objects-normal/arm64/Split.abi.json (in target 'Split' from project 'Split')
cd /Users/admin/builder/spi-builder-workspace
builtin-copy -exclude .DS_Store -exclude CVS -exclude .svn -exclude .git -exclude .hg -resolve-src-symlinks -rename /Users/admin/builder/spi-builder-workspace/.derivedData/Build/Intermediates.noindex/Split.build/Debug-xros/Split-t.build/Objects-normal/arm64/Split.abi.json /Users/admin/builder/spi-builder-workspace/.derivedData/Build/Products/Debug-xros/Split.swiftmodule/arm64-apple-xros.abi.json
Copy /Users/admin/builder/spi-builder-workspace/.derivedData/Build/Products/Debug-xros/Split.swiftmodule/Project/arm64-apple-xros.swiftsourceinfo /Users/admin/builder/spi-builder-workspace/.derivedData/Build/Intermediates.noindex/Split.build/Debug-xros/Split-t.build/Objects-normal/arm64/Split.swiftsourceinfo (in target 'Split' from project 'Split')
cd /Users/admin/builder/spi-builder-workspace
builtin-copy -exclude .DS_Store -exclude CVS -exclude .svn -exclude .git -exclude .hg -resolve-src-symlinks -rename /Users/admin/builder/spi-builder-workspace/.derivedData/Build/Intermediates.noindex/Split.build/Debug-xros/Split-t.build/Objects-normal/arm64/Split.swiftsourceinfo /Users/admin/builder/spi-builder-workspace/.derivedData/Build/Products/Debug-xros/Split.swiftmodule/Project/arm64-apple-xros.swiftsourceinfo
SwiftDriverJobDiscovery normal arm64 Compiling RuleBasedSegmentEntity.swift, RuleBasedSegmentsDecoder.swift, RuleBasedSegmentsEncoder.swift, RuleBasedSegmentsStorage.swift, SplitDatabase.swift, FlagSetsCache.swift, PersistentSplitsStorage.swift, ProcessedSplitChange.swift, SplitDao.swift, SplitEntity.swift, SplitsDecoder.swift, SplitsEncoder.swift, SplitsSnapshot.swift, SplitsStorage.swift, StorageHelper.swift, PersistentUniqueKeysStorage.swift, UniqueKeyDao.swift, UniqueKeyEntity.swift, LatencyCounter.swift, TelemetryConfig.swift, TelemetryInMemoryStorage.swift, TelemetryStats.swift, TelemetryStorage.swift, EventDTO.swift (in target 'Split' from project 'Split')
SwiftDriverJobDiscovery normal arm64 Compiling ReconnectBackoffCounter.swift, RetryableSplitsUpdateWorkerFactory.swift, SegmentsPayloadDecoder.swift, SseAuthenticator.swift, SseClient.swift, SseClientFactory.swift, SseConnectionHandler.swift, SseHandler.swift, SseNotificationProcessor.swift, SseNotifications.swift, SyncEventBroadcaster.swift, SyncSegmentsUpdateWorker.swift, SyncUpdateWorker.swift, Timers.swift, ByKeyFacade.swift, EventsSynchronizer.swift, FeatureFlagsSynchronizer.swift, ImpressionsTracker.swift, MySegmentsSynchronizer.swift, SyncCommons.swift, SyncGuardian.swift, SyncManager.swift, SyncManagerBuilder.swift, Synchronizer.swift (in target 'Split' from project 'Split')
SwiftDriverJobDiscovery normal arm64 Compiling ContainsAnyOfSetMatcher.swift, ContainsStringMatcher.swift, DateTime.swift, DependencyMatcher.swift, EndsWithMatcher.swift, EqualToBooleanMatcher.swift, EqualToMatcher.swift, EqualToSetMatcher.swift, GreaterThanOrEqualToMatcher.swift, InRuleBasedSegmentMatcher.swift, InSegmentMatcher.swift, LessThanOrEqualToMatcher.swift, MatchesStringMatcher.swift, PartOfSetMatcher.swift, PrerequisitesMatcher.swift, BetweenSemverMatcher.swift, EqualToSemverMatcher.swift, GreaterThanOrEqualToSemverMatcher.swift, InListSemverMatcher.swift, LessThanOrEqualToSemverMatcher.swift, Semver.swift, StartWithMatcher.swift, Whitelist.swift, BetweenMatcherData.swift (in target 'Split' from project 'Split')
SwiftDriverJobDiscovery normal arm64 Compiling SplitFactoryBuilder.swift, SplitFilter.swift, SplitHttpsAuthenticator.swift, SplitLocalhostDataSource.swift, SplitLogLevel.swift, SplitManager.swift, SplitResult.swift, SplitView.swift, SyncConfig.swift, TelemetryConfigHelper.swift, UserConsentManager.swift, UserConsent.swift, Array+Chunked.swift, Array+DynamicCodable.swift, Array+asSet.swift, Bundle+Finder.swift, Bundle+Name.swift, Data+StringRepresentation.swift, Date+Utils.swift, Dictionary+DynamicCodable.swift, Dictionary+Extensions.swift, Dictionary+JSON.swift, Int+Extension.swift, Set+Extension.swift, SplitView+StringConvertible.swift (in target 'Split' from project 'Split')
PruneExplicitPrecompiledModules /Users/admin/builder/spi-builder-workspace/.derivedData/Build/Intermediates.noindex/ExplicitPrecompiledModules
PruneExplicitPrecompiledModules /Users/admin/builder/spi-builder-workspace/.derivedData/SDKExplicitPrecompiledModules
PruneExplicitPrecompiledModules /Users/admin/builder/spi-builder-workspace/.derivedData/Build/Intermediates.noindex/SwiftExplicitPrecompiledModules
2026-10-23 18:08:09.901 xcodebuild[662:4338] [MT] IDERunDestination: Supported platforms for the buildables in the current scheme is empty.
** BUILD FAILED **
The following build commands failed:
SwiftCompile normal arm64 /Users/admin/builder/spi-builder-workspace/Split/Common/Utils/NotificationsHelper.swift (in target 'Split' from project 'Split')
SwiftCompile normal arm64 Compiling\ String+Utils.swift,\ UInt64+bits.swift,\ ServiceConstants.swift,\ ConcurrentArrayQueue.swift,\ ConcurrentDictionary.swift,\ ConcurrentDictionaryList.swift,\ ConcurrentSet.swift,\ KeyStorage.swift,\ LRUCache.swift,\ SynchronizedDictionary.swift,\ SynchronizedDictionaryComposed.swift,\ SynchronizedDictionarySet.swift,\ SynchronizedList.swift,\ Atomic.swift,\ Base64Utils.swift,\ CastUtils.swift,\ Cipher.swift,\ CompressionUtil.swift,\ DbCipher.swift,\ DbEncryptionManager.swift,\ FileUtil.swift,\ InfoUtils.swift,\ Logger.swift,\ NotificationsHelper.swift /Users/admin/builder/spi-builder-workspace/Split/Common/Extensions/String+Utils.swift /Users/admin/builder/spi-builder-workspace/Split/Common/Extensions/UInt64+bits.swift /Users/admin/builder/spi-builder-workspace/Split/Common/ServiceConstants.swift /Users/admin/builder/spi-builder-workspace/Split/Common/Structs/ConcurrentArrayQueue.swift /Users/admin/builder/spi-builder-workspace/Split/Common/Structs/ConcurrentDictionary.swift /Users/admin/builder/spi-builder-workspace/Split/Common/Structs/ConcurrentDictionaryList.swift /Users/admin/builder/spi-builder-workspace/Split/Common/Structs/ConcurrentSet.swift /Users/admin/builder/spi-builder-workspace/Split/Common/Structs/KeyStorage.swift /Users/admin/builder/spi-builder-workspace/Split/Common/Structs/LRUCache.swift /Users/admin/builder/spi-builder-workspace/Split/Common/Structs/SynchronizedDictionary.swift /Users/admin/builder/spi-builder-workspace/Split/Common/Structs/SynchronizedDictionaryComposed.swift /Users/admin/builder/spi-builder-workspace/Split/Common/Structs/SynchronizedDictionarySet.swift /Users/admin/builder/spi-builder-workspace/Split/Common/Structs/SynchronizedList.swift /Users/admin/builder/spi-builder-workspace/Split/Common/Utils/Atomic.swift /Users/admin/builder/spi-builder-workspace/Split/Common/Utils/Base64Utils.swift /Users/admin/builder/spi-builder-workspace/Split/Common/Utils/CastUtils.swift /Users/admin/builder/spi-builder-workspace/Split/Common/Utils/Cipher.swift /Users/admin/builder/spi-builder-workspace/Split/Common/Utils/CompressionUtil.swift /Users/admin/builder/spi-builder-workspace/Split/Common/Utils/DbCipher.swift /Users/admin/builder/spi-builder-workspace/Split/Common/Utils/DbEncryptionManager.swift /Users/admin/builder/spi-builder-workspace/Split/Common/Utils/FileUtil.swift /Users/admin/builder/spi-builder-workspace/Split/Common/Utils/InfoUtils.swift /Users/admin/builder/spi-builder-workspace/Split/Common/Utils/Logger.swift /Users/admin/builder/spi-builder-workspace/Split/Common/Utils/NotificationsHelper.swift (in target 'Split' from project 'Split')
Building workspace Split with scheme Split
(3 failures)
Command line invocation:
/Applications/Xcode-27.0.0.app/Contents/Developer/usr/bin/xcodebuild -IDEClonedSourcePackagesDirPathOverride=/Users/admin/builder/spi-builder-workspace/.dependencies -resolvePackageDependencies
Resolve Package Graph
Resolved source packages:
Split: /Users/admin/builder/spi-builder-workspace
resolved source packages: Split
2026-10-23 18:08:21.418 xcodebuild[774:5098] [MT] IDERunDestination: Supported platforms for the buildables in the current scheme is empty.
{
"dependencies" : [
],
"manifest_display_name" : "Split",
"name" : "Split",
"path" : "/Users/admin/builder/spi-builder-workspace",
"platforms" : [
{
"name" : "ios",
"version" : "9.0"
},
{
"name" : "macos",
"version" : "10.11"
},
{
"name" : "watchos",
"version" : "7.0"
},
{
"name" : "tvos",
"version" : "9.0"
}
],
"products" : [
{
"name" : "Split",
"targets" : [
"Split"
],
"type" : {
"library" : [
"automatic"
]
}
}
],
"targets" : [
{
"c99name" : "Split",
"module_type" : "SwiftTarget",
"name" : "Split",
"path" : "Split",
"product_memberships" : [
"Split"
],
"resources" : [
{
"path" : "/Users/admin/builder/spi-builder-workspace/Split/Storage/split_cache.xcdatamodeld",
"rule" : {
"process" : {
}
}
}
],
"sources" : [
"Api/CertificatePinningConfig.swift",
"Api/DefaultSplitClient.swift",
"Api/DefaultSplitFactory.swift",
"Api/DefaultSplitFactoryBuilder.swift",
"Api/DefaultSplitManager.swift",
"Api/Destroyable.swift",
"Api/EvaluationOptions.swift",
"Api/EventsTracker.swift",
"Api/FailHelpers.swift",
"Api/FilterBuilder.swift",
"Api/FlagSetsValidator.swift",
"Api/InternalSplitClient.swift",
"Api/LocalhostSplitClient.swift",
"Api/LocalhostSplitFactory.swift",
"Api/RolloutCacheConfiguration.swift",
"Api/SplitApiFacade.swift",
"Api/SplitCertPinningAuthenticator.swift",
"Api/SplitClient.swift",
"Api/SplitClientConfig.swift",
"Api/SplitClientManager.swift",
"Api/SplitDatabaseHelper.swift",
"Api/SplitEncryptionLevel.swift",
"Api/SplitError.swift",
"Api/SplitFactory.swift",
"Api/SplitFactoryBuilder.swift",
"Api/SplitFilter.swift",
"Api/SplitHttpsAuthenticator.swift",
"Api/SplitLocalhostDataSource.swift",
"Api/SplitLogLevel.swift",
"Api/SplitManager.swift",
"Api/SplitResult.swift",
"Api/SplitView.swift",
"Api/SyncConfig.swift",
"Api/TelemetryConfigHelper.swift",
"Api/UserConsentManager.swift",
"Common/Config/UserConsent.swift",
"Common/Extensions/Array+Chunked.swift",
"Common/Extensions/Array+DynamicCodable.swift",
"Common/Extensions/Array+asSet.swift",
"Common/Extensions/Bundle+Finder.swift",
"Common/Extensions/Bundle+Name.swift",
"Common/Extensions/Data+StringRepresentation.swift",
"Common/Extensions/Date+Utils.swift",
"Common/Extensions/Dictionary+DynamicCodable.swift",
"Common/Extensions/Dictionary+Extensions.swift",
"Common/Extensions/Dictionary+JSON.swift",
"Common/Extensions/Int+Extension.swift",
"Common/Extensions/Set+Extension.swift",
"Common/Extensions/SplitView+StringConvertible.swift",
"Common/Extensions/String+Utils.swift",
"Common/Extensions/UInt64+bits.swift",
"Common/ServiceConstants.swift",
"Common/Structs/ConcurrentArrayQueue.swift",
"Common/Structs/ConcurrentDictionary.swift",
"Common/Structs/ConcurrentDictionaryList.swift",
"Common/Structs/ConcurrentSet.swift",
"Common/Structs/KeyStorage.swift",
"Common/Structs/LRUCache.swift",
"Common/Structs/SynchronizedDictionary.swift",
"Common/Structs/SynchronizedDictionaryComposed.swift",
"Common/Structs/SynchronizedDictionarySet.swift",
"Common/Structs/SynchronizedList.swift",
"Common/Utils/Atomic.swift",
"Common/Utils/Base64Utils.swift",
"Common/Utils/CastUtils.swift",
"Common/Utils/Cipher.swift",
"Common/Utils/CompressionUtil.swift",
"Common/Utils/DbCipher.swift",
"Common/Utils/DbEncryptionManager.swift",
"Common/Utils/FileUtil.swift",
"Common/Utils/InfoUtils.swift",
"Common/Utils/Logger.swift",
"Common/Utils/NotificationsHelper.swift",
"Common/Utils/PeriodicTaskManager.swift",
"Common/Utils/Spec.swift",
"Common/Utils/SplitHelper.swift",
"Common/Utils/Stopwatch.swift",
"Common/Utils/ThreadUtils.swift",
"Common/Utils/Version.swift",
"Common/Validators/AnyValueValidator.swift",
"Common/Validators/ApiKeyValidator.swift",
"Common/Validators/EventValidator.swift",
"Common/Validators/FactoryMonitor.swift",
"Common/Validators/KeyValidator.swift",
"Common/Validators/PropertyValidator.swift",
"Common/Validators/SplitValidator.swift",
"Common/Validators/ValidationConfig.swift",
"Common/Validators/ValidationErrorInfo.swift",
"Common/Validators/ValidatorMessageLogger.swift",
"Common/Yaml/YAMLOperators.swift",
"Common/Yaml/YAMLParser.swift",
"Common/Yaml/YAMLRegex.swift",
"Common/Yaml/YAMLResult.swift",
"Common/Yaml/YAMLTokenizer.swift",
"Common/Yaml/Yaml.swift",
"Engine/Constants/SplitConstants.swift",
"Engine/DefaultTreatmentManager.swift",
"Engine/Evaluator.swift",
"Engine/EvaluatorError.swift",
"Engine/FallbackTreatments/FallbackSanitizer.swift",
"Engine/FallbackTreatments/FallbackTreatments.swift",
"Engine/FallbackTreatments/FallbackTreatmentsCalculator.swift",
"Engine/Hashing/LegacyHash.swift",
"Engine/Hashing/Murmur3Hash.swift",
"Engine/Hashing/Murmur64x128.swift",
"Engine/Partition.swift",
"Engine/Splitter.swift",
"Engine/TreatmentManager.swift",
"Events/EventsManagerCoordinator.swift",
"Events/SplitEvent.swift",
"Events/SplitEventActionTask.swift",
"Events/SplitEventTask.swift",
"Events/SplitEventsManager.swift",
"Events/SplitInternalEvent.swift",
"Events/SplitMetadata.swift",
"FetcherEngine/HttpMySegmentsFetcher.swift",
"FetcherEngine/HttpSplitFetcher.swift",
"FetcherEngine/Recorder/EventsRecorder.swift",
"FetcherEngine/Recorder/EventsRecorderWorker.swift",
"FetcherEngine/Recorder/ImpressionsCountRecorder.swift",
"FetcherEngine/Recorder/ImpressionsCountRecorderWorker.swift",
"FetcherEngine/Recorder/ImpressionsRecorder.swift",
"FetcherEngine/Recorder/ImpressionsRecorderWorker.swift",
"FetcherEngine/Recorder/PeriodicRecorderWorker.swift",
"FetcherEngine/Recorder/RecorderWorker.swift",
"FetcherEngine/Recorder/TelemetryConfigRecorder.swift",
"FetcherEngine/Recorder/TelemetryConfigRecorderWorker.swift",
"FetcherEngine/Recorder/TelemetryStatsRecorder.swift",
"FetcherEngine/Recorder/TelemetryStatsRecorderWorker.swift",
"FetcherEngine/Recorder/UniqueKeysRecorder.swift",
"FetcherEngine/Recorder/UniqueKeysRecorderWorker.swift",
"FetcherEngine/Refresh/BackgroundSyncWorker.swift",
"FetcherEngine/Refresh/ChangesChecker.swift",
"FetcherEngine/Refresh/EmptyMySegmentsStorage.swift",
"FetcherEngine/Refresh/PeriodicSyncWorker.swift",
"FetcherEngine/Refresh/QueryableMySegmentsFetcher.swift",
"FetcherEngine/Refresh/RetryableSegmentsSyncWorker.swift",
"FetcherEngine/Refresh/RetryableSyncWorker.swift",
"FetcherEngine/Refresh/SplitBgSynchronizer.swift",
"FetcherEngine/Refresh/SplitsSyncHelper.swift",
"FetcherEngine/SyncHelper.swift",
"Impressions/DecoratedImpression.swift",
"Impressions/DefaultImpressionsObserver.swift",
"Impressions/HashedImpression.swift",
"Impressions/Impression.swift",
"Impressions/ImpressionsConstants.swift",
"Impressions/ImpressionsCount.swift",
"Impressions/ImpressionsCountEntity.swift",
"Impressions/ImpressionsCountPerFeature.swift",
"Impressions/ImpressionsCounter.swift",
"Impressions/ImpressionsTest.swift",
"Impressions/KeyImpression.swift",
"Impressions/UniqueKey.swift",
"Impressions/UniqueKeys.swift",
"Initialization/RolloutCacheManager.swift",
"Initialization/SplitComponentCatalog.swift",
"Initialization/SplitComponentFactory.swift",
"Localhost/LocalhostApiDataSource.swift",
"Localhost/LocalhostClientManager.swift",
"Localhost/LocalhostFileDataSource.swift",
"Localhost/LocalhostSplitsParser.swift",
"Localhost/LocalhostSplitsStorage.swift",
"Localhost/LocalhostSynchronizer.swift",
"Localhost/SpaceDelimitedLocalhostSplitsParser.swift",
"Localhost/YamlLocalhostSplitsParser.swift",
"Matchers/AllKeysMatcher.swift",
"Matchers/BaseMatcher.swift",
"Matchers/BetweenMatcher.swift",
"Matchers/ContainsAllOfSetMatcher.swift",
"Matchers/ContainsAnyOfSetMatcher.swift",
"Matchers/ContainsStringMatcher.swift",
"Matchers/DataType/DateTime.swift",
"Matchers/DependencyMatcher.swift",
"Matchers/EndsWithMatcher.swift",
"Matchers/EqualToBooleanMatcher.swift",
"Matchers/EqualToMatcher.swift",
"Matchers/EqualToSetMatcher.swift",
"Matchers/GreaterThanOrEqualToMatcher.swift",
"Matchers/InRuleBasedSegmentMatcher.swift",
"Matchers/InSegmentMatcher.swift",
"Matchers/LessThanOrEqualToMatcher.swift",
"Matchers/MatchesStringMatcher.swift",
"Matchers/PartOfSetMatcher.swift",
"Matchers/PrerequisitesMatcher.swift",
"Matchers/Semver/BetweenSemverMatcher.swift",
"Matchers/Semver/EqualToSemverMatcher.swift",
"Matchers/Semver/GreaterThanOrEqualToSemverMatcher.swift",
"Matchers/Semver/InListSemverMatcher.swift",
"Matchers/Semver/LessThanOrEqualToSemverMatcher.swift",
"Matchers/Semver/Semver.swift",
"Matchers/StartWithMatcher.swift",
"Matchers/Whitelist.swift",
"Models/BetweenMatcherData.swift",
"Models/BetweenStringMatcherData.swift",
"Models/Condition.swift",
"Models/ConditionType.swift",
"Models/DataType.swift",
"Models/DependencyMatcherData.swift",
"Models/Extensions/SplitModels+StringConvertible.swift",
"Models/Key.swift",
"Models/KeySelector.swift",
"Models/Matcher.swift",
"Models/MatcherCombiner.swift",
"Models/MatcherGroup.swift",
"Models/MatcherProtocol.swift",
"Models/MatcherType.swift",
"Models/Segment.swift",
"Models/SplitModel/RuleBasedSegmentChange.swift",
"Models/SplitModel/Split.swift",
"Models/SplitModel/SplitBase.swift",
"Models/SplitModel/SplitChange.swift",
"Models/SplitModel/TargetingRulesChange.swift",
"Models/SplitModel/TargetingRulesChangeDecoder.swift",
"Models/Status.swift",
"Models/TrafficType.swift",
"Models/Treatment.swift",
"Models/UnaryNumericMatcherData.swift",
"Models/UserDefinedSegmentMatcherData.swift",
"Models/WhitelistMatcherData.swift",
"Network/Configuration/RestClientConfiguration.swift",
"Network/DataParsing/Json.swift",
"Network/Endpoints/Endpoint.swift",
"Network/Endpoints/EndpointFactory.swift",
"Network/Endpoints/ServiceEndpoints.swift",
"Network/Errors/GenericError.swift",
"Network/HttpClient/HttpClient.swift",
"Network/HttpClient/HttpDataRequest.swift",
"Network/HttpClient/HttpDataResponse.swift",
"Network/HttpClient/HttpError.swift",
"Network/HttpClient/HttpParameter.swift",
"Network/HttpClient/HttpParameters.swift",
"Network/HttpClient/HttpRequest.swift",
"Network/HttpClient/HttpRequestList.swift",
"Network/HttpClient/HttpRequestManager.swift",
"Network/HttpClient/HttpResponse.swift",
"Network/HttpClient/HttpSession.swift",
"Network/HttpClient/HttpStreamRequest.swift",
"Network/HttpClient/HttpStreamResponse.swift",
"Network/HttpClient/HttpTask.swift",
"Network/HttpClient/OutdatedSplitProxyHandler.swift",
"Network/NetworkReachabilityManager.swift",
"Network/RestClient/RestClient+Impressions.swift",
"Network/RestClient/RestClient+ImpressionsCount.swift",
"Network/RestClient/RestClient+MySegments.swift",
"Network/RestClient/RestClient+SplitChanges.swift",
"Network/RestClient/RestClient+SseAuthenticator.swift",
"Network/RestClient/RestClient+TelemetryConfig.swift",
"Network/RestClient/RestClient+TelemetryStats.swift",
"Network/RestClient/RestClient+TrackEvents.swift",
"Network/RestClient/RestClient+UniqueKeys.swift",
"Network/RestClient/RestClient.swift",
"Network/Results/AllSegmentsChange.swift",
"Network/Results/DataResult.swift",
"Network/Results/SegmentsChange.swift",
"Network/Security/HostDomainFilter.swift",
"Network/Security/PublicKeyHeaders.swift",
"Network/Security/TlsPinChecker.swift",
"Network/Streaming/BackoffCounterTimer.swift",
"Network/Streaming/DefaultSseNotificationParser.swift",
"Network/Streaming/EventStreamParser.swift",
"Network/Streaming/FeatureFlagsPayloadDecoder.swift",
"Network/Streaming/JwtTokenParser.swift",
"Network/Streaming/MySegmentsPayloadDecoder.swift",
"Network/Streaming/NotificationManagerKeeper.swift",
"Network/Streaming/PushNotificationManager.swift",
"Network/Streaming/ReconnectBackoffCounter.swift",
"Network/Streaming/RetryableSplitsUpdateWorkerFactory.swift",
"Network/Streaming/SegmentsPayloadDecoder.swift",
"Network/Streaming/SseAuthenticator.swift",
"Network/Streaming/SseClient.swift",
"Network/Streaming/SseClientFactory.swift",
"Network/Streaming/SseConnectionHandler.swift",
"Network/Streaming/SseHandler.swift",
"Network/Streaming/SseNotificationProcessor.swift",
"Network/Streaming/SseNotifications.swift",
"Network/Streaming/SyncEventBroadcaster.swift",
"Network/Streaming/SyncSegmentsUpdateWorker.swift",
"Network/Streaming/SyncUpdateWorker.swift",
"Network/Streaming/Timers.swift",
"Network/Sync/ByKeyFacade.swift",
"Network/Sync/EventsSynchronizer.swift",
"Network/Sync/FeatureFlagsSynchronizer.swift",
"Network/Sync/ImpressionsTracker.swift",
"Network/Sync/MySegmentsSynchronizer.swift",
"Network/Sync/SyncCommons.swift",
"Network/Sync/SyncGuardian.swift",
"Network/Sync/SyncManager.swift",
"Network/Sync/SyncManagerBuilder.swift",
"Network/Sync/Synchronizer.swift",
"Network/Sync/TelemetrySynchronizer.swift",
"Network/Sync/UniqueKeyTracker.swift",
"Secure/SecureDataStore.swift",
"Storage/Attributes/AttributeEntity.swift",
"Storage/Attributes/AttributeMap.swift",
"Storage/Attributes/AttributesDao.swift",
"Storage/Attributes/AttributesStorage.swift",
"Storage/Attributes/ByKeyAttributesStorage.swift",
"Storage/Attributes/OneKeyAttributesStorage.swift",
"Storage/Attributes/OneKeyPersistentAttributesStorage.swift",
"Storage/Attributes/PersistentAttributesStorage.swift",
"Storage/CoreDataContextBuilder.swift",
"Storage/CoreDataHelper.swift",
"Storage/DefaultFileStorage.swift",
"Storage/Events/EventDao.swift",
"Storage/Events/EventEntity.swift",
"Storage/Events/EventsStorage.swift",
"Storage/Events/PersistentEventsStorage.swift",
"Storage/FileStorage.swift",
"Storage/GeneralInfo/GeneralInfoDao.swift",
"Storage/GeneralInfo/GeneralInfoEntity.swift",
"Storage/GeneralInfo/GeneralInfoStorage.swift",
"Storage/Global/GlobalSecureStorage.swift",
"Storage/Global/KeyValueStorage.swift",
"Storage/HashedImpression/HashedImpressionDao.swift",
"Storage/HashedImpression/HashedImpressionEntity.swift",
"Storage/HashedImpression/HashedImpressionStorage.swift",
"Storage/HashedImpression/PersistentHashedImpressionsStorage.swift",
"Storage/Impressions/ImpressionDao.swift",
"Storage/Impressions/ImpressionEntity.swift",
"Storage/Impressions/ImpressionsCountDao.swift",
"Storage/Impressions/ImpressionsMode.swift",
"Storage/Impressions/ImpressionsStorage.swift",
"Storage/Impressions/PersistentImpressionsCountStorage.swift",
"Storage/Impressions/PersistentImpressionsStorage.swift",
"Storage/LegacyStorageCleaner.swift",
"Storage/MySegments/ByKeyMySegmentsStorage.swift",
"Storage/MySegments/MyLargeSegmentsStorage.swift",
"Storage/MySegments/MySegmentEntity.swift",
"Storage/MySegments/MySegmentsDao.swift",
"Storage/MySegments/MySegmentsStorage.swift",
"Storage/MySegments/PersistentMySegmentsStorage.swift",
"Storage/PersistenceBreaker.swift",
"Storage/RolloutDefinitionsCache.swift",
"Storage/RuleBasedSegments/PersistentRuleBasedSegmentsStorage.swift",
"Storage/RuleBasedSegments/ProcessedRuleBasedSegmentChange.swift",
"Storage/RuleBasedSegments/RuleBasedSegment.swift",
"Storage/RuleBasedSegments/RuleBasedSegmentDao.swift",
"Storage/RuleBasedSegments/RuleBasedSegmentEntity.swift",
"Storage/RuleBasedSegments/RuleBasedSegmentsDecoder.swift",
"Storage/RuleBasedSegments/RuleBasedSegmentsEncoder.swift",
"Storage/RuleBasedSegments/RuleBasedSegmentsStorage.swift",
"Storage/SplitDatabase.swift",
"Storage/Splits/FlagSetsCache.swift",
"Storage/Splits/PersistentSplitsStorage.swift",
"Storage/Splits/ProcessedSplitChange.swift",
"Storage/Splits/SplitDao.swift",
"Storage/Splits/SplitEntity.swift",
"Storage/Splits/SplitsDecoder.swift",
"Storage/Splits/SplitsEncoder.swift",
"Storage/Splits/SplitsSnapshot.swift",
"Storage/Splits/SplitsStorage.swift",
"Storage/StorageHelper.swift",
"Storage/UniqueKeys/PersistentUniqueKeysStorage.swift",
"Storage/UniqueKeys/UniqueKeyDao.swift",
"Storage/UniqueKeys/UniqueKeyEntity.swift",
"Telemetry/LatencyCounter.swift",
"Telemetry/Storage/TelemetryConfig.swift",
"Telemetry/Storage/TelemetryInMemoryStorage.swift",
"Telemetry/Storage/TelemetryStats.swift",
"Telemetry/Storage/TelemetryStorage.swift",
"Track/Models/EventDTO.swift"
],
"type" : "library"
}
],
"tools_version" : "5.3"
}
{
"workspace" : {
"name" : "Split",
"schemes" : [
"Split"
]
}
}
2026-10-23 18:08:22.746 xcodebuild[782:5174] [MT] IDERunDestination: Supported platforms for the buildables in the current scheme is empty.
Running build ...
env DEVELOPER_DIR=/Applications/Xcode-27.0.0.app xcrun xcodebuild -IDEClonedSourcePackagesDirPathOverride=$PWD/.dependencies -skipMacroValidation -skipPackagePluginValidation -derivedDataPath $PWD/.derivedData build -scheme Split -destination generic/platform=xrOS
Command line invocation:
/Applications/Xcode-27.0.0.app/Contents/Developer/usr/bin/xcodebuild -IDEClonedSourcePackagesDirPathOverride=/Users/admin/builder/spi-builder-workspace/.dependencies -skipMacroValidation -skipPackagePluginValidation -derivedDataPath /Users/admin/builder/spi-builder-workspace/.derivedData build -scheme Split -destination generic/platform=xrOS
Resolve Package Graph
Resolved source packages:
Split: /Users/admin/builder/spi-builder-workspace
ComputePackagePrebuildTargetDependencyGraph
Prepare packages
CreateBuildRequest
SendProjectDescription
CreateBuildOperation
ComputeTargetDependencyGraph
note: Building targets in dependency order
note: Target dependency graph (3 targets)
Target 'Split-product' in project 'Split'
➜ Explicit dependency on target 'Split' in project 'Split'
➜ Explicit dependency on target 'Split_Split' in project 'Split'
Target 'Split' in project 'Split'
➜ Explicit dependency on target 'Split_Split' in project 'Split'
Target 'Split_Split' in project 'Split' (no dependencies)
GatherProvisioningInputs
CreateBuildDescription
ClangStatCache /Applications/Xcode-27.0.0.app/Contents/Developer/Toolchains/XcodeDefault.xctoolchain/usr/bin/clang-stat-cache /Applications/Xcode-27.0.0.app/Contents/Developer/Platforms/XROS.platform/Developer/SDKs/XROS27.0.sdk /Users/admin/builder/spi-builder-workspace/.derivedData/SDKStatCaches.noindex/xros27.0-24M361-e829b21a6f8c9b70876ba0858053c04489c3c372b822c72ca60ec5271cbc7f3c.sdkstatcache
cd /Users/admin/builder/spi-builder-workspace/.swiftpm/xcode
/Applications/Xcode-27.0.0.app/Contents/Developer/Toolchains/XcodeDefault.xctoolchain/usr/bin/clang-stat-cache /Applications/Xcode-27.0.0.app/Contents/Developer/Platforms/XROS.platform/Developer/SDKs/XROS27.0.sdk -o /Users/admin/builder/spi-builder-workspace/.derivedData/SDKStatCaches.noindex/xros27.0-24M361-e829b21a6f8c9b70876ba0858053c04489c3c372b822c72ca60ec5271cbc7f3c.sdkstatcache
SwiftDriver Split normal arm64 com.apple.xcode.tools.swift.compiler (in target 'Split' from project 'Split')
cd /Users/admin/builder/spi-builder-workspace/.swiftpm/xcode
builtin-SwiftDriver -- /Applications/Xcode-27.0.0.app/Contents/Developer/Toolchains/XcodeDefault.xctoolchain/usr/bin/swiftc -parse-as-library -module-name Split -Onone @/Users/admin/builder/spi-builder-workspace/.derivedData/Build/Intermediates.noindex/Split.build/Debug-xros/Split-t.build/Objects-normal/arm64/Split.SwiftFileList -DSWIFT_PACKAGE -DDEBUG -DSWIFT_MODULE_RESOURCE_BUNDLE_AVAILABLE -DXcode -plugin-path /Applications/Xcode-27.0.0.app/Contents/Developer/Toolchains/XcodeDefault.xctoolchain/usr/lib/swift/host/plugins/testing -enable-experimental-feature DebugDescriptionMacro -sdk /Applications/Xcode-27.0.0.app/Contents/Developer/Platforms/XROS.platform/Developer/SDKs/XROS27.0.sdk -target arm64-apple-xros1.0 -g -module-cache-path /Users/admin/builder/spi-builder-workspace/.derivedData/ModuleCache.noindex -Xfrontend -serialize-debugging-options -enable-testing -index-store-path /Users/admin/builder/spi-builder-workspace/.derivedData/Index.noindex/DataStore -Xcc -D_LIBCPP_HARDENING_MODE\=_LIBCPP_HARDENING_MODE_DEBUG -swift-version 5 -I /Users/admin/builder/spi-builder-workspace/.derivedData/Build/Products/Debug-xros -Isystem /Applications/Xcode-27.0.0.app/Contents/Developer/Platforms/XROS.platform/Developer/usr/lib -F /Users/admin/builder/spi-builder-workspace/.derivedData/Build/Products/Debug-xros -F /Applications/Xcode-27.0.0.app/Contents/Developer/Platforms/XROS.platform/Developer/Library/Frameworks -F /Applications/Xcode-27.0.0.app/Contents/Developer/Platforms/XROS.platform/Developer/SDKs/XROS27.0.sdk/Developer/Library/Frameworks -c -j10 -enable-batch-mode -incremental -Xcc -ivfsstatcache -Xcc /Users/admin/builder/spi-builder-workspace/.derivedData/SDKStatCaches.noindex/xros27.0-24M361-e829b21a6f8c9b70876ba0858053c04489c3c372b822c72ca60ec5271cbc7f3c.sdkstatcache -output-file-map /Users/admin/builder/spi-builder-workspace/.derivedData/Build/Intermediates.noindex/Split.build/Debug-xros/Split-t.build/Objects-normal/arm64/Split-OutputFileMap.json -save-temps -no-color-diagnostics -explicit-module-build -module-cache-path /Users/admin/builder/spi-builder-workspace/.derivedData/Build/Intermediates.noindex/SwiftExplicitPrecompiledModules -clang-scanner-module-cache-path /Users/admin/builder/spi-builder-workspace/.derivedData/ModuleCache.noindex -sdk-module-cache-path /Users/admin/builder/spi-builder-workspace/.derivedData/SDKExplicitPrecompiledModules -emit-dependencies -emit-module -emit-module-path /Users/admin/builder/spi-builder-workspace/.derivedData/Build/Intermediates.noindex/Split.build/Debug-xros/Split-t.build/Objects-normal/arm64/Split.swiftmodule -serialize-diagnostics -dependency-scan-serialize-diagnostics-path /Users/admin/builder/spi-builder-workspace/.derivedData/Build/Intermediates.noindex/Split.build/Debug-xros/Split-t.build/Objects-normal/arm64/Split-dependency-scan.dia -validate-clang-modules-once -clang-build-session-file /Users/admin/builder/spi-builder-workspace/.derivedData/ModuleCache.noindex/Session.modulevalidation -Xcc -fmodules-prune-interval\=86400 -Xcc -fmodules-prune-after\=345600 -emit-const-values -const-gather-protocols-list /Users/admin/builder/spi-builder-workspace/.derivedData/Build/Intermediates.noindex/Split.build/Debug-xros/Split-t.build/Objects-normal/arm64/Split_const_extract_protocols.json -Xcc -I/Users/admin/builder/spi-builder-workspace/.derivedData/Build/Products/Debug-xros/include -Xcc -I/Users/admin/builder/spi-builder-workspace/.derivedData/Build/Intermediates.noindex/Split.build/Debug-xros/Split-t.build/DerivedSources-normal/arm64 -Xcc -I/Users/admin/builder/spi-builder-workspace/.derivedData/Build/Intermediates.noindex/Split.build/Debug-xros/Split-t.build/DerivedSources/arm64 -Xcc -I/Users/admin/builder/spi-builder-workspace/.derivedData/Build/Intermediates.noindex/Split.build/Debug-xros/Split-t.build/DerivedSources -Xcc -DSWIFT_PACKAGE -Xcc -DDEBUG\=1 -emit-objc-header -emit-objc-header-path /Users/admin/builder/spi-builder-workspace/.derivedData/Build/Intermediates.noindex/Split.build/Debug-xros/Split-t.build/Objects-normal/arm64/Split-Swift.h -working-directory /Users/admin/builder/spi-builder-workspace/.swiftpm/xcode -experimental-emit-module-separately -disable-cmo
SwiftCompile normal arm64 Compiling\ RestClient+Impressions.swift,\ RestClient+ImpressionsCount.swift,\ RestClient+MySegments.swift,\ RestClient+SplitChanges.swift,\ RestClient+SseAuthenticator.swift,\ RestClient+TelemetryConfig.swift,\ RestClient+TelemetryStats.swift,\ RestClient+TrackEvents.swift,\ RestClient+UniqueKeys.swift,\ RestClient.swift,\ AllSegmentsChange.swift,\ DataResult.swift /Users/admin/builder/spi-builder-workspace/Split/Network/RestClient/RestClient+Impressions.swift /Users/admin/builder/spi-builder-workspace/Split/Network/RestClient/RestClient+ImpressionsCount.swift /Users/admin/builder/spi-builder-workspace/Split/Network/RestClient/RestClient+MySegments.swift /Users/admin/builder/spi-builder-workspace/Split/Network/RestClient/RestClient+SplitChanges.swift /Users/admin/builder/spi-builder-workspace/Split/Network/RestClient/RestClient+SseAuthenticator.swift /Users/admin/builder/spi-builder-workspace/Split/Network/RestClient/RestClient+TelemetryConfig.swift /Users/admin/builder/spi-builder-workspace/Split/Network/RestClient/RestClient+TelemetryStats.swift /Users/admin/builder/spi-builder-workspace/Split/Network/RestClient/RestClient+TrackEvents.swift /Users/admin/builder/spi-builder-workspace/Split/Network/RestClient/RestClient+UniqueKeys.swift /Users/admin/builder/spi-builder-workspace/Split/Network/RestClient/RestClient.swift /Users/admin/builder/spi-builder-workspace/Split/Network/Results/AllSegmentsChange.swift /Users/admin/builder/spi-builder-workspace/Split/Network/Results/DataResult.swift (in target 'Split' from project 'Split')
SwiftCompile normal arm64 /Users/admin/builder/spi-builder-workspace/Split/Network/RestClient/RestClient+Impressions.swift (in target 'Split' from project 'Split')
cd /Users/admin/builder/spi-builder-workspace/.swiftpm/xcode
builtin-SwiftPerFileCompile RestClient+Impressions.swift
SwiftCompile normal arm64 /Users/admin/builder/spi-builder-workspace/Split/Network/RestClient/RestClient+ImpressionsCount.swift (in target 'Split' from project 'Split')
cd /Users/admin/builder/spi-builder-workspace/.swiftpm/xcode
builtin-SwiftPerFileCompile RestClient+ImpressionsCount.swift
SwiftCompile normal arm64 /Users/admin/builder/spi-builder-workspace/Split/Network/RestClient/RestClient+MySegments.swift (in target 'Split' from project 'Split')
cd /Users/admin/builder/spi-builder-workspace/.swiftpm/xcode
builtin-SwiftPerFileCompile RestClient+MySegments.swift
SwiftCompile normal arm64 /Users/admin/builder/spi-builder-workspace/Split/Network/RestClient/RestClient+SplitChanges.swift (in target 'Split' from project 'Split')
cd /Users/admin/builder/spi-builder-workspace/.swiftpm/xcode
builtin-SwiftPerFileCompile RestClient+SplitChanges.swift
SwiftCompile normal arm64 /Users/admin/builder/spi-builder-workspace/Split/Network/RestClient/RestClient+SseAuthenticator.swift (in target 'Split' from project 'Split')
cd /Users/admin/builder/spi-builder-workspace/.swiftpm/xcode
builtin-SwiftPerFileCompile RestClient+SseAuthenticator.swift
SwiftCompile normal arm64 /Users/admin/builder/spi-builder-workspace/Split/Network/RestClient/RestClient+TelemetryConfig.swift (in target 'Split' from project 'Split')
cd /Users/admin/builder/spi-builder-workspace/.swiftpm/xcode
builtin-SwiftPerFileCompile RestClient+TelemetryConfig.swift
SwiftCompile normal arm64 /Users/admin/builder/spi-builder-workspace/Split/Network/RestClient/RestClient+TelemetryStats.swift (in target 'Split' from project 'Split')
cd /Users/admin/builder/spi-builder-workspace/.swiftpm/xcode
builtin-SwiftPerFileCompile RestClient+TelemetryStats.swift
SwiftCompile normal arm64 /Users/admin/builder/spi-builder-workspace/Split/Network/RestClient/RestClient+TrackEvents.swift (in target 'Split' from project 'Split')
cd /Users/admin/builder/spi-builder-workspace/.swiftpm/xcode
builtin-SwiftPerFileCompile RestClient+TrackEvents.swift
SwiftCompile normal arm64 /Users/admin/builder/spi-builder-workspace/Split/Network/RestClient/RestClient+UniqueKeys.swift (in target 'Split' from project 'Split')
cd /Users/admin/builder/spi-builder-workspace/.swiftpm/xcode
builtin-SwiftPerFileCompile RestClient+UniqueKeys.swift
SwiftCompile normal arm64 /Users/admin/builder/spi-builder-workspace/Split/Network/RestClient/RestClient.swift (in target 'Split' from project 'Split')
cd /Users/admin/builder/spi-builder-workspace/.swiftpm/xcode
builtin-SwiftPerFileCompile RestClient.swift
SwiftCompile normal arm64 /Users/admin/builder/spi-builder-workspace/Split/Network/Results/AllSegmentsChange.swift (in target 'Split' from project 'Split')
cd /Users/admin/builder/spi-builder-workspace/.swiftpm/xcode
builtin-SwiftPerFileCompile AllSegmentsChange.swift
SwiftCompile normal arm64 /Users/admin/builder/spi-builder-workspace/Split/Network/Results/DataResult.swift (in target 'Split' from project 'Split')
cd /Users/admin/builder/spi-builder-workspace/.swiftpm/xcode
builtin-SwiftPerFileCompile DataResult.swift
SwiftCompile normal arm64 Compiling\ LocalhostSplitClient.swift,\ LocalhostSplitFactory.swift,\ RolloutCacheConfiguration.swift,\ SplitApiFacade.swift,\ SplitCertPinningAuthenticator.swift,\ SplitClient.swift,\ SplitClientConfig.swift,\ SplitClientManager.swift,\ SplitDatabaseHelper.swift,\ SplitEncryptionLevel.swift,\ SplitError.swift,\ SplitFactory.swift /Users/admin/builder/spi-builder-workspace/Split/Api/LocalhostSplitClient.swift /Users/admin/builder/spi-builder-workspace/Split/Api/LocalhostSplitFactory.swift /Users/admin/builder/spi-builder-workspace/Split/Api/RolloutCacheConfiguration.swift /Users/admin/builder/spi-builder-workspace/Split/Api/SplitApiFacade.swift /Users/admin/builder/spi-builder-workspace/Split/Api/SplitCertPinningAuthenticator.swift /Users/admin/builder/spi-builder-workspace/Split/Api/SplitClient.swift /Users/admin/builder/spi-builder-workspace/Split/Api/SplitClientConfig.swift /Users/admin/builder/spi-builder-workspace/Split/Api/SplitClientManager.swift /Users/admin/builder/spi-builder-workspace/Split/Api/SplitDatabaseHelper.swift /Users/admin/builder/spi-builder-workspace/Split/Api/SplitEncryptionLevel.swift /Users/admin/builder/spi-builder-workspace/Split/Api/SplitError.swift /Users/admin/builder/spi-builder-workspace/Split/Api/SplitFactory.swift (in target 'Split' from project 'Split')
SwiftCompile normal arm64 /Users/admin/builder/spi-builder-workspace/Split/Api/LocalhostSplitClient.swift (in target 'Split' from project 'Split')
cd /Users/admin/builder/spi-builder-workspace/.swiftpm/xcode
builtin-SwiftPerFileCompile LocalhostSplitClient.swift
SwiftCompile normal arm64 /Users/admin/builder/spi-builder-workspace/Split/Api/LocalhostSplitFactory.swift (in target 'Split' from project 'Split')
cd /Users/admin/builder/spi-builder-workspace/.swiftpm/xcode
builtin-SwiftPerFileCompile LocalhostSplitFactory.swift
SwiftCompile normal arm64 /Users/admin/builder/spi-builder-workspace/Split/Api/RolloutCacheConfiguration.swift (in target 'Split' from project 'Split')
cd /Users/admin/builder/spi-builder-workspace/.swiftpm/xcode
builtin-SwiftPerFileCompile RolloutCacheConfiguration.swift
SwiftCompile normal arm64 /Users/admin/builder/spi-builder-workspace/Split/Api/SplitApiFacade.swift (in target 'Split' from project 'Split')
cd /Users/admin/builder/spi-builder-workspace/.swiftpm/xcode
builtin-SwiftPerFileCompile SplitApiFacade.swift
SwiftCompile normal arm64 /Users/admin/builder/spi-builder-workspace/Split/Api/SplitCertPinningAuthenticator.swift (in target 'Split' from project 'Split')
cd /Users/admin/builder/spi-builder-workspace/.swiftpm/xcode
builtin-SwiftPerFileCompile SplitCertPinningAuthenticator.swift
SwiftCompile normal arm64 /Users/admin/builder/spi-builder-workspace/Split/Api/SplitClient.swift (in target 'Split' from project 'Split')
cd /Users/admin/builder/spi-builder-workspace/.swiftpm/xcode
builtin-SwiftPerFileCompile SplitClient.swift
SwiftCompile normal arm64 /Users/admin/builder/spi-builder-workspace/Split/Api/SplitClientConfig.swift (in target 'Split' from project 'Split')
cd /Users/admin/builder/spi-builder-workspace/.swiftpm/xcode
builtin-SwiftPerFileCompile SplitClientConfig.swift
SwiftCompile normal arm64 /Users/admin/builder/spi-builder-workspace/Split/Api/SplitClientManager.swift (in target 'Split' from project 'Split')
cd /Users/admin/builder/spi-builder-workspace/.swiftpm/xcode
builtin-SwiftPerFileCompile SplitClientManager.swift
SwiftCompile normal arm64 /Users/admin/builder/spi-builder-workspace/Split/Api/SplitDatabaseHelper.swift (in target 'Split' from project 'Split')
cd /Users/admin/builder/spi-builder-workspace/.swiftpm/xcode
builtin-SwiftPerFileCompile SplitDatabaseHelper.swift
SwiftCompile normal arm64 /Users/admin/builder/spi-builder-workspace/Split/Api/SplitEncryptionLevel.swift (in target 'Split' from project 'Split')
cd /Users/admin/builder/spi-builder-workspace/.swiftpm/xcode
builtin-SwiftPerFileCompile SplitEncryptionLevel.swift
SwiftCompile normal arm64 /Users/admin/builder/spi-builder-workspace/Split/Api/SplitError.swift (in target 'Split' from project 'Split')
cd /Users/admin/builder/spi-builder-workspace/.swiftpm/xcode
builtin-SwiftPerFileCompile SplitError.swift
SwiftCompile normal arm64 /Users/admin/builder/spi-builder-workspace/Split/Api/SplitFactory.swift (in target 'Split' from project 'Split')
cd /Users/admin/builder/spi-builder-workspace/.swiftpm/xcode
builtin-SwiftPerFileCompile SplitFactory.swift
/Users/admin/builder/spi-builder-workspace/Split/Api/LocalhostSplitClient.swift:149:46: warning: converting non-Sendable function value to '@Sendable (SdkReadyMetadata) -> Void' may introduce data races
147 | @objc public func addEventListener(listener: SplitEventListener) {
148 | if let l = listener.onReady {
149 | registerEvent(.sdkReady, action: l)
| `- warning: converting non-Sendable function value to '@Sendable (SdkReadyMetadata) -> Void' may introduce data races
150 | }
151 |
/Users/admin/builder/spi-builder-workspace/Split/Api/LocalhostSplitClient.swift:153:55: warning: converting non-Sendable function value to '@Sendable (SdkReadyFromCacheMetadata) -> Void' may introduce data races
151 |
152 | if let l = listener.onReadyFromCache {
153 | registerEvent(.sdkReadyFromCache, action: l)
| `- warning: converting non-Sendable function value to '@Sendable (SdkReadyFromCacheMetadata) -> Void' may introduce data races
154 | }
155 |
/Users/admin/builder/spi-builder-workspace/Split/Api/LocalhostSplitClient.swift:157:48: warning: converting non-Sendable function value to '@Sendable (SdkUpdateMetadata) -> Void' may introduce data races
155 |
156 | if let l = listener.onUpdate {
157 | registerEvent(.sdkUpdated, action: l)
| `- warning: converting non-Sendable function value to '@Sendable (SdkUpdateMetadata) -> Void' may introduce data races
158 | }
159 | }
/Users/admin/builder/spi-builder-workspace/Split/Api/SplitClientManager.swift:95:53: warning: 'weak' ownership of capture 'self' differs from implicitly-captured strong reference in outer scope [#ImplicitStrongCapture]
92 |
93 | if let producer = telemetryProducer {
94 | defaultClient?.on(event: .sdkReadyFromCache) {
| |- note: 'self' implicitly strongly captured here
| `- note: add 'self' as a capture list item to silence
95 | DispatchQueue.general.async { [weak self] in
| |- warning: 'weak' ownership of capture 'self' differs from implicitly-captured strong reference in outer scope [#ImplicitStrongCapture]
| `- note: explicitly assign the capture list item to silence
96 | if let self = self {
97 | producer.recordTimeUntilReadyFromCache(self.telemetryStopwatch?.interval() ?? 0)
SwiftCompile normal arm64 Compiling\ SplitEvent.swift,\ SplitEventActionTask.swift,\ SplitEventTask.swift,\ SplitEventsManager.swift,\ SplitInternalEvent.swift,\ SplitMetadata.swift,\ HttpMySegmentsFetcher.swift,\ HttpSplitFetcher.swift,\ EventsRecorder.swift,\ EventsRecorderWorker.swift,\ ImpressionsCountRecorder.swift,\ ImpressionsCountRecorderWorker.swift /Users/admin/builder/spi-builder-workspace/Split/Events/SplitEvent.swift /Users/admin/builder/spi-builder-workspace/Split/Events/SplitEventActionTask.swift /Users/admin/builder/spi-builder-workspace/Split/Events/SplitEventTask.swift /Users/admin/builder/spi-builder-workspace/Split/Events/SplitEventsManager.swift /Users/admin/builder/spi-builder-workspace/Split/Events/SplitInternalEvent.swift /Users/admin/builder/spi-builder-workspace/Split/Events/SplitMetadata.swift /Users/admin/builder/spi-builder-workspace/Split/FetcherEngine/HttpMySegmentsFetcher.swift /Users/admin/builder/spi-builder-workspace/Split/FetcherEngine/HttpSplitFetcher.swift /Users/admin/builder/spi-builder-workspace/Split/FetcherEngine/Recorder/EventsRecorder.swift /Users/admin/builder/spi-builder-workspace/Split/FetcherEngine/Recorder/EventsRecorderWorker.swift /Users/admin/builder/spi-builder-workspace/Split/FetcherEngine/Recorder/ImpressionsCountRecorder.swift /Users/admin/builder/spi-builder-workspace/Split/FetcherEngine/Recorder/ImpressionsCountRecorderWorker.swift (in target 'Split' from project 'Split')
SwiftCompile normal arm64 /Users/admin/builder/spi-builder-workspace/Split/Events/SplitEvent.swift (in target 'Split' from project 'Split')
cd /Users/admin/builder/spi-builder-workspace/.swiftpm/xcode
builtin-SwiftPerFileCompile SplitEvent.swift
SwiftCompile normal arm64 /Users/admin/builder/spi-builder-workspace/Split/Events/SplitEventActionTask.swift (in target 'Split' from project 'Split')
cd /Users/admin/builder/spi-builder-workspace/.swiftpm/xcode
builtin-SwiftPerFileCompile SplitEventActionTask.swift
SwiftCompile normal arm64 /Users/admin/builder/spi-builder-workspace/Split/Events/SplitEventTask.swift (in target 'Split' from project 'Split')
cd /Users/admin/builder/spi-builder-workspace/.swiftpm/xcode
builtin-SwiftPerFileCompile SplitEventTask.swift
SwiftCompile normal arm64 /Users/admin/builder/spi-builder-workspace/Split/Events/SplitEventsManager.swift (in target 'Split' from project 'Split')
cd /Users/admin/builder/spi-builder-workspace/.swiftpm/xcode
builtin-SwiftPerFileCompile SplitEventsManager.swift
SwiftCompile normal arm64 /Users/admin/builder/spi-builder-workspace/Split/Events/SplitInternalEvent.swift (in target 'Split' from project 'Split')
cd /Users/admin/builder/spi-builder-workspace/.swiftpm/xcode
builtin-SwiftPerFileCompile SplitInternalEvent.swift
SwiftCompile normal arm64 /Users/admin/builder/spi-builder-workspace/Split/Events/SplitMetadata.swift (in target 'Split' from project 'Split')
cd /Users/admin/builder/spi-builder-workspace/.swiftpm/xcode
builtin-SwiftPerFileCompile SplitMetadata.swift
SwiftCompile normal arm64 /Users/admin/builder/spi-builder-workspace/Split/FetcherEngine/HttpMySegmentsFetcher.swift (in target 'Split' from project 'Split')
cd /Users/admin/builder/spi-builder-workspace/.swiftpm/xcode
builtin-SwiftPerFileCompile HttpMySegmentsFetcher.swift
SwiftCompile normal arm64 /Users/admin/builder/spi-builder-workspace/Split/FetcherEngine/HttpSplitFetcher.swift (in target 'Split' from project 'Split')
cd /Users/admin/builder/spi-builder-workspace/.swiftpm/xcode
builtin-SwiftPerFileCompile HttpSplitFetcher.swift
SwiftCompile normal arm64 /Users/admin/builder/spi-builder-workspace/Split/FetcherEngine/Recorder/EventsRecorder.swift (in target 'Split' from project 'Split')
cd /Users/admin/builder/spi-builder-workspace/.swiftpm/xcode
builtin-SwiftPerFileCompile EventsRecorder.swift
SwiftCompile normal arm64 /Users/admin/builder/spi-builder-workspace/Split/FetcherEngine/Recorder/EventsRecorderWorker.swift (in target 'Split' from project 'Split')
cd /Users/admin/builder/spi-builder-workspace/.swiftpm/xcode
builtin-SwiftPerFileCompile EventsRecorderWorker.swift
SwiftCompile normal arm64 /Users/admin/builder/spi-builder-workspace/Split/FetcherEngine/Recorder/ImpressionsCountRecorder.swift (in target 'Split' from project 'Split')
cd /Users/admin/builder/spi-builder-workspace/.swiftpm/xcode
builtin-SwiftPerFileCompile ImpressionsCountRecorder.swift
SwiftCompile normal arm64 /Users/admin/builder/spi-builder-workspace/Split/FetcherEngine/Recorder/ImpressionsCountRecorderWorker.swift (in target 'Split' from project 'Split')
cd /Users/admin/builder/spi-builder-workspace/.swiftpm/xcode
builtin-SwiftPerFileCompile ImpressionsCountRecorderWorker.swift
SwiftCompile normal arm64 Compiling\ String+Utils.swift,\ UInt64+bits.swift,\ ServiceConstants.swift,\ ConcurrentArrayQueue.swift,\ ConcurrentDictionary.swift,\ ConcurrentDictionaryList.swift,\ ConcurrentSet.swift,\ KeyStorage.swift,\ LRUCache.swift,\ SynchronizedDictionary.swift,\ SynchronizedDictionaryComposed.swift,\ SynchronizedDictionarySet.swift /Users/admin/builder/spi-builder-workspace/Split/Common/Extensions/String+Utils.swift /Users/admin/builder/spi-builder-workspace/Split/Common/Extensions/UInt64+bits.swift /Users/admin/builder/spi-builder-workspace/Split/Common/ServiceConstants.swift /Users/admin/builder/spi-builder-workspace/Split/Common/Structs/ConcurrentArrayQueue.swift /Users/admin/builder/spi-builder-workspace/Split/Common/Structs/ConcurrentDictionary.swift /Users/admin/builder/spi-builder-workspace/Split/Common/Structs/ConcurrentDictionaryList.swift /Users/admin/builder/spi-builder-workspace/Split/Common/Structs/ConcurrentSet.swift /Users/admin/builder/spi-builder-workspace/Split/Common/Structs/KeyStorage.swift /Users/admin/builder/spi-builder-workspace/Split/Common/Structs/LRUCache.swift /Users/admin/builder/spi-builder-workspace/Split/Common/Structs/SynchronizedDictionary.swift /Users/admin/builder/spi-builder-workspace/Split/Common/Structs/SynchronizedDictionaryComposed.swift /Users/admin/builder/spi-builder-workspace/Split/Common/Structs/SynchronizedDictionarySet.swift (in target 'Split' from project 'Split')
SwiftCompile normal arm64 /Users/admin/builder/spi-builder-workspace/Split/Common/Extensions/String+Utils.swift (in target 'Split' from project 'Split')
cd /Users/admin/builder/spi-builder-workspace/.swiftpm/xcode
builtin-SwiftPerFileCompile String+Utils.swift
SwiftCompile normal arm64 /Users/admin/builder/spi-builder-workspace/Split/Common/Extensions/UInt64+bits.swift (in target 'Split' from project 'Split')
cd /Users/admin/builder/spi-builder-workspace/.swiftpm/xcode
builtin-SwiftPerFileCompile UInt64+bits.swift
SwiftCompile normal arm64 /Users/admin/builder/spi-builder-workspace/Split/Common/ServiceConstants.swift (in target 'Split' from project 'Split')
cd /Users/admin/builder/spi-builder-workspace/.swiftpm/xcode
builtin-SwiftPerFileCompile ServiceConstants.swift
SwiftCompile normal arm64 /Users/admin/builder/spi-builder-workspace/Split/Common/Structs/ConcurrentArrayQueue.swift (in target 'Split' from project 'Split')
cd /Users/admin/builder/spi-builder-workspace/.swiftpm/xcode
builtin-SwiftPerFileCompile ConcurrentArrayQueue.swift
SwiftCompile normal arm64 /Users/admin/builder/spi-builder-workspace/Split/Common/Structs/ConcurrentDictionary.swift (in target 'Split' from project 'Split')
cd /Users/admin/builder/spi-builder-workspace/.swiftpm/xcode
builtin-SwiftPerFileCompile ConcurrentDictionary.swift
SwiftCompile normal arm64 /Users/admin/builder/spi-builder-workspace/Split/Common/Structs/ConcurrentDictionaryList.swift (in target 'Split' from project 'Split')
cd /Users/admin/builder/spi-builder-workspace/.swiftpm/xcode
builtin-SwiftPerFileCompile ConcurrentDictionaryList.swift
SwiftCompile normal arm64 /Users/admin/builder/spi-builder-workspace/Split/Common/Structs/ConcurrentSet.swift (in target 'Split' from project 'Split')
cd /Users/admin/builder/spi-builder-workspace/.swiftpm/xcode
builtin-SwiftPerFileCompile ConcurrentSet.swift
SwiftCompile normal arm64 /Users/admin/builder/spi-builder-workspace/Split/Common/Structs/KeyStorage.swift (in target 'Split' from project 'Split')
cd /Users/admin/builder/spi-builder-workspace/.swiftpm/xcode
builtin-SwiftPerFileCompile KeyStorage.swift
SwiftCompile normal arm64 /Users/admin/builder/spi-builder-workspace/Split/Common/Structs/LRUCache.swift (in target 'Split' from project 'Split')
cd /Users/admin/builder/spi-builder-workspace/.swiftpm/xcode
builtin-SwiftPerFileCompile LRUCache.swift
SwiftCompile normal arm64 /Users/admin/builder/spi-builder-workspace/Split/Common/Structs/SynchronizedDictionary.swift (in target 'Split' from project 'Split')
cd /Users/admin/builder/spi-builder-workspace/.swiftpm/xcode
builtin-SwiftPerFileCompile SynchronizedDictionary.swift
SwiftCompile normal arm64 /Users/admin/builder/spi-builder-workspace/Split/Common/Structs/SynchronizedDictionaryComposed.swift (in target 'Split' from project 'Split')
cd /Users/admin/builder/spi-builder-workspace/.swiftpm/xcode
builtin-SwiftPerFileCompile SynchronizedDictionaryComposed.swift
SwiftCompile normal arm64 /Users/admin/builder/spi-builder-workspace/Split/Common/Structs/SynchronizedDictionarySet.swift (in target 'Split' from project 'Split')
cd /Users/admin/builder/spi-builder-workspace/.swiftpm/xcode
builtin-SwiftPerFileCompile SynchronizedDictionarySet.swift
SwiftCompile normal arm64 Compiling\ resource_bundle_accessor.swift,\ CertificatePinningConfig.swift,\ DefaultSplitClient.swift,\ DefaultSplitFactory.swift,\ DefaultSplitFactoryBuilder.swift,\ DefaultSplitManager.swift,\ Destroyable.swift,\ EvaluationOptions.swift,\ EventsTracker.swift,\ FailHelpers.swift,\ FilterBuilder.swift,\ FlagSetsValidator.swift,\ InternalSplitClient.swift /Users/admin/builder/spi-builder-workspace/.derivedData/Build/Intermediates.noindex/Split.build/Debug-xros/Split-t.build/DerivedSources/resource_bundle_accessor.swift /Users/admin/builder/spi-builder-workspace/Split/Api/CertificatePinningConfig.swift /Users/admin/builder/spi-builder-workspace/Split/Api/DefaultSplitClient.swift /Users/admin/builder/spi-builder-workspace/Split/Api/DefaultSplitFactory.swift /Users/admin/builder/spi-builder-workspace/Split/Api/DefaultSplitFactoryBuilder.swift /Users/admin/builder/spi-builder-workspace/Split/Api/DefaultSplitManager.swift /Users/admin/builder/spi-builder-workspace/Split/Api/Destroyable.swift /Users/admin/builder/spi-builder-workspace/Split/Api/EvaluationOptions.swift /Users/admin/builder/spi-builder-workspace/Split/Api/EventsTracker.swift /Users/admin/builder/spi-builder-workspace/Split/Api/FailHelpers.swift /Users/admin/builder/spi-builder-workspace/Split/Api/FilterBuilder.swift /Users/admin/builder/spi-builder-workspace/Split/Api/FlagSetsValidator.swift /Users/admin/builder/spi-builder-workspace/Split/Api/InternalSplitClient.swift (in target 'Split' from project 'Split')
/Users/admin/builder/spi-builder-workspace/Split/Api/DefaultSplitClient.swift:95:46: warning: converting non-Sendable function value to '@Sendable (SdkReadyMetadata) -> Void' may introduce data races
93 | @objc public func addEventListener(listener: SplitEventListener) {
94 | if let l = listener.onReady {
95 | registerEvent(.sdkReady, action: l)
| `- warning: converting non-Sendable function value to '@Sendable (SdkReadyMetadata) -> Void' may introduce data races
96 | }
97 |
/Users/admin/builder/spi-builder-workspace/Split/Api/DefaultSplitClient.swift:99:55: warning: converting non-Sendable function value to '@Sendable (SdkReadyFromCacheMetadata) -> Void' may introduce data races
97 |
98 | if let l = listener.onReadyFromCache {
99 | registerEvent(.sdkReadyFromCache, action: l)
| `- warning: converting non-Sendable function value to '@Sendable (SdkReadyFromCacheMetadata) -> Void' may introduce data races
100 | }
101 |
SwiftCompile normal arm64 /Users/admin/builder/spi-builder-workspace/.derivedData/Build/Intermediates.noindex/Split.build/Debug-xros/Split-t.build/DerivedSources/resource_bundle_accessor.swift (in target 'Split' from project 'Split')
cd /Users/admin/builder/spi-builder-workspace/.swiftpm/xcode
builtin-SwiftPerFileCompile resource_bundle_accessor.swift
SwiftCompile normal arm64 /Users/admin/builder/spi-builder-workspace/Split/Api/CertificatePinningConfig.swift (in target 'Split' from project 'Split')
cd /Users/admin/builder/spi-builder-workspace/.swiftpm/xcode
builtin-SwiftPerFileCompile CertificatePinningConfig.swift
SwiftCompile normal arm64 /Users/admin/builder/spi-builder-workspace/Split/Api/DefaultSplitClient.swift (in target 'Split' from project 'Split')
cd /Users/admin/builder/spi-builder-workspace/.swiftpm/xcode
builtin-SwiftPerFileCompile DefaultSplitClient.swift
SwiftCompile normal arm64 /Users/admin/builder/spi-builder-workspace/Split/Api/DefaultSplitFactory.swift (in target 'Split' from project 'Split')
cd /Users/admin/builder/spi-builder-workspace/.swiftpm/xcode
builtin-SwiftPerFileCompile DefaultSplitFactory.swift
SwiftCompile normal arm64 /Users/admin/builder/spi-builder-workspace/Split/Api/DefaultSplitFactoryBuilder.swift (in target 'Split' from project 'Split')
cd /Users/admin/builder/spi-builder-workspace/.swiftpm/xcode
builtin-SwiftPerFileCompile DefaultSplitFactoryBuilder.swift
SwiftCompile normal arm64 /Users/admin/builder/spi-builder-workspace/Split/Api/DefaultSplitManager.swift (in target 'Split' from project 'Split')
cd /Users/admin/builder/spi-builder-workspace/.swiftpm/xcode
builtin-SwiftPerFileCompile DefaultSplitManager.swift
SwiftCompile normal arm64 /Users/admin/builder/spi-builder-workspace/Split/Api/Destroyable.swift (in target 'Split' from project 'Split')
cd /Users/admin/builder/spi-builder-workspace/.swiftpm/xcode
builtin-SwiftPerFileCompile Destroyable.swift
SwiftCompile normal arm64 /Users/admin/builder/spi-builder-workspace/Split/Api/EvaluationOptions.swift (in target 'Split' from project 'Split')
cd /Users/admin/builder/spi-builder-workspace/.swiftpm/xcode
builtin-SwiftPerFileCompile EvaluationOptions.swift
SwiftCompile normal arm64 /Users/admin/builder/spi-builder-workspace/Split/Api/EventsTracker.swift (in target 'Split' from project 'Split')
cd /Users/admin/builder/spi-builder-workspace/.swiftpm/xcode
builtin-SwiftPerFileCompile EventsTracker.swift
SwiftCompile normal arm64 /Users/admin/builder/spi-builder-workspace/Split/Api/FailHelpers.swift (in target 'Split' from project 'Split')
cd /Users/admin/builder/spi-builder-workspace/.swiftpm/xcode
builtin-SwiftPerFileCompile FailHelpers.swift
SwiftCompile normal arm64 /Users/admin/builder/spi-builder-workspace/Split/Api/FilterBuilder.swift (in target 'Split' from project 'Split')
cd /Users/admin/builder/spi-builder-workspace/.swiftpm/xcode
builtin-SwiftPerFileCompile FilterBuilder.swift
SwiftCompile normal arm64 /Users/admin/builder/spi-builder-workspace/Split/Api/FlagSetsValidator.swift (in target 'Split' from project 'Split')
cd /Users/admin/builder/spi-builder-workspace/.swiftpm/xcode
builtin-SwiftPerFileCompile FlagSetsValidator.swift
SwiftCompile normal arm64 /Users/admin/builder/spi-builder-workspace/Split/Api/InternalSplitClient.swift (in target 'Split' from project 'Split')
cd /Users/admin/builder/spi-builder-workspace/.swiftpm/xcode
builtin-SwiftPerFileCompile InternalSplitClient.swift
SwiftCompile normal arm64 Compiling\ ImpressionsConstants.swift,\ ImpressionsCount.swift,\ ImpressionsCountEntity.swift,\ ImpressionsCountPerFeature.swift,\ ImpressionsCounter.swift,\ ImpressionsTest.swift,\ KeyImpression.swift,\ UniqueKey.swift,\ UniqueKeys.swift,\ RolloutCacheManager.swift,\ SplitComponentCatalog.swift,\ SplitComponentFactory.swift /Users/admin/builder/spi-builder-workspace/Split/Impressions/ImpressionsConstants.swift /Users/admin/builder/spi-builder-workspace/Split/Impressions/ImpressionsCount.swift /Users/admin/builder/spi-builder-workspace/Split/Impressions/ImpressionsCountEntity.swift /Users/admin/builder/spi-builder-workspace/Split/Impressions/ImpressionsCountPerFeature.swift /Users/admin/builder/spi-builder-workspace/Split/Impressions/ImpressionsCounter.swift /Users/admin/builder/spi-builder-workspace/Split/Impressions/ImpressionsTest.swift /Users/admin/builder/spi-builder-workspace/Split/Impressions/KeyImpression.swift /Users/admin/builder/spi-builder-workspace/Split/Impressions/UniqueKey.swift /Users/admin/builder/spi-builder-workspace/Split/Impressions/UniqueKeys.swift /Users/admin/builder/spi-builder-workspace/Split/Initialization/RolloutCacheManager.swift /Users/admin/builder/spi-builder-workspace/Split/Initialization/SplitComponentCatalog.swift /Users/admin/builder/spi-builder-workspace/Split/Initialization/SplitComponentFactory.swift (in target 'Split' from project 'Split')
SwiftCompile normal arm64 /Users/admin/builder/spi-builder-workspace/Split/Impressions/ImpressionsConstants.swift (in target 'Split' from project 'Split')
cd /Users/admin/builder/spi-builder-workspace/.swiftpm/xcode
builtin-SwiftPerFileCompile ImpressionsConstants.swift
SwiftCompile normal arm64 /Users/admin/builder/spi-builder-workspace/Split/Impressions/ImpressionsCount.swift (in target 'Split' from project 'Split')
cd /Users/admin/builder/spi-builder-workspace/.swiftpm/xcode
builtin-SwiftPerFileCompile ImpressionsCount.swift
SwiftCompile normal arm64 /Users/admin/builder/spi-builder-workspace/Split/Impressions/ImpressionsCountEntity.swift (in target 'Split' from project 'Split')
cd /Users/admin/builder/spi-builder-workspace/.swiftpm/xcode
builtin-SwiftPerFileCompile ImpressionsCountEntity.swift
SwiftCompile normal arm64 /Users/admin/builder/spi-builder-workspace/Split/Impressions/ImpressionsCountPerFeature.swift (in target 'Split' from project 'Split')
cd /Users/admin/builder/spi-builder-workspace/.swiftpm/xcode
builtin-SwiftPerFileCompile ImpressionsCountPerFeature.swift
SwiftCompile normal arm64 /Users/admin/builder/spi-builder-workspace/Split/Impressions/ImpressionsCounter.swift (in target 'Split' from project 'Split')
cd /Users/admin/builder/spi-builder-workspace/.swiftpm/xcode
builtin-SwiftPerFileCompile ImpressionsCounter.swift
SwiftCompile normal arm64 /Users/admin/builder/spi-builder-workspace/Split/Impressions/ImpressionsTest.swift (in target 'Split' from project 'Split')
cd /Users/admin/builder/spi-builder-workspace/.swiftpm/xcode
builtin-SwiftPerFileCompile ImpressionsTest.swift
SwiftCompile normal arm64 /Users/admin/builder/spi-builder-workspace/Split/Impressions/KeyImpression.swift (in target 'Split' from project 'Split')
cd /Users/admin/builder/spi-builder-workspace/.swiftpm/xcode
builtin-SwiftPerFileCompile KeyImpression.swift
SwiftCompile normal arm64 /Users/admin/builder/spi-builder-workspace/Split/Impressions/UniqueKey.swift (in target 'Split' from project 'Split')
cd /Users/admin/builder/spi-builder-workspace/.swiftpm/xcode
builtin-SwiftPerFileCompile UniqueKey.swift
SwiftCompile normal arm64 /Users/admin/builder/spi-builder-workspace/Split/Impressions/UniqueKeys.swift (in target 'Split' from project 'Split')
cd /Users/admin/builder/spi-builder-workspace/.swiftpm/xcode
builtin-SwiftPerFileCompile UniqueKeys.swift
SwiftCompile normal arm64 /Users/admin/builder/spi-builder-workspace/Split/Initialization/RolloutCacheManager.swift (in target 'Split' from project 'Split')
cd /Users/admin/builder/spi-builder-workspace/.swiftpm/xcode
builtin-SwiftPerFileCompile RolloutCacheManager.swift
SwiftCompile normal arm64 /Users/admin/builder/spi-builder-workspace/Split/Initialization/SplitComponentCatalog.swift (in target 'Split' from project 'Split')
cd /Users/admin/builder/spi-builder-workspace/.swiftpm/xcode
builtin-SwiftPerFileCompile SplitComponentCatalog.swift
SwiftCompile normal arm64 /Users/admin/builder/spi-builder-workspace/Split/Initialization/SplitComponentFactory.swift (in target 'Split' from project 'Split')
cd /Users/admin/builder/spi-builder-workspace/.swiftpm/xcode
builtin-SwiftPerFileCompile SplitComponentFactory.swift
SwiftCompile normal arm64 Compiling\ SynchronizedList.swift,\ Atomic.swift,\ Base64Utils.swift,\ CastUtils.swift,\ Cipher.swift,\ CompressionUtil.swift,\ DbCipher.swift,\ DbEncryptionManager.swift,\ FileUtil.swift,\ InfoUtils.swift,\ Logger.swift,\ NotificationsHelper.swift /Users/admin/builder/spi-builder-workspace/Split/Common/Structs/SynchronizedList.swift /Users/admin/builder/spi-builder-workspace/Split/Common/Utils/Atomic.swift /Users/admin/builder/spi-builder-workspace/Split/Common/Utils/Base64Utils.swift /Users/admin/builder/spi-builder-workspace/Split/Common/Utils/CastUtils.swift /Users/admin/builder/spi-builder-workspace/Split/Common/Utils/Cipher.swift /Users/admin/builder/spi-builder-workspace/Split/Common/Utils/CompressionUtil.swift /Users/admin/builder/spi-builder-workspace/Split/Common/Utils/DbCipher.swift /Users/admin/builder/spi-builder-workspace/Split/Common/Utils/DbEncryptionManager.swift /Users/admin/builder/spi-builder-workspace/Split/Common/Utils/FileUtil.swift /Users/admin/builder/spi-builder-workspace/Split/Common/Utils/InfoUtils.swift /Users/admin/builder/spi-builder-workspace/Split/Common/Utils/Logger.swift /Users/admin/builder/spi-builder-workspace/Split/Common/Utils/NotificationsHelper.swift (in target 'Split' from project 'Split')
/Users/admin/builder/spi-builder-workspace/Split/Common/Utils/NotificationsHelper.swift:101:59: error: type 'Self' has no member 'didEnterBgNotification'
99 | NotificationCenter.default.addObserver(self,
100 | selector: #selector(applicationDidEnterBackground),
101 | name: Self.didEnterBgNotification,
| `- error: type 'Self' has no member 'didEnterBgNotification'
102 | object: nil)
103 | NotificationCenter.default.addObserver(self,
/Users/admin/builder/spi-builder-workspace/Split/Common/Utils/NotificationsHelper.swift:105:59: error: type 'Self' has no member 'didBecomeActiveNotification'
103 | NotificationCenter.default.addObserver(self,
104 | selector: #selector(applicationDidBecomeActive),
105 | name: Self.didBecomeActiveNotification,
| `- error: type 'Self' has no member 'didBecomeActiveNotification'
106 | object: nil)
107 | }
/Users/admin/builder/spi-builder-workspace/Split/Common/Utils/NotificationsHelper.swift:110:68: error: type 'Self' has no member 'didEnterBgNotification'
108 |
109 | private func unsubscribe() {
110 | NotificationCenter.default.removeObserver(self, name: Self.didEnterBgNotification, object: nil)
| `- error: type 'Self' has no member 'didEnterBgNotification'
111 | NotificationCenter.default.removeObserver(self, name: Self.didBecomeActiveNotification, object: nil)
112 | }
/Users/admin/builder/spi-builder-workspace/Split/Common/Utils/NotificationsHelper.swift:111:68: error: type 'Self' has no member 'didBecomeActiveNotification'
109 | private func unsubscribe() {
110 | NotificationCenter.default.removeObserver(self, name: Self.didEnterBgNotification, object: nil)
111 | NotificationCenter.default.removeObserver(self, name: Self.didBecomeActiveNotification, object: nil)
| `- error: type 'Self' has no member 'didBecomeActiveNotification'
112 | }
113 |
Failed frontend command:
/Applications/Xcode-27.0.0.app/Contents/Developer/Toolchains/XcodeDefault.xctoolchain/usr/bin/swift-frontend -frontend -c -filelist /Users/admin/builder/spi-builder-workspace/.derivedData/Build/Intermediates.noindex/Split.build/Debug-xros/Split-t.build/Objects-normal/arm64/sources-1 -primary-file /Users/admin/builder/spi-builder-workspace/Split/Common/Structs/SynchronizedList.swift -primary-file /Users/admin/builder/spi-builder-workspace/Split/Common/Utils/Atomic.swift -primary-file /Users/admin/builder/spi-builder-workspace/Split/Common/Utils/Base64Utils.swift -primary-file /Users/admin/builder/spi-builder-workspace/Split/Common/Utils/CastUtils.swift -primary-file /Users/admin/builder/spi-builder-workspace/Split/Common/Utils/Cipher.swift -primary-file /Users/admin/builder/spi-builder-workspace/Split/Common/Utils/CompressionUtil.swift -primary-file /Users/admin/builder/spi-builder-workspace/Split/Common/Utils/DbCipher.swift -primary-file /Users/admin/builder/spi-builder-workspace/Split/Common/Utils/DbEncryptionManager.swift -primary-file /Users/admin/builder/spi-builder-workspace/Split/Common/Utils/FileUtil.swift -primary-file /Users/admin/builder/spi-builder-workspace/Split/Common/Utils/InfoUtils.swift -primary-file /Users/admin/builder/spi-builder-workspace/Split/Common/Utils/Logger.swift -primary-file /Users/admin/builder/spi-builder-workspace/Split/Common/Utils/NotificationsHelper.swift -supplementary-output-file-map /Users/admin/builder/spi-builder-workspace/.derivedData/Build/Intermediates.noindex/Split.build/Debug-xros/Split-t.build/Objects-normal/arm64/supplementaryOutputs-4 -target arm64-apple-xros1.0 -module-can-import-version UIKit 9127.0.84.1 9127.0.84 -disable-cross-import-overlay-search -swift-module-cross-import CoreData /Applications/Xcode-27.0.0.app/Contents/Developer/Platforms/XROS.platform/Developer/SDKs/XROS.sdk/System/Library/Frameworks/CoreData.framework/Modules/CoreData.swiftcrossimport/CloudKit.swiftoverlay -swift-module-cross-import CoreData /Applications/Xcode-27.0.0.app/Contents/Developer/Platforms/XROS.platform/Developer/SDKs/XROS27.0.sdk/System/Library/Frameworks/CoreData.framework/Modules/CoreData.swiftcrossimport/CloudKit.swiftoverlay -load-resolved-plugin /Applications/Xcode-27.0.0.app/Contents/Developer/Platforms/XROS.platform/Developer/usr/lib/swift/host/plugins/libFoundationMacros.dylib\#/Applications/Xcode-27.0.0.app/Contents/Developer/Platforms/XROS.platform/Developer/usr/bin/swift-plugin-server\#FoundationMacros -load-resolved-plugin /Applications/Xcode-27.0.0.app/Contents/Developer/Platforms/XROS.platform/Developer/usr/lib/swift/host/plugins/libObservationMacros.dylib\#/Applications/Xcode-27.0.0.app/Contents/Developer/Platforms/XROS.platform/Developer/usr/bin/swift-plugin-server\#ObservationMacros -load-resolved-plugin /Applications/Xcode-27.0.0.app/Contents/Developer/Platforms/XROS.platform/Developer/usr/lib/swift/host/plugins/libPreviewsMacros.dylib\#/Applications/Xcode-27.0.0.app/Contents/Developer/Platforms/XROS.platform/Developer/usr/bin/swift-plugin-server\#PreviewsMacros -load-resolved-plugin /Applications/Xcode-27.0.0.app/Contents/Developer/Platforms/XROS.platform/Developer/usr/lib/swift/host/plugins/libSwiftMacros.dylib\#/Applications/Xcode-27.0.0.app/Contents/Developer/Platforms/XROS.platform/Developer/usr/bin/swift-plugin-server\#SwiftMacros -load-resolved-plugin /Applications/Xcode-27.0.0.app/Contents/Developer/Platforms/XROS.platform/Developer/usr/lib/swift/host/plugins/libSwiftUIMacros.dylib\#/Applications/Xcode-27.0.0.app/Contents/Developer/Platforms/XROS.platform/Developer/usr/bin/swift-plugin-server\#SwiftUIMacros -disable-implicit-swift-modules -Xcc -fno-implicit-modules -Xcc -fno-implicit-module-maps -explicit-swift-module-map-file /Users/admin/builder/spi-builder-workspace/.derivedData/Build/Intermediates.noindex/Split.build/Debug-xros/Split-t.build/Objects-normal/arm64/Split-dependencies-1.json -Xllvm -aarch64-use-tbi -enable-objc-interop -stack-check -sdk /Applications/Xcode-27.0.0.app/Contents/Developer/Platforms/XROS.platform/Developer/SDKs/XROS27.0.sdk -I /Users/admin/builder/spi-builder-workspace/.derivedData/Build/Products/Debug-xros -Isystem /Applications/Xcode-27.0.0.app/Contents/Developer/Platforms/XROS.platform/Developer/usr/lib -F /Users/admin/builder/spi-builder-workspace/.derivedData/Build/Products/Debug-xros -F /Applications/Xcode-27.0.0.app/Contents/Developer/Platforms/XROS.platform/Developer/Library/Frameworks -F /Applications/Xcode-27.0.0.app/Contents/Developer/Platforms/XROS.platform/Developer/SDKs/XROS27.0.sdk/Developer/Library/Frameworks -module-cache-path /Users/admin/builder/spi-builder-workspace/.derivedData/Build/Intermediates.noindex/SwiftExplicitPrecompiledModules -no-color-diagnostics -Xcc -fno-color-diagnostics -enable-testing -g -debug-info-format\=dwarf -dwarf-version\=4 -swift-version 5 -Onone -D SWIFT_PACKAGE -D DEBUG -D SWIFT_MODULE_RESOURCE_BUNDLE_AVAILABLE -D Xcode -serialize-debugging-options -enable-experimental-feature DebugDescriptionMacro -empty-abi-descriptor -validate-clang-modules-once -clang-build-session-file /Users/admin/builder/spi-builder-workspace/.derivedData/ModuleCache.noindex/Session.modulevalidation -Xcc -working-directory -Xcc /Users/admin/builder/spi-builder-workspace/.swiftpm/xcode -enable-anonymous-context-mangled-names -file-compilation-dir /Users/admin/builder/spi-builder-workspace/.swiftpm/xcode -Xcc -D_LIBCPP_HARDENING_MODE\=_LIBCPP_HARDENING_MODE_DEBUG -Xcc -ivfsstatcache -Xcc /Users/admin/builder/spi-builder-workspace/.derivedData/SDKStatCaches.noindex/xros27.0-24M361-e829b21a6f8c9b70876ba0858053c04489c3c372b822c72ca60ec5271cbc7f3c.sdkstatcache -Xcc -fmodules-prune-interval\=86400 -Xcc -fmodules-prune-after\=345600 -Xcc -I/Users/admin/builder/spi-builder-workspace/.derivedData/Build/Products/Debug-xros/include -Xcc -I/Users/admin/builder/spi-builder-workspace/.derivedData/Build/Intermediates.noindex/Split.build/Debug-xros/Split-t.build/DerivedSources-normal/arm64 -Xcc -I/Users/admin/builder/spi-builder-workspace/.derivedData/Build/Intermediates.noindex/Split.build/Debug-xros/Split-t.build/DerivedSources/arm64 -Xcc -I/Users/admin/builder/spi-builder-workspace/.derivedData/Build/Intermediates.noindex/Split.build/Debug-xros/Split-t.build/DerivedSources -Xcc -DSWIFT_PACKAGE -Xcc -DDEBUG\=1 -no-auto-bridging-header-chaining -module-name Split -const-gather-protocols-file /Users/admin/builder/spi-builder-workspace/.derivedData/Build/Intermediates.noindex/Split.build/Debug-xros/Split-t.build/Objects-normal/arm64/Split_const_extract_protocols.json -disable-clang-spi -clang-target arm64-apple-xros27.0 -target-sdk-version 27.0 -target-sdk-name xros27.0 -in-process-plugin-server-path /Applications/Xcode-27.0.0.app/Contents/Developer/Toolchains/XcodeDefault.xctoolchain/usr/lib/swift/host/libSwiftInProcPluginServer.dylib -parse-as-library -o /Users/admin/builder/spi-builder-workspace/.derivedData/Build/Intermediates.noindex/Split.build/Debug-xros/Split-t.build/Objects-normal/arm64/SynchronizedList.o -o /Users/admin/builder/spi-builder-workspace/.derivedData/Build/Intermediates.noindex/Split.build/Debug-xros/Split-t.build/Objects-normal/arm64/Atomic.o -o /Users/admin/builder/spi-builder-workspace/.derivedData/Build/Intermediates.noindex/Split.build/Debug-xros/Split-t.build/Objects-normal/arm64/Base64Utils.o -o /Users/admin/builder/spi-builder-workspace/.derivedData/Build/Intermediates.noindex/Split.build/Debug-xros/Split-t.build/Objects-normal/arm64/CastUtils.o -o /Users/admin/builder/spi-builder-workspace/.derivedData/Build/Intermediates.noindex/Split.build/Debug-xros/Split-t.build/Objects-normal/arm64/Cipher.o -o /Users/admin/builder/spi-builder-workspace/.derivedData/Build/Intermediates.noindex/Split.build/Debug-xros/Split-t.build/Objects-normal/arm64/CompressionUtil.o -o /Users/admin/builder/spi-builder-workspace/.derivedData/Build/Intermediates.noindex/Split.build/Debug-xros/Split-t.build/Objects-normal/arm64/DbCipher.o -o /Users/admin/builder/spi-builder-workspace/.derivedData/Build/Intermediates.noindex/Split.build/Debug-xros/Split-t.build/Objects-normal/arm64/DbEncryptionManager.o -o /Users/admin/builder/spi-builder-workspace/.derivedData/Build/Intermediates.noindex/Split.build/Debug-xros/Split-t.build/Objects-normal/arm64/FileUtil.o -o /Users/admin/builder/spi-builder-workspace/.derivedData/Build/Intermediates.noindex/Split.build/Debug-xros/Split-t.build/Objects-normal/arm64/InfoUtils.o -o /Users/admin/builder/spi-builder-workspace/.derivedData/Build/Intermediates.noindex/Split.build/Debug-xros/Split-t.build/Objects-normal/arm64/Logger.o -o /Users/admin/builder/spi-builder-workspace/.derivedData/Build/Intermediates.noindex/Split.build/Debug-xros/Split-t.build/Objects-normal/arm64/NotificationsHelper.o -debug-module-path /Users/admin/builder/spi-builder-workspace/.derivedData/Build/Intermediates.noindex/Split.build/Debug-xros/Split-t.build/Objects-normal/arm64/Split.swiftmodule -index-unit-output-path /Split.build/Debug-xros/Split-t.build/Objects-normal/arm64/SynchronizedList.o -index-unit-output-path /Split.build/Debug-xros/Split-t.build/Objects-normal/arm64/Atomic.o -index-unit-output-path /Split.build/Debug-xros/Split-t.build/Objects-normal/arm64/Base64Utils.o -index-unit-output-path /Split.build/Debug-xros/Split-t.build/Objects-normal/arm64/CastUtils.o -index-unit-output-path /Split.build/Debug-xros/Split-t.build/Objects-normal/arm64/Cipher.o -index-unit-output-path /Split.build/Debug-xros/Split-t.build/Objects-normal/arm64/CompressionUtil.o -index-unit-output-path /Split.build/Debug-xros/Split-t.build/Objects-normal/arm64/DbCipher.o -index-unit-output-path /Split.build/Debug-xros/Split-t.build/Objects-normal/arm64/DbEncryptionManager.o -index-unit-output-path /Split.build/Debug-xros/Split-t.build/Objects-normal/arm64/FileUtil.o -index-unit-output-path /Split.build/Debug-xros/Split-t.build/Objects-normal/arm64/InfoUtils.o -index-unit-output-path /Split.build/Debug-xros/Split-t.build/Objects-normal/arm64/Logger.o -index-unit-output-path /Split.build/Debug-xros/Split-t.build/Objects-normal/arm64/NotificationsHelper.o -index-store-path /Users/admin/builder/spi-builder-workspace/.derivedData/Index.noindex/DataStore -index-system-modules
SwiftCompile normal arm64 /Users/admin/builder/spi-builder-workspace/Split/Common/Structs/SynchronizedList.swift (in target 'Split' from project 'Split')
cd /Users/admin/builder/spi-builder-workspace/.swiftpm/xcode
builtin-SwiftPerFileCompile SynchronizedList.swift
SwiftCompile normal arm64 /Users/admin/builder/spi-builder-workspace/Split/Common/Utils/Atomic.swift (in target 'Split' from project 'Split')
cd /Users/admin/builder/spi-builder-workspace/.swiftpm/xcode
builtin-SwiftPerFileCompile Atomic.swift
SwiftCompile normal arm64 /Users/admin/builder/spi-builder-workspace/Split/Common/Utils/Base64Utils.swift (in target 'Split' from project 'Split')
cd /Users/admin/builder/spi-builder-workspace/.swiftpm/xcode
builtin-SwiftPerFileCompile Base64Utils.swift
SwiftCompile normal arm64 /Users/admin/builder/spi-builder-workspace/Split/Common/Utils/CastUtils.swift (in target 'Split' from project 'Split')
cd /Users/admin/builder/spi-builder-workspace/.swiftpm/xcode
builtin-SwiftPerFileCompile CastUtils.swift
SwiftCompile normal arm64 /Users/admin/builder/spi-builder-workspace/Split/Common/Utils/Cipher.swift (in target 'Split' from project 'Split')
cd /Users/admin/builder/spi-builder-workspace/.swiftpm/xcode
builtin-SwiftPerFileCompile Cipher.swift
SwiftCompile normal arm64 /Users/admin/builder/spi-builder-workspace/Split/Common/Utils/CompressionUtil.swift (in target 'Split' from project 'Split')
cd /Users/admin/builder/spi-builder-workspace/.swiftpm/xcode
builtin-SwiftPerFileCompile CompressionUtil.swift
SwiftCompile normal arm64 /Users/admin/builder/spi-builder-workspace/Split/Common/Utils/DbCipher.swift (in target 'Split' from project 'Split')
cd /Users/admin/builder/spi-builder-workspace/.swiftpm/xcode
builtin-SwiftPerFileCompile DbCipher.swift
SwiftCompile normal arm64 /Users/admin/builder/spi-builder-workspace/Split/Common/Utils/DbEncryptionManager.swift (in target 'Split' from project 'Split')
cd /Users/admin/builder/spi-builder-workspace/.swiftpm/xcode
builtin-SwiftPerFileCompile DbEncryptionManager.swift
SwiftCompile normal arm64 /Users/admin/builder/spi-builder-workspace/Split/Common/Utils/FileUtil.swift (in target 'Split' from project 'Split')
cd /Users/admin/builder/spi-builder-workspace/.swiftpm/xcode
builtin-SwiftPerFileCompile FileUtil.swift
SwiftCompile normal arm64 /Users/admin/builder/spi-builder-workspace/Split/Common/Utils/InfoUtils.swift (in target 'Split' from project 'Split')
cd /Users/admin/builder/spi-builder-workspace/.swiftpm/xcode
builtin-SwiftPerFileCompile InfoUtils.swift
SwiftCompile normal arm64 /Users/admin/builder/spi-builder-workspace/Split/Common/Utils/Logger.swift (in target 'Split' from project 'Split')
cd /Users/admin/builder/spi-builder-workspace/.swiftpm/xcode
builtin-SwiftPerFileCompile Logger.swift
SwiftCompile normal arm64 /Users/admin/builder/spi-builder-workspace/Split/Common/Utils/NotificationsHelper.swift (in target 'Split' from project 'Split')
cd /Users/admin/builder/spi-builder-workspace/.swiftpm/xcode
builtin-SwiftPerFileCompile NotificationsHelper.swift
SwiftCompile normal arm64 Compiling\ LocalhostApiDataSource.swift,\ LocalhostClientManager.swift,\ LocalhostFileDataSource.swift,\ LocalhostSplitsParser.swift,\ LocalhostSplitsStorage.swift,\ LocalhostSynchronizer.swift,\ SpaceDelimitedLocalhostSplitsParser.swift,\ YamlLocalhostSplitsParser.swift,\ AllKeysMatcher.swift,\ BaseMatcher.swift,\ BetweenMatcher.swift,\ ContainsAllOfSetMatcher.swift /Users/admin/builder/spi-builder-workspace/Split/Localhost/LocalhostApiDataSource.swift /Users/admin/builder/spi-builder-workspace/Split/Localhost/LocalhostClientManager.swift /Users/admin/builder/spi-builder-workspace/Split/Localhost/LocalhostFileDataSource.swift /Users/admin/builder/spi-builder-workspace/Split/Localhost/LocalhostSplitsParser.swift /Users/admin/builder/spi-builder-workspace/Split/Localhost/LocalhostSplitsStorage.swift /Users/admin/builder/spi-builder-workspace/Split/Localhost/LocalhostSynchronizer.swift /Users/admin/builder/spi-builder-workspace/Split/Localhost/SpaceDelimitedLocalhostSplitsParser.swift /Users/admin/builder/spi-builder-workspace/Split/Localhost/YamlLocalhostSplitsParser.swift /Users/admin/builder/spi-builder-workspace/Split/Matchers/AllKeysMatcher.swift /Users/admin/builder/spi-builder-workspace/Split/Matchers/BaseMatcher.swift /Users/admin/builder/spi-builder-workspace/Split/Matchers/BetweenMatcher.swift /Users/admin/builder/spi-builder-workspace/Split/Matchers/ContainsAllOfSetMatcher.swift (in target 'Split' from project 'Split')
SwiftCompile normal arm64 /Users/admin/builder/spi-builder-workspace/Split/Localhost/LocalhostApiDataSource.swift (in target 'Split' from project 'Split')
cd /Users/admin/builder/spi-builder-workspace/.swiftpm/xcode
builtin-SwiftPerFileCompile LocalhostApiDataSource.swift
SwiftCompile normal arm64 /Users/admin/builder/spi-builder-workspace/Split/Localhost/LocalhostClientManager.swift (in target 'Split' from project 'Split')
cd /Users/admin/builder/spi-builder-workspace/.swiftpm/xcode
builtin-SwiftPerFileCompile LocalhostClientManager.swift
SwiftCompile normal arm64 /Users/admin/builder/spi-builder-workspace/Split/Localhost/LocalhostFileDataSource.swift (in target 'Split' from project 'Split')
cd /Users/admin/builder/spi-builder-workspace/.swiftpm/xcode
builtin-SwiftPerFileCompile LocalhostFileDataSource.swift
SwiftCompile normal arm64 /Users/admin/builder/spi-builder-workspace/Split/Localhost/LocalhostSplitsParser.swift (in target 'Split' from project 'Split')
cd /Users/admin/builder/spi-builder-workspace/.swiftpm/xcode
builtin-SwiftPerFileCompile LocalhostSplitsParser.swift
SwiftCompile normal arm64 /Users/admin/builder/spi-builder-workspace/Split/Localhost/LocalhostSplitsStorage.swift (in target 'Split' from project 'Split')
cd /Users/admin/builder/spi-builder-workspace/.swiftpm/xcode
builtin-SwiftPerFileCompile LocalhostSplitsStorage.swift
SwiftCompile normal arm64 /Users/admin/builder/spi-builder-workspace/Split/Localhost/LocalhostSynchronizer.swift (in target 'Split' from project 'Split')
cd /Users/admin/builder/spi-builder-workspace/.swiftpm/xcode
builtin-SwiftPerFileCompile LocalhostSynchronizer.swift
SwiftCompile normal arm64 /Users/admin/builder/spi-builder-workspace/Split/Localhost/SpaceDelimitedLocalhostSplitsParser.swift (in target 'Split' from project 'Split')
cd /Users/admin/builder/spi-builder-workspace/.swiftpm/xcode
builtin-SwiftPerFileCompile SpaceDelimitedLocalhostSplitsParser.swift
SwiftCompile normal arm64 /Users/admin/builder/spi-builder-workspace/Split/Localhost/YamlLocalhostSplitsParser.swift (in target 'Split' from project 'Split')
cd /Users/admin/builder/spi-builder-workspace/.swiftpm/xcode
builtin-SwiftPerFileCompile YamlLocalhostSplitsParser.swift
SwiftCompile normal arm64 /Users/admin/builder/spi-builder-workspace/Split/Matchers/AllKeysMatcher.swift (in target 'Split' from project 'Split')
cd /Users/admin/builder/spi-builder-workspace/.swiftpm/xcode
builtin-SwiftPerFileCompile AllKeysMatcher.swift
SwiftCompile normal arm64 /Users/admin/builder/spi-builder-workspace/Split/Matchers/BaseMatcher.swift (in target 'Split' from project 'Split')
cd /Users/admin/builder/spi-builder-workspace/.swiftpm/xcode
builtin-SwiftPerFileCompile BaseMatcher.swift
SwiftCompile normal arm64 /Users/admin/builder/spi-builder-workspace/Split/Matchers/BetweenMatcher.swift (in target 'Split' from project 'Split')
cd /Users/admin/builder/spi-builder-workspace/.swiftpm/xcode
builtin-SwiftPerFileCompile BetweenMatcher.swift
SwiftCompile normal arm64 /Users/admin/builder/spi-builder-workspace/Split/Matchers/ContainsAllOfSetMatcher.swift (in target 'Split' from project 'Split')
cd /Users/admin/builder/spi-builder-workspace/.swiftpm/xcode
builtin-SwiftPerFileCompile ContainsAllOfSetMatcher.swift
SwiftCompile normal arm64 Compiling\ Evaluator.swift,\ EvaluatorError.swift,\ FallbackSanitizer.swift,\ FallbackTreatments.swift,\ FallbackTreatmentsCalculator.swift,\ LegacyHash.swift,\ Murmur3Hash.swift,\ Murmur64x128.swift,\ Partition.swift,\ Splitter.swift,\ TreatmentManager.swift,\ EventsManagerCoordinator.swift /Users/admin/builder/spi-builder-workspace/Split/Engine/Evaluator.swift /Users/admin/builder/spi-builder-workspace/Split/Engine/EvaluatorError.swift /Users/admin/builder/spi-builder-workspace/Split/Engine/FallbackTreatments/FallbackSanitizer.swift /Users/admin/builder/spi-builder-workspace/Split/Engine/FallbackTreatments/FallbackTreatments.swift /Users/admin/builder/spi-builder-workspace/Split/Engine/FallbackTreatments/FallbackTreatmentsCalculator.swift /Users/admin/builder/spi-builder-workspace/Split/Engine/Hashing/LegacyHash.swift /Users/admin/builder/spi-builder-workspace/Split/Engine/Hashing/Murmur3Hash.swift /Users/admin/builder/spi-builder-workspace/Split/Engine/Hashing/Murmur64x128.swift /Users/admin/builder/spi-builder-workspace/Split/Engine/Partition.swift /Users/admin/builder/spi-builder-workspace/Split/Engine/Splitter.swift /Users/admin/builder/spi-builder-workspace/Split/Engine/TreatmentManager.swift /Users/admin/builder/spi-builder-workspace/Split/Events/EventsManagerCoordinator.swift (in target 'Split' from project 'Split')
SwiftCompile normal arm64 /Users/admin/builder/spi-builder-workspace/Split/Engine/Evaluator.swift (in target 'Split' from project 'Split')
cd /Users/admin/builder/spi-builder-workspace/.swiftpm/xcode
builtin-SwiftPerFileCompile Evaluator.swift
SwiftCompile normal arm64 /Users/admin/builder/spi-builder-workspace/Split/Engine/EvaluatorError.swift (in target 'Split' from project 'Split')
cd /Users/admin/builder/spi-builder-workspace/.swiftpm/xcode
builtin-SwiftPerFileCompile EvaluatorError.swift
SwiftCompile normal arm64 /Users/admin/builder/spi-builder-workspace/Split/Engine/FallbackTreatments/FallbackSanitizer.swift (in target 'Split' from project 'Split')
cd /Users/admin/builder/spi-builder-workspace/.swiftpm/xcode
builtin-SwiftPerFileCompile FallbackSanitizer.swift
SwiftCompile normal arm64 /Users/admin/builder/spi-builder-workspace/Split/Engine/FallbackTreatments/FallbackTreatments.swift (in target 'Split' from project 'Split')
cd /Users/admin/builder/spi-builder-workspace/.swiftpm/xcode
builtin-SwiftPerFileCompile FallbackTreatments.swift
SwiftCompile normal arm64 /Users/admin/builder/spi-builder-workspace/Split/Engine/FallbackTreatments/FallbackTreatmentsCalculator.swift (in target 'Split' from project 'Split')
cd /Users/admin/builder/spi-builder-workspace/.swiftpm/xcode
builtin-SwiftPerFileCompile FallbackTreatmentsCalculator.swift
SwiftCompile normal arm64 /Users/admin/builder/spi-builder-workspace/Split/Engine/Hashing/LegacyHash.swift (in target 'Split' from project 'Split')
cd /Users/admin/builder/spi-builder-workspace/.swiftpm/xcode
builtin-SwiftPerFileCompile LegacyHash.swift
SwiftCompile normal arm64 /Users/admin/builder/spi-builder-workspace/Split/Engine/Hashing/Murmur3Hash.swift (in target 'Split' from project 'Split')
cd /Users/admin/builder/spi-builder-workspace/.swiftpm/xcode
builtin-SwiftPerFileCompile Murmur3Hash.swift
SwiftCompile normal arm64 /Users/admin/builder/spi-builder-workspace/Split/Engine/Hashing/Murmur64x128.swift (in target 'Split' from project 'Split')
cd /Users/admin/builder/spi-builder-workspace/.swiftpm/xcode
builtin-SwiftPerFileCompile Murmur64x128.swift
SwiftCompile normal arm64 /Users/admin/builder/spi-builder-workspace/Split/Engine/Partition.swift (in target 'Split' from project 'Split')
cd /Users/admin/builder/spi-builder-workspace/.swiftpm/xcode
builtin-SwiftPerFileCompile Partition.swift
SwiftCompile normal arm64 /Users/admin/builder/spi-builder-workspace/Split/Engine/Splitter.swift (in target 'Split' from project 'Split')
cd /Users/admin/builder/spi-builder-workspace/.swiftpm/xcode
builtin-SwiftPerFileCompile Splitter.swift
SwiftCompile normal arm64 /Users/admin/builder/spi-builder-workspace/Split/Engine/TreatmentManager.swift (in target 'Split' from project 'Split')
cd /Users/admin/builder/spi-builder-workspace/.swiftpm/xcode
builtin-SwiftPerFileCompile TreatmentManager.swift
SwiftCompile normal arm64 /Users/admin/builder/spi-builder-workspace/Split/Events/EventsManagerCoordinator.swift (in target 'Split' from project 'Split')
cd /Users/admin/builder/spi-builder-workspace/.swiftpm/xcode
builtin-SwiftPerFileCompile EventsManagerCoordinator.swift
SwiftEmitModule normal arm64 Emitting\ module\ for\ Split (in target 'Split' from project 'Split')
SwiftCompile normal arm64 (in target 'Split' from project 'Split')
cd /Users/admin/builder/spi-builder-workspace/.swiftpm/xcode
SwiftCompile normal arm64 Compiling\ SegmentsChange.swift,\ HostDomainFilter.swift,\ PublicKeyHeaders.swift,\ TlsPinChecker.swift,\ BackoffCounterTimer.swift,\ DefaultSseNotificationParser.swift,\ EventStreamParser.swift,\ FeatureFlagsPayloadDecoder.swift,\ JwtTokenParser.swift,\ MySegmentsPayloadDecoder.swift,\ NotificationManagerKeeper.swift,\ PushNotificationManager.swift /Users/admin/builder/spi-builder-workspace/Split/Network/Results/SegmentsChange.swift /Users/admin/builder/spi-builder-workspace/Split/Network/Security/HostDomainFilter.swift /Users/admin/builder/spi-builder-workspace/Split/Network/Security/PublicKeyHeaders.swift /Users/admin/builder/spi-builder-workspace/Split/Network/Security/TlsPinChecker.swift /Users/admin/builder/spi-builder-workspace/Split/Network/Streaming/BackoffCounterTimer.swift /Users/admin/builder/spi-builder-workspace/Split/Network/Streaming/DefaultSseNotificationParser.swift /Users/admin/builder/spi-builder-workspace/Split/Network/Streaming/EventStreamParser.swift /Users/admin/builder/spi-builder-workspace/Split/Network/Streaming/FeatureFlagsPayloadDecoder.swift /Users/admin/builder/spi-builder-workspace/Split/Network/Streaming/JwtTokenParser.swift /Users/admin/builder/spi-builder-workspace/Split/Network/Streaming/MySegmentsPayloadDecoder.swift /Users/admin/builder/spi-builder-workspace/Split/Network/Streaming/NotificationManagerKeeper.swift /Users/admin/builder/spi-builder-workspace/Split/Network/Streaming/PushNotificationManager.swift (in target 'Split' from project 'Split')
SwiftCompile normal arm64 /Users/admin/builder/spi-builder-workspace/Split/Network/Results/SegmentsChange.swift (in target 'Split' from project 'Split')
cd /Users/admin/builder/spi-builder-workspace/.swiftpm/xcode
builtin-SwiftPerFileCompile SegmentsChange.swift
SwiftCompile normal arm64 /Users/admin/builder/spi-builder-workspace/Split/Network/Security/HostDomainFilter.swift (in target 'Split' from project 'Split')
cd /Users/admin/builder/spi-builder-workspace/.swiftpm/xcode
builtin-SwiftPerFileCompile HostDomainFilter.swift
SwiftCompile normal arm64 /Users/admin/builder/spi-builder-workspace/Split/Network/Security/PublicKeyHeaders.swift (in target 'Split' from project 'Split')
cd /Users/admin/builder/spi-builder-workspace/.swiftpm/xcode
builtin-SwiftPerFileCompile PublicKeyHeaders.swift
SwiftCompile normal arm64 /Users/admin/builder/spi-builder-workspace/Split/Network/Security/TlsPinChecker.swift (in target 'Split' from project 'Split')
cd /Users/admin/builder/spi-builder-workspace/.swiftpm/xcode
builtin-SwiftPerFileCompile TlsPinChecker.swift
SwiftCompile normal arm64 /Users/admin/builder/spi-builder-workspace/Split/Network/Streaming/BackoffCounterTimer.swift (in target 'Split' from project 'Split')
cd /Users/admin/builder/spi-builder-workspace/.swiftpm/xcode
builtin-SwiftPerFileCompile BackoffCounterTimer.swift
SwiftCompile normal arm64 /Users/admin/builder/spi-builder-workspace/Split/Network/Streaming/DefaultSseNotificationParser.swift (in target 'Split' from project 'Split')
cd /Users/admin/builder/spi-builder-workspace/.swiftpm/xcode
builtin-SwiftPerFileCompile DefaultSseNotificationParser.swift
SwiftCompile normal arm64 /Users/admin/builder/spi-builder-workspace/Split/Network/Streaming/EventStreamParser.swift (in target 'Split' from project 'Split')
cd /Users/admin/builder/spi-builder-workspace/.swiftpm/xcode
builtin-SwiftPerFileCompile EventStreamParser.swift
SwiftCompile normal arm64 /Users/admin/builder/spi-builder-workspace/Split/Network/Streaming/FeatureFlagsPayloadDecoder.swift (in target 'Split' from project 'Split')
cd /Users/admin/builder/spi-builder-workspace/.swiftpm/xcode
builtin-SwiftPerFileCompile FeatureFlagsPayloadDecoder.swift
SwiftCompile normal arm64 /Users/admin/builder/spi-builder-workspace/Split/Network/Streaming/JwtTokenParser.swift (in target 'Split' from project 'Split')
cd /Users/admin/builder/spi-builder-workspace/.swiftpm/xcode
builtin-SwiftPerFileCompile JwtTokenParser.swift
SwiftCompile normal arm64 /Users/admin/builder/spi-builder-workspace/Split/Network/Streaming/MySegmentsPayloadDecoder.swift (in target 'Split' from project 'Split')
cd /Users/admin/builder/spi-builder-workspace/.swiftpm/xcode
builtin-SwiftPerFileCompile MySegmentsPayloadDecoder.swift
SwiftCompile normal arm64 /Users/admin/builder/spi-builder-workspace/Split/Network/Streaming/NotificationManagerKeeper.swift (in target 'Split' from project 'Split')
cd /Users/admin/builder/spi-builder-workspace/.swiftpm/xcode
builtin-SwiftPerFileCompile NotificationManagerKeeper.swift
SwiftCompile normal arm64 /Users/admin/builder/spi-builder-workspace/Split/Network/Streaming/PushNotificationManager.swift (in target 'Split' from project 'Split')
cd /Users/admin/builder/spi-builder-workspace/.swiftpm/xcode
builtin-SwiftPerFileCompile PushNotificationManager.swift
SwiftDriverJobDiscovery normal arm64 Compiling RestClient+Impressions.swift, RestClient+ImpressionsCount.swift, RestClient+MySegments.swift, RestClient+SplitChanges.swift, RestClient+SseAuthenticator.swift, RestClient+TelemetryConfig.swift, RestClient+TelemetryStats.swift, RestClient+TrackEvents.swift, RestClient+UniqueKeys.swift, RestClient.swift, AllSegmentsChange.swift, DataResult.swift (in target 'Split' from project 'Split')
PruneExplicitPrecompiledModules /Users/admin/builder/spi-builder-workspace/.derivedData/Build/Intermediates.noindex/SwiftExplicitPrecompiledModules
PruneExplicitPrecompiledModules /Users/admin/builder/spi-builder-workspace/.derivedData/Build/Intermediates.noindex/ExplicitPrecompiledModules
PruneExplicitPrecompiledModules /Users/admin/builder/spi-builder-workspace/.derivedData/SDKExplicitPrecompiledModules
2026-10-23 18:08:23.851 xcodebuild[783:5203] [MT] IDERunDestination: Supported platforms for the buildables in the current scheme is empty.
** BUILD FAILED **
The following build commands failed:
SwiftCompile normal arm64 Compiling\ SynchronizedList.swift,\ Atomic.swift,\ Base64Utils.swift,\ CastUtils.swift,\ Cipher.swift,\ CompressionUtil.swift,\ DbCipher.swift,\ DbEncryptionManager.swift,\ FileUtil.swift,\ InfoUtils.swift,\ Logger.swift,\ NotificationsHelper.swift /Users/admin/builder/spi-builder-workspace/Split/Common/Structs/SynchronizedList.swift /Users/admin/builder/spi-builder-workspace/Split/Common/Utils/Atomic.swift /Users/admin/builder/spi-builder-workspace/Split/Common/Utils/Base64Utils.swift /Users/admin/builder/spi-builder-workspace/Split/Common/Utils/CastUtils.swift /Users/admin/builder/spi-builder-workspace/Split/Common/Utils/Cipher.swift /Users/admin/builder/spi-builder-workspace/Split/Common/Utils/CompressionUtil.swift /Users/admin/builder/spi-builder-workspace/Split/Common/Utils/DbCipher.swift /Users/admin/builder/spi-builder-workspace/Split/Common/Utils/DbEncryptionManager.swift /Users/admin/builder/spi-builder-workspace/Split/Common/Utils/FileUtil.swift /Users/admin/builder/spi-builder-workspace/Split/Common/Utils/InfoUtils.swift /Users/admin/builder/spi-builder-workspace/Split/Common/Utils/Logger.swift /Users/admin/builder/spi-builder-workspace/Split/Common/Utils/NotificationsHelper.swift (in target 'Split' from project 'Split')
SwiftCompile normal arm64 /Users/admin/builder/spi-builder-workspace/Split/Common/Utils/NotificationsHelper.swift (in target 'Split' from project 'Split')
Building workspace Split with scheme Split
(3 failures)
BUILD FAILURE 6.4 visionOS