Build Information
Failed to build Hume, reference 0.0.5 (d2e8b4), with Swift 6.4 for tvOS using Xcode 27.0 on 16 Sep 2026 06:33:15 UTC.
Build Command
env DEVELOPER_DIR=/Applications/Xcode-27.0.0-Release.Candidate.app xcrun xcodebuild -IDEClonedSourcePackagesDirPathOverride=$PWD/.dependencies -skipMacroValidation -skipPackagePluginValidation -derivedDataPath $PWD/.derivedData build -scheme Hume-Package -destination generic/platform=tvOSBuild Log
========================================
RunAll
========================================
Builder version: 5.1.0
Interrupt handler set up.
========================================
Checkout
========================================
Clone URL: https://github.com/jasagredo/hume.git
Reference: 0.0.5
Initialized empty Git repository in /Users/admin/builder/spi-builder-workspace/.git/
From https://github.com/jasagredo/hume
* tag 0.0.5 -> FETCH_HEAD
HEAD is now at d2e8b45 Corrected the cost
Cloned https://github.com/jasagredo/hume.git
Revision (git rev-parse @):
d2e8b456a33a6640820583113b239b646ef0bd75
SUCCESS checkout https://github.com/jasagredo/hume.git at 0.0.5
========================================
Build
========================================
Selected platform: tvOS
Swift version: 6.4
Building package at path: $PWD
https://github.com/jasagredo/hume.git
Command line invocation:
/Applications/Xcode-27.0.0-Release.Candidate.app/Contents/Developer/usr/bin/xcodebuild -IDEClonedSourcePackagesDirPathOverride=/Users/admin/builder/spi-builder-workspace/.dependencies -resolvePackageDependencies
resolved source packages:
{
"dependencies" : [
{
"identity" : "upsurge",
"requirement" : {
"range" : [
{
"lower_bound" : "0.10.2",
"upper_bound" : "1.0.0"
}
]
},
"type" : "sourceControl",
"url" : "https://github.com/aleph7/Upsurge.git"
}
],
"manifest_display_name" : "Hume",
"name" : "Hume",
"path" : "/Users/admin/builder/spi-builder-workspace",
"platforms" : [
],
"products" : [
{
"name" : "Hume",
"targets" : [
"Hume"
],
"type" : {
"library" : [
"automatic"
]
}
}
],
"targets" : [
{
"c99name" : "HumeTests",
"module_type" : "SwiftTarget",
"name" : "HumeTests",
"path" : "Tests/HumeTests",
"sources" : [
"HumeTests.swift",
"XCTestManifests.swift"
],
"target_dependencies" : [
"Hume"
],
"type" : "test"
},
{
"c99name" : "Hume",
"module_type" : "SwiftTarget",
"name" : "Hume",
"path" : "Sources/Hume",
"product_dependencies" : [
"Upsurge"
],
"product_memberships" : [
"Hume"
],
"sources" : [
"Hume.swift"
],
"type" : "library"
}
],
"tools_version" : "4.0"
}
{
"project" : {
"configurations" : [
"Debug",
"Release"
],
"name" : "Hume",
"schemes" : [
"Hume-Package",
"HumePackageDescription",
"HumePackageTests",
"UpsurgePackageDescription"
],
"targets" : [
"Hume",
"HumePackageDescription",
"HumePackageTests",
"HumeTests",
"Upsurge",
"UpsurgePackageDescription"
]
}
}
Running build ...
env DEVELOPER_DIR=/Applications/Xcode-27.0.0-Release.Candidate.app xcrun xcodebuild -IDEClonedSourcePackagesDirPathOverride=$PWD/.dependencies -skipMacroValidation -skipPackagePluginValidation -derivedDataPath $PWD/.derivedData build -scheme Hume-Package -destination generic/platform=tvOS
Command line invocation:
/Applications/Xcode-27.0.0-Release.Candidate.app/Contents/Developer/usr/bin/xcodebuild -IDEClonedSourcePackagesDirPathOverride=/Users/admin/builder/spi-builder-workspace/.dependencies -skipMacroValidation -skipPackagePluginValidation -derivedDataPath /Users/admin/builder/spi-builder-workspace/.derivedData build -scheme Hume-Package -destination generic/platform=tvOS
ComputePackagePrebuildTargetDependencyGraph
Prepare packages
CreateBuildRequest
SendProjectDescription
CreateBuildOperation
ComputeTargetDependencyGraph
note: Building targets in dependency order
note: Target dependency graph (2 targets)
Target 'Hume' in project 'Hume'
➜ Explicit dependency on target 'Upsurge' in project 'Hume'
Target 'Upsurge' in project 'Hume' (no dependencies)
GatherProvisioningInputs
CreateBuildDescription
ExecuteExternalTool /Applications/Xcode-27.0.0-Release.Candidate.app/Contents/Developer/Toolchains/XcodeDefault.xctoolchain/usr/bin/clang -v -E -dM -isysroot /Applications/Xcode-27.0.0-Release.Candidate.app/Contents/Developer/Platforms/AppleTVOS.platform/Developer/SDKs/AppleTVOS27.0.sdk -x c -c /dev/null
ExecuteExternalTool /Applications/Xcode-27.0.0-Release.Candidate.app/Contents/Developer/Toolchains/XcodeDefault.xctoolchain/usr/bin/swiftc --version
ExecuteExternalTool /Applications/Xcode-27.0.0-Release.Candidate.app/Contents/Developer/Toolchains/XcodeDefault.xctoolchain/usr/bin/ld -version_details
Build description signature: 818a4d5efce5743246d1f452e60cd7ac
Build description path: /Users/admin/builder/spi-builder-workspace/.derivedData/Build/Intermediates.noindex/XCBuildData/818a4d5efce5743246d1f452e60cd7ac.xcbuilddata
CreateBuildDirectory /Users/admin/builder/spi-builder-workspace/.derivedData/CompilationCache.noindex
cd /Users/admin/builder/spi-builder-workspace/Hume.xcodeproj
builtin-create-build-directory /Users/admin/builder/spi-builder-workspace/.derivedData/CompilationCache.noindex
CreateBuildDirectory /Users/admin/builder/spi-builder-workspace/.derivedData/SDKExplicitPrecompiledModules
cd /Users/admin/builder/spi-builder-workspace/Hume.xcodeproj
builtin-create-build-directory /Users/admin/builder/spi-builder-workspace/.derivedData/SDKExplicitPrecompiledModules
CreateBuildDirectory /Users/admin/builder/spi-builder-workspace/.derivedData/ModuleCache.noindex
cd /Users/admin/builder/spi-builder-workspace/Hume.xcodeproj
builtin-create-build-directory /Users/admin/builder/spi-builder-workspace/.derivedData/ModuleCache.noindex
CreateBuildDirectory /Users/admin/builder/spi-builder-workspace/.derivedData/Build/Intermediates.noindex
cd /Users/admin/builder/spi-builder-workspace/Hume.xcodeproj
builtin-create-build-directory /Users/admin/builder/spi-builder-workspace/.derivedData/Build/Intermediates.noindex
CreateBuildDirectory /Users/admin/builder/spi-builder-workspace/.derivedData/Build/Products
cd /Users/admin/builder/spi-builder-workspace/Hume.xcodeproj
builtin-create-build-directory /Users/admin/builder/spi-builder-workspace/.derivedData/Build/Products
ClangStatCache /Applications/Xcode-27.0.0-Release.Candidate.app/Contents/Developer/Toolchains/XcodeDefault.xctoolchain/usr/bin/clang-stat-cache /Applications/Xcode-27.0.0-Release.Candidate.app/Contents/Developer/Platforms/AppleTVOS.platform/Developer/SDKs/AppleTVOS27.0.sdk /Users/admin/builder/spi-builder-workspace/.derivedData/SDKStatCaches.noindex/appletvos27.0-24J360-e829b21a6f8c9b70876ba0858053c044b32bfd8d43560033f8d89884cdb90028.sdkstatcache
cd /Users/admin/builder/spi-builder-workspace/Hume.xcodeproj
/Applications/Xcode-27.0.0-Release.Candidate.app/Contents/Developer/Toolchains/XcodeDefault.xctoolchain/usr/bin/clang-stat-cache /Applications/Xcode-27.0.0-Release.Candidate.app/Contents/Developer/Platforms/AppleTVOS.platform/Developer/SDKs/AppleTVOS27.0.sdk -o /Users/admin/builder/spi-builder-workspace/.derivedData/SDKStatCaches.noindex/appletvos27.0-24J360-e829b21a6f8c9b70876ba0858053c044b32bfd8d43560033f8d89884cdb90028.sdkstatcache
CreateBuildDirectory /Users/admin/builder/spi-builder-workspace/.derivedData/Build/Intermediates.noindex/SwiftExplicitPrecompiledModules
cd /Users/admin/builder/spi-builder-workspace/Hume.xcodeproj
builtin-create-build-directory /Users/admin/builder/spi-builder-workspace/.derivedData/Build/Intermediates.noindex/SwiftExplicitPrecompiledModules
CreateBuildDirectory /Users/admin/builder/spi-builder-workspace/.derivedData/Build/Intermediates.noindex/PrecompiledHeaders
cd /Users/admin/builder/spi-builder-workspace/Hume.xcodeproj
builtin-create-build-directory /Users/admin/builder/spi-builder-workspace/.derivedData/Build/Intermediates.noindex/PrecompiledHeaders
CreateBuildDirectory /Users/admin/builder/spi-builder-workspace/.derivedData/Build/Intermediates.noindex/ExplicitPrecompiledModules
cd /Users/admin/builder/spi-builder-workspace/Hume.xcodeproj
builtin-create-build-directory /Users/admin/builder/spi-builder-workspace/.derivedData/Build/Intermediates.noindex/ExplicitPrecompiledModules
CreateBuildDirectory /Users/admin/builder/spi-builder-workspace/.derivedData/Build/Intermediates.noindex/EagerLinkingTBDs/Debug-appletvos
cd /Users/admin/builder/spi-builder-workspace/Hume.xcodeproj
builtin-create-build-directory /Users/admin/builder/spi-builder-workspace/.derivedData/Build/Intermediates.noindex/EagerLinkingTBDs/Debug-appletvos
CreateBuildDirectory /Users/admin/builder/spi-builder-workspace/.derivedData/Build/Products/Debug-appletvos
cd /Users/admin/builder/spi-builder-workspace/Hume.xcodeproj
builtin-create-build-directory /Users/admin/builder/spi-builder-workspace/.derivedData/Build/Products/Debug-appletvos
WriteAuxiliaryFile /Users/admin/builder/spi-builder-workspace/.derivedData/Build/Intermediates.noindex/Hume.build/Debug-appletvos/Upsurge.build/Upsurge.DependencyStaticMetadataFileList (in target 'Upsurge' from project 'Hume')
cd /Users/admin/builder/spi-builder-workspace
write-file /Users/admin/builder/spi-builder-workspace/.derivedData/Build/Intermediates.noindex/Hume.build/Debug-appletvos/Upsurge.build/Upsurge.DependencyStaticMetadataFileList
WriteAuxiliaryFile /Users/admin/builder/spi-builder-workspace/.derivedData/Build/Intermediates.noindex/Hume.build/Debug-appletvos/Upsurge.build/Upsurge.DependencyMetadataFileList (in target 'Upsurge' from project 'Hume')
cd /Users/admin/builder/spi-builder-workspace
write-file /Users/admin/builder/spi-builder-workspace/.derivedData/Build/Intermediates.noindex/Hume.build/Debug-appletvos/Upsurge.build/Upsurge.DependencyMetadataFileList
WriteAuxiliaryFile /Users/admin/builder/spi-builder-workspace/.derivedData/Build/Intermediates.noindex/Hume.build/Debug-appletvos/Upsurge.build/Objects-normal/arm64/Upsurge_const_extract_protocols.json (in target 'Upsurge' from project 'Hume')
cd /Users/admin/builder/spi-builder-workspace
write-file /Users/admin/builder/spi-builder-workspace/.derivedData/Build/Intermediates.noindex/Hume.build/Debug-appletvos/Upsurge.build/Objects-normal/arm64/Upsurge_const_extract_protocols.json
WriteAuxiliaryFile /Users/admin/builder/spi-builder-workspace/.derivedData/Build/Intermediates.noindex/Hume.build/Debug-appletvos/Upsurge.build/Objects-normal/arm64/Upsurge.SwiftConstValuesFileList (in target 'Upsurge' from project 'Hume')
cd /Users/admin/builder/spi-builder-workspace
write-file /Users/admin/builder/spi-builder-workspace/.derivedData/Build/Intermediates.noindex/Hume.build/Debug-appletvos/Upsurge.build/Objects-normal/arm64/Upsurge.SwiftConstValuesFileList
WriteAuxiliaryFile /Users/admin/builder/spi-builder-workspace/.derivedData/Build/Intermediates.noindex/Hume.build/Debug-appletvos/Upsurge.build/Objects-normal/arm64/Upsurge.LinkFileList (in target 'Upsurge' from project 'Hume')
cd /Users/admin/builder/spi-builder-workspace
write-file /Users/admin/builder/spi-builder-workspace/.derivedData/Build/Intermediates.noindex/Hume.build/Debug-appletvos/Upsurge.build/Objects-normal/arm64/Upsurge.LinkFileList
WriteAuxiliaryFile /Users/admin/builder/spi-builder-workspace/.derivedData/Build/Intermediates.noindex/Hume.build/Debug-appletvos/Hume.build/Objects-normal/arm64/Hume.SwiftFileList (in target 'Hume' from project 'Hume')
cd /Users/admin/builder/spi-builder-workspace
write-file /Users/admin/builder/spi-builder-workspace/.derivedData/Build/Intermediates.noindex/Hume.build/Debug-appletvos/Hume.build/Objects-normal/arm64/Hume.SwiftFileList
WriteAuxiliaryFile /Users/admin/builder/spi-builder-workspace/.derivedData/Build/Intermediates.noindex/Hume.build/Debug-appletvos/Hume.build/Objects-normal/arm64/Hume_const_extract_protocols.json (in target 'Hume' from project 'Hume')
cd /Users/admin/builder/spi-builder-workspace
write-file /Users/admin/builder/spi-builder-workspace/.derivedData/Build/Intermediates.noindex/Hume.build/Debug-appletvos/Hume.build/Objects-normal/arm64/Hume_const_extract_protocols.json
WriteAuxiliaryFile /Users/admin/builder/spi-builder-workspace/.derivedData/Build/Intermediates.noindex/Hume.build/Debug-appletvos/Upsurge.build/Objects-normal/arm64/Upsurge.SwiftFileList (in target 'Upsurge' from project 'Hume')
cd /Users/admin/builder/spi-builder-workspace
write-file /Users/admin/builder/spi-builder-workspace/.derivedData/Build/Intermediates.noindex/Hume.build/Debug-appletvos/Upsurge.build/Objects-normal/arm64/Upsurge.SwiftFileList
WriteAuxiliaryFile /Users/admin/builder/spi-builder-workspace/.derivedData/Build/Intermediates.noindex/Hume.build/Debug-appletvos/Upsurge.build/Objects-normal/arm64/Upsurge-OutputFileMap.json (in target 'Upsurge' from project 'Hume')
cd /Users/admin/builder/spi-builder-workspace
write-file /Users/admin/builder/spi-builder-workspace/.derivedData/Build/Intermediates.noindex/Hume.build/Debug-appletvos/Upsurge.build/Objects-normal/arm64/Upsurge-OutputFileMap.json
WriteAuxiliaryFile /Users/admin/builder/spi-builder-workspace/.derivedData/Build/Intermediates.noindex/Hume.build/Debug-appletvos/Hume.build/Objects-normal/arm64/Hume.SwiftConstValuesFileList (in target 'Hume' from project 'Hume')
cd /Users/admin/builder/spi-builder-workspace
write-file /Users/admin/builder/spi-builder-workspace/.derivedData/Build/Intermediates.noindex/Hume.build/Debug-appletvos/Hume.build/Objects-normal/arm64/Hume.SwiftConstValuesFileList
WriteAuxiliaryFile /Users/admin/builder/spi-builder-workspace/.derivedData/Build/Intermediates.noindex/Hume.build/Debug-appletvos/Hume.build/Objects-normal/arm64/Hume.LinkFileList (in target 'Hume' from project 'Hume')
cd /Users/admin/builder/spi-builder-workspace
write-file /Users/admin/builder/spi-builder-workspace/.derivedData/Build/Intermediates.noindex/Hume.build/Debug-appletvos/Hume.build/Objects-normal/arm64/Hume.LinkFileList
WriteAuxiliaryFile /Users/admin/builder/spi-builder-workspace/.derivedData/Build/Intermediates.noindex/Hume.build/Debug-appletvos/Hume.build/Objects-normal/arm64/Hume-OutputFileMap.json (in target 'Hume' from project 'Hume')
cd /Users/admin/builder/spi-builder-workspace
write-file /Users/admin/builder/spi-builder-workspace/.derivedData/Build/Intermediates.noindex/Hume.build/Debug-appletvos/Hume.build/Objects-normal/arm64/Hume-OutputFileMap.json
WriteAuxiliaryFile /Users/admin/builder/spi-builder-workspace/.derivedData/Build/Intermediates.noindex/Hume.build/Debug-appletvos/Hume.build/Hume.DependencyStaticMetadataFileList (in target 'Hume' from project 'Hume')
cd /Users/admin/builder/spi-builder-workspace
write-file /Users/admin/builder/spi-builder-workspace/.derivedData/Build/Intermediates.noindex/Hume.build/Debug-appletvos/Hume.build/Hume.DependencyStaticMetadataFileList
WriteAuxiliaryFile /Users/admin/builder/spi-builder-workspace/.derivedData/Build/Intermediates.noindex/Hume.build/Debug-appletvos/Hume.build/Hume.DependencyMetadataFileList (in target 'Hume' from project 'Hume')
cd /Users/admin/builder/spi-builder-workspace
write-file /Users/admin/builder/spi-builder-workspace/.derivedData/Build/Intermediates.noindex/Hume.build/Debug-appletvos/Hume.build/Hume.DependencyMetadataFileList
MkDir /Users/admin/builder/spi-builder-workspace/.derivedData/Build/Products/Debug-appletvos/Upsurge.framework/Headers (in target 'Upsurge' from project 'Hume')
cd /Users/admin/builder/spi-builder-workspace
/bin/mkdir -p /Users/admin/builder/spi-builder-workspace/.derivedData/Build/Products/Debug-appletvos/Upsurge.framework/Headers
MkDir /Users/admin/builder/spi-builder-workspace/.derivedData/Build/Products/Debug-appletvos/Upsurge.framework (in target 'Upsurge' from project 'Hume')
cd /Users/admin/builder/spi-builder-workspace
/bin/mkdir -p /Users/admin/builder/spi-builder-workspace/.derivedData/Build/Products/Debug-appletvos/Upsurge.framework
MkDir /Users/admin/builder/spi-builder-workspace/.derivedData/Build/Products/Debug-appletvos/Hume.framework/Headers (in target 'Hume' from project 'Hume')
cd /Users/admin/builder/spi-builder-workspace
/bin/mkdir -p /Users/admin/builder/spi-builder-workspace/.derivedData/Build/Products/Debug-appletvos/Hume.framework/Headers
MkDir /Users/admin/builder/spi-builder-workspace/.derivedData/Build/Products/Debug-appletvos/Hume.framework (in target 'Hume' from project 'Hume')
cd /Users/admin/builder/spi-builder-workspace
/bin/mkdir -p /Users/admin/builder/spi-builder-workspace/.derivedData/Build/Products/Debug-appletvos/Hume.framework
ProcessInfoPlistFile /Users/admin/builder/spi-builder-workspace/.derivedData/Build/Products/Debug-appletvos/Upsurge.framework/Info.plist /Users/admin/builder/spi-builder-workspace/Hume.xcodeproj/Upsurge_Info.plist (in target 'Upsurge' from project 'Hume')
cd /Users/admin/builder/spi-builder-workspace
builtin-infoPlistUtility /Users/admin/builder/spi-builder-workspace/Hume.xcodeproj/Upsurge_Info.plist -producttype com.apple.product-type.framework -expandbuildsettings -format binary -platform appletvos -o /Users/admin/builder/spi-builder-workspace/.derivedData/Build/Products/Debug-appletvos/Upsurge.framework/Info.plist
SwiftDriver\ Compilation\ Requirements Upsurge normal arm64 com.apple.xcode.tools.swift.compiler (in target 'Upsurge' from project 'Hume')
cd /Users/admin/builder/spi-builder-workspace
builtin-Swift-Compilation-Requirements -- /Applications/Xcode-27.0.0-Release.Candidate.app/Contents/Developer/Toolchains/XcodeDefault.xctoolchain/usr/bin/swiftc -module-name Upsurge -Onone @/Users/admin/builder/spi-builder-workspace/.derivedData/Build/Intermediates.noindex/Hume.build/Debug-appletvos/Upsurge.build/Objects-normal/arm64/Upsurge.SwiftFileList -DSWIFT_PACKAGE -DXcode -enable-bare-slash-regex -enable-experimental-feature DebugDescriptionMacro -sdk /Applications/Xcode-27.0.0-Release.Candidate.app/Contents/Developer/Platforms/AppleTVOS.platform/Developer/SDKs/AppleTVOS27.0.sdk -target arm64-apple-tvos27.0 -g -module-cache-path /Users/admin/builder/spi-builder-workspace/.derivedData/ModuleCache.noindex -Xfrontend -serialize-debugging-options -enable-testing -index-store-path /Users/admin/builder/spi-builder-workspace/.derivedData/Index.noindex/DataStore -Xcc -D_LIBCPP_HARDENING_MODE\=_LIBCPP_HARDENING_MODE_DEBUG -swift-version 4 -I /Users/admin/builder/spi-builder-workspace/.derivedData/Build/Products/Debug-appletvos -F /Users/admin/builder/spi-builder-workspace/.derivedData/Build/Products/Debug-appletvos -F /Applications/Xcode-27.0.0-Release.Candidate.app/Contents/Developer/Platforms/AppleTVOS.platform/Developer/Library/Frameworks -c -j10 -enable-batch-mode -incremental -Xcc -ivfsstatcache -Xcc /Users/admin/builder/spi-builder-workspace/.derivedData/SDKStatCaches.noindex/appletvos27.0-24J360-e829b21a6f8c9b70876ba0858053c044b32bfd8d43560033f8d89884cdb90028.sdkstatcache -output-file-map /Users/admin/builder/spi-builder-workspace/.derivedData/Build/Intermediates.noindex/Hume.build/Debug-appletvos/Upsurge.build/Objects-normal/arm64/Upsurge-OutputFileMap.json -save-temps -no-color-diagnostics -emit-dependencies -emit-module -emit-module-path /Users/admin/builder/spi-builder-workspace/.derivedData/Build/Intermediates.noindex/Hume.build/Debug-appletvos/Upsurge.build/Objects-normal/arm64/Upsurge.swiftmodule -serialize-diagnostics -validate-clang-modules-once -clang-build-session-file /Users/admin/builder/spi-builder-workspace/.derivedData/ModuleCache.noindex/Session.modulevalidation -Xcc -fmodules-prune-interval\=86400 -Xcc -fmodules-prune-after\=345600 -emit-const-values -const-gather-protocols-list /Users/admin/builder/spi-builder-workspace/.derivedData/Build/Intermediates.noindex/Hume.build/Debug-appletvos/Upsurge.build/Objects-normal/arm64/Upsurge_const_extract_protocols.json -Xcc -I/Users/admin/builder/spi-builder-workspace/.derivedData/Build/Products/Debug-appletvos/include -Xcc -I/Users/admin/builder/spi-builder-workspace/.derivedData/Build/Intermediates.noindex/Hume.build/Debug-appletvos/Upsurge.build/DerivedSources-normal/arm64 -Xcc -I/Users/admin/builder/spi-builder-workspace/.derivedData/Build/Intermediates.noindex/Hume.build/Debug-appletvos/Upsurge.build/DerivedSources/arm64 -Xcc -I/Users/admin/builder/spi-builder-workspace/.derivedData/Build/Intermediates.noindex/Hume.build/Debug-appletvos/Upsurge.build/DerivedSources -emit-objc-header -emit-objc-header-path /Users/admin/builder/spi-builder-workspace/.derivedData/Build/Intermediates.noindex/Hume.build/Debug-appletvos/Upsurge.build/Objects-normal/arm64/Upsurge-Swift.h -working-directory /Users/admin/builder/spi-builder-workspace -experimental-emit-module-separately -disable-cmo
error: Build input files cannot be found: '/Users/admin/builder/spi-builder-workspace/.build/checkouts/Upsurge.git-397179526005210237/Sources/Upsurge/2DTensorSlice.swift', '/Users/admin/builder/spi-builder-workspace/.build/checkouts/Upsurge.git-397179526005210237/Sources/Upsurge/Arithmetic.swift', '/Users/admin/builder/spi-builder-workspace/.build/checkouts/Upsurge.git-397179526005210237/Sources/Upsurge/Auxiliary.swift', '/Users/admin/builder/spi-builder-workspace/.build/checkouts/Upsurge.git-397179526005210237/Sources/Upsurge/Complex.swift', '/Users/admin/builder/spi-builder-workspace/.build/checkouts/Upsurge.git-397179526005210237/Sources/Upsurge/ComplexArithmetic.swift', '/Users/admin/builder/spi-builder-workspace/.build/checkouts/Upsurge.git-397179526005210237/Sources/Upsurge/ComplexArray.swift', '/Users/admin/builder/spi-builder-workspace/.build/checkouts/Upsurge.git-397179526005210237/Sources/Upsurge/ComplexArrayRealSlice.swift', '/Users/admin/builder/spi-builder-workspace/.build/checkouts/Upsurge.git-397179526005210237/Sources/Upsurge/ComplexArraySlice.swift', '/Users/admin/builder/spi-builder-workspace/.build/checkouts/Upsurge.git-397179526005210237/Sources/Upsurge/DSP.swift', '/Users/admin/builder/spi-builder-workspace/.build/checkouts/Upsurge.git-397179526005210237/Sources/Upsurge/Exponential.swift', '/Users/admin/builder/spi-builder-workspace/.build/checkouts/Upsurge.git-397179526005210237/Sources/Upsurge/FFT.swift', '/Users/admin/builder/spi-builder-workspace/.build/checkouts/Upsurge.git-397179526005210237/Sources/Upsurge/Hyperbolic.swift', '/Users/admin/builder/spi-builder-workspace/.build/checkouts/Upsurge.git-397179526005210237/Sources/Upsurge/Interval.swift', '/Users/admin/builder/spi-builder-workspace/.build/checkouts/Upsurge.git-397179526005210237/Sources/Upsurge/LinearOperators.swift', '/Users/admin/builder/spi-builder-workspace/.build/checkouts/Upsurge.git-397179526005210237/Sources/Upsurge/LinearType.swift', '/Users/admin/builder/spi-builder-workspace/.build/checkouts/Upsurge.git-397179526005210237/Sources/Upsurge/Matrix.swift', '/Users/admin/builder/spi-builder-workspace/.build/checkouts/Upsurge.git-397179526005210237/Sources/Upsurge/MatrixArithmetic.swift', '/Users/admin/builder/spi-builder-workspace/.build/checkouts/Upsurge.git-397179526005210237/Sources/Upsurge/MatrixSlice.swift', '/Users/admin/builder/spi-builder-workspace/.build/checkouts/Upsurge.git-397179526005210237/Sources/Upsurge/PointerUtilities.swift', '/Users/admin/builder/spi-builder-workspace/.build/checkouts/Upsurge.git-397179526005210237/Sources/Upsurge/QuadraticType.swift', '/Users/admin/builder/spi-builder-workspace/.build/checkouts/Upsurge.git-397179526005210237/Sources/Upsurge/Real.swift', '/Users/admin/builder/spi-builder-workspace/.build/checkouts/Upsurge.git-397179526005210237/Sources/Upsurge/Sequence.swift', '/Users/admin/builder/spi-builder-workspace/.build/checkouts/Upsurge.git-397179526005210237/Sources/Upsurge/Span.swift', '/Users/admin/builder/spi-builder-workspace/.build/checkouts/Upsurge.git-397179526005210237/Sources/Upsurge/Tensor.swift', '/Users/admin/builder/spi-builder-workspace/.build/checkouts/Upsurge.git-397179526005210237/Sources/Upsurge/TensorSlice.swift', '/Users/admin/builder/spi-builder-workspace/.build/checkouts/Upsurge.git-397179526005210237/Sources/Upsurge/TensorType.swift', '/Users/admin/builder/spi-builder-workspace/.build/checkouts/Upsurge.git-397179526005210237/Sources/Upsurge/Trigonometric.swift', '/Users/admin/builder/spi-builder-workspace/.build/checkouts/Upsurge.git-397179526005210237/Sources/Upsurge/Value.swift', '/Users/admin/builder/spi-builder-workspace/.build/checkouts/Upsurge.git-397179526005210237/Sources/Upsurge/ValueArray.swift', '/Users/admin/builder/spi-builder-workspace/.build/checkouts/Upsurge.git-397179526005210237/Sources/Upsurge/ValueArraySlice.swift'. Did you forget to declare these files as outputs of any script phases or custom build rules which produce them? (in target 'Upsurge' from project 'Hume')
SwiftDriver\ Compilation Upsurge normal arm64 com.apple.xcode.tools.swift.compiler (in target 'Upsurge' from project 'Hume')
cd /Users/admin/builder/spi-builder-workspace
builtin-Swift-Compilation -- /Applications/Xcode-27.0.0-Release.Candidate.app/Contents/Developer/Toolchains/XcodeDefault.xctoolchain/usr/bin/swiftc -module-name Upsurge -Onone @/Users/admin/builder/spi-builder-workspace/.derivedData/Build/Intermediates.noindex/Hume.build/Debug-appletvos/Upsurge.build/Objects-normal/arm64/Upsurge.SwiftFileList -DSWIFT_PACKAGE -DXcode -enable-bare-slash-regex -enable-experimental-feature DebugDescriptionMacro -sdk /Applications/Xcode-27.0.0-Release.Candidate.app/Contents/Developer/Platforms/AppleTVOS.platform/Developer/SDKs/AppleTVOS27.0.sdk -target arm64-apple-tvos27.0 -g -module-cache-path /Users/admin/builder/spi-builder-workspace/.derivedData/ModuleCache.noindex -Xfrontend -serialize-debugging-options -enable-testing -index-store-path /Users/admin/builder/spi-builder-workspace/.derivedData/Index.noindex/DataStore -Xcc -D_LIBCPP_HARDENING_MODE\=_LIBCPP_HARDENING_MODE_DEBUG -swift-version 4 -I /Users/admin/builder/spi-builder-workspace/.derivedData/Build/Products/Debug-appletvos -F /Users/admin/builder/spi-builder-workspace/.derivedData/Build/Products/Debug-appletvos -F /Applications/Xcode-27.0.0-Release.Candidate.app/Contents/Developer/Platforms/AppleTVOS.platform/Developer/Library/Frameworks -c -j10 -enable-batch-mode -incremental -Xcc -ivfsstatcache -Xcc /Users/admin/builder/spi-builder-workspace/.derivedData/SDKStatCaches.noindex/appletvos27.0-24J360-e829b21a6f8c9b70876ba0858053c044b32bfd8d43560033f8d89884cdb90028.sdkstatcache -output-file-map /Users/admin/builder/spi-builder-workspace/.derivedData/Build/Intermediates.noindex/Hume.build/Debug-appletvos/Upsurge.build/Objects-normal/arm64/Upsurge-OutputFileMap.json -save-temps -no-color-diagnostics -emit-dependencies -emit-module -emit-module-path /Users/admin/builder/spi-builder-workspace/.derivedData/Build/Intermediates.noindex/Hume.build/Debug-appletvos/Upsurge.build/Objects-normal/arm64/Upsurge.swiftmodule -serialize-diagnostics -validate-clang-modules-once -clang-build-session-file /Users/admin/builder/spi-builder-workspace/.derivedData/ModuleCache.noindex/Session.modulevalidation -Xcc -fmodules-prune-interval\=86400 -Xcc -fmodules-prune-after\=345600 -emit-const-values -const-gather-protocols-list /Users/admin/builder/spi-builder-workspace/.derivedData/Build/Intermediates.noindex/Hume.build/Debug-appletvos/Upsurge.build/Objects-normal/arm64/Upsurge_const_extract_protocols.json -Xcc -I/Users/admin/builder/spi-builder-workspace/.derivedData/Build/Products/Debug-appletvos/include -Xcc -I/Users/admin/builder/spi-builder-workspace/.derivedData/Build/Intermediates.noindex/Hume.build/Debug-appletvos/Upsurge.build/DerivedSources-normal/arm64 -Xcc -I/Users/admin/builder/spi-builder-workspace/.derivedData/Build/Intermediates.noindex/Hume.build/Debug-appletvos/Upsurge.build/DerivedSources/arm64 -Xcc -I/Users/admin/builder/spi-builder-workspace/.derivedData/Build/Intermediates.noindex/Hume.build/Debug-appletvos/Upsurge.build/DerivedSources -emit-objc-header -emit-objc-header-path /Users/admin/builder/spi-builder-workspace/.derivedData/Build/Intermediates.noindex/Hume.build/Debug-appletvos/Upsurge.build/Objects-normal/arm64/Upsurge-Swift.h -working-directory /Users/admin/builder/spi-builder-workspace -experimental-emit-module-separately -disable-cmo
error: Build input files cannot be found: '/Users/admin/builder/spi-builder-workspace/.build/checkouts/Upsurge.git-397179526005210237/Sources/Upsurge/2DTensorSlice.swift', '/Users/admin/builder/spi-builder-workspace/.build/checkouts/Upsurge.git-397179526005210237/Sources/Upsurge/Arithmetic.swift', '/Users/admin/builder/spi-builder-workspace/.build/checkouts/Upsurge.git-397179526005210237/Sources/Upsurge/Auxiliary.swift', '/Users/admin/builder/spi-builder-workspace/.build/checkouts/Upsurge.git-397179526005210237/Sources/Upsurge/Complex.swift', '/Users/admin/builder/spi-builder-workspace/.build/checkouts/Upsurge.git-397179526005210237/Sources/Upsurge/ComplexArithmetic.swift', '/Users/admin/builder/spi-builder-workspace/.build/checkouts/Upsurge.git-397179526005210237/Sources/Upsurge/ComplexArray.swift', '/Users/admin/builder/spi-builder-workspace/.build/checkouts/Upsurge.git-397179526005210237/Sources/Upsurge/ComplexArrayRealSlice.swift', '/Users/admin/builder/spi-builder-workspace/.build/checkouts/Upsurge.git-397179526005210237/Sources/Upsurge/ComplexArraySlice.swift', '/Users/admin/builder/spi-builder-workspace/.build/checkouts/Upsurge.git-397179526005210237/Sources/Upsurge/DSP.swift', '/Users/admin/builder/spi-builder-workspace/.build/checkouts/Upsurge.git-397179526005210237/Sources/Upsurge/Exponential.swift', '/Users/admin/builder/spi-builder-workspace/.build/checkouts/Upsurge.git-397179526005210237/Sources/Upsurge/FFT.swift', '/Users/admin/builder/spi-builder-workspace/.build/checkouts/Upsurge.git-397179526005210237/Sources/Upsurge/Hyperbolic.swift', '/Users/admin/builder/spi-builder-workspace/.build/checkouts/Upsurge.git-397179526005210237/Sources/Upsurge/Interval.swift', '/Users/admin/builder/spi-builder-workspace/.build/checkouts/Upsurge.git-397179526005210237/Sources/Upsurge/LinearOperators.swift', '/Users/admin/builder/spi-builder-workspace/.build/checkouts/Upsurge.git-397179526005210237/Sources/Upsurge/LinearType.swift', '/Users/admin/builder/spi-builder-workspace/.build/checkouts/Upsurge.git-397179526005210237/Sources/Upsurge/Matrix.swift', '/Users/admin/builder/spi-builder-workspace/.build/checkouts/Upsurge.git-397179526005210237/Sources/Upsurge/MatrixArithmetic.swift', '/Users/admin/builder/spi-builder-workspace/.build/checkouts/Upsurge.git-397179526005210237/Sources/Upsurge/MatrixSlice.swift', '/Users/admin/builder/spi-builder-workspace/.build/checkouts/Upsurge.git-397179526005210237/Sources/Upsurge/PointerUtilities.swift', '/Users/admin/builder/spi-builder-workspace/.build/checkouts/Upsurge.git-397179526005210237/Sources/Upsurge/QuadraticType.swift', '/Users/admin/builder/spi-builder-workspace/.build/checkouts/Upsurge.git-397179526005210237/Sources/Upsurge/Real.swift', '/Users/admin/builder/spi-builder-workspace/.build/checkouts/Upsurge.git-397179526005210237/Sources/Upsurge/Sequence.swift', '/Users/admin/builder/spi-builder-workspace/.build/checkouts/Upsurge.git-397179526005210237/Sources/Upsurge/Span.swift', '/Users/admin/builder/spi-builder-workspace/.build/checkouts/Upsurge.git-397179526005210237/Sources/Upsurge/Tensor.swift', '/Users/admin/builder/spi-builder-workspace/.build/checkouts/Upsurge.git-397179526005210237/Sources/Upsurge/TensorSlice.swift', '/Users/admin/builder/spi-builder-workspace/.build/checkouts/Upsurge.git-397179526005210237/Sources/Upsurge/TensorType.swift', '/Users/admin/builder/spi-builder-workspace/.build/checkouts/Upsurge.git-397179526005210237/Sources/Upsurge/Trigonometric.swift', '/Users/admin/builder/spi-builder-workspace/.build/checkouts/Upsurge.git-397179526005210237/Sources/Upsurge/Value.swift', '/Users/admin/builder/spi-builder-workspace/.build/checkouts/Upsurge.git-397179526005210237/Sources/Upsurge/ValueArray.swift', '/Users/admin/builder/spi-builder-workspace/.build/checkouts/Upsurge.git-397179526005210237/Sources/Upsurge/ValueArraySlice.swift'. Did you forget to declare these files as outputs of any script phases or custom build rules which produce them? (in target 'Upsurge' from project 'Hume')
PruneExplicitPrecompiledModules /Users/admin/builder/spi-builder-workspace/.derivedData/Build/Intermediates.noindex/ExplicitPrecompiledModules
PruneExplicitPrecompiledModules /Users/admin/builder/spi-builder-workspace/.derivedData/SDKExplicitPrecompiledModules
PruneExplicitPrecompiledModules /Users/admin/builder/spi-builder-workspace/.derivedData/Build/Intermediates.noindex/SwiftExplicitPrecompiledModules
** BUILD FAILED **
The following build commands failed:
SwiftDriver\ Compilation\ Requirements Upsurge normal arm64 com.apple.xcode.tools.swift.compiler (in target 'Upsurge' from project 'Hume')
SwiftDriver\ Compilation Upsurge normal arm64 com.apple.xcode.tools.swift.compiler (in target 'Upsurge' from project 'Hume')
Building project Hume with scheme Hume-Package
(3 failures)
Command line invocation:
/Applications/Xcode-27.0.0-Release.Candidate.app/Contents/Developer/usr/bin/xcodebuild -IDEClonedSourcePackagesDirPathOverride=/Users/admin/builder/spi-builder-workspace/.dependencies -resolvePackageDependencies
resolved source packages:
{
"dependencies" : [
{
"identity" : "upsurge",
"requirement" : {
"range" : [
{
"lower_bound" : "0.10.2",
"upper_bound" : "1.0.0"
}
]
},
"type" : "sourceControl",
"url" : "https://github.com/aleph7/Upsurge.git"
}
],
"manifest_display_name" : "Hume",
"name" : "Hume",
"path" : "/Users/admin/builder/spi-builder-workspace",
"platforms" : [
],
"products" : [
{
"name" : "Hume",
"targets" : [
"Hume"
],
"type" : {
"library" : [
"automatic"
]
}
}
],
"targets" : [
{
"c99name" : "HumeTests",
"module_type" : "SwiftTarget",
"name" : "HumeTests",
"path" : "Tests/HumeTests",
"sources" : [
"HumeTests.swift",
"XCTestManifests.swift"
],
"target_dependencies" : [
"Hume"
],
"type" : "test"
},
{
"c99name" : "Hume",
"module_type" : "SwiftTarget",
"name" : "Hume",
"path" : "Sources/Hume",
"product_dependencies" : [
"Upsurge"
],
"product_memberships" : [
"Hume"
],
"sources" : [
"Hume.swift"
],
"type" : "library"
}
],
"tools_version" : "4.0"
}
{
"project" : {
"configurations" : [
"Debug",
"Release"
],
"name" : "Hume",
"schemes" : [
"Hume-Package",
"HumePackageDescription",
"HumePackageTests",
"UpsurgePackageDescription"
],
"targets" : [
"Hume",
"HumePackageDescription",
"HumePackageTests",
"HumeTests",
"Upsurge",
"UpsurgePackageDescription"
]
}
}
Running build ...
env DEVELOPER_DIR=/Applications/Xcode-27.0.0-Release.Candidate.app xcrun xcodebuild -IDEClonedSourcePackagesDirPathOverride=$PWD/.dependencies -skipMacroValidation -skipPackagePluginValidation -derivedDataPath $PWD/.derivedData build -scheme Hume-Package -destination generic/platform=tvOS
Command line invocation:
/Applications/Xcode-27.0.0-Release.Candidate.app/Contents/Developer/usr/bin/xcodebuild -IDEClonedSourcePackagesDirPathOverride=/Users/admin/builder/spi-builder-workspace/.dependencies -skipMacroValidation -skipPackagePluginValidation -derivedDataPath /Users/admin/builder/spi-builder-workspace/.derivedData build -scheme Hume-Package -destination generic/platform=tvOS
ComputePackagePrebuildTargetDependencyGraph
Prepare packages
CreateBuildRequest
SendProjectDescription
CreateBuildOperation
ComputeTargetDependencyGraph
note: Building targets in dependency order
note: Target dependency graph (2 targets)
Target 'Hume' in project 'Hume'
➜ Explicit dependency on target 'Upsurge' in project 'Hume'
Target 'Upsurge' in project 'Hume' (no dependencies)
GatherProvisioningInputs
CreateBuildDescription
ClangStatCache /Applications/Xcode-27.0.0-Release.Candidate.app/Contents/Developer/Toolchains/XcodeDefault.xctoolchain/usr/bin/clang-stat-cache /Applications/Xcode-27.0.0-Release.Candidate.app/Contents/Developer/Platforms/AppleTVOS.platform/Developer/SDKs/AppleTVOS27.0.sdk /Users/admin/builder/spi-builder-workspace/.derivedData/SDKStatCaches.noindex/appletvos27.0-24J360-e829b21a6f8c9b70876ba0858053c044b32bfd8d43560033f8d89884cdb90028.sdkstatcache
cd /Users/admin/builder/spi-builder-workspace/Hume.xcodeproj
/Applications/Xcode-27.0.0-Release.Candidate.app/Contents/Developer/Toolchains/XcodeDefault.xctoolchain/usr/bin/clang-stat-cache /Applications/Xcode-27.0.0-Release.Candidate.app/Contents/Developer/Platforms/AppleTVOS.platform/Developer/SDKs/AppleTVOS27.0.sdk -o /Users/admin/builder/spi-builder-workspace/.derivedData/SDKStatCaches.noindex/appletvos27.0-24J360-e829b21a6f8c9b70876ba0858053c044b32bfd8d43560033f8d89884cdb90028.sdkstatcache
SwiftDriver\ Compilation\ Requirements Upsurge normal arm64 com.apple.xcode.tools.swift.compiler (in target 'Upsurge' from project 'Hume')
cd /Users/admin/builder/spi-builder-workspace
builtin-Swift-Compilation-Requirements -- /Applications/Xcode-27.0.0-Release.Candidate.app/Contents/Developer/Toolchains/XcodeDefault.xctoolchain/usr/bin/swiftc -module-name Upsurge -Onone @/Users/admin/builder/spi-builder-workspace/.derivedData/Build/Intermediates.noindex/Hume.build/Debug-appletvos/Upsurge.build/Objects-normal/arm64/Upsurge.SwiftFileList -DSWIFT_PACKAGE -DXcode -enable-bare-slash-regex -enable-experimental-feature DebugDescriptionMacro -sdk /Applications/Xcode-27.0.0-Release.Candidate.app/Contents/Developer/Platforms/AppleTVOS.platform/Developer/SDKs/AppleTVOS27.0.sdk -target arm64-apple-tvos27.0 -g -module-cache-path /Users/admin/builder/spi-builder-workspace/.derivedData/ModuleCache.noindex -Xfrontend -serialize-debugging-options -enable-testing -index-store-path /Users/admin/builder/spi-builder-workspace/.derivedData/Index.noindex/DataStore -Xcc -D_LIBCPP_HARDENING_MODE\=_LIBCPP_HARDENING_MODE_DEBUG -swift-version 4 -I /Users/admin/builder/spi-builder-workspace/.derivedData/Build/Products/Debug-appletvos -F /Users/admin/builder/spi-builder-workspace/.derivedData/Build/Products/Debug-appletvos -F /Applications/Xcode-27.0.0-Release.Candidate.app/Contents/Developer/Platforms/AppleTVOS.platform/Developer/Library/Frameworks -c -j10 -enable-batch-mode -incremental -Xcc -ivfsstatcache -Xcc /Users/admin/builder/spi-builder-workspace/.derivedData/SDKStatCaches.noindex/appletvos27.0-24J360-e829b21a6f8c9b70876ba0858053c044b32bfd8d43560033f8d89884cdb90028.sdkstatcache -output-file-map /Users/admin/builder/spi-builder-workspace/.derivedData/Build/Intermediates.noindex/Hume.build/Debug-appletvos/Upsurge.build/Objects-normal/arm64/Upsurge-OutputFileMap.json -save-temps -no-color-diagnostics -emit-dependencies -emit-module -emit-module-path /Users/admin/builder/spi-builder-workspace/.derivedData/Build/Intermediates.noindex/Hume.build/Debug-appletvos/Upsurge.build/Objects-normal/arm64/Upsurge.swiftmodule -serialize-diagnostics -validate-clang-modules-once -clang-build-session-file /Users/admin/builder/spi-builder-workspace/.derivedData/ModuleCache.noindex/Session.modulevalidation -Xcc -fmodules-prune-interval\=86400 -Xcc -fmodules-prune-after\=345600 -emit-const-values -const-gather-protocols-list /Users/admin/builder/spi-builder-workspace/.derivedData/Build/Intermediates.noindex/Hume.build/Debug-appletvos/Upsurge.build/Objects-normal/arm64/Upsurge_const_extract_protocols.json -Xcc -I/Users/admin/builder/spi-builder-workspace/.derivedData/Build/Products/Debug-appletvos/include -Xcc -I/Users/admin/builder/spi-builder-workspace/.derivedData/Build/Intermediates.noindex/Hume.build/Debug-appletvos/Upsurge.build/DerivedSources-normal/arm64 -Xcc -I/Users/admin/builder/spi-builder-workspace/.derivedData/Build/Intermediates.noindex/Hume.build/Debug-appletvos/Upsurge.build/DerivedSources/arm64 -Xcc -I/Users/admin/builder/spi-builder-workspace/.derivedData/Build/Intermediates.noindex/Hume.build/Debug-appletvos/Upsurge.build/DerivedSources -emit-objc-header -emit-objc-header-path /Users/admin/builder/spi-builder-workspace/.derivedData/Build/Intermediates.noindex/Hume.build/Debug-appletvos/Upsurge.build/Objects-normal/arm64/Upsurge-Swift.h -working-directory /Users/admin/builder/spi-builder-workspace -experimental-emit-module-separately -disable-cmo
error: Build input files cannot be found: '/Users/admin/builder/spi-builder-workspace/.build/checkouts/Upsurge.git-397179526005210237/Sources/Upsurge/ValueArraySlice.swift', '/Users/admin/builder/spi-builder-workspace/.build/checkouts/Upsurge.git-397179526005210237/Sources/Upsurge/ValueArray.swift', '/Users/admin/builder/spi-builder-workspace/.build/checkouts/Upsurge.git-397179526005210237/Sources/Upsurge/Value.swift', '/Users/admin/builder/spi-builder-workspace/.build/checkouts/Upsurge.git-397179526005210237/Sources/Upsurge/Trigonometric.swift', '/Users/admin/builder/spi-builder-workspace/.build/checkouts/Upsurge.git-397179526005210237/Sources/Upsurge/TensorType.swift', '/Users/admin/builder/spi-builder-workspace/.build/checkouts/Upsurge.git-397179526005210237/Sources/Upsurge/TensorSlice.swift', '/Users/admin/builder/spi-builder-workspace/.build/checkouts/Upsurge.git-397179526005210237/Sources/Upsurge/Tensor.swift', '/Users/admin/builder/spi-builder-workspace/.build/checkouts/Upsurge.git-397179526005210237/Sources/Upsurge/Span.swift', '/Users/admin/builder/spi-builder-workspace/.build/checkouts/Upsurge.git-397179526005210237/Sources/Upsurge/Sequence.swift', '/Users/admin/builder/spi-builder-workspace/.build/checkouts/Upsurge.git-397179526005210237/Sources/Upsurge/Real.swift', '/Users/admin/builder/spi-builder-workspace/.build/checkouts/Upsurge.git-397179526005210237/Sources/Upsurge/QuadraticType.swift', '/Users/admin/builder/spi-builder-workspace/.build/checkouts/Upsurge.git-397179526005210237/Sources/Upsurge/PointerUtilities.swift', '/Users/admin/builder/spi-builder-workspace/.build/checkouts/Upsurge.git-397179526005210237/Sources/Upsurge/MatrixSlice.swift', '/Users/admin/builder/spi-builder-workspace/.build/checkouts/Upsurge.git-397179526005210237/Sources/Upsurge/MatrixArithmetic.swift', '/Users/admin/builder/spi-builder-workspace/.build/checkouts/Upsurge.git-397179526005210237/Sources/Upsurge/Matrix.swift', '/Users/admin/builder/spi-builder-workspace/.build/checkouts/Upsurge.git-397179526005210237/Sources/Upsurge/LinearType.swift', '/Users/admin/builder/spi-builder-workspace/.build/checkouts/Upsurge.git-397179526005210237/Sources/Upsurge/LinearOperators.swift', '/Users/admin/builder/spi-builder-workspace/.build/checkouts/Upsurge.git-397179526005210237/Sources/Upsurge/Interval.swift', '/Users/admin/builder/spi-builder-workspace/.build/checkouts/Upsurge.git-397179526005210237/Sources/Upsurge/Hyperbolic.swift', '/Users/admin/builder/spi-builder-workspace/.build/checkouts/Upsurge.git-397179526005210237/Sources/Upsurge/FFT.swift', '/Users/admin/builder/spi-builder-workspace/.build/checkouts/Upsurge.git-397179526005210237/Sources/Upsurge/Exponential.swift', '/Users/admin/builder/spi-builder-workspace/.build/checkouts/Upsurge.git-397179526005210237/Sources/Upsurge/DSP.swift', '/Users/admin/builder/spi-builder-workspace/.build/checkouts/Upsurge.git-397179526005210237/Sources/Upsurge/ComplexArraySlice.swift', '/Users/admin/builder/spi-builder-workspace/.build/checkouts/Upsurge.git-397179526005210237/Sources/Upsurge/ComplexArrayRealSlice.swift', '/Users/admin/builder/spi-builder-workspace/.build/checkouts/Upsurge.git-397179526005210237/Sources/Upsurge/ComplexArray.swift', '/Users/admin/builder/spi-builder-workspace/.build/checkouts/Upsurge.git-397179526005210237/Sources/Upsurge/ComplexArithmetic.swift', '/Users/admin/builder/spi-builder-workspace/.build/checkouts/Upsurge.git-397179526005210237/Sources/Upsurge/Complex.swift', '/Users/admin/builder/spi-builder-workspace/.build/checkouts/Upsurge.git-397179526005210237/Sources/Upsurge/Auxiliary.swift', '/Users/admin/builder/spi-builder-workspace/.build/checkouts/Upsurge.git-397179526005210237/Sources/Upsurge/Arithmetic.swift', '/Users/admin/builder/spi-builder-workspace/.build/checkouts/Upsurge.git-397179526005210237/Sources/Upsurge/2DTensorSlice.swift'. Did you forget to declare these files as outputs of any script phases or custom build rules which produce them? (in target 'Upsurge' from project 'Hume')
SwiftDriver\ Compilation Upsurge normal arm64 com.apple.xcode.tools.swift.compiler (in target 'Upsurge' from project 'Hume')
cd /Users/admin/builder/spi-builder-workspace
builtin-Swift-Compilation -- /Applications/Xcode-27.0.0-Release.Candidate.app/Contents/Developer/Toolchains/XcodeDefault.xctoolchain/usr/bin/swiftc -module-name Upsurge -Onone @/Users/admin/builder/spi-builder-workspace/.derivedData/Build/Intermediates.noindex/Hume.build/Debug-appletvos/Upsurge.build/Objects-normal/arm64/Upsurge.SwiftFileList -DSWIFT_PACKAGE -DXcode -enable-bare-slash-regex -enable-experimental-feature DebugDescriptionMacro -sdk /Applications/Xcode-27.0.0-Release.Candidate.app/Contents/Developer/Platforms/AppleTVOS.platform/Developer/SDKs/AppleTVOS27.0.sdk -target arm64-apple-tvos27.0 -g -module-cache-path /Users/admin/builder/spi-builder-workspace/.derivedData/ModuleCache.noindex -Xfrontend -serialize-debugging-options -enable-testing -index-store-path /Users/admin/builder/spi-builder-workspace/.derivedData/Index.noindex/DataStore -Xcc -D_LIBCPP_HARDENING_MODE\=_LIBCPP_HARDENING_MODE_DEBUG -swift-version 4 -I /Users/admin/builder/spi-builder-workspace/.derivedData/Build/Products/Debug-appletvos -F /Users/admin/builder/spi-builder-workspace/.derivedData/Build/Products/Debug-appletvos -F /Applications/Xcode-27.0.0-Release.Candidate.app/Contents/Developer/Platforms/AppleTVOS.platform/Developer/Library/Frameworks -c -j10 -enable-batch-mode -incremental -Xcc -ivfsstatcache -Xcc /Users/admin/builder/spi-builder-workspace/.derivedData/SDKStatCaches.noindex/appletvos27.0-24J360-e829b21a6f8c9b70876ba0858053c044b32bfd8d43560033f8d89884cdb90028.sdkstatcache -output-file-map /Users/admin/builder/spi-builder-workspace/.derivedData/Build/Intermediates.noindex/Hume.build/Debug-appletvos/Upsurge.build/Objects-normal/arm64/Upsurge-OutputFileMap.json -save-temps -no-color-diagnostics -emit-dependencies -emit-module -emit-module-path /Users/admin/builder/spi-builder-workspace/.derivedData/Build/Intermediates.noindex/Hume.build/Debug-appletvos/Upsurge.build/Objects-normal/arm64/Upsurge.swiftmodule -serialize-diagnostics -validate-clang-modules-once -clang-build-session-file /Users/admin/builder/spi-builder-workspace/.derivedData/ModuleCache.noindex/Session.modulevalidation -Xcc -fmodules-prune-interval\=86400 -Xcc -fmodules-prune-after\=345600 -emit-const-values -const-gather-protocols-list /Users/admin/builder/spi-builder-workspace/.derivedData/Build/Intermediates.noindex/Hume.build/Debug-appletvos/Upsurge.build/Objects-normal/arm64/Upsurge_const_extract_protocols.json -Xcc -I/Users/admin/builder/spi-builder-workspace/.derivedData/Build/Products/Debug-appletvos/include -Xcc -I/Users/admin/builder/spi-builder-workspace/.derivedData/Build/Intermediates.noindex/Hume.build/Debug-appletvos/Upsurge.build/DerivedSources-normal/arm64 -Xcc -I/Users/admin/builder/spi-builder-workspace/.derivedData/Build/Intermediates.noindex/Hume.build/Debug-appletvos/Upsurge.build/DerivedSources/arm64 -Xcc -I/Users/admin/builder/spi-builder-workspace/.derivedData/Build/Intermediates.noindex/Hume.build/Debug-appletvos/Upsurge.build/DerivedSources -emit-objc-header -emit-objc-header-path /Users/admin/builder/spi-builder-workspace/.derivedData/Build/Intermediates.noindex/Hume.build/Debug-appletvos/Upsurge.build/Objects-normal/arm64/Upsurge-Swift.h -working-directory /Users/admin/builder/spi-builder-workspace -experimental-emit-module-separately -disable-cmo
error: Build input files cannot be found: '/Users/admin/builder/spi-builder-workspace/.build/checkouts/Upsurge.git-397179526005210237/Sources/Upsurge/ValueArraySlice.swift', '/Users/admin/builder/spi-builder-workspace/.build/checkouts/Upsurge.git-397179526005210237/Sources/Upsurge/ValueArray.swift', '/Users/admin/builder/spi-builder-workspace/.build/checkouts/Upsurge.git-397179526005210237/Sources/Upsurge/Value.swift', '/Users/admin/builder/spi-builder-workspace/.build/checkouts/Upsurge.git-397179526005210237/Sources/Upsurge/Trigonometric.swift', '/Users/admin/builder/spi-builder-workspace/.build/checkouts/Upsurge.git-397179526005210237/Sources/Upsurge/TensorType.swift', '/Users/admin/builder/spi-builder-workspace/.build/checkouts/Upsurge.git-397179526005210237/Sources/Upsurge/TensorSlice.swift', '/Users/admin/builder/spi-builder-workspace/.build/checkouts/Upsurge.git-397179526005210237/Sources/Upsurge/Tensor.swift', '/Users/admin/builder/spi-builder-workspace/.build/checkouts/Upsurge.git-397179526005210237/Sources/Upsurge/Span.swift', '/Users/admin/builder/spi-builder-workspace/.build/checkouts/Upsurge.git-397179526005210237/Sources/Upsurge/Sequence.swift', '/Users/admin/builder/spi-builder-workspace/.build/checkouts/Upsurge.git-397179526005210237/Sources/Upsurge/Real.swift', '/Users/admin/builder/spi-builder-workspace/.build/checkouts/Upsurge.git-397179526005210237/Sources/Upsurge/QuadraticType.swift', '/Users/admin/builder/spi-builder-workspace/.build/checkouts/Upsurge.git-397179526005210237/Sources/Upsurge/PointerUtilities.swift', '/Users/admin/builder/spi-builder-workspace/.build/checkouts/Upsurge.git-397179526005210237/Sources/Upsurge/MatrixSlice.swift', '/Users/admin/builder/spi-builder-workspace/.build/checkouts/Upsurge.git-397179526005210237/Sources/Upsurge/MatrixArithmetic.swift', '/Users/admin/builder/spi-builder-workspace/.build/checkouts/Upsurge.git-397179526005210237/Sources/Upsurge/Matrix.swift', '/Users/admin/builder/spi-builder-workspace/.build/checkouts/Upsurge.git-397179526005210237/Sources/Upsurge/LinearType.swift', '/Users/admin/builder/spi-builder-workspace/.build/checkouts/Upsurge.git-397179526005210237/Sources/Upsurge/LinearOperators.swift', '/Users/admin/builder/spi-builder-workspace/.build/checkouts/Upsurge.git-397179526005210237/Sources/Upsurge/Interval.swift', '/Users/admin/builder/spi-builder-workspace/.build/checkouts/Upsurge.git-397179526005210237/Sources/Upsurge/Hyperbolic.swift', '/Users/admin/builder/spi-builder-workspace/.build/checkouts/Upsurge.git-397179526005210237/Sources/Upsurge/FFT.swift', '/Users/admin/builder/spi-builder-workspace/.build/checkouts/Upsurge.git-397179526005210237/Sources/Upsurge/Exponential.swift', '/Users/admin/builder/spi-builder-workspace/.build/checkouts/Upsurge.git-397179526005210237/Sources/Upsurge/DSP.swift', '/Users/admin/builder/spi-builder-workspace/.build/checkouts/Upsurge.git-397179526005210237/Sources/Upsurge/ComplexArraySlice.swift', '/Users/admin/builder/spi-builder-workspace/.build/checkouts/Upsurge.git-397179526005210237/Sources/Upsurge/ComplexArrayRealSlice.swift', '/Users/admin/builder/spi-builder-workspace/.build/checkouts/Upsurge.git-397179526005210237/Sources/Upsurge/ComplexArray.swift', '/Users/admin/builder/spi-builder-workspace/.build/checkouts/Upsurge.git-397179526005210237/Sources/Upsurge/ComplexArithmetic.swift', '/Users/admin/builder/spi-builder-workspace/.build/checkouts/Upsurge.git-397179526005210237/Sources/Upsurge/Complex.swift', '/Users/admin/builder/spi-builder-workspace/.build/checkouts/Upsurge.git-397179526005210237/Sources/Upsurge/Auxiliary.swift', '/Users/admin/builder/spi-builder-workspace/.build/checkouts/Upsurge.git-397179526005210237/Sources/Upsurge/Arithmetic.swift', '/Users/admin/builder/spi-builder-workspace/.build/checkouts/Upsurge.git-397179526005210237/Sources/Upsurge/2DTensorSlice.swift'. Did you forget to declare these files as outputs of any script phases or custom build rules which produce them? (in target 'Upsurge' from project 'Hume')
PruneExplicitPrecompiledModules /Users/admin/builder/spi-builder-workspace/.derivedData/Build/Intermediates.noindex/ExplicitPrecompiledModules
PruneExplicitPrecompiledModules /Users/admin/builder/spi-builder-workspace/.derivedData/Build/Intermediates.noindex/SwiftExplicitPrecompiledModules
PruneExplicitPrecompiledModules /Users/admin/builder/spi-builder-workspace/.derivedData/SDKExplicitPrecompiledModules
** BUILD FAILED **
The following build commands failed:
SwiftDriver\ Compilation\ Requirements Upsurge normal arm64 com.apple.xcode.tools.swift.compiler (in target 'Upsurge' from project 'Hume')
SwiftDriver\ Compilation Upsurge normal arm64 com.apple.xcode.tools.swift.compiler (in target 'Upsurge' from project 'Hume')
Building project Hume with scheme Hume-Package
(3 failures)
BUILD FAILURE 6.4 tvOS