Build Information
Failed to build DSWaveformImage, reference 14.5.0 (00afb7), with Swift 6.4 for watchOS using Xcode 27.0 on 25 Sep 2026 05:49:52 UTC.
Build Command
env DEVELOPER_DIR=/Applications/Xcode-27.0.0-Release.Candidate.app xcrun xcodebuild -IDEClonedSourcePackagesDirPathOverride=$PWD/.dependencies -skipMacroValidation -skipPackagePluginValidation -derivedDataPath $PWD/.derivedData build -scheme DSWaveformImage-Package -destination generic/platform=watchOSBuild Log
========================================
RunAll
========================================
Builder version: 5.1.0
Interrupt handler set up.
========================================
Checkout
========================================
Clone URL: https://github.com/dmrschmidt/DSWaveformImage.git
Reference: 14.5.0
Initialized empty Git repository in /Users/admin/builder/spi-builder-workspace/.git/
From https://github.com/dmrschmidt/DSWaveformImage
* tag 14.5.0 -> FETCH_HEAD
HEAD is now at 00afb79 fix OOM crash on long audio files (#93)
Cloned https://github.com/dmrschmidt/DSWaveformImage.git
Revision (git rev-parse @):
00afb7930863b9cc3bd011389d601735e548093c
SUCCESS checkout https://github.com/dmrschmidt/DSWaveformImage.git at 14.5.0
========================================
Build
========================================
Selected platform: watchOS
Swift version: 6.4
Building package at path: $PWD
https://github.com/dmrschmidt/DSWaveformImage.git
Command line invocation:
/Applications/Xcode-27.0.0-Release.Candidate.app/Contents/Developer/usr/bin/xcodebuild -IDEClonedSourcePackagesDirPathOverride=/Users/admin/builder/spi-builder-workspace/.dependencies -resolvePackageDependencies
Resolve Package Graph
Resolve Package Graph
Resolved source packages:
DSWaveformImage: /Users/admin/builder/spi-builder-workspace
resolved source packages: DSWaveformImage
2026-09-25 01:48:52.885 xcodebuild[529:3033] [MT] IDERunDestination: Supported platforms for the buildables in the current scheme is empty.
2026-09-25 01:48:53.037 xcodebuild[529:3033] [MT] IDERunDestination: Supported platforms for the buildables in the current scheme is empty.
2026-09-25 01:48:54.776 xcodebuild[529:3033] [MT] IDERunDestination: Supported platforms for the buildables in the current scheme is empty.
{
"dependencies" : [
],
"manifest_display_name" : "DSWaveformImage",
"name" : "DSWaveformImage",
"path" : "/Users/admin/builder/spi-builder-workspace",
"platforms" : [
{
"name" : "ios",
"version" : "15.0"
},
{
"name" : "macos",
"version" : "12.0"
}
],
"products" : [
{
"name" : "DSWaveformImage",
"targets" : [
"DSWaveformImage"
],
"type" : {
"library" : [
"automatic"
]
}
},
{
"name" : "DSWaveformImageViews",
"targets" : [
"DSWaveformImageViews"
],
"type" : {
"library" : [
"automatic"
]
}
}
],
"targets" : [
{
"c99name" : "DSWaveformImageViews",
"module_type" : "SwiftTarget",
"name" : "DSWaveformImageViews",
"path" : "Sources/DSWaveformImageViews",
"product_memberships" : [
"DSWaveformImageViews"
],
"sources" : [
"SwiftUI/DefaultShapeStyler.swift",
"SwiftUI/VersionMigrations.swift",
"SwiftUI/WaveformLiveCanvas.swift",
"SwiftUI/WaveformShape.swift",
"SwiftUI/WaveformView.swift",
"UIKit/WaveformImageView.swift",
"UIKit/WaveformLiveView.swift"
],
"target_dependencies" : [
"DSWaveformImage"
],
"type" : "library"
},
{
"c99name" : "DSWaveformImageTests",
"module_type" : "SwiftTarget",
"name" : "DSWaveformImageTests",
"path" : "Tests/DSWaveformImageTests",
"sources" : [
"TestSupport.swift",
"WaveformAnalyzerTests.swift"
],
"target_dependencies" : [
"DSWaveformImage"
],
"type" : "test"
},
{
"c99name" : "DSWaveformImage",
"module_type" : "SwiftTarget",
"name" : "DSWaveformImage",
"path" : "Sources/DSWaveformImage",
"product_memberships" : [
"DSWaveformImage",
"DSWaveformImageViews"
],
"sources" : [
"Renderers/CircularWaveformRenderer.swift",
"Renderers/LinearWaveformRenderer.swift",
"Renderers/WaveformRenderer.swift",
"TempiFFT.swift",
"WaveformAnalyzer.swift",
"WaveformImageDrawer+iOS.swift",
"WaveformImageDrawer+macOS.swift",
"WaveformImageDrawer.swift",
"WaveformImageTypes.swift"
],
"type" : "library"
}
],
"tools_version" : "5.7"
}
{
"workspace" : {
"name" : "DSWaveformImage",
"schemes" : [
"DSWaveformImage",
"DSWaveformImage-Package",
"DSWaveformImageViews"
]
}
}
2026-09-25 01:49:41.278 xcodebuild[688:4368] [MT] IDERunDestination: Supported platforms for the buildables in the current scheme is empty.
2026-09-25 01:49:41.421 xcodebuild[688:4368] [MT] IDERunDestination: Supported platforms for the buildables in the current scheme is empty.
Running build ...
env DEVELOPER_DIR=/Applications/Xcode-27.0.0-Release.Candidate.app xcrun xcodebuild -IDEClonedSourcePackagesDirPathOverride=$PWD/.dependencies -skipMacroValidation -skipPackagePluginValidation -derivedDataPath $PWD/.derivedData build -scheme DSWaveformImage-Package -destination generic/platform=watchOS
Command line invocation:
/Applications/Xcode-27.0.0-Release.Candidate.app/Contents/Developer/usr/bin/xcodebuild -IDEClonedSourcePackagesDirPathOverride=/Users/admin/builder/spi-builder-workspace/.dependencies -skipMacroValidation -skipPackagePluginValidation -derivedDataPath /Users/admin/builder/spi-builder-workspace/.derivedData build -scheme DSWaveformImage-Package -destination generic/platform=watchOS
Resolve Package Graph
Resolved source packages:
DSWaveformImage: /Users/admin/builder/spi-builder-workspace
ComputePackagePrebuildTargetDependencyGraph
Prepare packages
CreateBuildRequest
SendProjectDescription
CreateBuildOperation
ComputeTargetDependencyGraph
note: Building targets in dependency order
note: Target dependency graph (4 targets)
Target 'DSWaveformImageViews-product' in project 'DSWaveformImage'
➜ Explicit dependency on target 'DSWaveformImageViews' in project 'DSWaveformImage'
➜ Explicit dependency on target 'DSWaveformImage' in project 'DSWaveformImage'
Target 'DSWaveformImageViews' in project 'DSWaveformImage'
➜ Explicit dependency on target 'DSWaveformImage' in project 'DSWaveformImage'
Target 'DSWaveformImage-product' in project 'DSWaveformImage'
➜ Explicit dependency on target 'DSWaveformImage' in project 'DSWaveformImage'
Target 'DSWaveformImage' in project 'DSWaveformImage' (no dependencies)
GatherProvisioningInputs
CreateBuildDescription
ExecuteExternalTool /Applications/Xcode-27.0.0-Release.Candidate.app/Contents/Developer/Toolchains/XcodeDefault.xctoolchain/usr/bin/clang -v -E -dM -isysroot /Applications/Xcode-27.0.0-Release.Candidate.app/Contents/Developer/Platforms/WatchOS.platform/Developer/SDKs/WatchOS27.0.sdk -x c -c /dev/null
ExecuteExternalTool /Applications/Xcode-27.0.0-Release.Candidate.app/Contents/Developer/Toolchains/XcodeDefault.xctoolchain/usr/bin/swiftc --version
ExecuteExternalTool /Applications/Xcode-27.0.0-Release.Candidate.app/Contents/Developer/Toolchains/XcodeDefault.xctoolchain/usr/bin/ld -version_details
Build description signature: d599601ce997a4f9f3e7f3515e873ea6
Build description path: /Users/admin/builder/spi-builder-workspace/.derivedData/Build/Intermediates.noindex/XCBuildData/d599601ce997a4f9f3e7f3515e873ea6.xcbuilddata
CreateBuildDirectory /Users/admin/builder/spi-builder-workspace/.derivedData/SDKExplicitPrecompiledModules
cd /Users/admin/builder/spi-builder-workspace/.swiftpm/xcode
builtin-create-build-directory /Users/admin/builder/spi-builder-workspace/.derivedData/SDKExplicitPrecompiledModules
CreateBuildDirectory /Users/admin/builder/spi-builder-workspace/.derivedData/CompilationCache.noindex
cd /Users/admin/builder/spi-builder-workspace/.swiftpm/xcode
builtin-create-build-directory /Users/admin/builder/spi-builder-workspace/.derivedData/CompilationCache.noindex
CreateBuildDirectory /Users/admin/builder/spi-builder-workspace/.derivedData/ModuleCache.noindex
cd /Users/admin/builder/spi-builder-workspace/.swiftpm/xcode
builtin-create-build-directory /Users/admin/builder/spi-builder-workspace/.derivedData/ModuleCache.noindex
CreateBuildDirectory /Users/admin/builder/spi-builder-workspace/.derivedData/Build/Products
cd /Users/admin/builder/spi-builder-workspace/.swiftpm/xcode
builtin-create-build-directory /Users/admin/builder/spi-builder-workspace/.derivedData/Build/Products
ClangStatCache /Applications/Xcode-27.0.0-Release.Candidate.app/Contents/Developer/Toolchains/XcodeDefault.xctoolchain/usr/bin/clang-stat-cache /Applications/Xcode-27.0.0-Release.Candidate.app/Contents/Developer/Platforms/WatchOS.platform/Developer/SDKs/WatchOS27.0.sdk /Users/admin/builder/spi-builder-workspace/.derivedData/SDKStatCaches.noindex/watchos27.0-24R360-e829b21a6f8c9b70876ba0858053c04477534ef55a1706bf4c1112bbb242f0a2.sdkstatcache
cd /Users/admin/builder/spi-builder-workspace/.swiftpm/xcode
/Applications/Xcode-27.0.0-Release.Candidate.app/Contents/Developer/Toolchains/XcodeDefault.xctoolchain/usr/bin/clang-stat-cache /Applications/Xcode-27.0.0-Release.Candidate.app/Contents/Developer/Platforms/WatchOS.platform/Developer/SDKs/WatchOS27.0.sdk -o /Users/admin/builder/spi-builder-workspace/.derivedData/SDKStatCaches.noindex/watchos27.0-24R360-e829b21a6f8c9b70876ba0858053c04477534ef55a1706bf4c1112bbb242f0a2.sdkstatcache
CreateBuildDirectory /Users/admin/builder/spi-builder-workspace/.derivedData/Build/Intermediates.noindex
cd /Users/admin/builder/spi-builder-workspace/.swiftpm/xcode
builtin-create-build-directory /Users/admin/builder/spi-builder-workspace/.derivedData/Build/Intermediates.noindex
CreateBuildDirectory /Users/admin/builder/spi-builder-workspace/.derivedData/Build/Products/Debug-watchos
cd /Users/admin/builder/spi-builder-workspace/.swiftpm/xcode
builtin-create-build-directory /Users/admin/builder/spi-builder-workspace/.derivedData/Build/Products/Debug-watchos
CreateBuildDirectory /Users/admin/builder/spi-builder-workspace/.derivedData/Build/Intermediates.noindex/SwiftExplicitPrecompiledModules
cd /Users/admin/builder/spi-builder-workspace/.swiftpm/xcode
builtin-create-build-directory /Users/admin/builder/spi-builder-workspace/.derivedData/Build/Intermediates.noindex/SwiftExplicitPrecompiledModules
CreateBuildDirectory /Users/admin/builder/spi-builder-workspace/.derivedData/Build/Intermediates.noindex/ExplicitPrecompiledModules
cd /Users/admin/builder/spi-builder-workspace/.swiftpm/xcode
builtin-create-build-directory /Users/admin/builder/spi-builder-workspace/.derivedData/Build/Intermediates.noindex/ExplicitPrecompiledModules
CreateBuildDirectory /Users/admin/builder/spi-builder-workspace/.derivedData/Build/Intermediates.noindex/PrecompiledHeaders
cd /Users/admin/builder/spi-builder-workspace/.swiftpm/xcode
builtin-create-build-directory /Users/admin/builder/spi-builder-workspace/.derivedData/Build/Intermediates.noindex/PrecompiledHeaders
CreateBuildDirectory /Users/admin/builder/spi-builder-workspace/.derivedData/Build/Intermediates.noindex/EagerLinkingTBDs/Debug-watchos
cd /Users/admin/builder/spi-builder-workspace/.swiftpm/xcode
builtin-create-build-directory /Users/admin/builder/spi-builder-workspace/.derivedData/Build/Intermediates.noindex/EagerLinkingTBDs/Debug-watchos
CreateBuildDirectory /Users/admin/builder/spi-builder-workspace/.derivedData/Build/Products/Debug-watchos/PackageFrameworks
cd /Users/admin/builder/spi-builder-workspace/.swiftpm/xcode
builtin-create-build-directory /Users/admin/builder/spi-builder-workspace/.derivedData/Build/Products/Debug-watchos/PackageFrameworks
WriteAuxiliaryFile /Users/admin/builder/spi-builder-workspace/.derivedData/Build/Intermediates.noindex/DSWaveformImage.build/Debug-watchos/DSWaveformImage-t.build/Objects-normal/arm64_32/DSWaveformImage.SwiftFileList (in target 'DSWaveformImage' from project 'DSWaveformImage')
cd /Users/admin/builder/spi-builder-workspace
write-file /Users/admin/builder/spi-builder-workspace/.derivedData/Build/Intermediates.noindex/DSWaveformImage.build/Debug-watchos/DSWaveformImage-t.build/Objects-normal/arm64_32/DSWaveformImage.SwiftFileList
WriteAuxiliaryFile /Users/admin/builder/spi-builder-workspace/.derivedData/Build/Intermediates.noindex/DSWaveformImage.build/Debug-watchos/DSWaveformImage-t.build/Objects-normal/arm64_32/DSWaveformImage-OutputFileMap.json (in target 'DSWaveformImage' from project 'DSWaveformImage')
cd /Users/admin/builder/spi-builder-workspace
write-file /Users/admin/builder/spi-builder-workspace/.derivedData/Build/Intermediates.noindex/DSWaveformImage.build/Debug-watchos/DSWaveformImage-t.build/Objects-normal/arm64_32/DSWaveformImage-OutputFileMap.json
WriteAuxiliaryFile /Users/admin/builder/spi-builder-workspace/.derivedData/Build/Intermediates.noindex/DSWaveformImage.build/Debug-watchos/DSWaveformImage-t.build/Objects-normal/arm64_32/DSWaveformImage_const_extract_protocols.json (in target 'DSWaveformImage' from project 'DSWaveformImage')
cd /Users/admin/builder/spi-builder-workspace
write-file /Users/admin/builder/spi-builder-workspace/.derivedData/Build/Intermediates.noindex/DSWaveformImage.build/Debug-watchos/DSWaveformImage-t.build/Objects-normal/arm64_32/DSWaveformImage_const_extract_protocols.json
WriteAuxiliaryFile /Users/admin/builder/spi-builder-workspace/.derivedData/Build/Intermediates.noindex/DSWaveformImage.build/Debug-watchos/DSWaveformImage-t.build/Objects-normal/arm64_32/DSWaveformImage.SwiftConstValuesFileList (in target 'DSWaveformImage' from project 'DSWaveformImage')
cd /Users/admin/builder/spi-builder-workspace
write-file /Users/admin/builder/spi-builder-workspace/.derivedData/Build/Intermediates.noindex/DSWaveformImage.build/Debug-watchos/DSWaveformImage-t.build/Objects-normal/arm64_32/DSWaveformImage.SwiftConstValuesFileList
WriteAuxiliaryFile /Users/admin/builder/spi-builder-workspace/.derivedData/Build/Intermediates.noindex/DSWaveformImage.build/Debug-watchos/DSWaveformImage-t.build/Objects-normal/arm64_32/DSWaveformImage.LinkFileList (in target 'DSWaveformImage' from project 'DSWaveformImage')
cd /Users/admin/builder/spi-builder-workspace
write-file /Users/admin/builder/spi-builder-workspace/.derivedData/Build/Intermediates.noindex/DSWaveformImage.build/Debug-watchos/DSWaveformImage-t.build/Objects-normal/arm64_32/DSWaveformImage.LinkFileList
WriteAuxiliaryFile /Users/admin/builder/spi-builder-workspace/.derivedData/Build/Intermediates.noindex/DSWaveformImage.build/Debug-watchos/DSWaveformImage-t.build/Objects-normal/arm64/DSWaveformImage.SwiftConstValuesFileList (in target 'DSWaveformImage' from project 'DSWaveformImage')
cd /Users/admin/builder/spi-builder-workspace
write-file /Users/admin/builder/spi-builder-workspace/.derivedData/Build/Intermediates.noindex/DSWaveformImage.build/Debug-watchos/DSWaveformImage-t.build/Objects-normal/arm64/DSWaveformImage.SwiftConstValuesFileList
WriteAuxiliaryFile /Users/admin/builder/spi-builder-workspace/.derivedData/Build/Intermediates.noindex/DSWaveformImage.build/Debug-watchos/DSWaveformImage-t.build/Objects-normal/arm64/DSWaveformImage.SwiftFileList (in target 'DSWaveformImage' from project 'DSWaveformImage')
cd /Users/admin/builder/spi-builder-workspace
write-file /Users/admin/builder/spi-builder-workspace/.derivedData/Build/Intermediates.noindex/DSWaveformImage.build/Debug-watchos/DSWaveformImage-t.build/Objects-normal/arm64/DSWaveformImage.SwiftFileList
WriteAuxiliaryFile /Users/admin/builder/spi-builder-workspace/.derivedData/Build/Intermediates.noindex/DSWaveformImage.build/Debug-watchos/DSWaveformImage-t.build/Objects-normal/arm64/DSWaveformImage_const_extract_protocols.json (in target 'DSWaveformImage' from project 'DSWaveformImage')
cd /Users/admin/builder/spi-builder-workspace
write-file /Users/admin/builder/spi-builder-workspace/.derivedData/Build/Intermediates.noindex/DSWaveformImage.build/Debug-watchos/DSWaveformImage-t.build/Objects-normal/arm64/DSWaveformImage_const_extract_protocols.json
WriteAuxiliaryFile /Users/admin/builder/spi-builder-workspace/.derivedData/Build/Intermediates.noindex/DSWaveformImage.build/Debug-watchos/DSWaveformImageViews-t.build/Objects-normal/arm64_32/DSWaveformImageViews_const_extract_protocols.json (in target 'DSWaveformImageViews' from project 'DSWaveformImage')
cd /Users/admin/builder/spi-builder-workspace
write-file /Users/admin/builder/spi-builder-workspace/.derivedData/Build/Intermediates.noindex/DSWaveformImage.build/Debug-watchos/DSWaveformImageViews-t.build/Objects-normal/arm64_32/DSWaveformImageViews_const_extract_protocols.json
WriteAuxiliaryFile /Users/admin/builder/spi-builder-workspace/.derivedData/Build/Intermediates.noindex/DSWaveformImage.build/Debug-watchos/DSWaveformImageViews-t.build/Objects-normal/arm64_32/DSWaveformImageViews.SwiftFileList (in target 'DSWaveformImageViews' from project 'DSWaveformImage')
cd /Users/admin/builder/spi-builder-workspace
write-file /Users/admin/builder/spi-builder-workspace/.derivedData/Build/Intermediates.noindex/DSWaveformImage.build/Debug-watchos/DSWaveformImageViews-t.build/Objects-normal/arm64_32/DSWaveformImageViews.SwiftFileList
WriteAuxiliaryFile /Users/admin/builder/spi-builder-workspace/.derivedData/Build/Intermediates.noindex/DSWaveformImage.build/Debug-watchos/DSWaveformImageViews-t.build/Objects-normal/arm64_32/DSWaveformImageViews.SwiftConstValuesFileList (in target 'DSWaveformImageViews' from project 'DSWaveformImage')
cd /Users/admin/builder/spi-builder-workspace
write-file /Users/admin/builder/spi-builder-workspace/.derivedData/Build/Intermediates.noindex/DSWaveformImage.build/Debug-watchos/DSWaveformImageViews-t.build/Objects-normal/arm64_32/DSWaveformImageViews.SwiftConstValuesFileList
WriteAuxiliaryFile /Users/admin/builder/spi-builder-workspace/.derivedData/Build/Intermediates.noindex/DSWaveformImage.build/Debug-watchos/DSWaveformImageViews-t.build/Objects-normal/arm64_32/DSWaveformImageViews.LinkFileList (in target 'DSWaveformImageViews' from project 'DSWaveformImage')
cd /Users/admin/builder/spi-builder-workspace
write-file /Users/admin/builder/spi-builder-workspace/.derivedData/Build/Intermediates.noindex/DSWaveformImage.build/Debug-watchos/DSWaveformImageViews-t.build/Objects-normal/arm64_32/DSWaveformImageViews.LinkFileList
WriteAuxiliaryFile /Users/admin/builder/spi-builder-workspace/.derivedData/Build/Intermediates.noindex/DSWaveformImage.build/Debug-watchos/DSWaveformImageViews-t.build/Objects-normal/arm64_32/DSWaveformImageViews-OutputFileMap.json (in target 'DSWaveformImageViews' from project 'DSWaveformImage')
cd /Users/admin/builder/spi-builder-workspace
write-file /Users/admin/builder/spi-builder-workspace/.derivedData/Build/Intermediates.noindex/DSWaveformImage.build/Debug-watchos/DSWaveformImageViews-t.build/Objects-normal/arm64_32/DSWaveformImageViews-OutputFileMap.json
WriteAuxiliaryFile /Users/admin/builder/spi-builder-workspace/.derivedData/Build/Intermediates.noindex/DSWaveformImage.build/Debug-watchos/DSWaveformImageViews-t.build/Objects-normal/arm64/DSWaveformImageViews.SwiftFileList (in target 'DSWaveformImageViews' from project 'DSWaveformImage')
cd /Users/admin/builder/spi-builder-workspace
write-file /Users/admin/builder/spi-builder-workspace/.derivedData/Build/Intermediates.noindex/DSWaveformImage.build/Debug-watchos/DSWaveformImageViews-t.build/Objects-normal/arm64/DSWaveformImageViews.SwiftFileList
WriteAuxiliaryFile /Users/admin/builder/spi-builder-workspace/.derivedData/Build/Intermediates.noindex/DSWaveformImage.build/Debug-watchos/DSWaveformImageViews-t.build/Objects-normal/arm64/DSWaveformImageViews_const_extract_protocols.json (in target 'DSWaveformImageViews' from project 'DSWaveformImage')
cd /Users/admin/builder/spi-builder-workspace
write-file /Users/admin/builder/spi-builder-workspace/.derivedData/Build/Intermediates.noindex/DSWaveformImage.build/Debug-watchos/DSWaveformImageViews-t.build/Objects-normal/arm64/DSWaveformImageViews_const_extract_protocols.json
WriteAuxiliaryFile /Users/admin/builder/spi-builder-workspace/.derivedData/Build/Intermediates.noindex/DSWaveformImage.build/Debug-watchos/DSWaveformImageViews-t.build/Objects-normal/arm64/DSWaveformImageViews.LinkFileList (in target 'DSWaveformImageViews' from project 'DSWaveformImage')
cd /Users/admin/builder/spi-builder-workspace
write-file /Users/admin/builder/spi-builder-workspace/.derivedData/Build/Intermediates.noindex/DSWaveformImage.build/Debug-watchos/DSWaveformImageViews-t.build/Objects-normal/arm64/DSWaveformImageViews.LinkFileList
WriteAuxiliaryFile /Users/admin/builder/spi-builder-workspace/.derivedData/Build/Intermediates.noindex/DSWaveformImage.build/Debug-watchos/DSWaveformImageViews-t.build/Objects-normal/arm64/DSWaveformImageViews.SwiftConstValuesFileList (in target 'DSWaveformImageViews' from project 'DSWaveformImage')
cd /Users/admin/builder/spi-builder-workspace
write-file /Users/admin/builder/spi-builder-workspace/.derivedData/Build/Intermediates.noindex/DSWaveformImage.build/Debug-watchos/DSWaveformImageViews-t.build/Objects-normal/arm64/DSWaveformImageViews.SwiftConstValuesFileList
WriteAuxiliaryFile /Users/admin/builder/spi-builder-workspace/.derivedData/Build/Intermediates.noindex/DSWaveformImage.build/Debug-watchos/DSWaveformImageViews-t.build/Objects-normal/arm64/DSWaveformImageViews-OutputFileMap.json (in target 'DSWaveformImageViews' from project 'DSWaveformImage')
cd /Users/admin/builder/spi-builder-workspace
write-file /Users/admin/builder/spi-builder-workspace/.derivedData/Build/Intermediates.noindex/DSWaveformImage.build/Debug-watchos/DSWaveformImageViews-t.build/Objects-normal/arm64/DSWaveformImageViews-OutputFileMap.json
WriteAuxiliaryFile /Users/admin/builder/spi-builder-workspace/.derivedData/Build/Intermediates.noindex/DSWaveformImage.build/Debug-watchos/DSWaveformImageViews-t.build/DSWaveformImageViews.modulemap (in target 'DSWaveformImageViews' from project 'DSWaveformImage')
cd /Users/admin/builder/spi-builder-workspace
write-file /Users/admin/builder/spi-builder-workspace/.derivedData/Build/Intermediates.noindex/DSWaveformImage.build/Debug-watchos/DSWaveformImageViews-t.build/DSWaveformImageViews.modulemap
WriteAuxiliaryFile /Users/admin/builder/spi-builder-workspace/.derivedData/Build/Intermediates.noindex/DSWaveformImage.build/Debug-watchos/DSWaveformImageViews-t.build/DSWaveformImageViews.DependencyStaticMetadataFileList (in target 'DSWaveformImageViews' from project 'DSWaveformImage')
cd /Users/admin/builder/spi-builder-workspace
write-file /Users/admin/builder/spi-builder-workspace/.derivedData/Build/Intermediates.noindex/DSWaveformImage.build/Debug-watchos/DSWaveformImageViews-t.build/DSWaveformImageViews.DependencyStaticMetadataFileList
WriteAuxiliaryFile /Users/admin/builder/spi-builder-workspace/.derivedData/Build/Intermediates.noindex/DSWaveformImage.build/Debug-watchos/DSWaveformImageViews-t.build/DSWaveformImageViews.DependencyMetadataFileList (in target 'DSWaveformImageViews' from project 'DSWaveformImage')
cd /Users/admin/builder/spi-builder-workspace
write-file /Users/admin/builder/spi-builder-workspace/.derivedData/Build/Intermediates.noindex/DSWaveformImage.build/Debug-watchos/DSWaveformImageViews-t.build/DSWaveformImageViews.DependencyMetadataFileList
WriteAuxiliaryFile /Users/admin/builder/spi-builder-workspace/.derivedData/Build/Intermediates.noindex/DSWaveformImage.build/Debug-watchos/DSWaveformImage-t.build/Objects-normal/arm64/DSWaveformImage.LinkFileList (in target 'DSWaveformImage' from project 'DSWaveformImage')
cd /Users/admin/builder/spi-builder-workspace
write-file /Users/admin/builder/spi-builder-workspace/.derivedData/Build/Intermediates.noindex/DSWaveformImage.build/Debug-watchos/DSWaveformImage-t.build/Objects-normal/arm64/DSWaveformImage.LinkFileList
WriteAuxiliaryFile /Users/admin/builder/spi-builder-workspace/.derivedData/Build/Intermediates.noindex/DSWaveformImage.build/Debug-watchos/DSWaveformImage-t.build/Objects-normal/arm64/DSWaveformImage-OutputFileMap.json (in target 'DSWaveformImage' from project 'DSWaveformImage')
cd /Users/admin/builder/spi-builder-workspace
write-file /Users/admin/builder/spi-builder-workspace/.derivedData/Build/Intermediates.noindex/DSWaveformImage.build/Debug-watchos/DSWaveformImage-t.build/Objects-normal/arm64/DSWaveformImage-OutputFileMap.json
WriteAuxiliaryFile /Users/admin/builder/spi-builder-workspace/.derivedData/Build/Intermediates.noindex/DSWaveformImage.build/Debug-watchos/DSWaveformImage-t.build/DSWaveformImage.modulemap (in target 'DSWaveformImage' from project 'DSWaveformImage')
cd /Users/admin/builder/spi-builder-workspace
write-file /Users/admin/builder/spi-builder-workspace/.derivedData/Build/Intermediates.noindex/DSWaveformImage.build/Debug-watchos/DSWaveformImage-t.build/DSWaveformImage.modulemap
WriteAuxiliaryFile /Users/admin/builder/spi-builder-workspace/.derivedData/Build/Intermediates.noindex/DSWaveformImage.build/Debug-watchos/DSWaveformImage-t.build/DSWaveformImage.DependencyStaticMetadataFileList (in target 'DSWaveformImage' from project 'DSWaveformImage')
cd /Users/admin/builder/spi-builder-workspace
write-file /Users/admin/builder/spi-builder-workspace/.derivedData/Build/Intermediates.noindex/DSWaveformImage.build/Debug-watchos/DSWaveformImage-t.build/DSWaveformImage.DependencyStaticMetadataFileList
WriteAuxiliaryFile /Users/admin/builder/spi-builder-workspace/.derivedData/Build/Intermediates.noindex/DSWaveformImage.build/Debug-watchos/DSWaveformImage-t.build/DSWaveformImage.DependencyMetadataFileList (in target 'DSWaveformImage' from project 'DSWaveformImage')
cd /Users/admin/builder/spi-builder-workspace
write-file /Users/admin/builder/spi-builder-workspace/.derivedData/Build/Intermediates.noindex/DSWaveformImage.build/Debug-watchos/DSWaveformImage-t.build/DSWaveformImage.DependencyMetadataFileList
Copy /Users/admin/builder/spi-builder-workspace/.derivedData/Build/Intermediates.noindex/GeneratedModuleMaps-watchos/DSWaveformImageViews.modulemap /Users/admin/builder/spi-builder-workspace/.derivedData/Build/Intermediates.noindex/DSWaveformImage.build/Debug-watchos/DSWaveformImageViews-t.build/DSWaveformImageViews.modulemap (in target 'DSWaveformImageViews' from project 'DSWaveformImage')
cd /Users/admin/builder/spi-builder-workspace
builtin-copy -exclude .DS_Store -exclude CVS -exclude .svn -exclude .git -exclude .hg -resolve-src-symlinks /Users/admin/builder/spi-builder-workspace/.derivedData/Build/Intermediates.noindex/DSWaveformImage.build/Debug-watchos/DSWaveformImageViews-t.build/DSWaveformImageViews.modulemap /Users/admin/builder/spi-builder-workspace/.derivedData/Build/Intermediates.noindex/GeneratedModuleMaps-watchos
Copy /Users/admin/builder/spi-builder-workspace/.derivedData/Build/Intermediates.noindex/GeneratedModuleMaps-watchos/DSWaveformImage.modulemap /Users/admin/builder/spi-builder-workspace/.derivedData/Build/Intermediates.noindex/DSWaveformImage.build/Debug-watchos/DSWaveformImage-t.build/DSWaveformImage.modulemap (in target 'DSWaveformImage' from project 'DSWaveformImage')
cd /Users/admin/builder/spi-builder-workspace
builtin-copy -exclude .DS_Store -exclude CVS -exclude .svn -exclude .git -exclude .hg -resolve-src-symlinks /Users/admin/builder/spi-builder-workspace/.derivedData/Build/Intermediates.noindex/DSWaveformImage.build/Debug-watchos/DSWaveformImage-t.build/DSWaveformImage.modulemap /Users/admin/builder/spi-builder-workspace/.derivedData/Build/Intermediates.noindex/GeneratedModuleMaps-watchos
SwiftDriver DSWaveformImage normal arm64_32 com.apple.xcode.tools.swift.compiler (in target 'DSWaveformImage' from project 'DSWaveformImage')
cd /Users/admin/builder/spi-builder-workspace/.swiftpm/xcode
builtin-SwiftDriver -- /Applications/Xcode-27.0.0-Release.Candidate.app/Contents/Developer/Toolchains/XcodeDefault.xctoolchain/usr/bin/swiftc -parse-as-library -module-name DSWaveformImage -Onone @/Users/admin/builder/spi-builder-workspace/.derivedData/Build/Intermediates.noindex/DSWaveformImage.build/Debug-watchos/DSWaveformImage-t.build/Objects-normal/arm64_32/DSWaveformImage.SwiftFileList -DSWIFT_PACKAGE -DDEBUG -DSWIFT_MODULE_RESOURCE_BUNDLE_UNAVAILABLE -DXcode -plugin-path /Applications/Xcode-27.0.0-Release.Candidate.app/Contents/Developer/Toolchains/XcodeDefault.xctoolchain/usr/lib/swift/host/plugins/testing -enable-experimental-feature DebugDescriptionMacro -sdk /Applications/Xcode-27.0.0-Release.Candidate.app/Contents/Developer/Platforms/WatchOS.platform/Developer/SDKs/WatchOS27.0.sdk -target arm64_32-apple-watchos9.0 -g -module-cache-path /Users/admin/builder/spi-builder-workspace/.derivedData/ModuleCache.noindex -Xfrontend -serialize-debugging-options -profile-coverage-mapping -profile-generate -enable-testing -index-store-path /Users/admin/builder/spi-builder-workspace/.derivedData/Index.noindex/DataStore -Xcc -D_LIBCPP_HARDENING_MODE\=_LIBCPP_HARDENING_MODE_DEBUG -swift-version 5 -I /Users/admin/builder/spi-builder-workspace/.derivedData/Build/Products/Debug-watchos -Isystem /Applications/Xcode-27.0.0-Release.Candidate.app/Contents/Developer/Platforms/WatchOS.platform/Developer/usr/lib -F /Users/admin/builder/spi-builder-workspace/.derivedData/Build/Products/Debug-watchos -F /Applications/Xcode-27.0.0-Release.Candidate.app/Contents/Developer/Platforms/WatchOS.platform/Developer/Library/Frameworks -F /Applications/Xcode-27.0.0-Release.Candidate.app/Contents/Developer/Platforms/WatchOS.platform/Developer/SDKs/WatchOS27.0.sdk/Developer/Library/Frameworks -c -j10 -enable-batch-mode -incremental -Xcc -ivfsstatcache -Xcc /Users/admin/builder/spi-builder-workspace/.derivedData/SDKStatCaches.noindex/watchos27.0-24R360-e829b21a6f8c9b70876ba0858053c04477534ef55a1706bf4c1112bbb242f0a2.sdkstatcache -output-file-map /Users/admin/builder/spi-builder-workspace/.derivedData/Build/Intermediates.noindex/DSWaveformImage.build/Debug-watchos/DSWaveformImage-t.build/Objects-normal/arm64_32/DSWaveformImage-OutputFileMap.json -save-temps -no-color-diagnostics -explicit-module-build -module-cache-path /Users/admin/builder/spi-builder-workspace/.derivedData/Build/Intermediates.noindex/SwiftExplicitPrecompiledModules -clang-scanner-module-cache-path /Users/admin/builder/spi-builder-workspace/.derivedData/ModuleCache.noindex -sdk-module-cache-path /Users/admin/builder/spi-builder-workspace/.derivedData/SDKExplicitPrecompiledModules -emit-dependencies -emit-module -emit-module-path /Users/admin/builder/spi-builder-workspace/.derivedData/Build/Intermediates.noindex/DSWaveformImage.build/Debug-watchos/DSWaveformImage-t.build/Objects-normal/arm64_32/DSWaveformImage.swiftmodule -serialize-diagnostics -dependency-scan-serialize-diagnostics-path /Users/admin/builder/spi-builder-workspace/.derivedData/Build/Intermediates.noindex/DSWaveformImage.build/Debug-watchos/DSWaveformImage-t.build/Objects-normal/arm64_32/DSWaveformImage-dependency-scan.dia -validate-clang-modules-once -clang-build-session-file /Users/admin/builder/spi-builder-workspace/.derivedData/ModuleCache.noindex/Session.modulevalidation -Xcc -fmodules-prune-interval\=86400 -Xcc -fmodules-prune-after\=345600 -emit-const-values -const-gather-protocols-list /Users/admin/builder/spi-builder-workspace/.derivedData/Build/Intermediates.noindex/DSWaveformImage.build/Debug-watchos/DSWaveformImage-t.build/Objects-normal/arm64_32/DSWaveformImage_const_extract_protocols.json -Xcc -I/Users/admin/builder/spi-builder-workspace/.derivedData/Build/Products/Debug-watchos/include -Xcc -I/Users/admin/builder/spi-builder-workspace/.derivedData/Build/Intermediates.noindex/DSWaveformImage.build/Debug-watchos/DSWaveformImage-t.build/DerivedSources-normal/arm64_32 -Xcc -I/Users/admin/builder/spi-builder-workspace/.derivedData/Build/Intermediates.noindex/DSWaveformImage.build/Debug-watchos/DSWaveformImage-t.build/DerivedSources/arm64_32 -Xcc -I/Users/admin/builder/spi-builder-workspace/.derivedData/Build/Intermediates.noindex/DSWaveformImage.build/Debug-watchos/DSWaveformImage-t.build/DerivedSources -Xcc -DSWIFT_PACKAGE -Xcc -DDEBUG\=1 -emit-objc-header -emit-objc-header-path /Users/admin/builder/spi-builder-workspace/.derivedData/Build/Intermediates.noindex/DSWaveformImage.build/Debug-watchos/DSWaveformImage-t.build/Objects-normal/arm64_32/DSWaveformImage-Swift.h -working-directory /Users/admin/builder/spi-builder-workspace/.swiftpm/xcode -experimental-emit-module-separately -disable-cmo
SwiftDriver DSWaveformImage normal arm64 com.apple.xcode.tools.swift.compiler (in target 'DSWaveformImage' from project 'DSWaveformImage')
cd /Users/admin/builder/spi-builder-workspace/.swiftpm/xcode
builtin-SwiftDriver -- /Applications/Xcode-27.0.0-Release.Candidate.app/Contents/Developer/Toolchains/XcodeDefault.xctoolchain/usr/bin/swiftc -parse-as-library -module-name DSWaveformImage -Onone @/Users/admin/builder/spi-builder-workspace/.derivedData/Build/Intermediates.noindex/DSWaveformImage.build/Debug-watchos/DSWaveformImage-t.build/Objects-normal/arm64/DSWaveformImage.SwiftFileList -DSWIFT_PACKAGE -DDEBUG -DSWIFT_MODULE_RESOURCE_BUNDLE_UNAVAILABLE -DXcode -plugin-path /Applications/Xcode-27.0.0-Release.Candidate.app/Contents/Developer/Toolchains/XcodeDefault.xctoolchain/usr/lib/swift/host/plugins/testing -enable-experimental-feature DebugDescriptionMacro -sdk /Applications/Xcode-27.0.0-Release.Candidate.app/Contents/Developer/Platforms/WatchOS.platform/Developer/SDKs/WatchOS27.0.sdk -target arm64-apple-watchos9.0 -g -module-cache-path /Users/admin/builder/spi-builder-workspace/.derivedData/ModuleCache.noindex -Xfrontend -serialize-debugging-options -profile-coverage-mapping -profile-generate -enable-testing -index-store-path /Users/admin/builder/spi-builder-workspace/.derivedData/Index.noindex/DataStore -Xcc -D_LIBCPP_HARDENING_MODE\=_LIBCPP_HARDENING_MODE_DEBUG -swift-version 5 -I /Users/admin/builder/spi-builder-workspace/.derivedData/Build/Products/Debug-watchos -Isystem /Applications/Xcode-27.0.0-Release.Candidate.app/Contents/Developer/Platforms/WatchOS.platform/Developer/usr/lib -F /Users/admin/builder/spi-builder-workspace/.derivedData/Build/Products/Debug-watchos -F /Applications/Xcode-27.0.0-Release.Candidate.app/Contents/Developer/Platforms/WatchOS.platform/Developer/Library/Frameworks -F /Applications/Xcode-27.0.0-Release.Candidate.app/Contents/Developer/Platforms/WatchOS.platform/Developer/SDKs/WatchOS27.0.sdk/Developer/Library/Frameworks -c -j10 -enable-batch-mode -incremental -Xcc -ivfsstatcache -Xcc /Users/admin/builder/spi-builder-workspace/.derivedData/SDKStatCaches.noindex/watchos27.0-24R360-e829b21a6f8c9b70876ba0858053c04477534ef55a1706bf4c1112bbb242f0a2.sdkstatcache -output-file-map /Users/admin/builder/spi-builder-workspace/.derivedData/Build/Intermediates.noindex/DSWaveformImage.build/Debug-watchos/DSWaveformImage-t.build/Objects-normal/arm64/DSWaveformImage-OutputFileMap.json -save-temps -no-color-diagnostics -explicit-module-build -module-cache-path /Users/admin/builder/spi-builder-workspace/.derivedData/Build/Intermediates.noindex/SwiftExplicitPrecompiledModules -clang-scanner-module-cache-path /Users/admin/builder/spi-builder-workspace/.derivedData/ModuleCache.noindex -sdk-module-cache-path /Users/admin/builder/spi-builder-workspace/.derivedData/SDKExplicitPrecompiledModules -emit-dependencies -emit-module -emit-module-path /Users/admin/builder/spi-builder-workspace/.derivedData/Build/Intermediates.noindex/DSWaveformImage.build/Debug-watchos/DSWaveformImage-t.build/Objects-normal/arm64/DSWaveformImage.swiftmodule -serialize-diagnostics -dependency-scan-serialize-diagnostics-path /Users/admin/builder/spi-builder-workspace/.derivedData/Build/Intermediates.noindex/DSWaveformImage.build/Debug-watchos/DSWaveformImage-t.build/Objects-normal/arm64/DSWaveformImage-dependency-scan.dia -validate-clang-modules-once -clang-build-session-file /Users/admin/builder/spi-builder-workspace/.derivedData/ModuleCache.noindex/Session.modulevalidation -Xcc -fmodules-prune-interval\=86400 -Xcc -fmodules-prune-after\=345600 -emit-const-values -const-gather-protocols-list /Users/admin/builder/spi-builder-workspace/.derivedData/Build/Intermediates.noindex/DSWaveformImage.build/Debug-watchos/DSWaveformImage-t.build/Objects-normal/arm64/DSWaveformImage_const_extract_protocols.json -Xcc -I/Users/admin/builder/spi-builder-workspace/.derivedData/Build/Products/Debug-watchos/include -Xcc -I/Users/admin/builder/spi-builder-workspace/.derivedData/Build/Intermediates.noindex/DSWaveformImage.build/Debug-watchos/DSWaveformImage-t.build/DerivedSources-normal/arm64 -Xcc -I/Users/admin/builder/spi-builder-workspace/.derivedData/Build/Intermediates.noindex/DSWaveformImage.build/Debug-watchos/DSWaveformImage-t.build/DerivedSources/arm64 -Xcc -I/Users/admin/builder/spi-builder-workspace/.derivedData/Build/Intermediates.noindex/DSWaveformImage.build/Debug-watchos/DSWaveformImage-t.build/DerivedSources -Xcc -DSWIFT_PACKAGE -Xcc -DDEBUG\=1 -emit-objc-header -emit-objc-header-path /Users/admin/builder/spi-builder-workspace/.derivedData/Build/Intermediates.noindex/DSWaveformImage.build/Debug-watchos/DSWaveformImage-t.build/Objects-normal/arm64/DSWaveformImage-Swift.h -working-directory /Users/admin/builder/spi-builder-workspace/.swiftpm/xcode -experimental-emit-module-separately -disable-cmo
SwiftExplicitDependencyGeneratePcm arm64 /Users/admin/builder/spi-builder-workspace/.derivedData/SDKExplicitPrecompiledModules/_Builtin_stdarg-A7UU8LE6MP85SM26YO7PBZNUQ.pcm
SwiftExplicitDependencyGeneratePcm arm64 /Users/admin/builder/spi-builder-workspace/.derivedData/SDKExplicitPrecompiledModules/ptrcheck-AIF0NDOYZ8ORBNHQAQR5NNB8M.pcm
SwiftExplicitDependencyGeneratePcm arm64 /Users/admin/builder/spi-builder-workspace/.derivedData/SDKExplicitPrecompiledModules/SwiftShims-4MXFZPV6FEB0XBYXCGPWAMQGL.pcm
SwiftExplicitDependencyGeneratePcm arm64 /Users/admin/builder/spi-builder-workspace/.derivedData/SDKExplicitPrecompiledModules/ptrauth-3TZ9WJCGLYD25HQPWH4968ONX.pcm
SwiftExplicitDependencyGeneratePcm arm64 /Users/admin/builder/spi-builder-workspace/.derivedData/SDKExplicitPrecompiledModules/_AvailabilityInternal-BUNV3UXM65NT37THI4W1AM0SF.pcm
SwiftExplicitDependencyGeneratePcm arm64 /Users/admin/builder/spi-builder-workspace/.derivedData/SDKExplicitPrecompiledModules/_Builtin_stdbool-83J96QSOFE9VX04AAS6310UAE.pcm
SwiftExplicitDependencyGeneratePcm arm64 /Users/admin/builder/spi-builder-workspace/.derivedData/SDKExplicitPrecompiledModules/_Builtin_stddef-1FU30Y8SWFB7OUUHMJQH5J6FM.pcm
SwiftExplicitDependencyGeneratePcm arm64 /Users/admin/builder/spi-builder-workspace/.derivedData/SDKExplicitPrecompiledModules/DeveloperToolsSupport-E7CNISCB36UE8XQ9IOHK9XDX1.pcm
SwiftExplicitDependencyGeneratePcm arm64 /Users/admin/builder/spi-builder-workspace/.derivedData/SDKExplicitPrecompiledModules/_SwiftConcurrencyShims-659N52XSKR5F0QSB880BH2FJR.pcm
SwiftExplicitDependencyGeneratePcm arm64 /Users/admin/builder/spi-builder-workspace/.derivedData/SDKExplicitPrecompiledModules/_Builtin_float-C0CW5Q4HGBQYKE77TC42IAFB5.pcm
SwiftExplicitDependencyGeneratePcm arm64_32 /Users/admin/builder/spi-builder-workspace/.derivedData/SDKExplicitPrecompiledModules/ptrauth-BFXF358ME5AK535N5A9Z766WU.pcm
SwiftExplicitDependencyGeneratePcm arm64_32 /Users/admin/builder/spi-builder-workspace/.derivedData/SDKExplicitPrecompiledModules/ptrcheck-7ELIH9BTIGVKX3UBITM9N72WD.pcm
SwiftExplicitDependencyGeneratePcm arm64_32 /Users/admin/builder/spi-builder-workspace/.derivedData/SDKExplicitPrecompiledModules/_Builtin_stddef-H44EFHQX6XSS5MZ7QP6YJZ76.pcm
SwiftExplicitDependencyGeneratePcm arm64_32 /Users/admin/builder/spi-builder-workspace/.derivedData/SDKExplicitPrecompiledModules/_SwiftConcurrencyShims-6RTBPQ03V7BM9SPRK8SUE055H.pcm
SwiftExplicitDependencyGeneratePcm arm64_32 /Users/admin/builder/spi-builder-workspace/.derivedData/SDKExplicitPrecompiledModules/_AvailabilityInternal-244WAN3Z1QBT7PIA64EZEFY1R.pcm
SwiftExplicitDependencyGeneratePcm arm64_32 /Users/admin/builder/spi-builder-workspace/.derivedData/SDKExplicitPrecompiledModules/_Builtin_stdarg-D305JG44A2WPI6CJY37X3QJE8.pcm
SwiftExplicitDependencyGeneratePcm arm64_32 /Users/admin/builder/spi-builder-workspace/.derivedData/SDKExplicitPrecompiledModules/DeveloperToolsSupport-DZU5G1OCMNWU0AQRULIFHUJ1Z.pcm
SwiftExplicitDependencyGeneratePcm arm64_32 /Users/admin/builder/spi-builder-workspace/.derivedData/SDKExplicitPrecompiledModules/_Builtin_float-6KO8O3PEWRCA4WC6PPLOYO6WJ.pcm
SwiftExplicitDependencyGeneratePcm arm64_32 /Users/admin/builder/spi-builder-workspace/.derivedData/SDKExplicitPrecompiledModules/_Builtin_stdbool-A967K8W8YUYEC9SN52KJ7OO88.pcm
SwiftExplicitDependencyGeneratePcm arm64_32 /Users/admin/builder/spi-builder-workspace/.derivedData/SDKExplicitPrecompiledModules/SwiftShims-9CQQGWTSNTN9EB5NSHDWUJICH.pcm
SwiftExplicitDependencyGeneratePcm arm64 /Users/admin/builder/spi-builder-workspace/.derivedData/SDKExplicitPrecompiledModules/_DarwinFoundation1-7SPX3MD0HMP55E4OLNCPNDQ53.pcm
SwiftExplicitDependencyGeneratePcm arm64_32 /Users/admin/builder/spi-builder-workspace/.derivedData/SDKExplicitPrecompiledModules/_DarwinFoundation1-2GWF9RFMPLQW4PDHS3NARVI3G.pcm
SwiftExplicitDependencyGeneratePcm arm64 /Users/admin/builder/spi-builder-workspace/.derivedData/SDKExplicitPrecompiledModules/_DarwinFoundation2-D0XAPJU49S5E9XMKYOFGSTB1Q.pcm
SwiftExplicitDependencyGeneratePcm arm64 /Users/admin/builder/spi-builder-workspace/.derivedData/SDKExplicitPrecompiledModules/_Builtin_limits-9GWPA2B0H20DYUNYHYCWKABJG.pcm
SwiftExplicitDependencyGeneratePcm arm64_32 /Users/admin/builder/spi-builder-workspace/.derivedData/SDKExplicitPrecompiledModules/_Builtin_limits-3VKBU2AFTD65PAJZ5CJ3LHFM2.pcm
SwiftExplicitDependencyGeneratePcm arm64_32 /Users/admin/builder/spi-builder-workspace/.derivedData/SDKExplicitPrecompiledModules/_DarwinFoundation2-9MY8GOSYRO0M9MKNXF6D3MBNK.pcm
SwiftExplicitDependencyGeneratePcm arm64 /Users/admin/builder/spi-builder-workspace/.derivedData/SDKExplicitPrecompiledModules/_Builtin_tgmath-8NQ96OZ0YHXEC24JI95P01UF8.pcm
SwiftExplicitDependencyGeneratePcm arm64 /Users/admin/builder/spi-builder-workspace/.derivedData/SDKExplicitPrecompiledModules/_Builtin_stdint-8XMILLJZEGRN2XG7XZUXZ5RLX.pcm
SwiftExplicitDependencyGeneratePcm arm64 /Users/admin/builder/spi-builder-workspace/.derivedData/SDKExplicitPrecompiledModules/sys_types-2KXQLI78OUCDP779AE68GZJ2.pcm
SwiftExplicitDependencyGeneratePcm arm64 /Users/admin/builder/spi-builder-workspace/.derivedData/SDKExplicitPrecompiledModules/string_h-E6PRXK75PHIPCZFWOFCQ3QBMK.pcm
SwiftExplicitDependencyGeneratePcm arm64_32 /Users/admin/builder/spi-builder-workspace/.derivedData/SDKExplicitPrecompiledModules/string_h-BFVLUQUSBZWYMLCU9QI7VZALW.pcm
SwiftExplicitDependencyGeneratePcm arm64_32 /Users/admin/builder/spi-builder-workspace/.derivedData/SDKExplicitPrecompiledModules/sys_types-8TLLMW08ZJWDGIIPKOYFGHHZW.pcm
SwiftExplicitDependencyGeneratePcm arm64_32 /Users/admin/builder/spi-builder-workspace/.derivedData/SDKExplicitPrecompiledModules/_Builtin_stdint-1HMXWI3V0V4TXHRWZOMZGZ80Y.pcm
SwiftExplicitDependencyGeneratePcm arm64_32 /Users/admin/builder/spi-builder-workspace/.derivedData/SDKExplicitPrecompiledModules/_Builtin_tgmath-23PGCKURCQILXMK0MYZRYDCOU.pcm
SwiftExplicitDependencyGeneratePcm arm64 /Users/admin/builder/spi-builder-workspace/.derivedData/SDKExplicitPrecompiledModules/_Builtin_stdatomic-7JEFA3KBJJJN6TKJWY3OG1VG5.pcm
SwiftExplicitDependencyGeneratePcm arm64 /Users/admin/builder/spi-builder-workspace/.derivedData/SDKExplicitPrecompiledModules/_DarwinFoundation3-B97LRG0E9GON2NUE65TVG81HU.pcm
SwiftExplicitDependencyGeneratePcm arm64 /Users/admin/builder/spi-builder-workspace/.derivedData/SDKExplicitPrecompiledModules/_Builtin_intrinsics-75960HIPCIYA06IUW8FIIPQT.pcm
SwiftExplicitDependencyGeneratePcm arm64_32 /Users/admin/builder/spi-builder-workspace/.derivedData/SDKExplicitPrecompiledModules/_DarwinFoundation3-3DUTYQDQSD9HUAAVY947NMWOI.pcm
SwiftExplicitDependencyGeneratePcm arm64_32 /Users/admin/builder/spi-builder-workspace/.derivedData/SDKExplicitPrecompiledModules/_Builtin_intrinsics-196IIAKDQVU42DLOZP9OQCV76.pcm
SwiftExplicitDependencyGeneratePcm arm64_32 /Users/admin/builder/spi-builder-workspace/.derivedData/SDKExplicitPrecompiledModules/_Builtin_stdatomic-1TY035TURL76BF2U98PZPPZRX.pcm
SwiftExplicitDependencyGeneratePcm arm64 /Users/admin/builder/spi-builder-workspace/.derivedData/SDKExplicitPrecompiledModules/_Builtin_inttypes-3UQSCM7WNM9EK4HZML8TY5J3D.pcm
SwiftExplicitDependencyGeneratePcm arm64_32 /Users/admin/builder/spi-builder-workspace/.derivedData/SDKExplicitPrecompiledModules/_Builtin_inttypes-D2KPCR4PEX9AQA33NGLUT5SBR.pcm
SwiftExplicitDependencyGeneratePcm arm64 /Users/admin/builder/spi-builder-workspace/.derivedData/SDKExplicitPrecompiledModules/Darwin-3984OXKFNSPE77NT743WK8SEX.pcm
SwiftExplicitDependencyGeneratePcm arm64_32 /Users/admin/builder/spi-builder-workspace/.derivedData/SDKExplicitPrecompiledModules/Darwin-3FVT1SKLN2ZQ5RVOABMTQBB34.pcm
SwiftExplicitDependencyGeneratePcm arm64 /Users/admin/builder/spi-builder-workspace/.derivedData/SDKExplicitPrecompiledModules/simd-EH08NODU6574T74ZKU61VP9BW.pcm
SwiftExplicitDependencyGeneratePcm arm64_32 /Users/admin/builder/spi-builder-workspace/.derivedData/SDKExplicitPrecompiledModules/simd-21UNWYOBUZI1LVSQ99S1XBLMO.pcm
SwiftExplicitDependencyGeneratePcm arm64 /Users/admin/builder/spi-builder-workspace/.derivedData/SDKExplicitPrecompiledModules/ObjectiveC-72IVD3VS2RS8Q28D9PIMY0KQP.pcm
SwiftExplicitDependencyGeneratePcm arm64 /Users/admin/builder/spi-builder-workspace/.derivedData/SDKExplicitPrecompiledModules/MachO-2U90NNSAQILBNBPS1SA4F8TYP.pcm
SwiftExplicitDependencyGeneratePcm arm64_32 /Users/admin/builder/spi-builder-workspace/.derivedData/SDKExplicitPrecompiledModules/ObjectiveC-6IJNELR2E80E7LUKESVCP2KET.pcm
SwiftExplicitDependencyGeneratePcm arm64_32 /Users/admin/builder/spi-builder-workspace/.derivedData/SDKExplicitPrecompiledModules/MachO-56838ZJ0NC1EBAJ0O6O8QMPDX.pcm
SwiftExplicitDependencyGeneratePcm arm64 /Users/admin/builder/spi-builder-workspace/.derivedData/SDKExplicitPrecompiledModules/os_object-3SDKD7F87FTZ26OON37DRYT6O.pcm
SwiftExplicitDependencyGeneratePcm arm64_32 /Users/admin/builder/spi-builder-workspace/.derivedData/SDKExplicitPrecompiledModules/os_object-5YWTC6L4756IWSTPGXS5NM0D0.pcm
SwiftExplicitDependencyGeneratePcm arm64 /Users/admin/builder/spi-builder-workspace/.derivedData/SDKExplicitPrecompiledModules/os_workgroup-89GG5G7YC2D0ZTK6AZXXQ20DH.pcm
SwiftExplicitDependencyGeneratePcm arm64_32 /Users/admin/builder/spi-builder-workspace/.derivedData/SDKExplicitPrecompiledModules/os_workgroup-5JHTPDMNBUNHLJI8LPHKQK1JK.pcm
SwiftExplicitDependencyGeneratePcm arm64 /Users/admin/builder/spi-builder-workspace/.derivedData/SDKExplicitPrecompiledModules/Dispatch-1NLJOVAK60XP0DUB05XA59EIM.pcm
SwiftExplicitDependencyGeneratePcm arm64 /Users/admin/builder/spi-builder-workspace/.derivedData/SDKExplicitPrecompiledModules/Spatial-44FJGYXFAT2AQAW9Z6T7YS02U.pcm
SwiftExplicitDependencyGeneratePcm arm64_32 /Users/admin/builder/spi-builder-workspace/.derivedData/SDKExplicitPrecompiledModules/Dispatch-2P62F1T4XV63S4P99TUDTOK2Q.pcm
SwiftExplicitDependencyGeneratePcm arm64_32 /Users/admin/builder/spi-builder-workspace/.derivedData/SDKExplicitPrecompiledModules/Spatial-CWVWNML3T0NXVHZDKVLD3X1YZ.pcm
SwiftExplicitDependencyGeneratePcm arm64 /Users/admin/builder/spi-builder-workspace/.derivedData/SDKExplicitPrecompiledModules/XPC-40DR0X1DHKGCV4J1IOLFS8MOU.pcm
SwiftExplicitDependencyGeneratePcm arm64 /Users/admin/builder/spi-builder-workspace/.derivedData/SDKExplicitPrecompiledModules/CoreFoundation-8T2L24YC5NU7WO6WQJWRY7W08.pcm
SwiftExplicitDependencyGeneratePcm arm64_32 /Users/admin/builder/spi-builder-workspace/.derivedData/SDKExplicitPrecompiledModules/XPC-81Y45QFY96XYYFCW2GT6FY8S4.pcm
SwiftExplicitDependencyGeneratePcm arm64_32 /Users/admin/builder/spi-builder-workspace/.derivedData/SDKExplicitPrecompiledModules/CoreFoundation-8E6Y4BA3EXYKUGJ24GT9LGV3N.pcm
SwiftExplicitDependencyGeneratePcm arm64 /Users/admin/builder/spi-builder-workspace/.derivedData/SDKExplicitPrecompiledModules/os-5DIL6Z9LFIGLMZAHM7X2T5435.pcm
SwiftExplicitDependencyGeneratePcm arm64_32 /Users/admin/builder/spi-builder-workspace/.derivedData/SDKExplicitPrecompiledModules/os-E5IGB442IA6SBB25TTCOLK2OC.pcm
SwiftExplicitDependencyGeneratePcm arm64 /Users/admin/builder/spi-builder-workspace/.derivedData/SDKExplicitPrecompiledModules/Security-6RZ6YBRU8WCUHRFFRVUK5WKMM.pcm
SwiftExplicitDependencyGeneratePcm arm64 /Users/admin/builder/spi-builder-workspace/.derivedData/SDKExplicitPrecompiledModules/CoreAudioTypes-A9MF7N5LT63G21HNFVM6BT14B.pcm
SwiftExplicitDependencyGeneratePcm arm64 /Users/admin/builder/spi-builder-workspace/.derivedData/SDKExplicitPrecompiledModules/CoreGraphics-DWNZ73GEH98SBJXZ7DEXB420K.pcm
SwiftExplicitDependencyGeneratePcm arm64_32 /Users/admin/builder/spi-builder-workspace/.derivedData/SDKExplicitPrecompiledModules/Security-D7TOWF88VWF67TB9HAFP5UWB1.pcm
SwiftExplicitDependencyGeneratePcm arm64_32 /Users/admin/builder/spi-builder-workspace/.derivedData/SDKExplicitPrecompiledModules/CoreGraphics-9FDXYX6BKBUT6TJ2VF819E7T5.pcm
SwiftExplicitDependencyGeneratePcm arm64_32 /Users/admin/builder/spi-builder-workspace/.derivedData/SDKExplicitPrecompiledModules/CoreAudioTypes-9GVB1DHA32M46R4A9NWSI3I2K.pcm
SwiftExplicitDependencyGeneratePcm arm64_32 /Users/admin/builder/spi-builder-workspace/.derivedData/SDKExplicitPrecompiledModules/CoreAudio-5W6MX6OUPWBMUR8VD5LHT1PZF.pcm
SwiftExplicitDependencyGeneratePcm arm64 /Users/admin/builder/spi-builder-workspace/.derivedData/SDKExplicitPrecompiledModules/CoreAudio-1B79RJJTP71GE6UY9WLESAN3C.pcm
SwiftExplicitDependencyGeneratePcm arm64_32 /Users/admin/builder/spi-builder-workspace/.derivedData/SDKExplicitPrecompiledModules/Foundation-BJ2VQGI3OGR34500MEQ1VKHPH.pcm
SwiftExplicitDependencyGeneratePcm arm64 /Users/admin/builder/spi-builder-workspace/.derivedData/SDKExplicitPrecompiledModules/Foundation-DLBKUSGXN8QHAT8W0OARR9S8A.pcm
SwiftExplicitDependencyGeneratePcm arm64 /Users/admin/builder/spi-builder-workspace/.derivedData/SDKExplicitPrecompiledModules/ImageIO-208F4GO13XRG67XXLAMH07N4X.pcm
SwiftExplicitDependencyGeneratePcm arm64 /Users/admin/builder/spi-builder-workspace/.derivedData/SDKExplicitPrecompiledModules/CoreText-970YJN6NIYGK1316L35Z0O8QT.pcm
SwiftExplicitDependencyGeneratePcm arm64 /Users/admin/builder/spi-builder-workspace/.derivedData/SDKExplicitPrecompiledModules/CoreVideo-8MRR5MNWUOAW2DBPGUQ8FKK4.pcm
SwiftExplicitDependencyGeneratePcm arm64_32 /Users/admin/builder/spi-builder-workspace/.derivedData/SDKExplicitPrecompiledModules/CoreText-C9X2REPZN2V5BSU4G80FCETDR.pcm
SwiftExplicitDependencyGeneratePcm arm64_32 /Users/admin/builder/spi-builder-workspace/.derivedData/SDKExplicitPrecompiledModules/CoreVideo-2P8HI0403J99LBDPKNFJ5D4DL.pcm
SwiftExplicitDependencyGeneratePcm arm64_32 /Users/admin/builder/spi-builder-workspace/.derivedData/SDKExplicitPrecompiledModules/ImageIO-2Y4S05VUFWLNTRW92S35BUMG8.pcm
SwiftExplicitDependencyGeneratePcm arm64 /Users/admin/builder/spi-builder-workspace/.derivedData/SDKExplicitPrecompiledModules/CoreMedia-1AJVCUZNAO74KIKMFVFUUHWDI.pcm
SwiftExplicitDependencyGeneratePcm arm64 /Users/admin/builder/spi-builder-workspace/.derivedData/SDKExplicitPrecompiledModules/Accelerate-28ES2UAMDN4QG4BXE6ZO309NT.pcm
SwiftExplicitDependencyGeneratePcm arm64_32 /Users/admin/builder/spi-builder-workspace/.derivedData/SDKExplicitPrecompiledModules/CoreMedia-AO387T8CHWTTZODD1DGT0UAFA.pcm
SwiftExplicitDependencyGeneratePcm arm64_32 /Users/admin/builder/spi-builder-workspace/.derivedData/SDKExplicitPrecompiledModules/Accelerate-34RID1ZBY3BK39CTD4WYM062U.pcm
SwiftExplicitDependencyGeneratePcm arm64 /Users/admin/builder/spi-builder-workspace/.derivedData/SDKExplicitPrecompiledModules/UserNotifications-ARAH8MEQ0C2L0FBO39HITJMAO.pcm
SwiftExplicitDependencyGeneratePcm arm64 /Users/admin/builder/spi-builder-workspace/.derivedData/SDKExplicitPrecompiledModules/_LocationEssentials-5ZZDGDXB6HLQUC72SJW7YJ7MK.pcm
SwiftExplicitDependencyGeneratePcm arm64 /Users/admin/builder/spi-builder-workspace/.derivedData/SDKExplicitPrecompiledModules/Accessibility-27QMG6ZQ1NKYTNBYFPM1XKNFC.pcm
SwiftExplicitDependencyGeneratePcm arm64 /Users/admin/builder/spi-builder-workspace/.derivedData/SDKExplicitPrecompiledModules/QuartzCore-94KFMWNOU7ZLUZNB4T5DLZC9D.pcm
SwiftExplicitDependencyGeneratePcm arm64 /Users/admin/builder/spi-builder-workspace/.derivedData/SDKExplicitPrecompiledModules/Symbols-3EFABTJ9L5PQDJ7RQCYQWEJMM.pcm
SwiftExplicitDependencyGeneratePcm arm64 /Users/admin/builder/spi-builder-workspace/.derivedData/SDKExplicitPrecompiledModules/CoreTransferable-9PPG3SLJ55T4LITIFYX2M0NOZ.pcm
SwiftExplicitDependencyGeneratePcm arm64 /Users/admin/builder/spi-builder-workspace/.derivedData/SDKExplicitPrecompiledModules/CoreMIDI-DMNFPOXYVF7STUO5GNB3DF2BQ.pcm
SwiftExplicitDependencyGeneratePcm arm64 /Users/admin/builder/spi-builder-workspace/.derivedData/SDKExplicitPrecompiledModules/UniformTypeIdentifiers-8L08Q8DQJV8C4AW84YVGFGTRN.pcm
SwiftExplicitDependencyGeneratePcm arm64 /Users/admin/builder/spi-builder-workspace/.derivedData/SDKExplicitPrecompiledModules/OSLog-B7VGO357Y3GJG35TST7DKDSI3.pcm
SwiftExplicitDependencyGeneratePcm arm64_32 /Users/admin/builder/spi-builder-workspace/.derivedData/SDKExplicitPrecompiledModules/UserNotifications-6TBN8TEAKO014N1T2QD926XED.pcm
SwiftExplicitDependencyGeneratePcm arm64_32 /Users/admin/builder/spi-builder-workspace/.derivedData/SDKExplicitPrecompiledModules/DataDetection-U9BF7WHFVA6BZGFXXXP272PS.pcm
SwiftExplicitDependencyGeneratePcm arm64 /Users/admin/builder/spi-builder-workspace/.derivedData/SDKExplicitPrecompiledModules/CoreLocation-ACKJ9K7ABI14F97Y46Y6SRR17.pcm
SwiftExplicitDependencyGeneratePcm arm64_32 /Users/admin/builder/spi-builder-workspace/.derivedData/SDKExplicitPrecompiledModules/QuartzCore-6375NPYACK5NYVHPMC1QQ8MC2.pcm
SwiftExplicitDependencyGeneratePcm arm64_32 /Users/admin/builder/spi-builder-workspace/.derivedData/SDKExplicitPrecompiledModules/UniformTypeIdentifiers-CJZ3NTHPSBH4XWX5EVOG56UZS.pcm
SwiftExplicitDependencyGeneratePcm arm64_32 /Users/admin/builder/spi-builder-workspace/.derivedData/SDKExplicitPrecompiledModules/CoreMIDI-8Q3SSIDM9J726670QKKYTPP3W.pcm
SwiftExplicitDependencyGeneratePcm arm64_32 /Users/admin/builder/spi-builder-workspace/.derivedData/SDKExplicitPrecompiledModules/OSLog-D9AVFY0KWO7RVBIQ73CBIJVCN.pcm
SwiftExplicitDependencyGeneratePcm arm64 /Users/admin/builder/spi-builder-workspace/.derivedData/SDKExplicitPrecompiledModules/SwiftUICore-C1DST1IX2Z0PTH5SJJZ1IULRB.pcm
SwiftExplicitDependencyGeneratePcm arm64_32 /Users/admin/builder/spi-builder-workspace/.derivedData/SDKExplicitPrecompiledModules/_LocationEssentials-AQ1OL9QKC3LQLY5CNSRM1HB53.pcm
SwiftExplicitDependencyGeneratePcm arm64 /Users/admin/builder/spi-builder-workspace/.derivedData/SDKExplicitPrecompiledModules/DataDetection-7BNVI1SZW5ISQL5SX4WL2X7I5.pcm
SwiftExplicitDependencyGeneratePcm arm64 /Users/admin/builder/spi-builder-workspace/.derivedData/SDKExplicitPrecompiledModules/AVFAudio-6A028BJEJQTO3623H6QZ4E26C.pcm
SwiftExplicitDependencyGeneratePcm arm64_32 /Users/admin/builder/spi-builder-workspace/.derivedData/SDKExplicitPrecompiledModules/UIUtilities-9YFVNIMRC5HRVOIARNWHP1E3H.pcm
SwiftExplicitDependencyGeneratePcm arm64_32 /Users/admin/builder/spi-builder-workspace/.derivedData/SDKExplicitPrecompiledModules/Accessibility-F385OMZ5GYBUY5O4QAJB4NRII.pcm
SwiftExplicitDependencyGeneratePcm arm64_32 /Users/admin/builder/spi-builder-workspace/.derivedData/SDKExplicitPrecompiledModules/Symbols-1H97WMG76HU94F5VGJR19PXFY.pcm
SwiftExplicitDependencyGeneratePcm arm64_32 /Users/admin/builder/spi-builder-workspace/.derivedData/SDKExplicitPrecompiledModules/SwiftUICore-3Q7WLRD8MR9R3NGIPUBQCP6F6.pcm
SwiftExplicitDependencyGeneratePcm arm64 /Users/admin/builder/spi-builder-workspace/.derivedData/SDKExplicitPrecompiledModules/CoreMotion-6RD5K48QT1F4L9CATNFD2O7YB.pcm
SwiftExplicitDependencyGeneratePcm arm64_32 /Users/admin/builder/spi-builder-workspace/.derivedData/SDKExplicitPrecompiledModules/CoreLocation-8XU5YMYM4P11RQMYCQAG65ITK.pcm
SwiftExplicitDependencyGeneratePcm arm64_32 /Users/admin/builder/spi-builder-workspace/.derivedData/SDKExplicitPrecompiledModules/AVFAudio-E592LPPEJNCSUD5VBNV0IP3RS.pcm
SwiftExplicitDependencyGeneratePcm arm64 /Users/admin/builder/spi-builder-workspace/.derivedData/SDKExplicitPrecompiledModules/UIUtilities-IR7RNW23VAUKYI9MLCS9NL9A.pcm
SwiftExplicitDependencyGeneratePcm arm64_32 /Users/admin/builder/spi-builder-workspace/.derivedData/SDKExplicitPrecompiledModules/CoreTransferable-5D4IR6X37682FPHJ5CBPTKQV6.pcm
SwiftExplicitDependencyGeneratePcm arm64 /Users/admin/builder/spi-builder-workspace/.derivedData/SDKExplicitPrecompiledModules/UIKit-27R3P1YMV4C6JLDT661G3MRIA.pcm
SwiftExplicitDependencyGeneratePcm arm64 /Users/admin/builder/spi-builder-workspace/.derivedData/SDKExplicitPrecompiledModules/AVFoundation-78VW43DHMXH57E9M5JLISD2E9.pcm
SwiftExplicitDependencyGeneratePcm arm64_32 /Users/admin/builder/spi-builder-workspace/.derivedData/SDKExplicitPrecompiledModules/CoreMotion-1XGTVTE5PP32UHME8AC63TL6.pcm
SwiftExplicitDependencyGeneratePcm arm64_32 /Users/admin/builder/spi-builder-workspace/.derivedData/SDKExplicitPrecompiledModules/AVFoundation-EPE1OBOP1126QTAL5QEGZFKYT.pcm
SwiftExplicitDependencyGeneratePcm arm64_32 /Users/admin/builder/spi-builder-workspace/.derivedData/SDKExplicitPrecompiledModules/UIKit-6PPV7YPZ89CZPHYAP072QH8B6.pcm
SwiftEmitModule normal arm64 Emitting\ module\ for\ DSWaveformImage (in target 'DSWaveformImage' from project 'DSWaveformImage')
/Users/admin/builder/spi-builder-workspace/Sources/DSWaveformImage/WaveformAnalyzer.swift:25:26: error: 'AVAssetReader' is unavailable in watchOS
23 | case userError
24 | case emptyTracks
25 | case readerError(AVAssetReader.Status)
| `- error: 'AVAssetReader' is unavailable in watchOS
26 | /// The `channelSelection: .specific(index)` requested a channel that doesn't exist on the audio track.
27 | /// `available` is the actual channel count of the track.
/Applications/Xcode-27.0.0-Release.Candidate.app/Contents/Developer/Platforms/WatchOS.platform/Developer/SDKs/WatchOS27.0.sdk/System/Library/Frameworks/AVFoundation.framework/Headers/AVAssetReader.h:63:12: note: 'AVAssetReader' has been explicitly marked unavailable here
61 | NS_SWIFT_NONSENDABLE
62 | API_AVAILABLE(macos(10.7), ios(4.1), tvos(9.0), visionos(1.0)) API_UNAVAILABLE(watchos)
63 | @interface AVAssetReader : NSObject
| `- note: 'AVAssetReader' has been explicitly marked unavailable here
64 | {
65 | @private
/Users/admin/builder/spi-builder-workspace/Sources/DSWaveformImage/WaveformAnalyzer.swift:102:33: error: 'AVAssetReader' is unavailable in watchOS
100 | func waveformSamples(
101 | track audioAssetTrack: AVAssetTrack,
102 | reader assetReader: AVAssetReader,
| `- error: 'AVAssetReader' is unavailable in watchOS
103 | count requiredNumberOfSamples: Int,
104 | channelSelection: Waveform.ChannelSelection = .merged,
/Applications/Xcode-27.0.0-Release.Candidate.app/Contents/Developer/Platforms/WatchOS.platform/Developer/SDKs/WatchOS27.0.sdk/System/Library/Frameworks/AVFoundation.framework/Headers/AVAssetReader.h:63:12: note: 'AVAssetReader' has been explicitly marked unavailable here
61 | NS_SWIFT_NONSENDABLE
62 | API_AVAILABLE(macos(10.7), ios(4.1), tvos(9.0), visionos(1.0)) API_UNAVAILABLE(watchos)
63 | @interface AVAssetReader : NSObject
| `- note: 'AVAssetReader' has been explicitly marked unavailable here
64 | {
65 | @private
/Users/admin/builder/spi-builder-workspace/Sources/DSWaveformImage/WaveformAnalyzer.swift:135:27: error: 'AVAssetReader' is unavailable in watchOS
133 | _ totalSamples: Int,
134 | downsampledTo targetSampleCount: Int,
135 | from assetReader: AVAssetReader,
| `- error: 'AVAssetReader' is unavailable in watchOS
136 | channelSelection: Waveform.ChannelSelection = .merged,
137 | fftBands: Int?
/Applications/Xcode-27.0.0-Release.Candidate.app/Contents/Developer/Platforms/WatchOS.platform/Developer/SDKs/WatchOS27.0.sdk/System/Library/Frameworks/AVFoundation.framework/Headers/AVAssetReader.h:63:12: note: 'AVAssetReader' has been explicitly marked unavailable here
61 | NS_SWIFT_NONSENDABLE
62 | API_AVAILABLE(macos(10.7), ios(4.1), tvos(9.0), visionos(1.0)) API_UNAVAILABLE(watchos)
63 | @interface AVAssetReader : NSObject
| `- note: 'AVAssetReader' has been explicitly marked unavailable here
64 | {
65 | @private
/Users/admin/builder/spi-builder-workspace/Sources/DSWaveformImage/WaveformAnalyzer.swift:240:66: error: 'AVAssetReader' is unavailable in watchOS
238 | }
239 |
240 | private func process(_ sampleBuffer: Data, from assetReader: AVAssetReader, downsampleTo samplesPerPixel: Int, channelSelection: Waveform.ChannelSelection) -> ProcessResult {
| `- error: 'AVAssetReader' is unavailable in watchOS
241 | let sampleLength = sampleBuffer.count / MemoryLayout<Int16>.size
242 |
/Applications/Xcode-27.0.0-Release.Candidate.app/Contents/Developer/Platforms/WatchOS.platform/Developer/SDKs/WatchOS27.0.sdk/System/Library/Frameworks/AVFoundation.framework/Headers/AVAssetReader.h:63:12: note: 'AVAssetReader' has been explicitly marked unavailable here
61 | NS_SWIFT_NONSENDABLE
62 | API_AVAILABLE(macos(10.7), ios(4.1), tvos(9.0), visionos(1.0)) API_UNAVAILABLE(watchos)
63 | @interface AVAssetReader : NSObject
| `- note: 'AVAssetReader' has been explicitly marked unavailable here
64 | {
65 | @private
/Users/admin/builder/spi-builder-workspace/Sources/DSWaveformImage/WaveformAnalyzer.swift:338:48: error: 'AVAssetReader' is unavailable in watchOS
336 | }
337 |
338 | private func channelInfo(from assetReader: AVAssetReader) -> (channelCount: Int, basicDescription: AudioStreamBasicDescription)? {
| `- error: 'AVAssetReader' is unavailable in watchOS
339 | guard let trackOutput = assetReader.outputs.first as? AVAssetReaderTrackOutput,
340 | let formatDescription = (trackOutput.track.formatDescriptions as? [CMFormatDescription])?.first,
/Applications/Xcode-27.0.0-Release.Candidate.app/Contents/Developer/Platforms/WatchOS.platform/Developer/SDKs/WatchOS27.0.sdk/System/Library/Frameworks/AVFoundation.framework/Headers/AVAssetReader.h:63:12: note: 'AVAssetReader' has been explicitly marked unavailable here
61 | NS_SWIFT_NONSENDABLE
62 | API_AVAILABLE(macos(10.7), ios(4.1), tvos(9.0), visionos(1.0)) API_UNAVAILABLE(watchos)
63 | @interface AVAssetReader : NSObject
| `- note: 'AVAssetReader' has been explicitly marked unavailable here
64 | {
65 | @private
Failed frontend command:
SwiftCompile normal arm64 (in target 'DSWaveformImage' from project 'DSWaveformImage')
cd /Users/admin/builder/spi-builder-workspace/.swiftpm/xcode
/Applications/Xcode-27.0.0-Release.Candidate.app/Contents/Developer/Toolchains/XcodeDefault.xctoolchain/usr/bin/swift-frontend -frontend -emit-module -experimental-skip-non-inlinable-function-bodies-without-types /Users/admin/builder/spi-builder-workspace/Sources/DSWaveformImage/Renderers/CircularWaveformRenderer.swift /Users/admin/builder/spi-builder-workspace/Sources/DSWaveformImage/Renderers/LinearWaveformRenderer.swift /Users/admin/builder/spi-builder-workspace/Sources/DSWaveformImage/Renderers/WaveformRenderer.swift /Users/admin/builder/spi-builder-workspace/Sources/DSWaveformImage/TempiFFT.swift /Users/admin/builder/spi-builder-workspace/Sources/DSWaveformImage/WaveformAnalyzer.swift /Users/admin/builder/spi-builder-workspace/Sources/DSWaveformImage/WaveformImageDrawer+iOS.swift /Users/admin/builder/spi-builder-workspace/Sources/DSWaveformImage/WaveformImageDrawer+macOS.swift /Users/admin/builder/spi-builder-workspace/Sources/DSWaveformImage/WaveformImageDrawer.swift /Users/admin/builder/spi-builder-workspace/Sources/DSWaveformImage/WaveformImageTypes.swift -target arm64-apple-watchos9.0 -disable-cross-import-overlay-search -load-resolved-plugin /Applications/Xcode-27.0.0-Release.Candidate.app/Contents/Developer/Platforms/WatchOS.platform/Developer/usr/lib/swift/host/plugins/libFoundationMacros.dylib\#/Applications/Xcode-27.0.0-Release.Candidate.app/Contents/Developer/Platforms/WatchOS.platform/Developer/usr/bin/swift-plugin-server\#FoundationMacros -load-resolved-plugin /Applications/Xcode-27.0.0-Release.Candidate.app/Contents/Developer/Platforms/WatchOS.platform/Developer/usr/lib/swift/host/plugins/libObservationMacros.dylib\#/Applications/Xcode-27.0.0-Release.Candidate.app/Contents/Developer/Platforms/WatchOS.platform/Developer/usr/bin/swift-plugin-server\#ObservationMacros -load-resolved-plugin /Applications/Xcode-27.0.0-Release.Candidate.app/Contents/Developer/Platforms/WatchOS.platform/Developer/usr/lib/swift/host/plugins/libSwiftMacros.dylib\#/Applications/Xcode-27.0.0-Release.Candidate.app/Contents/Developer/Platforms/WatchOS.platform/Developer/usr/bin/swift-plugin-server\#SwiftMacros -load-resolved-plugin /Applications/Xcode-27.0.0-Release.Candidate.app/Contents/Developer/Platforms/WatchOS.platform/Developer/usr/lib/swift/host/plugins/libSwiftUIMacros.dylib\#/Applications/Xcode-27.0.0-Release.Candidate.app/Contents/Developer/Platforms/WatchOS.platform/Developer/usr/bin/swift-plugin-server\#SwiftUIMacros -disable-implicit-swift-modules -Xcc -fno-implicit-modules -Xcc -fno-implicit-module-maps -explicit-swift-module-map-file /Users/admin/builder/spi-builder-workspace/.derivedData/Build/Intermediates.noindex/DSWaveformImage.build/Debug-watchos/DSWaveformImage-t.build/Objects-normal/arm64/DSWaveformImage-dependencies-2.json -Xllvm -aarch64-use-tbi -enable-objc-interop -stack-check -sdk /Applications/Xcode-27.0.0-Release.Candidate.app/Contents/Developer/Platforms/WatchOS.platform/Developer/SDKs/WatchOS27.0.sdk -I /Users/admin/builder/spi-builder-workspace/.derivedData/Build/Products/Debug-watchos -Isystem /Applications/Xcode-27.0.0-Release.Candidate.app/Contents/Developer/Platforms/WatchOS.platform/Developer/usr/lib -F /Users/admin/builder/spi-builder-workspace/.derivedData/Build/Products/Debug-watchos -F /Applications/Xcode-27.0.0-Release.Candidate.app/Contents/Developer/Platforms/WatchOS.platform/Developer/Library/Frameworks -F /Applications/Xcode-27.0.0-Release.Candidate.app/Contents/Developer/Platforms/WatchOS.platform/Developer/SDKs/WatchOS27.0.sdk/Developer/Library/Frameworks -module-cache-path /Users/admin/builder/spi-builder-workspace/.derivedData/Build/Intermediates.noindex/SwiftExplicitPrecompiledModules -no-color-diagnostics -Xcc -fno-color-diagnostics -enable-testing -g -debug-info-format\=dwarf -dwarf-version\=4 -profile-generate -profile-coverage-mapping -swift-version 5 -Onone -D SWIFT_PACKAGE -D DEBUG -D SWIFT_MODULE_RESOURCE_BUNDLE_UNAVAILABLE -D Xcode -serialize-debugging-options -enable-experimental-feature DebugDescriptionMacro -empty-abi-descriptor -validate-clang-modules-once -clang-build-session-file /Users/admin/builder/spi-builder-workspace/.derivedData/ModuleCache.noindex/Session.modulevalidation -Xcc -working-directory -Xcc /Users/admin/builder/spi-builder-workspace/.swiftpm/xcode -enable-anonymous-context-mangled-names -file-compilation-dir /Users/admin/builder/spi-builder-workspace/.swiftpm/xcode -Xcc -D_LIBCPP_HARDENING_MODE\=_LIBCPP_HARDENING_MODE_DEBUG -Xcc -ivfsstatcache -Xcc /Users/admin/builder/spi-builder-workspace/.derivedData/SDKStatCaches.noindex/watchos27.0-24R360-e829b21a6f8c9b70876ba0858053c04477534ef55a1706bf4c1112bbb242f0a2.sdkstatcache -Xcc -fmodules-prune-interval\=86400 -Xcc -fmodules-prune-after\=345600 -Xcc -I/Users/admin/builder/spi-builder-workspace/.derivedData/Build/Products/Debug-watchos/include -Xcc -I/Users/admin/builder/spi-builder-workspace/.derivedData/Build/Intermediates.noindex/DSWaveformImage.build/Debug-watchos/DSWaveformImage-t.build/DerivedSources-normal/arm64 -Xcc -I/Users/admin/builder/spi-builder-workspace/.derivedData/Build/Intermediates.noindex/DSWaveformImage.build/Debug-watchos/DSWaveformImage-t.build/DerivedSources/arm64 -Xcc -I/Users/admin/builder/spi-builder-workspace/.derivedData/Build/Intermediates.noindex/DSWaveformImage.build/Debug-watchos/DSWaveformImage-t.build/DerivedSources -Xcc -DSWIFT_PACKAGE -Xcc -DDEBUG\=1 -no-auto-bridging-header-chaining -module-name DSWaveformImage -const-gather-protocols-file /Users/admin/builder/spi-builder-workspace/.derivedData/Build/Intermediates.noindex/DSWaveformImage.build/Debug-watchos/DSWaveformImage-t.build/Objects-normal/arm64/DSWaveformImage_const_extract_protocols.json -disable-clang-spi -clang-target arm64-apple-watchos27.0 -target-sdk-version 27.0 -target-sdk-name watchos27.0 -in-process-plugin-server-path /Applications/Xcode-27.0.0-Release.Candidate.app/Contents/Developer/Toolchains/XcodeDefault.xctoolchain/usr/lib/swift/host/libSwiftInProcPluginServer.dylib -emit-module-doc-path /Users/admin/builder/spi-builder-workspace/.derivedData/Build/Intermediates.noindex/DSWaveformImage.build/Debug-watchos/DSWaveformImage-t.build/Objects-normal/arm64/DSWaveformImage.swiftdoc -emit-module-source-info-path /Users/admin/builder/spi-builder-workspace/.derivedData/Build/Intermediates.noindex/DSWaveformImage.build/Debug-watchos/DSWaveformImage-t.build/Objects-normal/arm64/DSWaveformImage.swiftsourceinfo -emit-objc-header-path /Users/admin/builder/spi-builder-workspace/.derivedData/Build/Intermediates.noindex/DSWaveformImage.build/Debug-watchos/DSWaveformImage-t.build/Objects-normal/arm64/DSWaveformImage-Swift.h -serialize-diagnostics-path /Users/admin/builder/spi-builder-workspace/.derivedData/Build/Intermediates.noindex/DSWaveformImage.build/Debug-watchos/DSWaveformImage-t.build/Objects-normal/arm64/DSWaveformImage-primary-emit-module.dia -emit-dependencies-path /Users/admin/builder/spi-builder-workspace/.derivedData/Build/Intermediates.noindex/DSWaveformImage.build/Debug-watchos/DSWaveformImage-t.build/Objects-normal/arm64/DSWaveformImage-primary-emit-module.d -parse-as-library -o /Users/admin/builder/spi-builder-workspace/.derivedData/Build/Intermediates.noindex/DSWaveformImage.build/Debug-watchos/DSWaveformImage-t.build/Objects-normal/arm64/DSWaveformImage.swiftmodule -emit-abi-descriptor-path /Users/admin/builder/spi-builder-workspace/.derivedData/Build/Intermediates.noindex/DSWaveformImage.build/Debug-watchos/DSWaveformImage-t.build/Objects-normal/arm64/DSWaveformImage.abi.json
SwiftCompile normal arm64 Compiling\ WaveformImageDrawer+iOS.swift /Users/admin/builder/spi-builder-workspace/Sources/DSWaveformImage/WaveformImageDrawer+iOS.swift (in target 'DSWaveformImage' from project 'DSWaveformImage')
SwiftCompile normal arm64 /Users/admin/builder/spi-builder-workspace/Sources/DSWaveformImage/WaveformImageDrawer+iOS.swift (in target 'DSWaveformImage' from project 'DSWaveformImage')
cd /Users/admin/builder/spi-builder-workspace/.swiftpm/xcode
builtin-SwiftPerFileCompile WaveformImageDrawer+iOS.swift
SwiftCompile normal arm64 Compiling\ WaveformImageTypes.swift /Users/admin/builder/spi-builder-workspace/Sources/DSWaveformImage/WaveformImageTypes.swift (in target 'DSWaveformImage' from project 'DSWaveformImage')
SwiftCompile normal arm64 /Users/admin/builder/spi-builder-workspace/Sources/DSWaveformImage/WaveformImageTypes.swift (in target 'DSWaveformImage' from project 'DSWaveformImage')
cd /Users/admin/builder/spi-builder-workspace/.swiftpm/xcode
builtin-SwiftPerFileCompile WaveformImageTypes.swift
/Users/admin/builder/spi-builder-workspace/Sources/DSWaveformImage/WaveformImageTypes.swift:21:20: error: 'UIScreen' is unavailable in watchOS
19 | return (UIApplication.shared.connectedScenes.first(where: {$0 is UIWindowScene}) as? UIWindowScene)?.traitCollection.displayScale ?? 1
20 | #else
21 | return UIScreen.main.scale
| `- error: 'UIScreen' is unavailable in watchOS
22 | #endif
23 | }
/Applications/Xcode-27.0.0-Release.Candidate.app/Contents/Developer/Platforms/WatchOS.platform/Developer/SDKs/WatchOS27.0.sdk/System/Library/Frameworks/UIKit.framework/Headers/UIScreen.h:54:12: note: 'UIScreen' has been explicitly marked unavailable here
52 |
53 | UIKIT_EXTERN API_AVAILABLE(ios(2.0)) API_UNAVAILABLE(visionos, watchos) NS_SWIFT_UI_ACTOR
54 | @interface UIScreen : NSObject <UITraitEnvironment>
| `- note: 'UIScreen' has been explicitly marked unavailable here
55 |
56 | @property(class, nonatomic, readonly) NSArray<UIScreen *> *screens API_DEPRECATED("Use UIApplication.shared.openSessions to find open sessions with scenes from other screens", ios(3.2, 16.0), visionos(1.0, 1.0)) API_UNAVAILABLE(watchos); // all screens currently attached to the device
SwiftCompile normal arm64 Compiling\ WaveformImageDrawer+macOS.swift /Users/admin/builder/spi-builder-workspace/Sources/DSWaveformImage/WaveformImageDrawer+macOS.swift (in target 'DSWaveformImage' from project 'DSWaveformImage')
SwiftCompile normal arm64 /Users/admin/builder/spi-builder-workspace/Sources/DSWaveformImage/WaveformImageDrawer+macOS.swift (in target 'DSWaveformImage' from project 'DSWaveformImage')
cd /Users/admin/builder/spi-builder-workspace/.swiftpm/xcode
builtin-SwiftPerFileCompile WaveformImageDrawer+macOS.swift
SwiftCompile normal arm64 Compiling\ WaveformAnalyzer.swift /Users/admin/builder/spi-builder-workspace/Sources/DSWaveformImage/WaveformAnalyzer.swift (in target 'DSWaveformImage' from project 'DSWaveformImage')
/Users/admin/builder/spi-builder-workspace/Sources/DSWaveformImage/WaveformAnalyzer.swift:25:26: error: 'AVAssetReader' is unavailable in watchOS
23 | case userError
24 | case emptyTracks
25 | case readerError(AVAssetReader.Status)
| `- error: 'AVAssetReader' is unavailable in watchOS
26 | /// The `channelSelection: .specific(index)` requested a channel that doesn't exist on the audio track.
27 | /// `available` is the actual channel count of the track.
/Applications/Xcode-27.0.0-Release.Candidate.app/Contents/Developer/Platforms/WatchOS.platform/Developer/SDKs/WatchOS27.0.sdk/System/Library/Frameworks/AVFoundation.framework/Headers/AVAssetReader.h:63:12: note: 'AVAssetReader' has been explicitly marked unavailable here
61 | NS_SWIFT_NONSENDABLE
62 | API_AVAILABLE(macos(10.7), ios(4.1), tvos(9.0), visionos(1.0)) API_UNAVAILABLE(watchos)
63 | @interface AVAssetReader : NSObject
| `- note: 'AVAssetReader' has been explicitly marked unavailable here
64 | {
65 | @private
/Users/admin/builder/spi-builder-workspace/Sources/DSWaveformImage/WaveformAnalyzer.swift:102:33: error: 'AVAssetReader' is unavailable in watchOS
100 | func waveformSamples(
101 | track audioAssetTrack: AVAssetTrack,
102 | reader assetReader: AVAssetReader,
| `- error: 'AVAssetReader' is unavailable in watchOS
103 | count requiredNumberOfSamples: Int,
104 | channelSelection: Waveform.ChannelSelection = .merged,
/Applications/Xcode-27.0.0-Release.Candidate.app/Contents/Developer/Platforms/WatchOS.platform/Developer/SDKs/WatchOS27.0.sdk/System/Library/Frameworks/AVFoundation.framework/Headers/AVAssetReader.h:63:12: note: 'AVAssetReader' has been explicitly marked unavailable here
61 | NS_SWIFT_NONSENDABLE
62 | API_AVAILABLE(macos(10.7), ios(4.1), tvos(9.0), visionos(1.0)) API_UNAVAILABLE(watchos)
63 | @interface AVAssetReader : NSObject
| `- note: 'AVAssetReader' has been explicitly marked unavailable here
64 | {
65 | @private
/Users/admin/builder/spi-builder-workspace/Sources/DSWaveformImage/WaveformAnalyzer.swift:135:27: error: 'AVAssetReader' is unavailable in watchOS
133 | _ totalSamples: Int,
134 | downsampledTo targetSampleCount: Int,
135 | from assetReader: AVAssetReader,
| `- error: 'AVAssetReader' is unavailable in watchOS
136 | channelSelection: Waveform.ChannelSelection = .merged,
137 | fftBands: Int?
/Applications/Xcode-27.0.0-Release.Candidate.app/Contents/Developer/Platforms/WatchOS.platform/Developer/SDKs/WatchOS27.0.sdk/System/Library/Frameworks/AVFoundation.framework/Headers/AVAssetReader.h:63:12: note: 'AVAssetReader' has been explicitly marked unavailable here
61 | NS_SWIFT_NONSENDABLE
62 | API_AVAILABLE(macos(10.7), ios(4.1), tvos(9.0), visionos(1.0)) API_UNAVAILABLE(watchos)
63 | @interface AVAssetReader : NSObject
| `- note: 'AVAssetReader' has been explicitly marked unavailable here
64 | {
65 | @private
/Users/admin/builder/spi-builder-workspace/Sources/DSWaveformImage/WaveformAnalyzer.swift:240:66: error: 'AVAssetReader' is unavailable in watchOS
238 | }
239 |
240 | private func process(_ sampleBuffer: Data, from assetReader: AVAssetReader, downsampleTo samplesPerPixel: Int, channelSelection: Waveform.ChannelSelection) -> ProcessResult {
| `- error: 'AVAssetReader' is unavailable in watchOS
241 | let sampleLength = sampleBuffer.count / MemoryLayout<Int16>.size
242 |
/Applications/Xcode-27.0.0-Release.Candidate.app/Contents/Developer/Platforms/WatchOS.platform/Developer/SDKs/WatchOS27.0.sdk/System/Library/Frameworks/AVFoundation.framework/Headers/AVAssetReader.h:63:12: note: 'AVAssetReader' has been explicitly marked unavailable here
61 | NS_SWIFT_NONSENDABLE
62 | API_AVAILABLE(macos(10.7), ios(4.1), tvos(9.0), visionos(1.0)) API_UNAVAILABLE(watchos)
63 | @interface AVAssetReader : NSObject
| `- note: 'AVAssetReader' has been explicitly marked unavailable here
64 | {
65 | @private
/Users/admin/builder/spi-builder-workspace/Sources/DSWaveformImage/WaveformAnalyzer.swift:338:48: error: 'AVAssetReader' is unavailable in watchOS
336 | }
337 |
338 | private func channelInfo(from assetReader: AVAssetReader) -> (channelCount: Int, basicDescription: AudioStreamBasicDescription)? {
| `- error: 'AVAssetReader' is unavailable in watchOS
339 | guard let trackOutput = assetReader.outputs.first as? AVAssetReaderTrackOutput,
340 | let formatDescription = (trackOutput.track.formatDescriptions as? [CMFormatDescription])?.first,
/Applications/Xcode-27.0.0-Release.Candidate.app/Contents/Developer/Platforms/WatchOS.platform/Developer/SDKs/WatchOS27.0.sdk/System/Library/Frameworks/AVFoundation.framework/Headers/AVAssetReader.h:63:12: note: 'AVAssetReader' has been explicitly marked unavailable here
61 | NS_SWIFT_NONSENDABLE
62 | API_AVAILABLE(macos(10.7), ios(4.1), tvos(9.0), visionos(1.0)) API_UNAVAILABLE(watchos)
63 | @interface AVAssetReader : NSObject
| `- note: 'AVAssetReader' has been explicitly marked unavailable here
64 | {
65 | @private
/Users/admin/builder/spi-builder-workspace/Sources/DSWaveformImage/WaveformAnalyzer.swift:59:35: error: 'AVAssetReader' is unavailable in watchOS
57 | public func samples(fromAsset audioAsset: AVAsset, count: Int, channelSelection: Waveform.ChannelSelection = .merged, qos: DispatchQoS.QoSClass = .userInitiated) async throws -> [Float] {
58 | try await Task(priority: taskPriority(qos: qos)) {
59 | let assetReader = try AVAssetReader(asset: audioAsset)
| `- error: 'AVAssetReader' is unavailable in watchOS
60 |
61 | guard let assetTrack = try await audioAsset.loadTracks(withMediaType: .audio).first else {
/Applications/Xcode-27.0.0-Release.Candidate.app/Contents/Developer/Platforms/WatchOS.platform/Developer/SDKs/WatchOS27.0.sdk/System/Library/Frameworks/AVFoundation.framework/Headers/AVAssetReader.h:63:12: note: 'AVAssetReader' has been explicitly marked unavailable here
61 | NS_SWIFT_NONSENDABLE
62 | API_AVAILABLE(macos(10.7), ios(4.1), tvos(9.0), visionos(1.0)) API_UNAVAILABLE(watchos)
63 | @interface AVAssetReader : NSObject
| `- note: 'AVAssetReader' has been explicitly marked unavailable here
64 | {
65 | @private
/Users/admin/builder/spi-builder-workspace/Sources/DSWaveformImage/WaveformAnalyzer.swift:111:27: error: 'AVAssetReaderTrackOutput' is unavailable in watchOS
109 | }
110 |
111 | let trackOutput = AVAssetReaderTrackOutput(track: audioAssetTrack, outputSettings: outputSettings(channelSelection: channelSelection))
| `- error: 'AVAssetReaderTrackOutput' is unavailable in watchOS
112 | assetReader.add(trackOutput)
113 |
/Applications/Xcode-27.0.0-Release.Candidate.app/Contents/Developer/Platforms/WatchOS.platform/Developer/SDKs/WatchOS27.0.sdk/System/Library/Frameworks/AVFoundation.framework/Headers/AVAssetReaderOutput.h:203:12: note: 'AVAssetReaderTrackOutput' has been explicitly marked unavailable here
201 | */
202 | API_AVAILABLE(macos(10.7), ios(4.1), tvos(9.0), visionos(1.0)) API_UNAVAILABLE(watchos)
203 | @interface AVAssetReaderTrackOutput : AVAssetReaderOutput
| `- note: 'AVAssetReaderTrackOutput' has been explicitly marked unavailable here
204 | {
205 | @private
SwiftCompile normal arm64 /Users/admin/builder/spi-builder-workspace/Sources/DSWaveformImage/WaveformAnalyzer.swift (in target 'DSWaveformImage' from project 'DSWaveformImage')
cd /Users/admin/builder/spi-builder-workspace/.swiftpm/xcode
builtin-SwiftPerFileCompile WaveformAnalyzer.swift
SwiftCompile normal arm64 Compiling\ WaveformRenderer.swift /Users/admin/builder/spi-builder-workspace/Sources/DSWaveformImage/Renderers/WaveformRenderer.swift (in target 'DSWaveformImage' from project 'DSWaveformImage')
SwiftCompile normal arm64 /Users/admin/builder/spi-builder-workspace/Sources/DSWaveformImage/Renderers/WaveformRenderer.swift (in target 'DSWaveformImage' from project 'DSWaveformImage')
cd /Users/admin/builder/spi-builder-workspace/.swiftpm/xcode
builtin-SwiftPerFileCompile WaveformRenderer.swift
SwiftCompile normal arm64 Compiling\ CircularWaveformRenderer.swift /Users/admin/builder/spi-builder-workspace/Sources/DSWaveformImage/Renderers/CircularWaveformRenderer.swift (in target 'DSWaveformImage' from project 'DSWaveformImage')
SwiftCompile normal arm64 /Users/admin/builder/spi-builder-workspace/Sources/DSWaveformImage/Renderers/CircularWaveformRenderer.swift (in target 'DSWaveformImage' from project 'DSWaveformImage')
cd /Users/admin/builder/spi-builder-workspace/.swiftpm/xcode
builtin-SwiftPerFileCompile CircularWaveformRenderer.swift
SwiftCompile normal arm64 Compiling\ TempiFFT.swift /Users/admin/builder/spi-builder-workspace/Sources/DSWaveformImage/TempiFFT.swift (in target 'DSWaveformImage' from project 'DSWaveformImage')
SwiftCompile normal arm64 /Users/admin/builder/spi-builder-workspace/Sources/DSWaveformImage/TempiFFT.swift (in target 'DSWaveformImage' from project 'DSWaveformImage')
cd /Users/admin/builder/spi-builder-workspace/.swiftpm/xcode
builtin-SwiftPerFileCompile TempiFFT.swift
SwiftCompile normal arm64 Compiling\ WaveformImageDrawer.swift /Users/admin/builder/spi-builder-workspace/Sources/DSWaveformImage/WaveformImageDrawer.swift (in target 'DSWaveformImage' from project 'DSWaveformImage')
/Users/admin/builder/spi-builder-workspace/Sources/DSWaveformImage/WaveformImageDrawer.swift:139:44: error: extra argument 'from' in call
137 | let dampedSamples = configuration.shouldDamp ? self.damp(samples, with: configuration) : samples
138 |
139 | if let image = waveformImage(from: dampedSamples, with: configuration, renderer: renderer, position: position) {
| `- error: extra argument 'from' in call
140 | return image
141 | } else {
SwiftCompile normal arm64 /Users/admin/builder/spi-builder-workspace/Sources/DSWaveformImage/WaveformImageDrawer.swift (in target 'DSWaveformImage' from project 'DSWaveformImage')
cd /Users/admin/builder/spi-builder-workspace/.swiftpm/xcode
builtin-SwiftPerFileCompile WaveformImageDrawer.swift
SwiftCompile normal arm64 Compiling\ LinearWaveformRenderer.swift /Users/admin/builder/spi-builder-workspace/Sources/DSWaveformImage/Renderers/LinearWaveformRenderer.swift (in target 'DSWaveformImage' from project 'DSWaveformImage')
SwiftCompile normal arm64 /Users/admin/builder/spi-builder-workspace/Sources/DSWaveformImage/Renderers/LinearWaveformRenderer.swift (in target 'DSWaveformImage' from project 'DSWaveformImage')
cd /Users/admin/builder/spi-builder-workspace/.swiftpm/xcode
builtin-SwiftPerFileCompile LinearWaveformRenderer.swift
SwiftEmitModule normal arm64_32 Emitting\ module\ for\ DSWaveformImage (in target 'DSWaveformImage' from project 'DSWaveformImage')
SwiftCompile normal arm64_32 (in target 'DSWaveformImage' from project 'DSWaveformImage')
cd /Users/admin/builder/spi-builder-workspace/.swiftpm/xcode
PruneExplicitPrecompiledModules /Users/admin/builder/spi-builder-workspace/.derivedData/Build/Intermediates.noindex/ExplicitPrecompiledModules
PruneExplicitPrecompiledModules /Users/admin/builder/spi-builder-workspace/.derivedData/Build/Intermediates.noindex/SwiftExplicitPrecompiledModules
PruneExplicitPrecompiledModules /Users/admin/builder/spi-builder-workspace/.derivedData/SDKExplicitPrecompiledModules
2026-09-25 01:49:42.304 xcodebuild[689:4413] [MT] IDERunDestination: Supported platforms for the buildables in the current scheme is empty.
2026-09-25 01:49:42.406 xcodebuild[689:4413] [MT] IDERunDestination: Supported platforms for the buildables in the current scheme is empty.
** BUILD FAILED **
The following build commands failed:
SwiftCompile normal arm64 (in target 'DSWaveformImage' from project 'DSWaveformImage')
SwiftEmitModule normal arm64 Emitting\ module\ for\ DSWaveformImage (in target 'DSWaveformImage' from project 'DSWaveformImage')
Building workspace DSWaveformImage with scheme DSWaveformImage-Package
(3 failures)
Command line invocation:
/Applications/Xcode-27.0.0-Release.Candidate.app/Contents/Developer/usr/bin/xcodebuild -IDEClonedSourcePackagesDirPathOverride=/Users/admin/builder/spi-builder-workspace/.dependencies -resolvePackageDependencies
Resolve Package Graph
Resolved source packages:
DSWaveformImage: /Users/admin/builder/spi-builder-workspace
resolved source packages: DSWaveformImage
2026-09-25 01:49:49.018 xcodebuild[832:4943] [MT] IDERunDestination: Supported platforms for the buildables in the current scheme is empty.
2026-09-25 01:49:49.158 xcodebuild[832:4943] [MT] IDERunDestination: Supported platforms for the buildables in the current scheme is empty.
{
"dependencies" : [
],
"manifest_display_name" : "DSWaveformImage",
"name" : "DSWaveformImage",
"path" : "/Users/admin/builder/spi-builder-workspace",
"platforms" : [
{
"name" : "ios",
"version" : "15.0"
},
{
"name" : "macos",
"version" : "12.0"
}
],
"products" : [
{
"name" : "DSWaveformImage",
"targets" : [
"DSWaveformImage"
],
"type" : {
"library" : [
"automatic"
]
}
},
{
"name" : "DSWaveformImageViews",
"targets" : [
"DSWaveformImageViews"
],
"type" : {
"library" : [
"automatic"
]
}
}
],
"targets" : [
{
"c99name" : "DSWaveformImageViews",
"module_type" : "SwiftTarget",
"name" : "DSWaveformImageViews",
"path" : "Sources/DSWaveformImageViews",
"product_memberships" : [
"DSWaveformImageViews"
],
"sources" : [
"SwiftUI/DefaultShapeStyler.swift",
"SwiftUI/VersionMigrations.swift",
"SwiftUI/WaveformLiveCanvas.swift",
"SwiftUI/WaveformShape.swift",
"SwiftUI/WaveformView.swift",
"UIKit/WaveformImageView.swift",
"UIKit/WaveformLiveView.swift"
],
"target_dependencies" : [
"DSWaveformImage"
],
"type" : "library"
},
{
"c99name" : "DSWaveformImageTests",
"module_type" : "SwiftTarget",
"name" : "DSWaveformImageTests",
"path" : "Tests/DSWaveformImageTests",
"sources" : [
"TestSupport.swift",
"WaveformAnalyzerTests.swift"
],
"target_dependencies" : [
"DSWaveformImage"
],
"type" : "test"
},
{
"c99name" : "DSWaveformImage",
"module_type" : "SwiftTarget",
"name" : "DSWaveformImage",
"path" : "Sources/DSWaveformImage",
"product_memberships" : [
"DSWaveformImage",
"DSWaveformImageViews"
],
"sources" : [
"Renderers/CircularWaveformRenderer.swift",
"Renderers/LinearWaveformRenderer.swift",
"Renderers/WaveformRenderer.swift",
"TempiFFT.swift",
"WaveformAnalyzer.swift",
"WaveformImageDrawer+iOS.swift",
"WaveformImageDrawer+macOS.swift",
"WaveformImageDrawer.swift",
"WaveformImageTypes.swift"
],
"type" : "library"
}
],
"tools_version" : "5.7"
}
{
"workspace" : {
"name" : "DSWaveformImage",
"schemes" : [
"DSWaveformImage",
"DSWaveformImage-Package",
"DSWaveformImageViews"
]
}
}
2026-09-25 01:49:50.284 xcodebuild[840:5011] [MT] IDERunDestination: Supported platforms for the buildables in the current scheme is empty.
2026-09-25 01:49:50.388 xcodebuild[840:5011] [MT] IDERunDestination: Supported platforms for the buildables in the current scheme is empty.
Running build ...
env DEVELOPER_DIR=/Applications/Xcode-27.0.0-Release.Candidate.app xcrun xcodebuild -IDEClonedSourcePackagesDirPathOverride=$PWD/.dependencies -skipMacroValidation -skipPackagePluginValidation -derivedDataPath $PWD/.derivedData build -scheme DSWaveformImage-Package -destination generic/platform=watchOS
Command line invocation:
/Applications/Xcode-27.0.0-Release.Candidate.app/Contents/Developer/usr/bin/xcodebuild -IDEClonedSourcePackagesDirPathOverride=/Users/admin/builder/spi-builder-workspace/.dependencies -skipMacroValidation -skipPackagePluginValidation -derivedDataPath /Users/admin/builder/spi-builder-workspace/.derivedData build -scheme DSWaveformImage-Package -destination generic/platform=watchOS
Resolve Package Graph
Resolved source packages:
DSWaveformImage: /Users/admin/builder/spi-builder-workspace
ComputePackagePrebuildTargetDependencyGraph
Prepare packages
CreateBuildRequest
SendProjectDescription
CreateBuildOperation
ComputeTargetDependencyGraph
note: Building targets in dependency order
note: Target dependency graph (4 targets)
Target 'DSWaveformImageViews-product' in project 'DSWaveformImage'
➜ Explicit dependency on target 'DSWaveformImageViews' in project 'DSWaveformImage'
➜ Explicit dependency on target 'DSWaveformImage' in project 'DSWaveformImage'
Target 'DSWaveformImageViews' in project 'DSWaveformImage'
➜ Explicit dependency on target 'DSWaveformImage' in project 'DSWaveformImage'
Target 'DSWaveformImage-product' in project 'DSWaveformImage'
➜ Explicit dependency on target 'DSWaveformImage' in project 'DSWaveformImage'
Target 'DSWaveformImage' in project 'DSWaveformImage' (no dependencies)
GatherProvisioningInputs
CreateBuildDescription
ClangStatCache /Applications/Xcode-27.0.0-Release.Candidate.app/Contents/Developer/Toolchains/XcodeDefault.xctoolchain/usr/bin/clang-stat-cache /Applications/Xcode-27.0.0-Release.Candidate.app/Contents/Developer/Platforms/WatchOS.platform/Developer/SDKs/WatchOS27.0.sdk /Users/admin/builder/spi-builder-workspace/.derivedData/SDKStatCaches.noindex/watchos27.0-24R360-e829b21a6f8c9b70876ba0858053c04477534ef55a1706bf4c1112bbb242f0a2.sdkstatcache
cd /Users/admin/builder/spi-builder-workspace/.swiftpm/xcode
/Applications/Xcode-27.0.0-Release.Candidate.app/Contents/Developer/Toolchains/XcodeDefault.xctoolchain/usr/bin/clang-stat-cache /Applications/Xcode-27.0.0-Release.Candidate.app/Contents/Developer/Platforms/WatchOS.platform/Developer/SDKs/WatchOS27.0.sdk -o /Users/admin/builder/spi-builder-workspace/.derivedData/SDKStatCaches.noindex/watchos27.0-24R360-e829b21a6f8c9b70876ba0858053c04477534ef55a1706bf4c1112bbb242f0a2.sdkstatcache
SwiftDriver DSWaveformImage normal arm64 com.apple.xcode.tools.swift.compiler (in target 'DSWaveformImage' from project 'DSWaveformImage')
cd /Users/admin/builder/spi-builder-workspace/.swiftpm/xcode
builtin-SwiftDriver -- /Applications/Xcode-27.0.0-Release.Candidate.app/Contents/Developer/Toolchains/XcodeDefault.xctoolchain/usr/bin/swiftc -parse-as-library -module-name DSWaveformImage -Onone @/Users/admin/builder/spi-builder-workspace/.derivedData/Build/Intermediates.noindex/DSWaveformImage.build/Debug-watchos/DSWaveformImage-t.build/Objects-normal/arm64/DSWaveformImage.SwiftFileList -DSWIFT_PACKAGE -DDEBUG -DSWIFT_MODULE_RESOURCE_BUNDLE_UNAVAILABLE -DXcode -plugin-path /Applications/Xcode-27.0.0-Release.Candidate.app/Contents/Developer/Toolchains/XcodeDefault.xctoolchain/usr/lib/swift/host/plugins/testing -enable-experimental-feature DebugDescriptionMacro -sdk /Applications/Xcode-27.0.0-Release.Candidate.app/Contents/Developer/Platforms/WatchOS.platform/Developer/SDKs/WatchOS27.0.sdk -target arm64-apple-watchos9.0 -g -module-cache-path /Users/admin/builder/spi-builder-workspace/.derivedData/ModuleCache.noindex -Xfrontend -serialize-debugging-options -profile-coverage-mapping -profile-generate -enable-testing -index-store-path /Users/admin/builder/spi-builder-workspace/.derivedData/Index.noindex/DataStore -Xcc -D_LIBCPP_HARDENING_MODE\=_LIBCPP_HARDENING_MODE_DEBUG -swift-version 5 -I /Users/admin/builder/spi-builder-workspace/.derivedData/Build/Products/Debug-watchos -Isystem /Applications/Xcode-27.0.0-Release.Candidate.app/Contents/Developer/Platforms/WatchOS.platform/Developer/usr/lib -F /Users/admin/builder/spi-builder-workspace/.derivedData/Build/Products/Debug-watchos -F /Applications/Xcode-27.0.0-Release.Candidate.app/Contents/Developer/Platforms/WatchOS.platform/Developer/Library/Frameworks -F /Applications/Xcode-27.0.0-Release.Candidate.app/Contents/Developer/Platforms/WatchOS.platform/Developer/SDKs/WatchOS27.0.sdk/Developer/Library/Frameworks -c -j10 -enable-batch-mode -incremental -Xcc -ivfsstatcache -Xcc /Users/admin/builder/spi-builder-workspace/.derivedData/SDKStatCaches.noindex/watchos27.0-24R360-e829b21a6f8c9b70876ba0858053c04477534ef55a1706bf4c1112bbb242f0a2.sdkstatcache -output-file-map /Users/admin/builder/spi-builder-workspace/.derivedData/Build/Intermediates.noindex/DSWaveformImage.build/Debug-watchos/DSWaveformImage-t.build/Objects-normal/arm64/DSWaveformImage-OutputFileMap.json -save-temps -no-color-diagnostics -explicit-module-build -module-cache-path /Users/admin/builder/spi-builder-workspace/.derivedData/Build/Intermediates.noindex/SwiftExplicitPrecompiledModules -clang-scanner-module-cache-path /Users/admin/builder/spi-builder-workspace/.derivedData/ModuleCache.noindex -sdk-module-cache-path /Users/admin/builder/spi-builder-workspace/.derivedData/SDKExplicitPrecompiledModules -emit-dependencies -emit-module -emit-module-path /Users/admin/builder/spi-builder-workspace/.derivedData/Build/Intermediates.noindex/DSWaveformImage.build/Debug-watchos/DSWaveformImage-t.build/Objects-normal/arm64/DSWaveformImage.swiftmodule -serialize-diagnostics -dependency-scan-serialize-diagnostics-path /Users/admin/builder/spi-builder-workspace/.derivedData/Build/Intermediates.noindex/DSWaveformImage.build/Debug-watchos/DSWaveformImage-t.build/Objects-normal/arm64/DSWaveformImage-dependency-scan.dia -validate-clang-modules-once -clang-build-session-file /Users/admin/builder/spi-builder-workspace/.derivedData/ModuleCache.noindex/Session.modulevalidation -Xcc -fmodules-prune-interval\=86400 -Xcc -fmodules-prune-after\=345600 -emit-const-values -const-gather-protocols-list /Users/admin/builder/spi-builder-workspace/.derivedData/Build/Intermediates.noindex/DSWaveformImage.build/Debug-watchos/DSWaveformImage-t.build/Objects-normal/arm64/DSWaveformImage_const_extract_protocols.json -Xcc -I/Users/admin/builder/spi-builder-workspace/.derivedData/Build/Products/Debug-watchos/include -Xcc -I/Users/admin/builder/spi-builder-workspace/.derivedData/Build/Intermediates.noindex/DSWaveformImage.build/Debug-watchos/DSWaveformImage-t.build/DerivedSources-normal/arm64 -Xcc -I/Users/admin/builder/spi-builder-workspace/.derivedData/Build/Intermediates.noindex/DSWaveformImage.build/Debug-watchos/DSWaveformImage-t.build/DerivedSources/arm64 -Xcc -I/Users/admin/builder/spi-builder-workspace/.derivedData/Build/Intermediates.noindex/DSWaveformImage.build/Debug-watchos/DSWaveformImage-t.build/DerivedSources -Xcc -DSWIFT_PACKAGE -Xcc -DDEBUG\=1 -emit-objc-header -emit-objc-header-path /Users/admin/builder/spi-builder-workspace/.derivedData/Build/Intermediates.noindex/DSWaveformImage.build/Debug-watchos/DSWaveformImage-t.build/Objects-normal/arm64/DSWaveformImage-Swift.h -working-directory /Users/admin/builder/spi-builder-workspace/.swiftpm/xcode -experimental-emit-module-separately -disable-cmo
SwiftDriver DSWaveformImage normal arm64_32 com.apple.xcode.tools.swift.compiler (in target 'DSWaveformImage' from project 'DSWaveformImage')
cd /Users/admin/builder/spi-builder-workspace/.swiftpm/xcode
builtin-SwiftDriver -- /Applications/Xcode-27.0.0-Release.Candidate.app/Contents/Developer/Toolchains/XcodeDefault.xctoolchain/usr/bin/swiftc -parse-as-library -module-name DSWaveformImage -Onone @/Users/admin/builder/spi-builder-workspace/.derivedData/Build/Intermediates.noindex/DSWaveformImage.build/Debug-watchos/DSWaveformImage-t.build/Objects-normal/arm64_32/DSWaveformImage.SwiftFileList -DSWIFT_PACKAGE -DDEBUG -DSWIFT_MODULE_RESOURCE_BUNDLE_UNAVAILABLE -DXcode -plugin-path /Applications/Xcode-27.0.0-Release.Candidate.app/Contents/Developer/Toolchains/XcodeDefault.xctoolchain/usr/lib/swift/host/plugins/testing -enable-experimental-feature DebugDescriptionMacro -sdk /Applications/Xcode-27.0.0-Release.Candidate.app/Contents/Developer/Platforms/WatchOS.platform/Developer/SDKs/WatchOS27.0.sdk -target arm64_32-apple-watchos9.0 -g -module-cache-path /Users/admin/builder/spi-builder-workspace/.derivedData/ModuleCache.noindex -Xfrontend -serialize-debugging-options -profile-coverage-mapping -profile-generate -enable-testing -index-store-path /Users/admin/builder/spi-builder-workspace/.derivedData/Index.noindex/DataStore -Xcc -D_LIBCPP_HARDENING_MODE\=_LIBCPP_HARDENING_MODE_DEBUG -swift-version 5 -I /Users/admin/builder/spi-builder-workspace/.derivedData/Build/Products/Debug-watchos -Isystem /Applications/Xcode-27.0.0-Release.Candidate.app/Contents/Developer/Platforms/WatchOS.platform/Developer/usr/lib -F /Users/admin/builder/spi-builder-workspace/.derivedData/Build/Products/Debug-watchos -F /Applications/Xcode-27.0.0-Release.Candidate.app/Contents/Developer/Platforms/WatchOS.platform/Developer/Library/Frameworks -F /Applications/Xcode-27.0.0-Release.Candidate.app/Contents/Developer/Platforms/WatchOS.platform/Developer/SDKs/WatchOS27.0.sdk/Developer/Library/Frameworks -c -j10 -enable-batch-mode -incremental -Xcc -ivfsstatcache -Xcc /Users/admin/builder/spi-builder-workspace/.derivedData/SDKStatCaches.noindex/watchos27.0-24R360-e829b21a6f8c9b70876ba0858053c04477534ef55a1706bf4c1112bbb242f0a2.sdkstatcache -output-file-map /Users/admin/builder/spi-builder-workspace/.derivedData/Build/Intermediates.noindex/DSWaveformImage.build/Debug-watchos/DSWaveformImage-t.build/Objects-normal/arm64_32/DSWaveformImage-OutputFileMap.json -save-temps -no-color-diagnostics -explicit-module-build -module-cache-path /Users/admin/builder/spi-builder-workspace/.derivedData/Build/Intermediates.noindex/SwiftExplicitPrecompiledModules -clang-scanner-module-cache-path /Users/admin/builder/spi-builder-workspace/.derivedData/ModuleCache.noindex -sdk-module-cache-path /Users/admin/builder/spi-builder-workspace/.derivedData/SDKExplicitPrecompiledModules -emit-dependencies -emit-module -emit-module-path /Users/admin/builder/spi-builder-workspace/.derivedData/Build/Intermediates.noindex/DSWaveformImage.build/Debug-watchos/DSWaveformImage-t.build/Objects-normal/arm64_32/DSWaveformImage.swiftmodule -serialize-diagnostics -dependency-scan-serialize-diagnostics-path /Users/admin/builder/spi-builder-workspace/.derivedData/Build/Intermediates.noindex/DSWaveformImage.build/Debug-watchos/DSWaveformImage-t.build/Objects-normal/arm64_32/DSWaveformImage-dependency-scan.dia -validate-clang-modules-once -clang-build-session-file /Users/admin/builder/spi-builder-workspace/.derivedData/ModuleCache.noindex/Session.modulevalidation -Xcc -fmodules-prune-interval\=86400 -Xcc -fmodules-prune-after\=345600 -emit-const-values -const-gather-protocols-list /Users/admin/builder/spi-builder-workspace/.derivedData/Build/Intermediates.noindex/DSWaveformImage.build/Debug-watchos/DSWaveformImage-t.build/Objects-normal/arm64_32/DSWaveformImage_const_extract_protocols.json -Xcc -I/Users/admin/builder/spi-builder-workspace/.derivedData/Build/Products/Debug-watchos/include -Xcc -I/Users/admin/builder/spi-builder-workspace/.derivedData/Build/Intermediates.noindex/DSWaveformImage.build/Debug-watchos/DSWaveformImage-t.build/DerivedSources-normal/arm64_32 -Xcc -I/Users/admin/builder/spi-builder-workspace/.derivedData/Build/Intermediates.noindex/DSWaveformImage.build/Debug-watchos/DSWaveformImage-t.build/DerivedSources/arm64_32 -Xcc -I/Users/admin/builder/spi-builder-workspace/.derivedData/Build/Intermediates.noindex/DSWaveformImage.build/Debug-watchos/DSWaveformImage-t.build/DerivedSources -Xcc -DSWIFT_PACKAGE -Xcc -DDEBUG\=1 -emit-objc-header -emit-objc-header-path /Users/admin/builder/spi-builder-workspace/.derivedData/Build/Intermediates.noindex/DSWaveformImage.build/Debug-watchos/DSWaveformImage-t.build/Objects-normal/arm64_32/DSWaveformImage-Swift.h -working-directory /Users/admin/builder/spi-builder-workspace/.swiftpm/xcode -experimental-emit-module-separately -disable-cmo
SwiftCompile normal arm64 Compiling\ CircularWaveformRenderer.swift /Users/admin/builder/spi-builder-workspace/Sources/DSWaveformImage/Renderers/CircularWaveformRenderer.swift (in target 'DSWaveformImage' from project 'DSWaveformImage')
SwiftCompile normal arm64 /Users/admin/builder/spi-builder-workspace/Sources/DSWaveformImage/Renderers/CircularWaveformRenderer.swift (in target 'DSWaveformImage' from project 'DSWaveformImage')
cd /Users/admin/builder/spi-builder-workspace/.swiftpm/xcode
builtin-SwiftPerFileCompile CircularWaveformRenderer.swift
SwiftCompile normal arm64 Compiling\ LinearWaveformRenderer.swift /Users/admin/builder/spi-builder-workspace/Sources/DSWaveformImage/Renderers/LinearWaveformRenderer.swift (in target 'DSWaveformImage' from project 'DSWaveformImage')
SwiftCompile normal arm64 /Users/admin/builder/spi-builder-workspace/Sources/DSWaveformImage/Renderers/LinearWaveformRenderer.swift (in target 'DSWaveformImage' from project 'DSWaveformImage')
cd /Users/admin/builder/spi-builder-workspace/.swiftpm/xcode
builtin-SwiftPerFileCompile LinearWaveformRenderer.swift
SwiftCompile normal arm64 Compiling\ WaveformRenderer.swift /Users/admin/builder/spi-builder-workspace/Sources/DSWaveformImage/Renderers/WaveformRenderer.swift (in target 'DSWaveformImage' from project 'DSWaveformImage')
SwiftCompile normal arm64 /Users/admin/builder/spi-builder-workspace/Sources/DSWaveformImage/Renderers/WaveformRenderer.swift (in target 'DSWaveformImage' from project 'DSWaveformImage')
cd /Users/admin/builder/spi-builder-workspace/.swiftpm/xcode
builtin-SwiftPerFileCompile WaveformRenderer.swift
SwiftCompile normal arm64 Compiling\ TempiFFT.swift /Users/admin/builder/spi-builder-workspace/Sources/DSWaveformImage/TempiFFT.swift (in target 'DSWaveformImage' from project 'DSWaveformImage')
SwiftCompile normal arm64 /Users/admin/builder/spi-builder-workspace/Sources/DSWaveformImage/TempiFFT.swift (in target 'DSWaveformImage' from project 'DSWaveformImage')
cd /Users/admin/builder/spi-builder-workspace/.swiftpm/xcode
builtin-SwiftPerFileCompile TempiFFT.swift
SwiftCompile normal arm64 Compiling\ WaveformImageDrawer+iOS.swift /Users/admin/builder/spi-builder-workspace/Sources/DSWaveformImage/WaveformImageDrawer+iOS.swift (in target 'DSWaveformImage' from project 'DSWaveformImage')
SwiftCompile normal arm64 /Users/admin/builder/spi-builder-workspace/Sources/DSWaveformImage/WaveformImageDrawer+iOS.swift (in target 'DSWaveformImage' from project 'DSWaveformImage')
cd /Users/admin/builder/spi-builder-workspace/.swiftpm/xcode
builtin-SwiftPerFileCompile WaveformImageDrawer+iOS.swift
SwiftCompile normal arm64 Compiling\ WaveformImageDrawer.swift /Users/admin/builder/spi-builder-workspace/Sources/DSWaveformImage/WaveformImageDrawer.swift (in target 'DSWaveformImage' from project 'DSWaveformImage')
/Users/admin/builder/spi-builder-workspace/Sources/DSWaveformImage/WaveformImageDrawer.swift:139:44: error: extra argument 'from' in call
137 | let dampedSamples = configuration.shouldDamp ? self.damp(samples, with: configuration) : samples
138 |
139 | if let image = waveformImage(from: dampedSamples, with: configuration, renderer: renderer, position: position) {
| `- error: extra argument 'from' in call
140 | return image
141 | } else {
SwiftCompile normal arm64 /Users/admin/builder/spi-builder-workspace/Sources/DSWaveformImage/WaveformImageDrawer.swift (in target 'DSWaveformImage' from project 'DSWaveformImage')
cd /Users/admin/builder/spi-builder-workspace/.swiftpm/xcode
builtin-SwiftPerFileCompile WaveformImageDrawer.swift
SwiftCompile normal arm64 Compiling\ WaveformImageDrawer+macOS.swift /Users/admin/builder/spi-builder-workspace/Sources/DSWaveformImage/WaveformImageDrawer+macOS.swift (in target 'DSWaveformImage' from project 'DSWaveformImage')
SwiftCompile normal arm64 /Users/admin/builder/spi-builder-workspace/Sources/DSWaveformImage/WaveformImageDrawer+macOS.swift (in target 'DSWaveformImage' from project 'DSWaveformImage')
cd /Users/admin/builder/spi-builder-workspace/.swiftpm/xcode
builtin-SwiftPerFileCompile WaveformImageDrawer+macOS.swift
SwiftCompile normal arm64 Compiling\ WaveformAnalyzer.swift /Users/admin/builder/spi-builder-workspace/Sources/DSWaveformImage/WaveformAnalyzer.swift (in target 'DSWaveformImage' from project 'DSWaveformImage')
/Users/admin/builder/spi-builder-workspace/Sources/DSWaveformImage/WaveformAnalyzer.swift:25:26: error: 'AVAssetReader' is unavailable in watchOS
23 | case userError
24 | case emptyTracks
25 | case readerError(AVAssetReader.Status)
| `- error: 'AVAssetReader' is unavailable in watchOS
26 | /// The `channelSelection: .specific(index)` requested a channel that doesn't exist on the audio track.
27 | /// `available` is the actual channel count of the track.
/Applications/Xcode-27.0.0-Release.Candidate.app/Contents/Developer/Platforms/WatchOS.platform/Developer/SDKs/WatchOS27.0.sdk/System/Library/Frameworks/AVFoundation.framework/Headers/AVAssetReader.h:63:12: note: 'AVAssetReader' has been explicitly marked unavailable here
61 | NS_SWIFT_NONSENDABLE
62 | API_AVAILABLE(macos(10.7), ios(4.1), tvos(9.0), visionos(1.0)) API_UNAVAILABLE(watchos)
63 | @interface AVAssetReader : NSObject
| `- note: 'AVAssetReader' has been explicitly marked unavailable here
64 | {
65 | @private
/Users/admin/builder/spi-builder-workspace/Sources/DSWaveformImage/WaveformAnalyzer.swift:102:33: error: 'AVAssetReader' is unavailable in watchOS
100 | func waveformSamples(
101 | track audioAssetTrack: AVAssetTrack,
102 | reader assetReader: AVAssetReader,
| `- error: 'AVAssetReader' is unavailable in watchOS
103 | count requiredNumberOfSamples: Int,
104 | channelSelection: Waveform.ChannelSelection = .merged,
/Applications/Xcode-27.0.0-Release.Candidate.app/Contents/Developer/Platforms/WatchOS.platform/Developer/SDKs/WatchOS27.0.sdk/System/Library/Frameworks/AVFoundation.framework/Headers/AVAssetReader.h:63:12: note: 'AVAssetReader' has been explicitly marked unavailable here
61 | NS_SWIFT_NONSENDABLE
62 | API_AVAILABLE(macos(10.7), ios(4.1), tvos(9.0), visionos(1.0)) API_UNAVAILABLE(watchos)
63 | @interface AVAssetReader : NSObject
| `- note: 'AVAssetReader' has been explicitly marked unavailable here
64 | {
65 | @private
/Users/admin/builder/spi-builder-workspace/Sources/DSWaveformImage/WaveformAnalyzer.swift:135:27: error: 'AVAssetReader' is unavailable in watchOS
133 | _ totalSamples: Int,
134 | downsampledTo targetSampleCount: Int,
135 | from assetReader: AVAssetReader,
| `- error: 'AVAssetReader' is unavailable in watchOS
136 | channelSelection: Waveform.ChannelSelection = .merged,
137 | fftBands: Int?
/Applications/Xcode-27.0.0-Release.Candidate.app/Contents/Developer/Platforms/WatchOS.platform/Developer/SDKs/WatchOS27.0.sdk/System/Library/Frameworks/AVFoundation.framework/Headers/AVAssetReader.h:63:12: note: 'AVAssetReader' has been explicitly marked unavailable here
61 | NS_SWIFT_NONSENDABLE
62 | API_AVAILABLE(macos(10.7), ios(4.1), tvos(9.0), visionos(1.0)) API_UNAVAILABLE(watchos)
63 | @interface AVAssetReader : NSObject
| `- note: 'AVAssetReader' has been explicitly marked unavailable here
64 | {
65 | @private
/Users/admin/builder/spi-builder-workspace/Sources/DSWaveformImage/WaveformAnalyzer.swift:240:66: error: 'AVAssetReader' is unavailable in watchOS
238 | }
239 |
240 | private func process(_ sampleBuffer: Data, from assetReader: AVAssetReader, downsampleTo samplesPerPixel: Int, channelSelection: Waveform.ChannelSelection) -> ProcessResult {
| `- error: 'AVAssetReader' is unavailable in watchOS
241 | let sampleLength = sampleBuffer.count / MemoryLayout<Int16>.size
242 |
/Applications/Xcode-27.0.0-Release.Candidate.app/Contents/Developer/Platforms/WatchOS.platform/Developer/SDKs/WatchOS27.0.sdk/System/Library/Frameworks/AVFoundation.framework/Headers/AVAssetReader.h:63:12: note: 'AVAssetReader' has been explicitly marked unavailable here
61 | NS_SWIFT_NONSENDABLE
62 | API_AVAILABLE(macos(10.7), ios(4.1), tvos(9.0), visionos(1.0)) API_UNAVAILABLE(watchos)
63 | @interface AVAssetReader : NSObject
| `- note: 'AVAssetReader' has been explicitly marked unavailable here
64 | {
65 | @private
/Users/admin/builder/spi-builder-workspace/Sources/DSWaveformImage/WaveformAnalyzer.swift:338:48: error: 'AVAssetReader' is unavailable in watchOS
336 | }
337 |
338 | private func channelInfo(from assetReader: AVAssetReader) -> (channelCount: Int, basicDescription: AudioStreamBasicDescription)? {
| `- error: 'AVAssetReader' is unavailable in watchOS
339 | guard let trackOutput = assetReader.outputs.first as? AVAssetReaderTrackOutput,
340 | let formatDescription = (trackOutput.track.formatDescriptions as? [CMFormatDescription])?.first,
/Applications/Xcode-27.0.0-Release.Candidate.app/Contents/Developer/Platforms/WatchOS.platform/Developer/SDKs/WatchOS27.0.sdk/System/Library/Frameworks/AVFoundation.framework/Headers/AVAssetReader.h:63:12: note: 'AVAssetReader' has been explicitly marked unavailable here
61 | NS_SWIFT_NONSENDABLE
62 | API_AVAILABLE(macos(10.7), ios(4.1), tvos(9.0), visionos(1.0)) API_UNAVAILABLE(watchos)
63 | @interface AVAssetReader : NSObject
| `- note: 'AVAssetReader' has been explicitly marked unavailable here
64 | {
65 | @private
/Users/admin/builder/spi-builder-workspace/Sources/DSWaveformImage/WaveformAnalyzer.swift:59:35: error: 'AVAssetReader' is unavailable in watchOS
57 | public func samples(fromAsset audioAsset: AVAsset, count: Int, channelSelection: Waveform.ChannelSelection = .merged, qos: DispatchQoS.QoSClass = .userInitiated) async throws -> [Float] {
58 | try await Task(priority: taskPriority(qos: qos)) {
59 | let assetReader = try AVAssetReader(asset: audioAsset)
| `- error: 'AVAssetReader' is unavailable in watchOS
60 |
61 | guard let assetTrack = try await audioAsset.loadTracks(withMediaType: .audio).first else {
/Applications/Xcode-27.0.0-Release.Candidate.app/Contents/Developer/Platforms/WatchOS.platform/Developer/SDKs/WatchOS27.0.sdk/System/Library/Frameworks/AVFoundation.framework/Headers/AVAssetReader.h:63:12: note: 'AVAssetReader' has been explicitly marked unavailable here
61 | NS_SWIFT_NONSENDABLE
62 | API_AVAILABLE(macos(10.7), ios(4.1), tvos(9.0), visionos(1.0)) API_UNAVAILABLE(watchos)
63 | @interface AVAssetReader : NSObject
| `- note: 'AVAssetReader' has been explicitly marked unavailable here
64 | {
65 | @private
/Users/admin/builder/spi-builder-workspace/Sources/DSWaveformImage/WaveformAnalyzer.swift:111:27: error: 'AVAssetReaderTrackOutput' is unavailable in watchOS
109 | }
110 |
111 | let trackOutput = AVAssetReaderTrackOutput(track: audioAssetTrack, outputSettings: outputSettings(channelSelection: channelSelection))
| `- error: 'AVAssetReaderTrackOutput' is unavailable in watchOS
112 | assetReader.add(trackOutput)
113 |
/Applications/Xcode-27.0.0-Release.Candidate.app/Contents/Developer/Platforms/WatchOS.platform/Developer/SDKs/WatchOS27.0.sdk/System/Library/Frameworks/AVFoundation.framework/Headers/AVAssetReaderOutput.h:203:12: note: 'AVAssetReaderTrackOutput' has been explicitly marked unavailable here
201 | */
202 | API_AVAILABLE(macos(10.7), ios(4.1), tvos(9.0), visionos(1.0)) API_UNAVAILABLE(watchos)
203 | @interface AVAssetReaderTrackOutput : AVAssetReaderOutput
| `- note: 'AVAssetReaderTrackOutput' has been explicitly marked unavailable here
204 | {
205 | @private
/Users/admin/builder/spi-builder-workspace/Sources/DSWaveformImage/WaveformAnalyzer.swift:112:21: error: 'add' is unavailable in watchOS
110 |
111 | let trackOutput = AVAssetReaderTrackOutput(track: audioAssetTrack, outputSettings: outputSettings(channelSelection: channelSelection))
112 | assetReader.add(trackOutput)
| `- error: 'add' is unavailable in watchOS
113 |
114 | if case .specific(let channelIndex) = channelSelection,
/Applications/Xcode-27.0.0-Release.Candidate.app/Contents/Developer/Platforms/WatchOS.platform/Developer/SDKs/WatchOS27.0.sdk/System/Library/Frameworks/AVFoundation.framework/Headers/AVAssetReader.h:181:1: note: 'add' has been explicitly marked unavailable here
179 | This method throws an exception if the output has already been added to an AVAssetReader or if reading has started (`status` has progressed beyond AVAssetReaderStatusUnknown).
180 | */
181 | - (void)addOutput:(AVAssetReaderOutput *)output
| `- note: 'add' has been explicitly marked unavailable here
182 | #if __swift__
183 | API_DEPRECATED("Use the appropriate AVAssetReader.outputProvider(for:...) overload for your output and optional adaptor instead", macos(10.7, 27.0), ios(4.1, 27.0), tvos(9.0, 27.0), visionos(1.0, 27.0))
/Users/admin/builder/spi-builder-workspace/Sources/DSWaveformImage/WaveformAnalyzer.swift:156:21: error: 'startReading()' is unavailable in watchOS
154 | return WaveformAnalysis(amplitudes: [], fft: outputFFT)
155 | }
156 | assetReader.startReading()
| `- error: 'startReading()' is unavailable in watchOS
157 | while assetReader.status == .reading {
158 | // CMSampleBuffer is a Core Foundation type that lives in the autorelease pool.
/Applications/Xcode-27.0.0-Release.Candidate.app/Contents/Developer/Platforms/WatchOS.platform/Developer/SDKs/WatchOS27.0.sdk/System/Library/Frameworks/AVFoundation.framework/Headers/AVAssetReader.h:205:1: note: 'startReading()' has been explicitly marked unavailable here
203 | This method throws an exception if reading has already started (`status` has progressed beyond AVAssetReaderStatusUnknown).
204 | */
205 | - (BOOL)startReading
| `- note: 'startReading()' has been explicitly marked unavailable here
206 | #if __swift__
207 | API_DEPRECATED("Use start() instead", macos(10.7, 27.0), ios(4.1, 27.0), tvos(9.0, 27.0), visionos(1.0, 27.0))
SwiftCompile normal arm64 /Users/admin/builder/spi-builder-workspace/Sources/DSWaveformImage/WaveformAnalyzer.swift (in target 'DSWaveformImage' from project 'DSWaveformImage')
cd /Users/admin/builder/spi-builder-workspace/.swiftpm/xcode
builtin-SwiftPerFileCompile WaveformAnalyzer.swift
SwiftEmitModule normal arm64 Emitting\ module\ for\ DSWaveformImage (in target 'DSWaveformImage' from project 'DSWaveformImage')
/Users/admin/builder/spi-builder-workspace/Sources/DSWaveformImage/WaveformAnalyzer.swift:25:26: error: 'AVAssetReader' is unavailable in watchOS
23 | case userError
24 | case emptyTracks
25 | case readerError(AVAssetReader.Status)
| `- error: 'AVAssetReader' is unavailable in watchOS
26 | /// The `channelSelection: .specific(index)` requested a channel that doesn't exist on the audio track.
27 | /// `available` is the actual channel count of the track.
/Applications/Xcode-27.0.0-Release.Candidate.app/Contents/Developer/Platforms/WatchOS.platform/Developer/SDKs/WatchOS27.0.sdk/System/Library/Frameworks/AVFoundation.framework/Headers/AVAssetReader.h:63:12: note: 'AVAssetReader' has been explicitly marked unavailable here
61 | NS_SWIFT_NONSENDABLE
62 | API_AVAILABLE(macos(10.7), ios(4.1), tvos(9.0), visionos(1.0)) API_UNAVAILABLE(watchos)
63 | @interface AVAssetReader : NSObject
| `- note: 'AVAssetReader' has been explicitly marked unavailable here
64 | {
65 | @private
/Users/admin/builder/spi-builder-workspace/Sources/DSWaveformImage/WaveformAnalyzer.swift:102:33: error: 'AVAssetReader' is unavailable in watchOS
100 | func waveformSamples(
101 | track audioAssetTrack: AVAssetTrack,
102 | reader assetReader: AVAssetReader,
| `- error: 'AVAssetReader' is unavailable in watchOS
103 | count requiredNumberOfSamples: Int,
104 | channelSelection: Waveform.ChannelSelection = .merged,
/Applications/Xcode-27.0.0-Release.Candidate.app/Contents/Developer/Platforms/WatchOS.platform/Developer/SDKs/WatchOS27.0.sdk/System/Library/Frameworks/AVFoundation.framework/Headers/AVAssetReader.h:63:12: note: 'AVAssetReader' has been explicitly marked unavailable here
61 | NS_SWIFT_NONSENDABLE
62 | API_AVAILABLE(macos(10.7), ios(4.1), tvos(9.0), visionos(1.0)) API_UNAVAILABLE(watchos)
63 | @interface AVAssetReader : NSObject
| `- note: 'AVAssetReader' has been explicitly marked unavailable here
64 | {
65 | @private
/Users/admin/builder/spi-builder-workspace/Sources/DSWaveformImage/WaveformAnalyzer.swift:135:27: error: 'AVAssetReader' is unavailable in watchOS
133 | _ totalSamples: Int,
134 | downsampledTo targetSampleCount: Int,
135 | from assetReader: AVAssetReader,
| `- error: 'AVAssetReader' is unavailable in watchOS
136 | channelSelection: Waveform.ChannelSelection = .merged,
137 | fftBands: Int?
/Applications/Xcode-27.0.0-Release.Candidate.app/Contents/Developer/Platforms/WatchOS.platform/Developer/SDKs/WatchOS27.0.sdk/System/Library/Frameworks/AVFoundation.framework/Headers/AVAssetReader.h:63:12: note: 'AVAssetReader' has been explicitly marked unavailable here
61 | NS_SWIFT_NONSENDABLE
62 | API_AVAILABLE(macos(10.7), ios(4.1), tvos(9.0), visionos(1.0)) API_UNAVAILABLE(watchos)
63 | @interface AVAssetReader : NSObject
| `- note: 'AVAssetReader' has been explicitly marked unavailable here
64 | {
65 | @private
/Users/admin/builder/spi-builder-workspace/Sources/DSWaveformImage/WaveformAnalyzer.swift:240:66: error: 'AVAssetReader' is unavailable in watchOS
238 | }
239 |
240 | private func process(_ sampleBuffer: Data, from assetReader: AVAssetReader, downsampleTo samplesPerPixel: Int, channelSelection: Waveform.ChannelSelection) -> ProcessResult {
| `- error: 'AVAssetReader' is unavailable in watchOS
241 | let sampleLength = sampleBuffer.count / MemoryLayout<Int16>.size
242 |
/Applications/Xcode-27.0.0-Release.Candidate.app/Contents/Developer/Platforms/WatchOS.platform/Developer/SDKs/WatchOS27.0.sdk/System/Library/Frameworks/AVFoundation.framework/Headers/AVAssetReader.h:63:12: note: 'AVAssetReader' has been explicitly marked unavailable here
61 | NS_SWIFT_NONSENDABLE
62 | API_AVAILABLE(macos(10.7), ios(4.1), tvos(9.0), visionos(1.0)) API_UNAVAILABLE(watchos)
63 | @interface AVAssetReader : NSObject
| `- note: 'AVAssetReader' has been explicitly marked unavailable here
64 | {
65 | @private
/Users/admin/builder/spi-builder-workspace/Sources/DSWaveformImage/WaveformAnalyzer.swift:338:48: error: 'AVAssetReader' is unavailable in watchOS
336 | }
337 |
338 | private func channelInfo(from assetReader: AVAssetReader) -> (channelCount: Int, basicDescription: AudioStreamBasicDescription)? {
| `- error: 'AVAssetReader' is unavailable in watchOS
339 | guard let trackOutput = assetReader.outputs.first as? AVAssetReaderTrackOutput,
340 | let formatDescription = (trackOutput.track.formatDescriptions as? [CMFormatDescription])?.first,
/Applications/Xcode-27.0.0-Release.Candidate.app/Contents/Developer/Platforms/WatchOS.platform/Developer/SDKs/WatchOS27.0.sdk/System/Library/Frameworks/AVFoundation.framework/Headers/AVAssetReader.h:63:12: note: 'AVAssetReader' has been explicitly marked unavailable here
61 | NS_SWIFT_NONSENDABLE
62 | API_AVAILABLE(macos(10.7), ios(4.1), tvos(9.0), visionos(1.0)) API_UNAVAILABLE(watchos)
63 | @interface AVAssetReader : NSObject
| `- note: 'AVAssetReader' has been explicitly marked unavailable here
64 | {
65 | @private
Failed frontend command:
/Applications/Xcode-27.0.0-Release.Candidate.app/Contents/Developer/Toolchains/XcodeDefault.xctoolchain/usr/bin/swift-frontend -frontend -emit-module -experimental-skip-non-inlinable-function-bodies-without-types /Users/admin/builder/spi-builder-workspace/Sources/DSWaveformImage/Renderers/CircularWaveformRenderer.swift /Users/admin/builder/spi-builder-workspace/Sources/DSWaveformImage/Renderers/LinearWaveformRenderer.swift /Users/admin/builder/spi-builder-workspace/Sources/DSWaveformImage/Renderers/WaveformRenderer.swift /Users/admin/builder/spi-builder-workspace/Sources/DSWaveformImage/TempiFFT.swift /Users/admin/builder/spi-builder-workspace/Sources/DSWaveformImage/WaveformAnalyzer.swift /Users/admin/builder/spi-builder-workspace/Sources/DSWaveformImage/WaveformImageDrawer+iOS.swift /Users/admin/builder/spi-builder-workspace/Sources/DSWaveformImage/WaveformImageDrawer+macOS.swift /Users/admin/builder/spi-builder-workspace/Sources/DSWaveformImage/WaveformImageDrawer.swift /Users/admin/builder/spi-builder-workspace/Sources/DSWaveformImage/WaveformImageTypes.swift -target arm64-apple-watchos9.0 -disable-cross-import-overlay-search -load-resolved-plugin /Applications/Xcode-27.0.0-Release.Candidate.app/Contents/Developer/Platforms/WatchOS.platform/Developer/usr/lib/swift/host/plugins/libFoundationMacros.dylib\#/Applications/Xcode-27.0.0-Release.Candidate.app/Contents/Developer/Platforms/WatchOS.platform/Developer/usr/bin/swift-plugin-server\#FoundationMacros -load-resolved-plugin /Applications/Xcode-27.0.0-Release.Candidate.app/Contents/Developer/Platforms/WatchOS.platform/Developer/usr/lib/swift/host/plugins/libObservationMacros.dylib\#/Applications/Xcode-27.0.0-Release.Candidate.app/Contents/Developer/Platforms/WatchOS.platform/Developer/usr/bin/swift-plugin-server\#ObservationMacros -load-resolved-plugin /Applications/Xcode-27.0.0-Release.Candidate.app/Contents/Developer/Platforms/WatchOS.platform/Developer/usr/lib/swift/host/plugins/libSwiftMacros.dylib\#/Applications/Xcode-27.0.0-Release.Candidate.app/Contents/Developer/Platforms/WatchOS.platform/Developer/usr/bin/swift-plugin-server\#SwiftMacros -load-resolved-plugin /Applications/Xcode-27.0.0-Release.Candidate.app/Contents/Developer/Platforms/WatchOS.platform/Developer/usr/lib/swift/host/plugins/libSwiftUIMacros.dylib\#/Applications/Xcode-27.0.0-Release.Candidate.app/Contents/Developer/Platforms/WatchOS.platform/Developer/usr/bin/swift-plugin-server\#SwiftUIMacros -disable-implicit-swift-modules -Xcc -fno-implicit-modules -Xcc -fno-implicit-module-maps -explicit-swift-module-map-file /Users/admin/builder/spi-builder-workspace/.derivedData/Build/Intermediates.noindex/DSWaveformImage.build/Debug-watchos/DSWaveformImage-t.build/Objects-normal/arm64/DSWaveformImage-dependencies-1.json -Xllvm -aarch64-use-tbi -enable-objc-interop -stack-check -sdk /Applications/Xcode-27.0.0-Release.Candidate.app/Contents/Developer/Platforms/WatchOS.platform/Developer/SDKs/WatchOS27.0.sdk -I /Users/admin/builder/spi-builder-workspace/.derivedData/Build/Products/Debug-watchos -Isystem /Applications/Xcode-27.0.0-Release.Candidate.app/Contents/Developer/Platforms/WatchOS.platform/Developer/usr/lib -F /Users/admin/builder/spi-builder-workspace/.derivedData/Build/Products/Debug-watchos -F /Applications/Xcode-27.0.0-Release.Candidate.app/Contents/Developer/Platforms/WatchOS.platform/Developer/Library/Frameworks -F /Applications/Xcode-27.0.0-Release.Candidate.app/Contents/Developer/Platforms/WatchOS.platform/Developer/SDKs/WatchOS27.0.sdk/Developer/Library/Frameworks -module-cache-path /Users/admin/builder/spi-builder-workspace/.derivedData/Build/Intermediates.noindex/SwiftExplicitPrecompiledModules -no-color-diagnostics -Xcc -fno-color-diagnostics -enable-testing -g -debug-info-format\=dwarf -dwarf-version\=4 -profile-generate -profile-coverage-mapping -swift-version 5 -Onone -D SWIFT_PACKAGE -D DEBUG -D SWIFT_MODULE_RESOURCE_BUNDLE_UNAVAILABLE -D Xcode -serialize-debugging-options -enable-experimental-feature DebugDescriptionMacro -empty-abi-descriptor -validate-clang-modules-once -clang-build-session-file /Users/admin/builder/spi-builder-workspace/.derivedData/ModuleCache.noindex/Session.modulevalidation -Xcc -working-directory -Xcc /Users/admin/builder/spi-builder-workspace/.swiftpm/xcode -enable-anonymous-context-mangled-names -file-compilation-dir /Users/admin/builder/spi-builder-workspace/.swiftpm/xcode -Xcc -D_LIBCPP_HARDENING_MODE\=_LIBCPP_HARDENING_MODE_DEBUG -Xcc -ivfsstatcache -Xcc /Users/admin/builder/spi-builder-workspace/.derivedData/SDKStatCaches.noindex/watchos27.0-24R360-e829b21a6f8c9b70876ba0858053c04477534ef55a1706bf4c1112bbb242f0a2.sdkstatcache -Xcc -fmodules-prune-interval\=86400 -Xcc -fmodules-prune-after\=345600 -Xcc -I/Users/admin/builder/spi-builder-workspace/.derivedData/Build/Products/Debug-watchos/include -Xcc -I/Users/admin/builder/spi-builder-workspace/.derivedData/Build/Intermediates.noindex/DSWaveformImage.build/Debug-watchos/DSWaveformImage-t.build/DerivedSources-normal/arm64 -Xcc -I/Users/admin/builder/spi-builder-workspace/.derivedData/Build/Intermediates.noindex/DSWaveformImage.build/Debug-watchos/DSWaveformImage-t.build/DerivedSources/arm64 -Xcc -I/Users/admin/builder/spi-builder-workspace/.derivedData/Build/Intermediates.noindex/DSWaveformImage.build/Debug-watchos/DSWaveformImage-t.build/DerivedSources -Xcc -DSWIFT_PACKAGE -Xcc -DDEBUG\=1 -no-auto-bridging-header-chaining -module-name DSWaveformImage -const-gather-protocols-file /Users/admin/builder/spi-builder-workspace/.derivedData/Build/Intermediates.noindex/DSWaveformImage.build/Debug-watchos/DSWaveformImage-t.build/Objects-normal/arm64/DSWaveformImage_const_extract_protocols.json -disable-clang-spi -clang-target arm64-apple-watchos27.0 -target-sdk-version 27.0 -target-sdk-name watchos27.0 -in-process-plugin-server-path /Applications/Xcode-27.0.0-Release.Candidate.app/Contents/Developer/Toolchains/XcodeDefault.xctoolchain/usr/lib/swift/host/libSwiftInProcPluginServer.dylib -emit-module-doc-path /Users/admin/builder/spi-builder-workspace/.derivedData/Build/Intermediates.noindex/DSWaveformImage.build/Debug-watchos/DSWaveformImage-t.build/Objects-normal/arm64/DSWaveformImage.swiftdoc -emit-module-source-info-path /Users/admin/builder/spi-builder-workspace/.derivedData/Build/Intermediates.noindex/DSWaveformImage.build/Debug-watchos/DSWaveformImage-t.build/Objects-normal/arm64/DSWaveformImage.swiftsourceinfo -emit-objc-header-path /Users/admin/builder/spi-builder-workspace/.derivedData/Build/Intermediates.noindex/DSWaveformImage.build/Debug-watchos/DSWaveformImage-t.build/Objects-normal/arm64/DSWaveformImage-Swift.h -serialize-diagnostics-path /Users/admin/builder/spi-builder-workspace/.derivedData/Build/Intermediates.noindex/DSWaveformImage.build/Debug-watchos/DSWaveformImage-t.build/Objects-normal/arm64/DSWaveformImage-primary-emit-module.dia -emit-dependencies-path /Users/admin/builder/spi-builder-workspace/.derivedData/Build/Intermediates.noindex/DSWaveformImage.build/Debug-watchos/DSWaveformImage-t.build/Objects-normal/arm64/DSWaveformImage-primary-emit-module.d -parse-as-library -o /Users/admin/builder/spi-builder-workspace/.derivedData/Build/Intermediates.noindex/DSWaveformImage.build/Debug-watchos/DSWaveformImage-t.build/Objects-normal/arm64/DSWaveformImage.swiftmodule -emit-abi-descriptor-path /Users/admin/builder/spi-builder-workspace/.derivedData/Build/Intermediates.noindex/DSWaveformImage.build/Debug-watchos/DSWaveformImage-t.build/Objects-normal/arm64/DSWaveformImage.abi.json
SwiftCompile normal arm64 (in target 'DSWaveformImage' from project 'DSWaveformImage')
cd /Users/admin/builder/spi-builder-workspace/.swiftpm/xcode
SwiftCompile normal arm64 Compiling\ WaveformImageTypes.swift /Users/admin/builder/spi-builder-workspace/Sources/DSWaveformImage/WaveformImageTypes.swift (in target 'DSWaveformImage' from project 'DSWaveformImage')
/Users/admin/builder/spi-builder-workspace/Sources/DSWaveformImage/WaveformImageTypes.swift:21:20: error: 'UIScreen' is unavailable in watchOS
19 | return (UIApplication.shared.connectedScenes.first(where: {$0 is UIWindowScene}) as? UIWindowScene)?.traitCollection.displayScale ?? 1
20 | #else
21 | return UIScreen.main.scale
| `- error: 'UIScreen' is unavailable in watchOS
22 | #endif
23 | }
/Applications/Xcode-27.0.0-Release.Candidate.app/Contents/Developer/Platforms/WatchOS.platform/Developer/SDKs/WatchOS27.0.sdk/System/Library/Frameworks/UIKit.framework/Headers/UIScreen.h:54:12: note: 'UIScreen' has been explicitly marked unavailable here
52 |
53 | UIKIT_EXTERN API_AVAILABLE(ios(2.0)) API_UNAVAILABLE(visionos, watchos) NS_SWIFT_UI_ACTOR
54 | @interface UIScreen : NSObject <UITraitEnvironment>
| `- note: 'UIScreen' has been explicitly marked unavailable here
55 |
56 | @property(class, nonatomic, readonly) NSArray<UIScreen *> *screens API_DEPRECATED("Use UIApplication.shared.openSessions to find open sessions with scenes from other screens", ios(3.2, 16.0), visionos(1.0, 1.0)) API_UNAVAILABLE(watchos); // all screens currently attached to the device
SwiftCompile normal arm64 /Users/admin/builder/spi-builder-workspace/Sources/DSWaveformImage/WaveformImageTypes.swift (in target 'DSWaveformImage' from project 'DSWaveformImage')
cd /Users/admin/builder/spi-builder-workspace/.swiftpm/xcode
builtin-SwiftPerFileCompile WaveformImageTypes.swift
SwiftEmitModule normal arm64_32 Emitting\ module\ for\ DSWaveformImage (in target 'DSWaveformImage' from project 'DSWaveformImage')
SwiftCompile normal arm64_32 (in target 'DSWaveformImage' from project 'DSWaveformImage')
cd /Users/admin/builder/spi-builder-workspace/.swiftpm/xcode
PruneExplicitPrecompiledModules /Users/admin/builder/spi-builder-workspace/.derivedData/Build/Intermediates.noindex/SwiftExplicitPrecompiledModules
PruneExplicitPrecompiledModules /Users/admin/builder/spi-builder-workspace/.derivedData/SDKExplicitPrecompiledModules
PruneExplicitPrecompiledModules /Users/admin/builder/spi-builder-workspace/.derivedData/Build/Intermediates.noindex/ExplicitPrecompiledModules
2026-09-25 01:49:51.261 xcodebuild[841:5034] [MT] IDERunDestination: Supported platforms for the buildables in the current scheme is empty.
2026-09-25 01:49:51.364 xcodebuild[841:5034] [MT] IDERunDestination: Supported platforms for the buildables in the current scheme is empty.
** BUILD FAILED **
The following build commands failed:
SwiftEmitModule normal arm64 Emitting\ module\ for\ DSWaveformImage (in target 'DSWaveformImage' from project 'DSWaveformImage')
SwiftCompile normal arm64 (in target 'DSWaveformImage' from project 'DSWaveformImage')
Building workspace DSWaveformImage with scheme DSWaveformImage-Package
(3 failures)
BUILD FAILURE 6.4 watchOS