Build Information
Failed to build SwiftModalPresentation, reference main (e7ff7c), with Swift 6.2 for Wasm on 11 Jul 2026 21:44:06 UTC.
Build Command
bash -c docker run --pull=always --rm -v "checkouts-53886769-0":/host -w "$PWD" -e JAVA_HOME="/root/.sdkman/candidates/java/current" -e SPI_BUILD="1" -e SPI_PROCESSING="1" registry.gitlab.com/saguaro1/spi-images:wasm-6.2-latest swift build --swift-sdk swift-6.2-RELEASE_wasm 2>&1Build Log
========================================
RunAll
========================================
Builder version: 0e64495ecc1688c3b3e031a5ef1348b5c05091ae
Interrupt handler set up.
========================================
Checkout
========================================
Clone URL: https://github.com/Infomaniak/swift-modal-presentation.git
Reference: main
Initialized empty Git repository in /host/spi-builder-workspace/.git/
hint: Using 'master' as the name for the initial branch. This default branch name
hint: is subject to change. To configure the initial branch name to use in all
hint: of your new repositories, which will suppress this warning, call:
hint:
hint: git config --global init.defaultBranch <name>
hint:
hint: Names commonly chosen instead of 'master' are 'main', 'trunk' and
hint: 'development'. The just-created branch can be renamed via this command:
hint:
hint: git branch -m <name>
From https://github.com/Infomaniak/swift-modal-presentation
* branch main -> FETCH_HEAD
* [new branch] main -> origin/main
HEAD is now at e7ff7c6 ci: Replace pull_request_target with pull_request in GitHub Actions (#2)
Cloned https://github.com/Infomaniak/swift-modal-presentation.git
Revision (git rev-parse @):
e7ff7c6296d2841ff3b107fb0958fc9f7862ab5c
SUCCESS checkout https://github.com/Infomaniak/swift-modal-presentation.git at main
========================================
Build
========================================
Selected platform: wasm
Swift version: 6.2
Building package at path: $PWD
https://github.com/Infomaniak/swift-modal-presentation.git
Running build ...
bash -c docker run --pull=always --rm -v "checkouts-53886769-0":/host -w "$PWD" -e JAVA_HOME="/root/.sdkman/candidates/java/current" -e SPI_BUILD="1" -e SPI_PROCESSING="1" registry.gitlab.com/saguaro1/spi-images:wasm-6.2-latest swift build --swift-sdk swift-6.2-RELEASE_wasm 2>&1
wasm-6.2-latest: Pulling from saguaro1/spi-images
Digest: sha256:dc8dffc38f1d92eca7ee5312617822470123661393ed20672e77964f9dcaaffb
Status: Image is up to date for registry.gitlab.com/saguaro1/spi-images:wasm-6.2-latest
Building for debugging...
[0/2] Write sources
[1/2] Write swift-version-24593BA9C3E375BF.txt
[3/7] Compiling SwiftModalPresentation OptionalValue.swift
/host/spi-builder-workspace/Sources/SwiftModalPresentation/ModalPublished.swift:14:8: error: no such module 'Combine'
12 | // under the License.
13 |
14 | import Combine
| `- error: no such module 'Combine'
15 | import Foundation
16 | import SwiftUI
[4/7] Compiling SwiftModalPresentation ModalState.swift
/host/spi-builder-workspace/Sources/SwiftModalPresentation/ModalPublished.swift:14:8: error: no such module 'Combine'
12 | // under the License.
13 |
14 | import Combine
| `- error: no such module 'Combine'
15 | import Foundation
16 | import SwiftUI
error: emit-module command failed with exit code 1 (use -v to see invocation)
[5/7] Emitting module SwiftModalPresentation
/host/spi-builder-workspace/Sources/SwiftModalPresentation/ModalPublished.swift:14:8: error: no such module 'Combine'
12 | // under the License.
13 |
14 | import Combine
| `- error: no such module 'Combine'
15 | import Foundation
16 | import SwiftUI
[6/7] Compiling SwiftModalPresentation ModalPresentationRegistery.swift
/host/spi-builder-workspace/Sources/SwiftModalPresentation/ModalPublished.swift:14:8: error: no such module 'Combine'
12 | // under the License.
13 |
14 | import Combine
| `- error: no such module 'Combine'
15 | import Foundation
16 | import SwiftUI
[7/7] Compiling SwiftModalPresentation ModalPublished.swift
/host/spi-builder-workspace/Sources/SwiftModalPresentation/ModalPublished.swift:14:8: error: no such module 'Combine'
12 | // under the License.
13 |
14 | import Combine
| `- error: no such module 'Combine'
15 | import Foundation
16 | import SwiftUI
BUILD FAILURE 6.2 wasm