The Swift Package Index logo.Swift Package Index

Build Information

Failed to build Lottie, reference master (1fb4d7), with Swift 6.4 for watchOS using Xcode 27.0 on 9 Oct 2026 13:14:20 UTC.

Build Command

env DEVELOPER_DIR=/Applications/Xcode-27.0.0-Release.Candidate.app xcrun xcodebuild -IDEClonedSourcePackagesDirPathOverride=$PWD/.dependencies -skipMacroValidation -skipPackagePluginValidation -derivedDataPath $PWD/.derivedData build -scheme Lottie-Package -destination generic/platform=watchOS

Build Log

105 |   var opacity: Float = 1
106 |   var localTransform: CATransform3D = CATransform3DIdentity
107 |   var globalTransform: CATransform3D = CATransform3DIdentity
    |                                        `- error: 'CATransform3DIdentity' is unavailable in watchOS
108 |
109 |   var propertyMap: NodePropertyMap & KeypathSearchable {
/Applications/Xcode-27.0.0.app/Contents/Developer/Platforms/WatchOS.platform/Developer/SDKs/WatchOS27.0.sdk/System/Library/Frameworks/QuartzCore.framework/Headers/CATransform3D.h:31:31: note: 'CATransform3DIdentity' has been explicitly marked unavailable here
 29 | /* The identity transform: [1 0 0 0; 0 1 0 0; 0 0 1 0; 0 0 0 1]. */
 30 |
 31 | CA_EXTERN const CATransform3D CATransform3DIdentity
    |                               `- note: 'CATransform3DIdentity' has been explicitly marked unavailable here
 32 |     API_AVAILABLE(macos(10.5), ios(2.0), tvos(9.0)) API_UNAVAILABLE(watchos);
 33 |
/Users/admin/builder/spi-builder-workspace/Sources/Private/MainThread/LayerContainers/Utility/LayerTransformNode.swift:132:22: error: 'CATransform3D' is unavailable in watchOS
130 |       }
131 |
132 |     localTransform = CATransform3D.makeTransform(
    |                      `- error: 'CATransform3D' is unavailable in watchOS
133 |       anchor: transformProperties.anchor.value.pointValue,
134 |       position: position,
/Applications/Xcode-27.0.0.app/Contents/Developer/Platforms/WatchOS.platform/Developer/SDKs/WatchOS27.0.sdk/System/Library/Frameworks/QuartzCore.framework/Headers/CATransform3D.h:17:8: note: 'CATransform3D' has been explicitly marked unavailable here
 15 | /* Homogeneous three-dimensional transforms. */
 16 |
 17 | struct CATransform3D
    |        `- note: 'CATransform3D' has been explicitly marked unavailable here
 18 | {
 19 |   CGFloat m11, m12, m13, m14;
SwiftCompile normal arm64_32 /Users/admin/builder/spi-builder-workspace/Sources/Private/EmbeddedLibraries/ZipFoundation/Entry.swift (in target 'Lottie' from project 'Lottie')
    cd /Users/admin/builder/spi-builder-workspace/.swiftpm/xcode
    builtin-SwiftPerFileCompile Entry.swift
SwiftCompile normal arm64_32 /Users/admin/builder/spi-builder-workspace/Sources/Private/EmbeddedLibraries/ZipFoundation/FileManager+ZIP.swift (in target 'Lottie' from project 'Lottie')
    cd /Users/admin/builder/spi-builder-workspace/.swiftpm/xcode
    builtin-SwiftPerFileCompile FileManager+ZIP.swift
SwiftCompile normal arm64_32 /Users/admin/builder/spi-builder-workspace/Sources/Private/EmbeddedLibraries/ZipFoundation/FileManager+ZIPDeprecated.swift (in target 'Lottie' from project 'Lottie')
    cd /Users/admin/builder/spi-builder-workspace/.swiftpm/xcode
    builtin-SwiftPerFileCompile FileManager+ZIPDeprecated.swift
SwiftCompile normal arm64_32 /Users/admin/builder/spi-builder-workspace/Sources/Private/EmbeddedLibraries/ZipFoundation/URL+ZIP.swift (in target 'Lottie' from project 'Lottie')
    cd /Users/admin/builder/spi-builder-workspace/.swiftpm/xcode
    builtin-SwiftPerFileCompile URL+ZIP.swift
SwiftCompile normal arm64_32 /Users/admin/builder/spi-builder-workspace/Sources/Private/MainThread/LayerContainers/CompLayers/CompositionLayer.swift (in target 'Lottie' from project 'Lottie')
    cd /Users/admin/builder/spi-builder-workspace/.swiftpm/xcode
    builtin-SwiftPerFileCompile CompositionLayer.swift
SwiftCompile normal arm64_32 /Users/admin/builder/spi-builder-workspace/Sources/Private/MainThread/LayerContainers/CompLayers/ImageCompositionLayer.swift (in target 'Lottie' from project 'Lottie')
    cd /Users/admin/builder/spi-builder-workspace/.swiftpm/xcode
    builtin-SwiftPerFileCompile ImageCompositionLayer.swift
SwiftCompile normal arm64_32 /Users/admin/builder/spi-builder-workspace/Sources/Private/MainThread/LayerContainers/CompLayers/MaskContainerLayer.swift (in target 'Lottie' from project 'Lottie')
    cd /Users/admin/builder/spi-builder-workspace/.swiftpm/xcode
    builtin-SwiftPerFileCompile MaskContainerLayer.swift
SwiftCompile normal arm64_32 /Users/admin/builder/spi-builder-workspace/Sources/Private/MainThread/LayerContainers/CompLayers/NullCompositionLayer.swift (in target 'Lottie' from project 'Lottie')
    cd /Users/admin/builder/spi-builder-workspace/.swiftpm/xcode
    builtin-SwiftPerFileCompile NullCompositionLayer.swift
SwiftCompile normal arm64_32 /Users/admin/builder/spi-builder-workspace/Sources/Private/MainThread/LayerContainers/CompLayers/PreCompositionLayer.swift (in target 'Lottie' from project 'Lottie')
    cd /Users/admin/builder/spi-builder-workspace/.swiftpm/xcode
    builtin-SwiftPerFileCompile PreCompositionLayer.swift
SwiftCompile normal arm64_32 /Users/admin/builder/spi-builder-workspace/Sources/Private/MainThread/LayerContainers/CompLayers/ShapeCompositionLayer.swift (in target 'Lottie' from project 'Lottie')
    cd /Users/admin/builder/spi-builder-workspace/.swiftpm/xcode
    builtin-SwiftPerFileCompile ShapeCompositionLayer.swift
SwiftCompile normal arm64_32 /Users/admin/builder/spi-builder-workspace/Sources/Private/MainThread/LayerContainers/CompLayers/SolidCompositionLayer.swift (in target 'Lottie' from project 'Lottie')
    cd /Users/admin/builder/spi-builder-workspace/.swiftpm/xcode
    builtin-SwiftPerFileCompile SolidCompositionLayer.swift
SwiftCompile normal arm64_32 /Users/admin/builder/spi-builder-workspace/Sources/Private/MainThread/LayerContainers/CompLayers/TextCompositionLayer.swift (in target 'Lottie' from project 'Lottie')
    cd /Users/admin/builder/spi-builder-workspace/.swiftpm/xcode
    builtin-SwiftPerFileCompile TextCompositionLayer.swift
SwiftCompile normal arm64_32 /Users/admin/builder/spi-builder-workspace/Sources/Private/MainThread/LayerContainers/MainThreadAnimationLayer.swift (in target 'Lottie' from project 'Lottie')
    cd /Users/admin/builder/spi-builder-workspace/.swiftpm/xcode
    builtin-SwiftPerFileCompile MainThreadAnimationLayer.swift
SwiftCompile normal arm64_32 /Users/admin/builder/spi-builder-workspace/Sources/Private/MainThread/LayerContainers/Utility/CachedImageProvider.swift (in target 'Lottie' from project 'Lottie')
    cd /Users/admin/builder/spi-builder-workspace/.swiftpm/xcode
    builtin-SwiftPerFileCompile CachedImageProvider.swift
SwiftCompile normal arm64_32 /Users/admin/builder/spi-builder-workspace/Sources/Private/MainThread/LayerContainers/Utility/CompositionLayersInitializer.swift (in target 'Lottie' from project 'Lottie')
    cd /Users/admin/builder/spi-builder-workspace/.swiftpm/xcode
    builtin-SwiftPerFileCompile CompositionLayersInitializer.swift
SwiftCompile normal arm64_32 /Users/admin/builder/spi-builder-workspace/Sources/Private/MainThread/LayerContainers/Utility/CoreTextRenderLayer.swift (in target 'Lottie' from project 'Lottie')
    cd /Users/admin/builder/spi-builder-workspace/.swiftpm/xcode
    builtin-SwiftPerFileCompile CoreTextRenderLayer.swift
SwiftCompile normal arm64_32 /Users/admin/builder/spi-builder-workspace/Sources/Private/MainThread/LayerContainers/Utility/InvertedMatteLayer.swift (in target 'Lottie' from project 'Lottie')
    cd /Users/admin/builder/spi-builder-workspace/.swiftpm/xcode
    builtin-SwiftPerFileCompile InvertedMatteLayer.swift
SwiftCompile normal arm64_32 /Users/admin/builder/spi-builder-workspace/Sources/Private/MainThread/LayerContainers/Utility/LayerFontProvider.swift (in target 'Lottie' from project 'Lottie')
    cd /Users/admin/builder/spi-builder-workspace/.swiftpm/xcode
    builtin-SwiftPerFileCompile LayerFontProvider.swift
SwiftCompile normal arm64_32 /Users/admin/builder/spi-builder-workspace/Sources/Private/MainThread/LayerContainers/Utility/LayerImageProvider.swift (in target 'Lottie' from project 'Lottie')
    cd /Users/admin/builder/spi-builder-workspace/.swiftpm/xcode
    builtin-SwiftPerFileCompile LayerImageProvider.swift
SwiftCompile normal arm64_32 /Users/admin/builder/spi-builder-workspace/Sources/Private/MainThread/LayerContainers/Utility/LayerTextProvider.swift (in target 'Lottie' from project 'Lottie')
    cd /Users/admin/builder/spi-builder-workspace/.swiftpm/xcode
    builtin-SwiftPerFileCompile LayerTextProvider.swift
SwiftCompile normal arm64_32 /Users/admin/builder/spi-builder-workspace/Sources/Private/MainThread/LayerContainers/Utility/LayerTransformNode.swift (in target 'Lottie' from project 'Lottie')
    cd /Users/admin/builder/spi-builder-workspace/.swiftpm/xcode
    builtin-SwiftPerFileCompile LayerTransformNode.swift
SwiftCompile normal arm64_32 /Users/admin/builder/spi-builder-workspace/Sources/Private/MainThread/NodeRenderSystem/Extensions/ItemsExtension.swift (in target 'Lottie' from project 'Lottie')
    cd /Users/admin/builder/spi-builder-workspace/.swiftpm/xcode
    builtin-SwiftPerFileCompile ItemsExtension.swift
SwiftCompile normal arm64_32 /Users/admin/builder/spi-builder-workspace/Sources/Private/MainThread/NodeRenderSystem/NodeProperties/NodeProperty.swift (in target 'Lottie' from project 'Lottie')
    cd /Users/admin/builder/spi-builder-workspace/.swiftpm/xcode
    builtin-SwiftPerFileCompile NodeProperty.swift
SwiftCompile normal arm64_32 /Users/admin/builder/spi-builder-workspace/Sources/Private/MainThread/NodeRenderSystem/NodeProperties/Protocols/AnyNodeProperty.swift (in target 'Lottie' from project 'Lottie')
    cd /Users/admin/builder/spi-builder-workspace/.swiftpm/xcode
    builtin-SwiftPerFileCompile AnyNodeProperty.swift
SwiftCompile normal arm64_32 Compiling\ resource_bundle_accessor.swift,\ CAAnimation+TimingConfiguration.swift,\ CALayer+addAnimation.swift,\ CombinedShapeAnimation.swift,\ CustomPathAnimation.swift,\ DropShadowAnimation.swift,\ EllipseAnimation.swift,\ GradientAnimations.swift,\ LayerProperty.swift,\ OpacityAnimation.swift,\ RectangleAnimation.swift,\ ShapeAnimation.swift,\ StarAnimation.swift,\ StrokeAnimation.swift,\ TransformAnimations.swift,\ VisibilityAnimation.swift,\ CompatibilityTracker.swift,\ CoreAnimationLayer.swift,\ CALayer+fillBounds.swift,\ KeyframeGroup+exactlyOneKeyframe.swift,\ Keyframes+combined.swift,\ Keyframes+timeRemapping.swift,\ AnimationLayer.swift,\ BaseAnimationLayer.swift,\ BaseCompositionLayer.swift /Users/admin/builder/spi-builder-workspace/.derivedData/Build/Intermediates.noindex/Lottie.build/Debug-watchos/Lottie-t.build/DerivedSources/resource_bundle_accessor.swift /Users/admin/builder/spi-builder-workspace/Sources/Private/CoreAnimation/Animations/CAAnimation+TimingConfiguration.swift /Users/admin/builder/spi-builder-workspace/Sources/Private/CoreAnimation/Animations/CALayer+addAnimation.swift /Users/admin/builder/spi-builder-workspace/Sources/Private/CoreAnimation/Animations/CombinedShapeAnimation.swift /Users/admin/builder/spi-builder-workspace/Sources/Private/CoreAnimation/Animations/CustomPathAnimation.swift /Users/admin/builder/spi-builder-workspace/Sources/Private/CoreAnimation/Animations/DropShadowAnimation.swift /Users/admin/builder/spi-builder-workspace/Sources/Private/CoreAnimation/Animations/EllipseAnimation.swift /Users/admin/builder/spi-builder-workspace/Sources/Private/CoreAnimation/Animations/GradientAnimations.swift /Users/admin/builder/spi-builder-workspace/Sources/Private/CoreAnimation/Animations/LayerProperty.swift /Users/admin/builder/spi-builder-workspace/Sources/Private/CoreAnimation/Animations/OpacityAnimation.swift /Users/admin/builder/spi-builder-workspace/Sources/Private/CoreAnimation/Animations/RectangleAnimation.swift /Users/admin/builder/spi-builder-workspace/Sources/Private/CoreAnimation/Animations/ShapeAnimation.swift /Users/admin/builder/spi-builder-workspace/Sources/Private/CoreAnimation/Animations/StarAnimation.swift /Users/admin/builder/spi-builder-workspace/Sources/Private/CoreAnimation/Animations/StrokeAnimation.swift /Users/admin/builder/spi-builder-workspace/Sources/Private/CoreAnimation/Animations/TransformAnimations.swift /Users/admin/builder/spi-builder-workspace/Sources/Private/CoreAnimation/Animations/VisibilityAnimation.swift /Users/admin/builder/spi-builder-workspace/Sources/Private/CoreAnimation/CompatibilityTracker.swift /Users/admin/builder/spi-builder-workspace/Sources/Private/CoreAnimation/CoreAnimationLayer.swift /Users/admin/builder/spi-builder-workspace/Sources/Private/CoreAnimation/Extensions/CALayer+fillBounds.swift /Users/admin/builder/spi-builder-workspace/Sources/Private/CoreAnimation/Extensions/KeyframeGroup+exactlyOneKeyframe.swift /Users/admin/builder/spi-builder-workspace/Sources/Private/CoreAnimation/Extensions/Keyframes+combined.swift /Users/admin/builder/spi-builder-workspace/Sources/Private/CoreAnimation/Extensions/Keyframes+timeRemapping.swift /Users/admin/builder/spi-builder-workspace/Sources/Private/CoreAnimation/Layers/AnimationLayer.swift /Users/admin/builder/spi-builder-workspace/Sources/Private/CoreAnimation/Layers/BaseAnimationLayer.swift /Users/admin/builder/spi-builder-workspace/Sources/Private/CoreAnimation/Layers/BaseCompositionLayer.swift (in target 'Lottie' from project 'Lottie')
/Users/admin/builder/spi-builder-workspace/Sources/Private/CoreAnimation/Animations/CAAnimation+TimingConfiguration.swift:13:62: error: 'CALayer' is unavailable in watchOS
11 |   ///    to match the current playback state / looping configuration of the animation view.
12 |   @nonobjc
13 |   func timed(with context: LayerAnimationContext, for layer: CALayer) -> CAAnimation {
   |                                                              `- error: 'CALayer' is unavailable in watchOS
14 |     // The base animation always has the duration of the full animation,
15 |     // since that's the time space where keyframing and interpolating happens.
/Applications/Xcode-27.0.0.app/Contents/Developer/Platforms/WatchOS.platform/Developer/SDKs/WatchOS27.0.sdk/System/Library/Frameworks/QuartzCore.framework/Headers/CALayer.h:117:12: note: 'CALayer' has been explicitly marked unavailable here
 115 |
 116 | API_AVAILABLE(macos(10.5), ios(2.0), tvos(9.0)) API_UNAVAILABLE(watchos)
 117 | @interface CALayer : NSObject <NSSecureCoding, CAMediaTiming>
     |            `- note: 'CALayer' has been explicitly marked unavailable here
 118 |
 119 | /** Layer creation and initialization. **/
/Users/admin/builder/spi-builder-workspace/Sources/Private/CoreAnimation/Animations/CAAnimation+TimingConfiguration.swift:13:74: error: 'CAAnimation' is unavailable in watchOS
11 |   ///    to match the current playback state / looping configuration of the animation view.
12 |   @nonobjc
13 |   func timed(with context: LayerAnimationContext, for layer: CALayer) -> CAAnimation {
   |                                                                          `- error: 'CAAnimation' is unavailable in watchOS
14 |     // The base animation always has the duration of the full animation,
15 |     // since that's the time space where keyframing and interpolating happens.
/Applications/Xcode-27.0.0.app/Contents/Developer/Platforms/WatchOS.platform/Developer/SDKs/WatchOS27.0.sdk/System/Library/Frameworks/QuartzCore.framework/Headers/CAAnimation.h:25:12: note: 'CAAnimation' has been explicitly marked unavailable here
 23 |
 24 | API_AVAILABLE(macos(10.5), ios(2.0), tvos(9.0)) API_UNAVAILABLE(watchos)
 25 | @interface CAAnimation : NSObject
    |            `- note: 'CAAnimation' has been explicitly marked unavailable here
 26 |     <NSSecureCoding, NSCopying, CAMediaTiming, CAAction>
 27 | {
/Users/admin/builder/spi-builder-workspace/Sources/Private/CoreAnimation/Animations/CAAnimation+TimingConfiguration.swift:6:11: error: 'CAAnimation' is unavailable in watchOS
 4 | import QuartzCore
 5 |
 6 | extension CAAnimation {
   |           `- error: 'CAAnimation' is unavailable in watchOS
 7 |   /// Creates a `CAAnimation` that wraps this animation,
 8 |   /// applying timing-related configuration from the given `LayerAnimationContext`.
/Applications/Xcode-27.0.0.app/Contents/Developer/Platforms/WatchOS.platform/Developer/SDKs/WatchOS27.0.sdk/System/Library/Frameworks/QuartzCore.framework/Headers/CAAnimation.h:25:12: note: 'CAAnimation' has been explicitly marked unavailable here
 23 |
 24 | API_AVAILABLE(macos(10.5), ios(2.0), tvos(9.0)) API_UNAVAILABLE(watchos)
 25 | @interface CAAnimation : NSObject
    |            `- note: 'CAAnimation' has been explicitly marked unavailable here
 26 |     <NSSecureCoding, NSCopying, CAMediaTiming, CAAction>
 27 | {
/Users/admin/builder/spi-builder-workspace/Sources/Private/CoreAnimation/Animations/CAAnimation+TimingConfiguration.swift:78:25: error: 'CAPropertyAnimation' is unavailable in watchOS
76 |   ///    to match the current playback state / looping configuration of the animation view.
77 |   @nonobjc
78 |   func add(_ animation: CAPropertyAnimation, timedWith context: LayerAnimationContext) {
   |                         `- error: 'CAPropertyAnimation' is unavailable in watchOS
79 |     add(animation.timed(with: context, for: self), forKey: animation.keyPath)
80 |   }
/Applications/Xcode-27.0.0.app/Contents/Developer/Platforms/WatchOS.platform/Developer/SDKs/WatchOS27.0.sdk/System/Library/Frameworks/QuartzCore.framework/Headers/CAAnimation.h:91:12: note: 'CAPropertyAnimation' has been explicitly marked unavailable here
 89 |
 90 | API_AVAILABLE(macos(10.5), ios(2.0), tvos(9.0)) API_UNAVAILABLE(watchos)
 91 | @interface CAPropertyAnimation : CAAnimation
    |            `- note: 'CAPropertyAnimation' has been explicitly marked unavailable here
 92 |
 93 | /* Creates a new animation object with its `keyPath' property set to
/Users/admin/builder/spi-builder-workspace/Sources/Private/CoreAnimation/Animations/CAAnimation+TimingConfiguration.swift:72:11: error: 'CALayer' is unavailable in watchOS
70 | }
71 |
72 | extension CALayer {
   |           `- error: 'CALayer' is unavailable in watchOS
73 |   /// Adds the given animation to this layer, timed with the given timing configuration
74 |   ///  - The given animation should start at the beginning of the animation and
/Applications/Xcode-27.0.0.app/Contents/Developer/Platforms/WatchOS.platform/Developer/SDKs/WatchOS27.0.sdk/System/Library/Frameworks/QuartzCore.framework/Headers/CALayer.h:117:12: note: 'CALayer' has been explicitly marked unavailable here
 115 |
 116 | API_AVAILABLE(macos(10.5), ios(2.0), tvos(9.0)) API_UNAVAILABLE(watchos)
 117 | @interface CALayer : NSObject <NSSecureCoding, CAMediaTiming>
     |            `- note: 'CALayer' has been explicitly marked unavailable here
 118 |
 119 | /** Layer creation and initialization. **/
/Users/admin/builder/spi-builder-workspace/Sources/Private/CoreAnimation/Animations/CAAnimation+TimingConfiguration.swift:41:26: error: 'CAAnimationGroup' is unavailable in watchOS
39 |     //  0%                                100%
40 |     //
41 |     let clippingParent = CAAnimationGroup()
   |                          `- error: 'CAAnimationGroup' is unavailable in watchOS
42 |     clippingParent.animations = [baseAnimation]
43 |
/Applications/Xcode-27.0.0.app/Contents/Developer/Platforms/WatchOS.platform/Developer/SDKs/WatchOS27.0.sdk/System/Library/Frameworks/QuartzCore.framework/Headers/CAAnimation.h:383:12: note: 'CAAnimationGroup' has been explicitly marked unavailable here
381 |
382 | API_AVAILABLE(macos(10.5), ios(2.0), tvos(9.0)) API_UNAVAILABLE(watchos)
383 | @interface CAAnimationGroup : CAAnimation
    |            `- note: 'CAAnimationGroup' has been explicitly marked unavailable here
384 |
385 | /* An array of CAAnimation objects. Each member of the array will run
/Users/admin/builder/spi-builder-workspace/Sources/Private/CoreAnimation/Animations/CAAnimation+TimingConfiguration.swift:52:32: error: 'both' is unavailable in watchOS
50 |
51 |     // Once the animation ends, it should pause on the final frame
52 |     clippingParent.fillMode = .both
   |                                `- error: 'both' is unavailable in watchOS
53 |     clippingParent.isRemovedOnCompletion = false
54 |
/Applications/Xcode-27.0.0.app/Contents/Developer/Platforms/WatchOS.platform/Developer/SDKs/WatchOS27.0.sdk/System/Library/Frameworks/QuartzCore.framework/Headers/CAMediaTiming.h:90:39: note: 'both' has been explicitly marked unavailable here
88 | CA_EXTERN CAMediaTimingFillMode const kCAFillModeBackwards
89 |     API_AVAILABLE(macos(10.5), ios(2.0), tvos(9.0)) API_UNAVAILABLE(watchos);
90 | CA_EXTERN CAMediaTimingFillMode const kCAFillModeBoth
   |                                       `- note: 'both' has been explicitly marked unavailable here
91 |     API_AVAILABLE(macos(10.5), ios(2.0), tvos(9.0)) API_UNAVAILABLE(watchos);
92 | CA_EXTERN CAMediaTimingFillMode const kCAFillModeRemoved
/Users/admin/builder/spi-builder-workspace/Sources/Private/CoreAnimation/Animations/CAAnimation+TimingConfiguration.swift:64:43: error: 'CACurrentMediaTime()' is unavailable in watchOS
62 |     //    because it can cause keyframe timings to be incorrect.
63 |     if context.timingConfiguration.speed == 0 {
64 |       let currentTime = layer.convertTime(CACurrentMediaTime(), from: nil)
   |                                           `- error: 'CACurrentMediaTime()' is unavailable in watchOS
65 |       clippingParent.beginTime = currentTime - .leastNonzeroMagnitude
66 |     }
/Applications/Xcode-27.0.0.app/Contents/Developer/Platforms/WatchOS.platform/Developer/SDKs/WatchOS27.0.sdk/System/Library/Frameworks/QuartzCore.framework/Headers/CABase.h:127:26: note: 'CACurrentMediaTime()' has been explicitly marked unavailable here
125 |  * calling mach_absolute_time () and converting the units to seconds. */
126 |
127 | CA_EXTERN CFTimeInterval CACurrentMediaTime (void)
    |                          `- note: 'CACurrentMediaTime()' has been explicitly marked unavailable here
128 |     API_AVAILABLE(macos(10.5), ios(2.0)) API_UNAVAILABLE(watchos);
129 |
/Users/admin/builder/spi-builder-workspace/Sources/Private/CoreAnimation/Animations/CALayer+addAnimation.swift:47:15: error: 'CAAnimation' is unavailable in watchOS
 45 |     value keyframeValueMapping: (KeyframeValue) throws -> ValueRepresentation,
 46 |     context: LayerAnimationContext
 47 |   ) throws -> CAAnimation? {
    |               `- error: 'CAAnimation' is unavailable in watchOS
 48 |     let keyframes = keyframeGroup.keyframes
 49 |     guard !keyframes.isEmpty else { return nil }
/Applications/Xcode-27.0.0.app/Contents/Developer/Platforms/WatchOS.platform/Developer/SDKs/WatchOS27.0.sdk/System/Library/Frameworks/QuartzCore.framework/Headers/CAAnimation.h:25:12: note: 'CAAnimation' has been explicitly marked unavailable here
 23 |
 24 | API_AVAILABLE(macos(10.5), ios(2.0), tvos(9.0)) API_UNAVAILABLE(watchos)
 25 | @interface CAAnimation : NSObject
    |            `- note: 'CAAnimation' has been explicitly marked unavailable here
 26 |     <NSSecureCoding, NSCopying, CAMediaTiming, CAAction>
 27 | {
/Users/admin/builder/spi-builder-workspace/Sources/Private/CoreAnimation/Animations/CALayer+addAnimation.swift:115:15: error: 'CAPropertyAnimation' is unavailable in watchOS
113 |     for property: LayerProperty<ValueRepresentation>,
114 |     context: LayerAnimationContext
115 |   ) throws -> CAPropertyAnimation? {
    |               `- error: 'CAPropertyAnimation' is unavailable in watchOS
116 |     guard
117 |       let customizableProperty = property.customizableProperty,
/Applications/Xcode-27.0.0.app/Contents/Developer/Platforms/WatchOS.platform/Developer/SDKs/WatchOS27.0.sdk/System/Library/Frameworks/QuartzCore.framework/Headers/CAAnimation.h:91:12: note: 'CAPropertyAnimation' has been explicitly marked unavailable here
 89 |
 90 | API_AVAILABLE(macos(10.5), ios(2.0), tvos(9.0)) API_UNAVAILABLE(watchos)
 91 | @interface CAPropertyAnimation : CAAnimation
    |            `- note: 'CAPropertyAnimation' has been explicitly marked unavailable here
 92 |
 93 | /* Creates a new animation object with its `keyPath' property set to
/Users/admin/builder/spi-builder-workspace/Sources/Private/CoreAnimation/Animations/CALayer+addAnimation.swift:154:8: error: 'CABasicAnimation' is unavailable in watchOS
152 |     keyframeValue: ValueRepresentation,
153 |     writeDirectlyToPropertyIfPossible: Bool
154 |   ) -> CABasicAnimation? {
    |        `- error: 'CABasicAnimation' is unavailable in watchOS
155 |     if writeDirectlyToPropertyIfPossible {
156 |       // If the keyframe value is the same as the layer's default value for this property,
/Applications/Xcode-27.0.0.app/Contents/Developer/Platforms/WatchOS.platform/Developer/SDKs/WatchOS27.0.sdk/System/Library/Frameworks/QuartzCore.framework/Headers/CAAnimation.h:130:12: note: 'CABasicAnimation' has been explicitly marked unavailable here
128 |
129 | API_AVAILABLE(macos(10.5), ios(2.0), tvos(9.0)) API_UNAVAILABLE(watchos)
130 | @interface CABasicAnimation : CAPropertyAnimation
    |            `- note: 'CABasicAnimation' has been explicitly marked unavailable here
131 |
132 | /* The objects defining the property values being interpolated between.
/Users/admin/builder/spi-builder-workspace/Sources/Private/CoreAnimation/Animations/CALayer+addAnimation.swift:188:15: error: 'CAAnimationGroup' is unavailable in watchOS
186 |     value keyframeValueMapping: (KeyframeValue) throws -> ValueRepresentation,
187 |     context: LayerAnimationContext
188 |   ) throws -> CAAnimationGroup {
    |               `- error: 'CAAnimationGroup' is unavailable in watchOS
189 |     // Build the `CAKeyframeAnimation` for each segment of keyframes
190 |     // with the same `CAAnimationCalculationMode`.
/Applications/Xcode-27.0.0.app/Contents/Developer/Platforms/WatchOS.platform/Developer/SDKs/WatchOS27.0.sdk/System/Library/Frameworks/QuartzCore.framework/Headers/CAAnimation.h:383:12: note: 'CAAnimationGroup' has been explicitly marked unavailable here
381 |
382 | API_AVAILABLE(macos(10.5), ios(2.0), tvos(9.0)) API_UNAVAILABLE(watchos)
383 | @interface CAAnimationGroup : CAAnimation
    |            `- note: 'CAAnimationGroup' has been explicitly marked unavailable here
384 |
385 | /* An array of CAAnimation objects. Each member of the array will run
/Users/admin/builder/spi-builder-workspace/Sources/Private/CoreAnimation/Animations/CALayer+addAnimation.swift:255:15: error: 'CAKeyframeAnimation' is unavailable in watchOS
253 |     customKeyTimes: [NSNumber]? = nil,
254 |     context: LayerAnimationContext
255 |   ) throws -> CAKeyframeAnimation {
    |               `- error: 'CAKeyframeAnimation' is unavailable in watchOS
256 |     // Convert the list of `Keyframe<T>` into
257 |     // the representation used by `CAKeyframeAnimation`
/Applications/Xcode-27.0.0.app/Contents/Developer/Platforms/WatchOS.platform/Developer/SDKs/WatchOS27.0.sdk/System/Library/Frameworks/QuartzCore.framework/Headers/CAAnimation.h:166:12: note: 'CAKeyframeAnimation' has been explicitly marked unavailable here
164 |
165 | API_AVAILABLE(macos(10.5), ios(2.0), tvos(9.0)) API_UNAVAILABLE(watchos)
166 | @interface CAKeyframeAnimation : CAPropertyAnimation
    |            `- note: 'CAKeyframeAnimation' has been explicitly marked unavailable here
167 |
168 | /* An array of objects providing the value of the animation function for
/Users/admin/builder/spi-builder-workspace/Sources/Private/CoreAnimation/Animations/CALayer+addAnimation.swift:307:8: error: 'CAAnimationCalculationMode' is unavailable in watchOS
305 |   private func calculationMode<KeyframeValue>(
306 |     for keyframes: [Keyframe<KeyframeValue>]
307 |   ) -> CAAnimationCalculationMode {
    |        `- error: 'CAAnimationCalculationMode' is unavailable in watchOS
308 |     // At this point we expect all of the animations to have been split in
309 |     // to segments based on the `CAAnimationCalculationMode`, so we can just
/Applications/Xcode-27.0.0.app/Contents/Developer/Platforms/WatchOS.platform/Developer/SDKs/WatchOS27.0.sdk/System/Library/Frameworks/QuartzCore.framework/Headers/CAAnimation.h:17:20: note: 'CAAnimationCalculationMode' has been explicitly marked unavailable here
 15 | NS_HEADER_AUDIT_BEGIN(nullability, sendability)
 16 |
 17 | typedef NSString * CAAnimationCalculationMode NS_TYPED_ENUM API_AVAILABLE(macos(10.5), ios(2.0), tvos(9.0)) API_UNAVAILABLE(watchos);
    |                    `- note: 'CAAnimationCalculationMode' has been explicitly marked unavailable here
 18 | typedef NSString * CAAnimationRotationMode NS_TYPED_ENUM API_AVAILABLE(macos(10.5), ios(2.0), tvos(9.0)) API_UNAVAILABLE(watchos);
 19 | typedef NSString * CATransitionType NS_TYPED_ENUM API_AVAILABLE(macos(10.5), ios(2.0), tvos(9.0)) API_UNAVAILABLE(watchos);
/Users/admin/builder/spi-builder-workspace/Sources/Private/CoreAnimation/Animations/CALayer+addAnimation.swift:321:9: error: 'CAMediaTimingFunction' is unavailable in watchOS
319 |   private func timingFunctions<KeyframeValue>(
320 |     for keyframes: [Keyframe<KeyframeValue>]
321 |   ) -> [CAMediaTimingFunction] {
    |         `- error: 'CAMediaTimingFunction' is unavailable in watchOS
322 |     // Compute the timing function between each keyframe and the subsequent keyframe
323 |     var timingFunctions = [CAMediaTimingFunction]()
/Applications/Xcode-27.0.0.app/Contents/Developer/Platforms/WatchOS.platform/Developer/SDKs/WatchOS27.0.sdk/System/Library/Frameworks/QuartzCore.framework/Headers/CAMediaTimingFunction.h:24:12: note: 'CAMediaTimingFunction' has been explicitly marked unavailable here
22 |
23 | API_AVAILABLE(macos(10.5), ios(2.0), tvos(9.0)) API_UNAVAILABLE(watchos)
24 | @interface CAMediaTimingFunction : NSObject <NSSecureCoding>
   |            `- note: 'CAMediaTimingFunction' has been explicitly marked unavailable here
25 | {
26 | @private
/Users/admin/builder/spi-builder-workspace/Sources/Private/CoreAnimation/Animations/CALayer+addAnimation.swift:387:29: error: 'CAMediaTimingFunction' is unavailable in watchOS
385 |     values: inout [ValueRepresentation],
386 |     keyTimes: inout [NSNumber],
387 |     timingFunctions: inout [CAMediaTimingFunction],
    |                             `- error: 'CAMediaTimingFunction' is unavailable in watchOS
388 |     for calculationMode: CAAnimationCalculationMode,
389 |     context: LayerAnimationContext
/Applications/Xcode-27.0.0.app/Contents/Developer/Platforms/WatchOS.platform/Developer/SDKs/WatchOS27.0.sdk/System/Library/Frameworks/QuartzCore.framework/Headers/CAMediaTimingFunction.h:24:12: note: 'CAMediaTimingFunction' has been explicitly marked unavailable here
22 |
23 | API_AVAILABLE(macos(10.5), ios(2.0), tvos(9.0)) API_UNAVAILABLE(watchos)
24 | @interface CAMediaTimingFunction : NSObject <NSSecureCoding>
   |            `- note: 'CAMediaTimingFunction' has been explicitly marked unavailable here
25 | {
26 | @private
/Users/admin/builder/spi-builder-workspace/Sources/Private/CoreAnimation/Animations/CALayer+addAnimation.swift:388:26: error: 'CAAnimationCalculationMode' is unavailable in watchOS
386 |     keyTimes: inout [NSNumber],
387 |     timingFunctions: inout [CAMediaTimingFunction],
388 |     for calculationMode: CAAnimationCalculationMode,
    |                          `- error: 'CAAnimationCalculationMode' is unavailable in watchOS
389 |     context: LayerAnimationContext
390 |   ) {
/Applications/Xcode-27.0.0.app/Contents/Developer/Platforms/WatchOS.platform/Developer/SDKs/WatchOS27.0.sdk/System/Library/Frameworks/QuartzCore.framework/Headers/CAAnimation.h:17:20: note: 'CAAnimationCalculationMode' has been explicitly marked unavailable here
 15 | NS_HEADER_AUDIT_BEGIN(nullability, sendability)
 16 |
 17 | typedef NSString * CAAnimationCalculationMode NS_TYPED_ENUM API_AVAILABLE(macos(10.5), ios(2.0), tvos(9.0)) API_UNAVAILABLE(watchos);
    |                    `- note: 'CAAnimationCalculationMode' has been explicitly marked unavailable here
 18 | typedef NSString * CAAnimationRotationMode NS_TYPED_ENUM API_AVAILABLE(macos(10.5), ios(2.0), tvos(9.0)) API_UNAVAILABLE(watchos);
 19 | typedef NSString * CATransitionType NS_TYPED_ENUM API_AVAILABLE(macos(10.5), ios(2.0), tvos(9.0)) API_UNAVAILABLE(watchos);
/Users/admin/builder/spi-builder-workspace/Sources/Private/CoreAnimation/Animations/CALayer+addAnimation.swift:6:11: error: 'CALayer' is unavailable in watchOS
  4 | import QuartzCore
  5 |
  6 | extension CALayer {
    |           `- error: 'CALayer' is unavailable in watchOS
  7 |
  8 |   // MARK: Internal
/Applications/Xcode-27.0.0.app/Contents/Developer/Platforms/WatchOS.platform/Developer/SDKs/WatchOS27.0.sdk/System/Library/Frameworks/QuartzCore.framework/Headers/CALayer.h:117:12: note: 'CALayer' has been explicitly marked unavailable here
 115 |
 116 | API_AVAILABLE(macos(10.5), ios(2.0), tvos(9.0)) API_UNAVAILABLE(watchos)
 117 | @interface CALayer : NSObject <NSSecureCoding, CAMediaTiming>
     |            `- note: 'CALayer' has been explicitly marked unavailable here
 118 |
 119 | /** Layer creation and initialization. **/
/Users/admin/builder/spi-builder-workspace/Sources/Private/CoreAnimation/Animations/CALayer+addAnimation.swift:175:21: error: 'CABasicAnimation' is unavailable in watchOS
173 |     // create a simple `CABasicAnimation` that is still less expensive
174 |     // than computing a `CAKeyframeAnimation`.
175 |     let animation = CABasicAnimation(keyPath: property.caLayerKeypath)
    |                     `- error: 'CABasicAnimation' is unavailable in watchOS
176 |     animation.fromValue = keyframeValue
177 |     animation.toValue = keyframeValue
/Applications/Xcode-27.0.0.app/Contents/Developer/Platforms/WatchOS.platform/Developer/SDKs/WatchOS27.0.sdk/System/Library/Frameworks/QuartzCore.framework/Headers/CAAnimation.h:130:12: note: 'CABasicAnimation' has been explicitly marked unavailable here
128 |
129 | API_AVAILABLE(macos(10.5), ios(2.0), tvos(9.0)) API_UNAVAILABLE(watchos)
130 | @interface CABasicAnimation : CAPropertyAnimation
    |            `- note: 'CABasicAnimation' has been explicitly marked unavailable here
131 |
132 | /* The objects defining the property values being interpolated between.
/Users/admin/builder/spi-builder-workspace/Sources/Private/CoreAnimation/Animations/CALayer+addAnimation.swift:193:29: error: 'CAKeyframeAnimation' is unavailable in watchOS
191 |     //  - Here we have a non-zero number of animation segments,
192 |     //    all of which have a non-zero number of keyframes.
193 |     let segmentAnimations: [CAKeyframeAnimation] = try animationSegments.indices.map { index in
    |                             `- error: 'CAKeyframeAnimation' is unavailable in watchOS
194 |       let animationSegment = animationSegments[index]
195 |       var segmentStartTime = try context.time(forFrame: animationSegment.first!.time)
/Applications/Xcode-27.0.0.app/Contents/Developer/Platforms/WatchOS.platform/Developer/SDKs/WatchOS27.0.sdk/System/Library/Frameworks/QuartzCore.framework/Headers/CAAnimation.h:166:12: note: 'CAKeyframeAnimation' has been explicitly marked unavailable here
164 |
165 | API_AVAILABLE(macos(10.5), ios(2.0), tvos(9.0)) API_UNAVAILABLE(watchos)
166 | @interface CAKeyframeAnimation : CAPropertyAnimation
    |            `- note: 'CAKeyframeAnimation' has been explicitly marked unavailable here
167 |
168 | /* An array of objects providing the value of the animation function for
/Users/admin/builder/spi-builder-workspace/Sources/Private/CoreAnimation/Animations/CALayer+addAnimation.swift:243:25: error: 'CAAnimationGroup' is unavailable in watchOS
241 |     }
242 |
243 |     let fullAnimation = CAAnimationGroup()
    |                         `- error: 'CAAnimationGroup' is unavailable in watchOS
244 |     fullAnimation.animations = segmentAnimations
245 |     return fullAnimation
/Applications/Xcode-27.0.0.app/Contents/Developer/Platforms/WatchOS.platform/Developer/SDKs/WatchOS27.0.sdk/System/Library/Frameworks/QuartzCore.framework/Headers/CAAnimation.h:383:12: note: 'CAAnimationGroup' has been explicitly marked unavailable here
381 |
382 | API_AVAILABLE(macos(10.5), ios(2.0), tvos(9.0)) API_UNAVAILABLE(watchos)
383 | @interface CAAnimationGroup : CAAnimation
    |            `- note: 'CAAnimationGroup' has been explicitly marked unavailable here
384 |
385 | /* An array of CAAnimation objects. Each member of the array will run
/Users/admin/builder/spi-builder-workspace/Sources/Private/CoreAnimation/Animations/CALayer+addAnimation.swift:265:21: error: 'CAKeyframeAnimation' is unavailable in watchOS
263 |     let calculationMode = calculationMode(for: keyframes)
264 |
265 |     let animation = CAKeyframeAnimation(keyPath: property.caLayerKeypath)
    |                     `- error: 'CAKeyframeAnimation' is unavailable in watchOS
266 |
267 |     // Position animations define a `CGPath` curve that should be followed,
/Applications/Xcode-27.0.0.app/Contents/Developer/Platforms/WatchOS.platform/Developer/SDKs/WatchOS27.0.sdk/System/Library/Frameworks/QuartzCore.framework/Headers/CAAnimation.h:166:12: note: 'CAKeyframeAnimation' has been explicitly marked unavailable here
164 |
165 | API_AVAILABLE(macos(10.5), ios(2.0), tvos(9.0)) API_UNAVAILABLE(watchos)
166 | @interface CAKeyframeAnimation : CAPropertyAnimation
    |            `- note: 'CAKeyframeAnimation' has been explicitly marked unavailable here
167 |
168 | /* An array of objects providing the value of the animation function for
/Users/admin/builder/spi-builder-workspace/Sources/Private/CoreAnimation/Animations/CALayer+addAnimation.swift:312:8: error: 'discrete' is unavailable in watchOS
310 |     // check the first keyframe.
311 |     if keyframes[0].isHold {
312 |       .discrete
    |        `- error: 'discrete' is unavailable in watchOS
313 |     } else {
314 |       .linear
/Applications/Xcode-27.0.0.app/Contents/Developer/Platforms/WatchOS.platform/Developer/SDKs/WatchOS27.0.sdk/System/Library/Frameworks/QuartzCore.framework/Headers/CAAnimation.h:240:44: note: 'discrete' has been explicitly marked unavailable here
238 | CA_EXTERN CAAnimationCalculationMode const kCAAnimationLinear
239 |     API_AVAILABLE(macos(10.5), ios(2.0), tvos(9.0)) API_UNAVAILABLE(watchos);
240 | CA_EXTERN CAAnimationCalculationMode const kCAAnimationDiscrete
    |                                            `- note: 'discrete' has been explicitly marked unavailable here
241 |     API_AVAILABLE(macos(10.5), ios(2.0), tvos(9.0)) API_UNAVAILABLE(watchos);
242 | CA_EXTERN CAAnimationCalculationMode const kCAAnimationPaced
/Users/admin/builder/spi-builder-workspace/Sources/Private/CoreAnimation/Animations/CALayer+addAnimation.swift:314:8: error: 'linear' is unavailable in watchOS
312 |       .discrete
313 |     } else {
314 |       .linear
    |        `- error: 'linear' is unavailable in watchOS
315 |     }
316 |   }
/Applications/Xcode-27.0.0.app/Contents/Developer/Platforms/WatchOS.platform/Developer/SDKs/WatchOS27.0.sdk/System/Library/Frameworks/QuartzCore.framework/Headers/CAAnimation.h:238:44: note: 'linear' has been explicitly marked unavailable here
236 | /* `calculationMode' strings. */
237 |
238 | CA_EXTERN CAAnimationCalculationMode const kCAAnimationLinear
    |                                            `- note: 'linear' has been explicitly marked unavailable here
239 |     API_AVAILABLE(macos(10.5), ios(2.0), tvos(9.0)) API_UNAVAILABLE(watchos);
240 | CA_EXTERN CAAnimationCalculationMode const kCAAnimationDiscrete
/Users/admin/builder/spi-builder-workspace/Sources/Private/CoreAnimation/Animations/CALayer+addAnimation.swift:323:28: error: 'CAMediaTimingFunction' is unavailable in watchOS
321 |   ) -> [CAMediaTimingFunction] {
322 |     // Compute the timing function between each keyframe and the subsequent keyframe
323 |     var timingFunctions = [CAMediaTimingFunction]()
    |                            `- error: 'CAMediaTimingFunction' is unavailable in watchOS
324 |
325 |     for (index, keyframe) in keyframes.enumerated()
/Applications/Xcode-27.0.0.app/Contents/Developer/Platforms/WatchOS.platform/Developer/SDKs/WatchOS27.0.sdk/System/Library/Frameworks/QuartzCore.framework/Headers/CAMediaTimingFunction.h:24:12: note: 'CAMediaTimingFunction' has been explicitly marked unavailable here
22 |
23 | API_AVAILABLE(macos(10.5), ios(2.0), tvos(9.0)) API_UNAVAILABLE(watchos)
24 | @interface CAMediaTimingFunction : NSObject <NSSecureCoding>
   |            `- note: 'CAMediaTimingFunction' has been explicitly marked unavailable here
25 | {
26 | @private
/Users/admin/builder/spi-builder-workspace/Sources/Private/CoreAnimation/Animations/CALayer+addAnimation.swift:333:30: error: 'CAMediaTimingFunction' is unavailable in watchOS
331 |       let controlPoint2 = nextKeyframe.inTangent?.pointValue ?? CGPoint(x: 1, y: 1)
332 |
333 |       timingFunctions.append(CAMediaTimingFunction(
    |                              `- error: 'CAMediaTimingFunction' is unavailable in watchOS
334 |         controlPoints:
335 |         Float(controlPoint1.x),
/Applications/Xcode-27.0.0.app/Contents/Developer/Platforms/WatchOS.platform/Developer/SDKs/WatchOS27.0.sdk/System/Library/Frameworks/QuartzCore.framework/Headers/CAMediaTimingFunction.h:24:12: note: 'CAMediaTimingFunction' has been explicitly marked unavailable here
22 |
23 | API_AVAILABLE(macos(10.5), ios(2.0), tvos(9.0)) API_UNAVAILABLE(watchos)
24 | @interface CAMediaTimingFunction : NSObject <NSSecureCoding>
   |            `- note: 'CAMediaTimingFunction' has been explicitly marked unavailable here
25 | {
26 | @private
/Users/admin/builder/spi-builder-workspace/Sources/Private/CoreAnimation/Animations/CALayer+addAnimation.swift:397:30: error: 'CAMediaTimingFunction' is unavailable in watchOS
395 |       keyTimes.insert(0.0, at: 0)
396 |       values.insert(values[0], at: 0)
397 |       timingFunctions.insert(CAMediaTimingFunction(name: .linear), at: 0)
    |                              `- error: 'CAMediaTimingFunction' is unavailable in watchOS
398 |     }
399 |
/Applications/Xcode-27.0.0.app/Contents/Developer/Platforms/WatchOS.platform/Developer/SDKs/WatchOS27.0.sdk/System/Library/Frameworks/QuartzCore.framework/Headers/CAMediaTimingFunction.h:24:12: note: 'CAMediaTimingFunction' has been explicitly marked unavailable here
22 |
23 | API_AVAILABLE(macos(10.5), ios(2.0), tvos(9.0)) API_UNAVAILABLE(watchos)
24 | @interface CAMediaTimingFunction : NSObject <NSSecureCoding>
   |            `- note: 'CAMediaTimingFunction' has been explicitly marked unavailable here
25 | {
26 | @private
/Users/admin/builder/spi-builder-workspace/Sources/Private/CoreAnimation/Animations/CALayer+addAnimation.swift:397:59: error: 'linear' is unavailable in watchOS
395 |       keyTimes.insert(0.0, at: 0)
396 |       values.insert(values[0], at: 0)
397 |       timingFunctions.insert(CAMediaTimingFunction(name: .linear), at: 0)
    |                                                           `- error: 'linear' is unavailable in watchOS
398 |     }
399 |
/Applications/Xcode-27.0.0.app/Contents/Developer/Platforms/WatchOS.platform/Developer/SDKs/WatchOS27.0.sdk/System/Library/Frameworks/QuartzCore.framework/Headers/CAMediaTimingFunction.h:54:43: note: 'linear' has been explicitly marked unavailable here
52 | /** Timing function names. **/
53 |
54 | CA_EXTERN CAMediaTimingFunctionName const kCAMediaTimingFunctionLinear
   |                                           `- note: 'linear' has been explicitly marked unavailable here
55 |     API_AVAILABLE(macos(10.5), ios(2.0), tvos(9.0)) API_UNAVAILABLE(watchos);
56 | CA_EXTERN CAMediaTimingFunctionName const kCAMediaTimingFunctionEaseIn
/Users/admin/builder/spi-builder-workspace/Sources/Private/CoreAnimation/Animations/CALayer+addAnimation.swift:403:30: error: 'CAMediaTimingFunction' is unavailable in watchOS
401 |       keyTimes.append(1.0)
402 |       values.append(values.last!)
403 |       timingFunctions.append(CAMediaTimingFunction(name: .linear))
    |                              `- error: 'CAMediaTimingFunction' is unavailable in watchOS
404 |     }
405 |
/Applications/Xcode-27.0.0.app/Contents/Developer/Platforms/WatchOS.platform/Developer/SDKs/WatchOS27.0.sdk/System/Library/Frameworks/QuartzCore.framework/Headers/CAMediaTimingFunction.h:24:12: note: 'CAMediaTimingFunction' has been explicitly marked unavailable here
22 |
23 | API_AVAILABLE(macos(10.5), ios(2.0), tvos(9.0)) API_UNAVAILABLE(watchos)
24 | @interface CAMediaTimingFunction : NSObject <NSSecureCoding>
   |            `- note: 'CAMediaTimingFunction' has been explicitly marked unavailable here
25 | {
26 | @private
/Users/admin/builder/spi-builder-workspace/Sources/Private/CoreAnimation/Animations/CALayer+addAnimation.swift:403:59: error: 'linear' is unavailable in watchOS
401 |       keyTimes.append(1.0)
402 |       values.append(values.last!)
403 |       timingFunctions.append(CAMediaTimingFunction(name: .linear))
    |                                                           `- error: 'linear' is unavailable in watchOS
404 |     }
405 |
/Applications/Xcode-27.0.0.app/Contents/Developer/Platforms/WatchOS.platform/Developer/SDKs/WatchOS27.0.sdk/System/Library/Frameworks/QuartzCore.framework/Headers/CAMediaTimingFunction.h:54:43: note: 'linear' has been explicitly marked unavailable here
52 | /** Timing function names. **/
53 |
54 | CA_EXTERN CAMediaTimingFunctionName const kCAMediaTimingFunctionLinear
   |                                           `- note: 'linear' has been explicitly marked unavailable here
55 |     API_AVAILABLE(macos(10.5), ios(2.0), tvos(9.0)) API_UNAVAILABLE(watchos);
56 | CA_EXTERN CAMediaTimingFunctionName const kCAMediaTimingFunctionEaseIn
/Users/admin/builder/spi-builder-workspace/Sources/Private/CoreAnimation/Animations/CALayer+addAnimation.swift:407:11: error: 'linear' is unavailable in watchOS
405 |
406 |     switch calculationMode {
407 |     case .linear, .cubic:
    |           `- error: 'linear' is unavailable in watchOS
408 |       // From the documentation of `CAKeyframeAnimation.keyTimes`:
409 |       //  - The number of elements in the keyTimes array
/Applications/Xcode-27.0.0.app/Contents/Developer/Platforms/WatchOS.platform/Developer/SDKs/WatchOS27.0.sdk/System/Library/Frameworks/QuartzCore.framework/Headers/CAAnimation.h:238:44: note: 'linear' has been explicitly marked unavailable here
236 | /* `calculationMode' strings. */
237 |
238 | CA_EXTERN CAAnimationCalculationMode const kCAAnimationLinear
    |                                            `- note: 'linear' has been explicitly marked unavailable here
239 |     API_AVAILABLE(macos(10.5), ios(2.0), tvos(9.0)) API_UNAVAILABLE(watchos);
240 | CA_EXTERN CAAnimationCalculationMode const kCAAnimationDiscrete
/Users/admin/builder/spi-builder-workspace/Sources/Private/CoreAnimation/Animations/CALayer+addAnimation.swift:407:20: error: 'cubic' is unavailable in watchOS
405 |
406 |     switch calculationMode {
407 |     case .linear, .cubic:
    |                    `- error: 'cubic' is unavailable in watchOS
408 |       // From the documentation of `CAKeyframeAnimation.keyTimes`:
409 |       //  - The number of elements in the keyTimes array
/Applications/Xcode-27.0.0.app/Contents/Developer/Platforms/WatchOS.platform/Developer/SDKs/WatchOS27.0.sdk/System/Library/Frameworks/QuartzCore.framework/Headers/CAAnimation.h:244:44: note: 'cubic' has been explicitly marked unavailable here
242 | CA_EXTERN CAAnimationCalculationMode const kCAAnimationPaced
243 |     API_AVAILABLE(macos(10.5), ios(2.0), tvos(9.0)) API_UNAVAILABLE(watchos);
244 | CA_EXTERN CAAnimationCalculationMode const kCAAnimationCubic
    |                                            `- note: 'cubic' has been explicitly marked unavailable here
245 |     API_AVAILABLE(macos(10.7), ios(4.0), tvos(9.0)) API_UNAVAILABLE(watchos);
246 | CA_EXTERN CAAnimationCalculationMode const kCAAnimationCubicPaced
/Users/admin/builder/spi-builder-workspace/Sources/Private/CoreAnimation/Animations/CALayer+addAnimation.swift:421:11: error: 'discrete' is unavailable in watchOS
419 |       )
420 |
421 |     case .discrete:
    |           `- error: 'discrete' is unavailable in watchOS
422 |       // From the documentation of `CAKeyframeAnimation.keyTimes`:
423 |       //  - If the calculationMode is set to discrete... the keyTimes array
/Applications/Xcode-27.0.0.app/Contents/Developer/Platforms/WatchOS.platform/Developer/SDKs/WatchOS27.0.sdk/System/Library/Frameworks/QuartzCore.framework/Headers/CAAnimation.h:240:44: note: 'discrete' has been explicitly marked unavailable here
238 | CA_EXTERN CAAnimationCalculationMode const kCAAnimationLinear
239 |     API_AVAILABLE(macos(10.5), ios(2.0), tvos(9.0)) API_UNAVAILABLE(watchos);
240 | CA_EXTERN CAAnimationCalculationMode const kCAAnimationDiscrete
    |                                            `- note: 'discrete' has been explicitly marked unavailable here
241 |     API_AVAILABLE(macos(10.5), ios(2.0), tvos(9.0)) API_UNAVAILABLE(watchos);
242 | CA_EXTERN CAAnimationCalculationMode const kCAAnimationPaced
/Users/admin/builder/spi-builder-workspace/Sources/Private/CoreAnimation/Animations/CombinedShapeAnimation.swift:6:11: error: 'CAShapeLayer' is unavailable in watchOS
 4 | import QuartzCore
 5 |
 6 | extension CAShapeLayer {
   |           `- error: 'CAShapeLayer' is unavailable in watchOS
 7 |   /// Adds animations for the given `CombinedShapeItem` to this `CALayer`
 8 |   @nonobjc
/Applications/Xcode-27.0.0.app/Contents/Developer/Platforms/WatchOS.platform/Developer/SDKs/WatchOS27.0.sdk/System/Library/Frameworks/QuartzCore.framework/Headers/CAShapeLayer.h:40:12: note: 'CAShapeLayer' has been explicitly marked unavailable here
 38 |
 39 | API_AVAILABLE(macos(10.6), ios(3.0), tvos(9.0)) API_UNAVAILABLE(watchos)
 40 | @interface CAShapeLayer : CALayer
    |            `- note: 'CAShapeLayer' has been explicitly marked unavailable here
 41 |
 42 | /* The path defining the shape to be rendered. If the path extends
/Users/admin/builder/spi-builder-workspace/Sources/Private/CoreAnimation/Animations/CustomPathAnimation.swift:6:11: error: 'CAShapeLayer' is unavailable in watchOS
 4 | import QuartzCore
 5 |
 6 | extension CAShapeLayer {
   |           `- error: 'CAShapeLayer' is unavailable in watchOS
 7 |   /// Adds animations for the given `BezierPath` keyframes to this `CALayer`
 8 |   @nonobjc
/Applications/Xcode-27.0.0.app/Contents/Developer/Platforms/WatchOS.platform/Developer/SDKs/WatchOS27.0.sdk/System/Library/Frameworks/QuartzCore.framework/Headers/CAShapeLayer.h:40:12: note: 'CAShapeLayer' has been explicitly marked unavailable here
 38 |
 39 | API_AVAILABLE(macos(10.6), ios(3.0), tvos(9.0)) API_UNAVAILABLE(watchos)
 40 | @interface CAShapeLayer : CALayer
    |            `- note: 'CAShapeLayer' has been explicitly marked unavailable here
 41 |
 42 | /* The path defining the shape to be rendered. If the path extends
/Users/admin/builder/spi-builder-workspace/Sources/Private/CoreAnimation/Animations/DropShadowAnimation.swift:96:11: error: 'CALayer' is unavailable in watchOS
 94 | // MARK: - CALayer + DropShadowModel
 95 |
 96 | extension CALayer {
    |           `- error: 'CALayer' is unavailable in watchOS
 97 |
 98 |   // MARK: Internal
/Applications/Xcode-27.0.0.app/Contents/Developer/Platforms/WatchOS.platform/Developer/SDKs/WatchOS27.0.sdk/System/Library/Frameworks/QuartzCore.framework/Headers/CALayer.h:117:12: note: 'CALayer' has been explicitly marked unavailable here
 115 |
 116 | API_AVAILABLE(macos(10.5), ios(2.0), tvos(9.0)) API_UNAVAILABLE(watchos)
 117 | @interface CALayer : NSObject <NSSecureCoding, CAMediaTiming>
     |            `- note: 'CALayer' has been explicitly marked unavailable here
 118 |
 119 | /** Layer creation and initialization. **/
/Users/admin/builder/spi-builder-workspace/Sources/Private/CoreAnimation/Animations/EllipseAnimation.swift:6:11: error: 'CAShapeLayer' is unavailable in watchOS
 4 | import QuartzCore
 5 |
 6 | extension CAShapeLayer {
   |           `- error: 'CAShapeLayer' is unavailable in watchOS
 7 |   /// Adds animations for the given `Ellipse` to this `CALayer`
 8 |   @nonobjc
/Applications/Xcode-27.0.0.app/Contents/Developer/Platforms/WatchOS.platform/Developer/SDKs/WatchOS27.0.sdk/System/Library/Frameworks/QuartzCore.framework/Headers/CAShapeLayer.h:40:12: note: 'CAShapeLayer' has been explicitly marked unavailable here
 38 |
 39 | API_AVAILABLE(macos(10.6), ios(3.0), tvos(9.0)) API_UNAVAILABLE(watchos)
 40 | @interface CAShapeLayer : CALayer
    |            `- note: 'CAShapeLayer' has been explicitly marked unavailable here
 41 |
 42 | /* The path defining the shape to be rendered. If the path extends
/Users/admin/builder/spi-builder-workspace/Sources/Private/CoreAnimation/Animations/GradientAnimations.swift:98:13: error: 'axial' is unavailable in watchOS
 96 |     context: LayerAnimationContext
 97 |   ) throws {
 98 |     type = .axial
    |             `- error: 'axial' is unavailable in watchOS
 99 |
100 |     try addAnimation(
/Applications/Xcode-27.0.0.app/Contents/Developer/Platforms/WatchOS.platform/Developer/SDKs/WatchOS27.0.sdk/System/Library/Frameworks/QuartzCore.framework/Headers/CAGradientLayer.h:56:37: note: 'axial' has been explicitly marked unavailable here
54 | /** `type' values. **/
55 |
56 | CA_EXTERN CAGradientLayerType const kCAGradientLayerAxial
   |                                     `- note: 'axial' has been explicitly marked unavailable here
57 |     API_AVAILABLE(macos(10.6), ios(3.0), tvos(9.0)) API_UNAVAILABLE(watchos);
58 |
/Users/admin/builder/spi-builder-workspace/Sources/Private/CoreAnimation/Animations/GradientAnimations.swift:120:13: error: 'radial' is unavailable in watchOS
118 |
119 |   private func addRadialGradientAnimations(for gradient: GradientShapeItem, context: LayerAnimationContext) throws {
120 |     type = .radial
    |             `- error: 'radial' is unavailable in watchOS
121 |
122 |     let combinedKeyframes = Keyframes.combined(
/Applications/Xcode-27.0.0.app/Contents/Developer/Platforms/WatchOS.platform/Developer/SDKs/WatchOS27.0.sdk/System/Library/Frameworks/QuartzCore.framework/Headers/CAGradientLayer.h:64:37: note: 'radial' has been explicitly marked unavailable here
62 |  * 2' respectively. */
63 |
64 | CA_EXTERN CAGradientLayerType const kCAGradientLayerRadial
   |                                     `- note: 'radial' has been explicitly marked unavailable here
65 |     API_AVAILABLE(macos(10.6), ios(3.2), tvos(9.0)) API_UNAVAILABLE(watchos);
66 |
/Users/admin/builder/spi-builder-workspace/Sources/Private/CoreAnimation/Animations/LayerProperty.swift:189:39: error: 'CATransform3D' is unavailable in watchOS
187 |   }
188 |
189 |   static var transform: LayerProperty<CATransform3D> {
    |                                       `- error: 'CATransform3D' is unavailable in watchOS
190 |     .init(
191 |       caLayerKeypath: #keyPath(CALayer.transform),
/Applications/Xcode-27.0.0.app/Contents/Developer/Platforms/WatchOS.platform/Developer/SDKs/WatchOS27.0.sdk/System/Library/Frameworks/QuartzCore.framework/Headers/CATransform3D.h:17:8: note: 'CATransform3D' has been explicitly marked unavailable here
 15 | /* Homogeneous three-dimensional transforms. */
 16 |
 17 | struct CATransform3D
    |        `- note: 'CATransform3D' has been explicitly marked unavailable here
 18 | {
 19 |   CGFloat m11, m12, m13, m14;
/Users/admin/builder/spi-builder-workspace/Sources/Private/CoreAnimation/Animations/LayerProperty.swift:165:32: warning: 'CALayer' is unavailable in watchOS
163 |   static var anchorPoint: LayerProperty<CGPoint> {
164 |     .init(
165 |       caLayerKeypath: #keyPath(CALayer.anchorPoint),
    |                                `- warning: 'CALayer' is unavailable in watchOS
166 |       // This is intentionally not `GGPoint(x: 0.5, y: 0.5)` (the actual default)
167 |       // to opt `anchorPoint` out of the KVC `setValue` flow, which causes issues.
/Applications/Xcode-27.0.0.app/Contents/Developer/Platforms/WatchOS.platform/Developer/SDKs/WatchOS27.0.sdk/System/Library/Frameworks/QuartzCore.framework/Headers/CALayer.h:117:12: note: 'CALayer' has been explicitly marked unavailable here
 115 |
 116 | API_AVAILABLE(macos(10.5), ios(2.0), tvos(9.0)) API_UNAVAILABLE(watchos)
 117 | @interface CALayer : NSObject <NSSecureCoding, CAMediaTiming>
     |            `- note: 'CALayer' has been explicitly marked unavailable here
 118 |
 119 | /** Layer creation and initialization. **/
/Users/admin/builder/spi-builder-workspace/Sources/Private/CoreAnimation/Animations/LayerProperty.swift:175:32: warning: 'CALayer' is unavailable in watchOS
173 |   static var opacity: LayerProperty<CGFloat> {
174 |     .init(
175 |       caLayerKeypath: #keyPath(CALayer.opacity),
    |                                `- warning: 'CALayer' is unavailable in watchOS
176 |       defaultValue: 1,
177 |       customizableProperty: .opacity
/Applications/Xcode-27.0.0.app/Contents/Developer/Platforms/WatchOS.platform/Developer/SDKs/WatchOS27.0.sdk/System/Library/Frameworks/QuartzCore.framework/Headers/CALayer.h:117:12: note: 'CALayer' has been explicitly marked unavailable here
 115 |
 116 | API_AVAILABLE(macos(10.5), ios(2.0), tvos(9.0)) API_UNAVAILABLE(watchos)
 117 | @interface CALayer : NSObject <NSSecureCoding, CAMediaTiming>
     |            `- note: 'CALayer' has been explicitly marked unavailable here
 118 |
 119 | /** Layer creation and initialization. **/
/Users/admin/builder/spi-builder-workspace/Sources/Private/CoreAnimation/Animations/LayerProperty.swift:183:32: warning: 'CALayer' is unavailable in watchOS
181 |   static var isHidden: LayerProperty<Bool> {
182 |     .init(
183 |       caLayerKeypath: #keyPath(CALayer.isHidden),
    |                                `- warning: 'CALayer' is unavailable in watchOS
184 |       defaultValue: false,
185 |       customizableProperty: nil // unsupported
/Applications/Xcode-27.0.0.app/Contents/Developer/Platforms/WatchOS.platform/Developer/SDKs/WatchOS27.0.sdk/System/Library/Frameworks/QuartzCore.framework/Headers/CALayer.h:117:12: note: 'CALayer' has been explicitly marked unavailable here
 115 |
 116 | API_AVAILABLE(macos(10.5), ios(2.0), tvos(9.0)) API_UNAVAILABLE(watchos)
 117 | @interface CALayer : NSObject <NSSecureCoding, CAMediaTiming>
     |            `- note: 'CALayer' has been explicitly marked unavailable here
 118 |
 119 | /** Layer creation and initialization. **/
/Users/admin/builder/spi-builder-workspace/Sources/Private/CoreAnimation/Animations/LayerProperty.swift:191:32: warning: 'CALayer' is unavailable in watchOS
189 |   static var transform: LayerProperty<CATransform3D> {
190 |     .init(
191 |       caLayerKeypath: #keyPath(CALayer.transform),
    |                                `- warning: 'CALayer' is unavailable in watchOS
192 |       isDefaultValue: { transform in
193 |         guard let transform else { return false }
/Applications/Xcode-27.0.0.app/Contents/Developer/Platforms/WatchOS.platform/Developer/SDKs/WatchOS27.0.sdk/System/Library/Frameworks/QuartzCore.framework/Headers/CALayer.h:117:12: note: 'CALayer' has been explicitly marked unavailable here
 115 |
 116 | API_AVAILABLE(macos(10.5), ios(2.0), tvos(9.0)) API_UNAVAILABLE(watchos)
 117 | @interface CALayer : NSObject <NSSecureCoding, CAMediaTiming>
     |            `- note: 'CALayer' has been explicitly marked unavailable here
 118 |
 119 | /** Layer creation and initialization. **/
/Users/admin/builder/spi-builder-workspace/Sources/Private/CoreAnimation/Animations/LayerProperty.swift:194:16: error: 'CATransform3DIsIdentity' is unavailable in watchOS
192 |       isDefaultValue: { transform in
193 |         guard let transform else { return false }
194 |         return CATransform3DIsIdentity(transform)
    |                `- error: 'CATransform3DIsIdentity' is unavailable in watchOS
195 |       },
196 |       customizableProperty: nil // currently unsupported
/Applications/Xcode-27.0.0.app/Contents/Developer/Platforms/WatchOS.platform/Developer/SDKs/WatchOS27.0.sdk/System/Library/Frameworks/QuartzCore.framework/Headers/CATransform3D.h:36:16: note: 'CATransform3DIsIdentity' has been explicitly marked unavailable here
 34 | /* Returns true if 't' is the identity transform. */
 35 |
 36 | CA_EXTERN bool CATransform3DIsIdentity (CATransform3D t)
    |                `- note: 'CATransform3DIsIdentity' has been explicitly marked unavailable here
 37 |     API_AVAILABLE(macos(10.5), ios(2.0), tvos(9.0)) API_UNAVAILABLE(watchos);
 38 |
/Users/admin/builder/spi-builder-workspace/Sources/Private/CoreAnimation/Animations/LayerProperty.swift:202:32: warning: 'CALayer' is unavailable in watchOS
200 |   static var shadowOpacity: LayerProperty<CGFloat> {
201 |     .init(
202 |       caLayerKeypath: #keyPath(CALayer.shadowOpacity),
    |                                `- warning: 'CALayer' is unavailable in watchOS
203 |       defaultValue: 0,
204 |       customizableProperty: nil // currently unsupported
/Applications/Xcode-27.0.0.app/Contents/Developer/Platforms/WatchOS.platform/Developer/SDKs/WatchOS27.0.sdk/System/Library/Frameworks/QuartzCore.framework/Headers/CALayer.h:117:12: note: 'CALayer' has been explicitly marked unavailable here
 115 |
 116 | API_AVAILABLE(macos(10.5), ios(2.0), tvos(9.0)) API_UNAVAILABLE(watchos)
 117 | @interface CALayer : NSObject <NSSecureCoding, CAMediaTiming>
     |            `- note: 'CALayer' has been explicitly marked unavailable here
 118 |
 119 | /** Layer creation and initialization. **/
/Users/admin/builder/spi-builder-workspace/Sources/Private/CoreAnimation/Animations/LayerProperty.swift:210:32: warning: 'CALayer' is unavailable in watchOS
208 |   static var shadowColor: LayerProperty<CGColor> {
209 |     .init(
210 |       caLayerKeypath: #keyPath(CALayer.shadowColor),
    |                                `- warning: 'CALayer' is unavailable in watchOS
211 |       defaultValue: .rgb(0, 0, 0),
212 |       customizableProperty: nil // currently unsupported
/Applications/Xcode-27.0.0.app/Contents/Developer/Platforms/WatchOS.platform/Developer/SDKs/WatchOS27.0.sdk/System/Library/Frameworks/QuartzCore.framework/Headers/CALayer.h:117:12: note: 'CALayer' has been explicitly marked unavailable here
 115 |
 116 | API_AVAILABLE(macos(10.5), ios(2.0), tvos(9.0)) API_UNAVAILABLE(watchos)
 117 | @interface CALayer : NSObject <NSSecureCoding, CAMediaTiming>
     |            `- note: 'CALayer' has been explicitly marked unavailable here
 118 |
 119 | /** Layer creation and initialization. **/
/Users/admin/builder/spi-builder-workspace/Sources/Private/CoreAnimation/Animations/LayerProperty.swift:218:32: warning: 'CALayer' is unavailable in watchOS
216 |   static var shadowRadius: LayerProperty<CGFloat> {
217 |     .init(
218 |       caLayerKeypath: #keyPath(CALayer.shadowRadius),
    |                                `- warning: 'CALayer' is unavailable in watchOS
219 |       defaultValue: 3.0,
220 |       customizableProperty: nil // currently unsupported
/Applications/Xcode-27.0.0.app/Contents/Developer/Platforms/WatchOS.platform/Developer/SDKs/WatchOS27.0.sdk/System/Library/Frameworks/QuartzCore.framework/Headers/CALayer.h:117:12: note: 'CALayer' has been explicitly marked unavailable here
 115 |
 116 | API_AVAILABLE(macos(10.5), ios(2.0), tvos(9.0)) API_UNAVAILABLE(watchos)
 117 | @interface CALayer : NSObject <NSSecureCoding, CAMediaTiming>
     |            `- note: 'CALayer' has been explicitly marked unavailable here
 118 |
 119 | /** Layer creation and initialization. **/
/Users/admin/builder/spi-builder-workspace/Sources/Private/CoreAnimation/Animations/LayerProperty.swift:226:32: warning: 'CALayer' is unavailable in watchOS
224 |   static var shadowOffset: LayerProperty<CGSize> {
225 |     .init(
226 |       caLayerKeypath: #keyPath(CALayer.shadowOffset),
    |                                `- warning: 'CALayer' is unavailable in watchOS
227 |       defaultValue: CGSize(width: 0, height: -3.0),
228 |       customizableProperty: nil // currently unsupported
/Applications/Xcode-27.0.0.app/Contents/Developer/Platforms/WatchOS.platform/Developer/SDKs/WatchOS27.0.sdk/System/Library/Frameworks/QuartzCore.framework/Headers/CALayer.h:117:12: note: 'CALayer' has been explicitly marked unavailable here
 115 |
 116 | API_AVAILABLE(macos(10.5), ios(2.0), tvos(9.0)) API_UNAVAILABLE(watchos)
 117 | @interface CALayer : NSObject <NSSecureCoding, CAMediaTiming>
     |            `- note: 'CALayer' has been explicitly marked unavailable here
 118 |
 119 | /** Layer creation and initialization. **/
/Users/admin/builder/spi-builder-workspace/Sources/Private/CoreAnimation/Animations/LayerProperty.swift:238:32: warning: 'CAShapeLayer' is unavailable in watchOS
236 |   static var path: LayerProperty<CGPath> {
237 |     .init(
238 |       caLayerKeypath: #keyPath(CAShapeLayer.path),
    |                                `- warning: 'CAShapeLayer' is unavailable in watchOS
239 |       defaultValue: nil,
240 |       customizableProperty: nil // currently unsupported
/Applications/Xcode-27.0.0.app/Contents/Developer/Platforms/WatchOS.platform/Developer/SDKs/WatchOS27.0.sdk/System/Library/Frameworks/QuartzCore.framework/Headers/CAShapeLayer.h:40:12: note: 'CAShapeLayer' has been explicitly marked unavailable here
 38 |
 39 | API_AVAILABLE(macos(10.6), ios(3.0), tvos(9.0)) API_UNAVAILABLE(watchos)
 40 | @interface CAShapeLayer : CALayer
    |            `- note: 'CAShapeLayer' has been explicitly marked unavailable here
 41 |
 42 | /* The path defining the shape to be rendered. If the path extends
/Users/admin/builder/spi-builder-workspace/Sources/Private/CoreAnimation/Animations/LayerProperty.swift:246:32: warning: 'CAShapeLayer' is unavailable in watchOS
244 |   static var fillColor: LayerProperty<CGColor> {
245 |     .init(
246 |       caLayerKeypath: #keyPath(CAShapeLayer.fillColor),
    |                                `- warning: 'CAShapeLayer' is unavailable in watchOS
247 |       defaultValue: nil,
248 |       customizableProperty: .color
/Applications/Xcode-27.0.0.app/Contents/Developer/Platforms/WatchOS.platform/Developer/SDKs/WatchOS27.0.sdk/System/Library/Frameworks/QuartzCore.framework/Headers/CAShapeLayer.h:40:12: note: 'CAShapeLayer' has been explicitly marked unavailable here
 38 |
 39 | API_AVAILABLE(macos(10.6), ios(3.0), tvos(9.0)) API_UNAVAILABLE(watchos)
 40 | @interface CAShapeLayer : CALayer
    |            `- note: 'CAShapeLayer' has been explicitly marked unavailable here
 41 |
 42 | /* The path defining the shape to be rendered. If the path extends
/Users/admin/builder/spi-builder-workspace/Sources/Private/CoreAnimation/Animations/LayerProperty.swift:254:32: warning: 'CAShapeLayer' is unavailable in watchOS
252 |   static var lineWidth: LayerProperty<CGFloat> {
253 |     .init(
254 |       caLayerKeypath: #keyPath(CAShapeLayer.lineWidth),
    |                                `- warning: 'CAShapeLayer' is unavailable in watchOS
255 |       defaultValue: 1,
256 |       customizableProperty: .floatValue(.strokeWidth)
/Applications/Xcode-27.0.0.app/Contents/Developer/Platforms/WatchOS.platform/Developer/SDKs/WatchOS27.0.sdk/System/Library/Frameworks/QuartzCore.framework/Headers/CAShapeLayer.h:40:12: note: 'CAShapeLayer' has been explicitly marked unavailable here
 38 |
 39 | API_AVAILABLE(macos(10.6), ios(3.0), tvos(9.0)) API_UNAVAILABLE(watchos)
 40 | @interface CAShapeLayer : CALayer
    |            `- note: 'CAShapeLayer' has been explicitly marked unavailable here
 41 |
 42 | /* The path defining the shape to be rendered. If the path extends
/Users/admin/builder/spi-builder-workspace/Sources/Private/CoreAnimation/Animations/LayerProperty.swift:262:32: warning: 'CAShapeLayer' is unavailable in watchOS
260 |   static var lineDashPhase: LayerProperty<CGFloat> {
261 |     .init(
262 |       caLayerKeypath: #keyPath(CAShapeLayer.lineDashPhase),
    |                                `- warning: 'CAShapeLayer' is unavailable in watchOS
263 |       defaultValue: 0,
264 |       customizableProperty: nil // currently unsupported
/Applications/Xcode-27.0.0.app/Contents/Developer/Platforms/WatchOS.platform/Developer/SDKs/WatchOS27.0.sdk/System/Library/Frameworks/QuartzCore.framework/Headers/CAShapeLayer.h:40:12: note: 'CAShapeLayer' has been explicitly marked unavailable here
 38 |
 39 | API_AVAILABLE(macos(10.6), ios(3.0), tvos(9.0)) API_UNAVAILABLE(watchos)
 40 | @interface CAShapeLayer : CALayer
    |            `- note: 'CAShapeLayer' has been explicitly marked unavailable here
 41 |
 42 | /* The path defining the shape to be rendered. If the path extends
/Users/admin/builder/spi-builder-workspace/Sources/Private/CoreAnimation/Animations/LayerProperty.swift:270:32: warning: 'CAShapeLayer' is unavailable in watchOS
268 |   static var strokeColor: LayerProperty<CGColor> {
269 |     .init(
270 |       caLayerKeypath: #keyPath(CAShapeLayer.strokeColor),
    |                                `- warning: 'CAShapeLayer' is unavailable in watchOS
271 |       defaultValue: nil,
272 |       customizableProperty: .color
/Applications/Xcode-27.0.0.app/Contents/Developer/Platforms/WatchOS.platform/Developer/SDKs/WatchOS27.0.sdk/System/Library/Frameworks/QuartzCore.framework/Headers/CAShapeLayer.h:40:12: note: 'CAShapeLayer' has been explicitly marked unavailable here
 38 |
 39 | API_AVAILABLE(macos(10.6), ios(3.0), tvos(9.0)) API_UNAVAILABLE(watchos)
 40 | @interface CAShapeLayer : CALayer
    |            `- note: 'CAShapeLayer' has been explicitly marked unavailable here
 41 |
 42 | /* The path defining the shape to be rendered. If the path extends
/Users/admin/builder/spi-builder-workspace/Sources/Private/CoreAnimation/Animations/LayerProperty.swift:278:32: warning: 'CAShapeLayer' is unavailable in watchOS
276 |   static var strokeStart: LayerProperty<CGFloat> {
277 |     .init(
278 |       caLayerKeypath: #keyPath(CAShapeLayer.strokeStart),
    |                                `- warning: 'CAShapeLayer' is unavailable in watchOS
279 |       defaultValue: 0,
280 |       customizableProperty: nil // currently unsupported
/Applications/Xcode-27.0.0.app/Contents/Developer/Platforms/WatchOS.platform/Developer/SDKs/WatchOS27.0.sdk/System/Library/Frameworks/QuartzCore.framework/Headers/CAShapeLayer.h:40:12: note: 'CAShapeLayer' has been explicitly marked unavailable here
 38 |
 39 | API_AVAILABLE(macos(10.6), ios(3.0), tvos(9.0)) API_UNAVAILABLE(watchos)
 40 | @interface CAShapeLayer : CALayer
    |            `- note: 'CAShapeLayer' has been explicitly marked unavailable here
 41 |
 42 | /* The path defining the shape to be rendered. If the path extends
/Users/admin/builder/spi-builder-workspace/Sources/Private/CoreAnimation/Animations/LayerProperty.swift:286:32: warning: 'CAShapeLayer' is unavailable in watchOS
284 |   static var strokeEnd: LayerProperty<CGFloat> {
285 |     .init(
286 |       caLayerKeypath: #keyPath(CAShapeLayer.strokeEnd),
    |                                `- warning: 'CAShapeLayer' is unavailable in watchOS
287 |       defaultValue: 1,
288 |       customizableProperty: nil // currently unsupported
/Applications/Xcode-27.0.0.app/Contents/Developer/Platforms/WatchOS.platform/Developer/SDKs/WatchOS27.0.sdk/System/Library/Frameworks/QuartzCore.framework/Headers/CAShapeLayer.h:40:12: note: 'CAShapeLayer' has been explicitly marked unavailable here
 38 |
 39 | API_AVAILABLE(macos(10.6), ios(3.0), tvos(9.0)) API_UNAVAILABLE(watchos)
 40 | @interface CAShapeLayer : CALayer
    |            `- note: 'CAShapeLayer' has been explicitly marked unavailable here
 41 |
 42 | /* The path defining the shape to be rendered. If the path extends
/Users/admin/builder/spi-builder-workspace/Sources/Private/CoreAnimation/Animations/LayerProperty.swift:298:32: warning: 'CAGradientLayer' is unavailable in watchOS
296 |   static var colors: LayerProperty<[CGColor]> {
297 |     .init(
298 |       caLayerKeypath: #keyPath(CAGradientLayer.colors),
    |                                `- warning: 'CAGradientLayer' is unavailable in watchOS
299 |       defaultValue: nil,
300 |       customizableProperty: .gradientColors
/Applications/Xcode-27.0.0.app/Contents/Developer/Platforms/WatchOS.platform/Developer/SDKs/WatchOS27.0.sdk/System/Library/Frameworks/QuartzCore.framework/Headers/CAGradientLayer.h:20:12: note: 'CAGradientLayer' has been explicitly marked unavailable here
18 |
19 | API_AVAILABLE(macos(10.6), ios(3.0), tvos(9.0)) API_UNAVAILABLE(watchos)
20 | @interface CAGradientLayer : CALayer
   |            `- note: 'CAGradientLayer' has been explicitly marked unavailable here
21 |
22 | /* The array of CGColorRef objects defining the color of each gradient
/Users/admin/builder/spi-builder-workspace/Sources/Private/CoreAnimation/Animations/LayerProperty.swift:306:32: warning: 'CAGradientLayer' is unavailable in watchOS
304 |   static var locations: LayerProperty<[CGFloat]> {
305 |     .init(
306 |       caLayerKeypath: #keyPath(CAGradientLayer.locations),
    |                                `- warning: 'CAGradientLayer' is unavailable in watchOS
307 |       defaultValue: nil,
308 |       customizableProperty: .gradientLocations
/Applications/Xcode-27.0.0.app/Contents/Developer/Platforms/WatchOS.platform/Developer/SDKs/WatchOS27.0.sdk/System/Library/Frameworks/QuartzCore.framework/Headers/CAGradientLayer.h:20:12: note: 'CAGradientLayer' has been explicitly marked unavailable here
18 |
19 | API_AVAILABLE(macos(10.6), ios(3.0), tvos(9.0)) API_UNAVAILABLE(watchos)
20 | @interface CAGradientLayer : CALayer
   |            `- note: 'CAGradientLayer' has been explicitly marked unavailable here
21 |
22 | /* The array of CGColorRef objects defining the color of each gradient
/Users/admin/builder/spi-builder-workspace/Sources/Private/CoreAnimation/Animations/LayerProperty.swift:314:32: warning: 'CAGradientLayer' is unavailable in watchOS
312 |   static var startPoint: LayerProperty<CGPoint> {
313 |     .init(
314 |       caLayerKeypath: #keyPath(CAGradientLayer.startPoint),
    |                                `- warning: 'CAGradientLayer' is unavailable in watchOS
315 |       defaultValue: nil,
316 |       customizableProperty: nil // currently unsupported
/Applications/Xcode-27.0.0.app/Contents/Developer/Platforms/WatchOS.platform/Developer/SDKs/WatchOS27.0.sdk/System/Library/Frameworks/QuartzCore.framework/Headers/CAGradientLayer.h:20:12: note: 'CAGradientLayer' has been explicitly marked unavailable here
18 |
19 | API_AVAILABLE(macos(10.6), ios(3.0), tvos(9.0)) API_UNAVAILABLE(watchos)
20 | @interface CAGradientLayer : CALayer
   |            `- note: 'CAGradientLayer' has been explicitly marked unavailable here
21 |
22 | /* The array of CGColorRef objects defining the color of each gradient
/Users/admin/builder/spi-builder-workspace/Sources/Private/CoreAnimation/Animations/LayerProperty.swift:322:32: warning: 'CAGradientLayer' is unavailable in watchOS
320 |   static var endPoint: LayerProperty<CGPoint> {
321 |     .init(
322 |       caLayerKeypath: #keyPath(CAGradientLayer.endPoint),
    |                                `- warning: 'CAGradientLayer' is unavailable in watchOS
323 |       defaultValue: nil,
324 |       customizableProperty: nil // currently unsupported
/Applications/Xcode-27.0.0.app/Contents/Developer/Platforms/WatchOS.platform/Developer/SDKs/WatchOS27.0.sdk/System/Library/Frameworks/QuartzCore.framework/Headers/CAGradientLayer.h:20:12: note: 'CAGradientLayer' has been explicitly marked unavailable here
18 |
19 | API_AVAILABLE(macos(10.6), ios(3.0), tvos(9.0)) API_UNAVAILABLE(watchos)
20 | @interface CAGradientLayer : CALayer
   |            `- note: 'CAGradientLayer' has been explicitly marked unavailable here
21 |
22 | /* The array of CGColorRef objects defining the color of each gradient
/Users/admin/builder/spi-builder-workspace/Sources/Private/CoreAnimation/Animations/OpacityAnimation.swift:37:11: error: 'CALayer' is unavailable in watchOS
35 | extension GradientStroke: OpacityAnimationModel { }
36 |
37 | extension CALayer {
   |           `- error: 'CALayer' is unavailable in watchOS
38 |   /// Adds the opacity animation from the given `OpacityAnimationModel` to this layer
39 |   @nonobjc
/Applications/Xcode-27.0.0.app/Contents/Developer/Platforms/WatchOS.platform/Developer/SDKs/WatchOS27.0.sdk/System/Library/Frameworks/QuartzCore.framework/Headers/CALayer.h:117:12: note: 'CALayer' has been explicitly marked unavailable here
 115 |
 116 | API_AVAILABLE(macos(10.5), ios(2.0), tvos(9.0)) API_UNAVAILABLE(watchos)
 117 | @interface CALayer : NSObject <NSSecureCoding, CAMediaTiming>
     |            `- note: 'CALayer' has been explicitly marked unavailable here
 118 |
 119 | /** Layer creation and initialization. **/
/Users/admin/builder/spi-builder-workspace/Sources/Private/CoreAnimation/Animations/RectangleAnimation.swift:6:11: error: 'CAShapeLayer' is unavailable in watchOS
 4 | import QuartzCore
 5 |
 6 | extension CAShapeLayer {
   |           `- error: 'CAShapeLayer' is unavailable in watchOS
 7 |   /// Adds animations for the given `Rectangle` to this `CALayer`
 8 |   @nonobjc
/Applications/Xcode-27.0.0.app/Contents/Developer/Platforms/WatchOS.platform/Developer/SDKs/WatchOS27.0.sdk/System/Library/Frameworks/QuartzCore.framework/Headers/CAShapeLayer.h:40:12: note: 'CAShapeLayer' has been explicitly marked unavailable here
 38 |
 39 | API_AVAILABLE(macos(10.6), ios(3.0), tvos(9.0)) API_UNAVAILABLE(watchos)
 40 | @interface CAShapeLayer : CALayer
    |            `- note: 'CAShapeLayer' has been explicitly marked unavailable here
 41 |
 42 | /* The path defining the shape to be rendered. If the path extends
/Users/admin/builder/spi-builder-workspace/Sources/Private/CoreAnimation/Animations/ShapeAnimation.swift:6:11: error: 'CAShapeLayer' is unavailable in watchOS
  4 | import QuartzCore
  5 |
  6 | extension CAShapeLayer {
    |           `- error: 'CAShapeLayer' is unavailable in watchOS
  7 |   /// Adds a `path` animation for the given `ShapeItem`
  8 |   @nonobjc
/Applications/Xcode-27.0.0.app/Contents/Developer/Platforms/WatchOS.platform/Developer/SDKs/WatchOS27.0.sdk/System/Library/Frameworks/QuartzCore.framework/Headers/CAShapeLayer.h:40:12: note: 'CAShapeLayer' has been explicitly marked unavailable here
 38 |
 39 | API_AVAILABLE(macos(10.6), ios(3.0), tvos(9.0)) API_UNAVAILABLE(watchos)
 40 | @interface CAShapeLayer : CALayer
    |            `- note: 'CAShapeLayer' has been explicitly marked unavailable here
 41 |
 42 | /* The path defining the shape to be rendered. If the path extends
/Users/admin/builder/spi-builder-workspace/Sources/Private/CoreAnimation/Animations/StarAnimation.swift:6:11: error: 'CAShapeLayer' is unavailable in watchOS
  4 | import QuartzCore
  5 |
  6 | extension CAShapeLayer {
    |           `- error: 'CAShapeLayer' is unavailable in watchOS
  7 |
  8 |   // MARK: Internal
/Applications/Xcode-27.0.0.app/Contents/Developer/Platforms/WatchOS.platform/Developer/SDKs/WatchOS27.0.sdk/System/Library/Frameworks/QuartzCore.framework/Headers/CAShapeLayer.h:40:12: note: 'CAShapeLayer' has been explicitly marked unavailable here
 38 |
 39 | API_AVAILABLE(macos(10.6), ios(3.0), tvos(9.0)) API_UNAVAILABLE(watchos)
 40 | @interface CAShapeLayer : CALayer
    |            `- note: 'CAShapeLayer' has been explicitly marked unavailable here
 41 |
 42 | /* The path defining the shape to be rendered. If the path extends
/Users/admin/builder/spi-builder-workspace/Sources/Private/CoreAnimation/Animations/StrokeAnimation.swift:52:11: error: 'CAShapeLayer' is unavailable in watchOS
50 | // MARK: - CAShapeLayer + StrokeShapeItem
51 |
52 | extension CAShapeLayer {
   |           `- error: 'CAShapeLayer' is unavailable in watchOS
53 |   /// Adds animations for properties related to the given `Stroke` object (`strokeColor`, `lineWidth`, etc)
54 |   @nonobjc
/Applications/Xcode-27.0.0.app/Contents/Developer/Platforms/WatchOS.platform/Developer/SDKs/WatchOS27.0.sdk/System/Library/Frameworks/QuartzCore.framework/Headers/CAShapeLayer.h:40:12: note: 'CAShapeLayer' has been explicitly marked unavailable here
 38 |
 39 | API_AVAILABLE(macos(10.6), ios(3.0), tvos(9.0)) API_UNAVAILABLE(watchos)
 40 | @interface CAShapeLayer : CALayer
    |            `- note: 'CAShapeLayer' has been explicitly marked unavailable here
 41 |
 42 | /* The path defining the shape to be rendered. If the path extends
/Users/admin/builder/spi-builder-workspace/Sources/Private/CoreAnimation/Animations/TransformAnimations.swift:97:11: error: 'CALayer' is unavailable in watchOS
 95 | // MARK: - CALayer + TransformModel
 96 |
 97 | extension CALayer {
    |           `- error: 'CALayer' is unavailable in watchOS
 98 |
 99 |   // MARK: Internal
/Applications/Xcode-27.0.0.app/Contents/Developer/Platforms/WatchOS.platform/Developer/SDKs/WatchOS27.0.sdk/System/Library/Frameworks/QuartzCore.framework/Headers/CALayer.h:117:12: note: 'CALayer' has been explicitly marked unavailable here
 115 |
 116 | API_AVAILABLE(macos(10.5), ios(2.0), tvos(9.0)) API_UNAVAILABLE(watchos)
 117 | @interface CALayer : NSObject <NSSecureCoding, CAMediaTiming>
     |            `- note: 'CALayer' has been explicitly marked unavailable here
 118 |
 119 | /** Layer creation and initialization. **/
/Users/admin/builder/spi-builder-workspace/Sources/Private/CoreAnimation/Animations/TransformAnimations.swift:316:19: error: 'CATransform3D' is unavailable in watchOS
314 |       makeCombinedResult: {
315 |         anchor, position, positionX, positionY, scale, rotationX, rotationY, rotationZ, skew, skewAxis
316 |           -> Hold<CATransform3D> in
    |                   `- error: 'CATransform3D' is unavailable in watchOS
317 |         let transformPosition: CGPoint =
318 |           if transformModel._positionX != nil, transformModel._positionY != nil {
/Applications/Xcode-27.0.0.app/Contents/Developer/Platforms/WatchOS.platform/Developer/SDKs/WatchOS27.0.sdk/System/Library/Frameworks/QuartzCore.framework/Headers/CATransform3D.h:17:8: note: 'CATransform3D' has been explicitly marked unavailable here
 15 | /* Homogeneous three-dimensional transforms. */
 16 |
 17 | struct CATransform3D
    |        `- note: 'CATransform3D' has been explicitly marked unavailable here
 18 | {
 19 |   CGFloat m11, m12, m13, m14;
/Users/admin/builder/spi-builder-workspace/Sources/Private/CoreAnimation/Animations/TransformAnimations.swift:324:25: error: 'CATransform3D' is unavailable in watchOS
322 |           }
323 |
324 |         let transform = CATransform3D.makeTransform(
    |                         `- error: 'CATransform3D' is unavailable in watchOS
325 |           anchor: anchor.pointValue,
326 |           position: transformPosition,
/Applications/Xcode-27.0.0.app/Contents/Developer/Platforms/WatchOS.platform/Developer/SDKs/WatchOS27.0.sdk/System/Library/Frameworks/QuartzCore.framework/Headers/CATransform3D.h:17:8: note: 'CATransform3D' has been explicitly marked unavailable here
 15 | /* Homogeneous three-dimensional transforms. */
 16 |
 17 | struct CATransform3D
    |        `- note: 'CATransform3D' has been explicitly marked unavailable here
 18 | {
 19 |   CGFloat m11, m12, m13, m14;
/Users/admin/builder/spi-builder-workspace/Sources/Private/CoreAnimation/Animations/VisibilityAnimation.swift:6:11: error: 'CALayer' is unavailable in watchOS
 4 | import QuartzCore
 5 |
 6 | extension CALayer {
   |           `- error: 'CALayer' is unavailable in watchOS
 7 |   /// Adds an animation for the given `inTime` and `outTime` to this `CALayer`
 8 |   @nonobjc
/Applications/Xcode-27.0.0.app/Contents/Developer/Platforms/WatchOS.platform/Developer/SDKs/WatchOS27.0.sdk/System/Library/Frameworks/QuartzCore.framework/Headers/CALayer.h:117:12: note: 'CALayer' has been explicitly marked unavailable here
 115 |
 116 | API_AVAILABLE(macos(10.5), ios(2.0), tvos(9.0)) API_UNAVAILABLE(watchos)
 117 | @interface CALayer : NSObject <NSSecureCoding, CAMediaTiming>
     |            `- note: 'CALayer' has been explicitly marked unavailable here
 118 |
 119 | /** Layer creation and initialization. **/
/Users/admin/builder/spi-builder-workspace/Sources/Private/CoreAnimation/Animations/VisibilityAnimation.swift:35:23: error: 'CAKeyframeAnimation' is unavailable in watchOS
33 |     ///    but would have to solve https://github.com/airbnb/lottie-ios/pull/2254 for that codepath.
34 |     else {
35 |       let animation = CAKeyframeAnimation(keyPath: #keyPath(isHidden))
   |                       `- error: 'CAKeyframeAnimation' is unavailable in watchOS
36 |       animation.calculationMode = .discrete
37 |
/Applications/Xcode-27.0.0.app/Contents/Developer/Platforms/WatchOS.platform/Developer/SDKs/WatchOS27.0.sdk/System/Library/Frameworks/QuartzCore.framework/Headers/CAAnimation.h:166:12: note: 'CAKeyframeAnimation' has been explicitly marked unavailable here
164 |
165 | API_AVAILABLE(macos(10.5), ios(2.0), tvos(9.0)) API_UNAVAILABLE(watchos)
166 | @interface CAKeyframeAnimation : CAPropertyAnimation
    |            `- note: 'CAKeyframeAnimation' has been explicitly marked unavailable here
167 |
168 | /* An array of objects providing the value of the animation function for
/Users/admin/builder/spi-builder-workspace/Sources/Private/CoreAnimation/Animations/VisibilityAnimation.swift:36:36: error: 'discrete' is unavailable in watchOS
34 |     else {
35 |       let animation = CAKeyframeAnimation(keyPath: #keyPath(isHidden))
36 |       animation.calculationMode = .discrete
   |                                    `- error: 'discrete' is unavailable in watchOS
37 |
38 |       animation.values = [
/Applications/Xcode-27.0.0.app/Contents/Developer/Platforms/WatchOS.platform/Developer/SDKs/WatchOS27.0.sdk/System/Library/Frameworks/QuartzCore.framework/Headers/CAAnimation.h:240:44: note: 'discrete' has been explicitly marked unavailable here
238 | CA_EXTERN CAAnimationCalculationMode const kCAAnimationLinear
239 |     API_AVAILABLE(macos(10.5), ios(2.0), tvos(9.0)) API_UNAVAILABLE(watchos);
240 | CA_EXTERN CAAnimationCalculationMode const kCAAnimationDiscrete
    |                                            `- note: 'discrete' has been explicitly marked unavailable here
241 |     API_AVAILABLE(macos(10.5), ios(2.0), tvos(9.0)) API_UNAVAILABLE(watchos);
242 | CA_EXTERN CAAnimationCalculationMode const kCAAnimationPaced
/Users/admin/builder/spi-builder-workspace/Sources/Private/CoreAnimation/CoreAnimationLayer.swift:469:26: error: 'CALayer' is unavailable in watchOS
467 |   }
468 |
469 |   var _animationLayers: [CALayer] {
    |                          `- error: 'CALayer' is unavailable in watchOS
470 |     (sublayers ?? []).filter { $0 is AnimationLayer }
471 |   }
/Applications/Xcode-27.0.0.app/Contents/Developer/Platforms/WatchOS.platform/Developer/SDKs/WatchOS27.0.sdk/System/Library/Frameworks/QuartzCore.framework/Headers/CALayer.h:117:12: note: 'CALayer' has been explicitly marked unavailable here
 115 |
 116 | API_AVAILABLE(macos(10.5), ios(2.0), tvos(9.0)) API_UNAVAILABLE(watchos)
 117 | @interface CALayer : NSObject <NSSecureCoding, CAMediaTiming>
     |            `- note: 'CALayer' has been explicitly marked unavailable here
 118 |
 119 | /** Layer creation and initialization. **/
/Users/admin/builder/spi-builder-workspace/Sources/Private/CoreAnimation/CoreAnimationLayer.swift:556:42: error: 'CALayer' is unavailable in watchOS
554 |   }
555 |
556 |   func layer(for _: AnimationKeypath) -> CALayer? {
    |                                          `- error: 'CALayer' is unavailable in watchOS
557 |     logger.assertionFailure("""
558 |       The Core Animation rendering engine doesn't support retrieving `CALayer`s by keypath
/Applications/Xcode-27.0.0.app/Contents/Developer/Platforms/WatchOS.platform/Developer/SDKs/WatchOS27.0.sdk/System/Library/Frameworks/QuartzCore.framework/Headers/CALayer.h:117:12: note: 'CALayer' has been explicitly marked unavailable here
 115 |
 116 | API_AVAILABLE(macos(10.5), ios(2.0), tvos(9.0)) API_UNAVAILABLE(watchos)
 117 | @interface CALayer : NSObject <NSSecureCoding, CAMediaTiming>
     |            `- note: 'CALayer' has been explicitly marked unavailable here
 118 |
 119 | /** Layer creation and initialization. **/
/Users/admin/builder/spi-builder-workspace/Sources/Private/CoreAnimation/CoreAnimationLayer.swift:616:22: error: 'CALayer' is unavailable in watchOS
614 |   /// All of the layers in the layer tree that are descendants from this later
615 |   @nonobjc
616 |   var allSublayers: [CALayer] {
    |                      `- error: 'CALayer' is unavailable in watchOS
617 |     var allSublayers = [CALayer]()
618 |
/Applications/Xcode-27.0.0.app/Contents/Developer/Platforms/WatchOS.platform/Developer/SDKs/WatchOS27.0.sdk/System/Library/Frameworks/QuartzCore.framework/Headers/CALayer.h:117:12: note: 'CALayer' has been explicitly marked unavailable here
 115 |
 116 | API_AVAILABLE(macos(10.5), ios(2.0), tvos(9.0)) API_UNAVAILABLE(watchos)
 117 | @interface CALayer : NSObject <NSSecureCoding, CAMediaTiming>
     |            `- note: 'CALayer' has been explicitly marked unavailable here
 118 |
 119 | /** Layer creation and initialization. **/
/Users/admin/builder/spi-builder-workspace/Sources/Private/CoreAnimation/CoreAnimationLayer.swift:613:11: error: 'CALayer' is unavailable in watchOS
611 | // MARK: - CALayer + allSublayers
612 |
613 | extension CALayer {
    |           `- error: 'CALayer' is unavailable in watchOS
614 |   /// All of the layers in the layer tree that are descendants from this later
615 |   @nonobjc
/Applications/Xcode-27.0.0.app/Contents/Developer/Platforms/WatchOS.platform/Developer/SDKs/WatchOS27.0.sdk/System/Library/Frameworks/QuartzCore.framework/Headers/CALayer.h:117:12: note: 'CALayer' has been explicitly marked unavailable here
 115 |
 116 | API_AVAILABLE(macos(10.5), ios(2.0), tvos(9.0)) API_UNAVAILABLE(watchos)
 117 | @interface CALayer : NSObject <NSSecureCoding, CAMediaTiming>
     |            `- note: 'CALayer' has been explicitly marked unavailable here
 118 |
 119 | /** Layer creation and initialization. **/
/Users/admin/builder/spi-builder-workspace/Sources/Private/CoreAnimation/CoreAnimationLayer.swift:315:36: error: 'CABasicAnimation' is unavailable in watchOS
313 |   /// realtime animation progress via `self.currentFrame`.
314 |   private func setupPlaceholderAnimation(context: LayerAnimationContext) {
315 |     let animationProgressTracker = CABasicAnimation(keyPath: #keyPath(animationProgress))
    |                                    `- error: 'CABasicAnimation' is unavailable in watchOS
316 |     animationProgressTracker.fromValue = 0
317 |     animationProgressTracker.toValue = 1
/Applications/Xcode-27.0.0.app/Contents/Developer/Platforms/WatchOS.platform/Developer/SDKs/WatchOS27.0.sdk/System/Library/Frameworks/QuartzCore.framework/Headers/CAAnimation.h:130:12: note: 'CABasicAnimation' has been explicitly marked unavailable here
128 |
129 | API_AVAILABLE(macos(10.5), ios(2.0), tvos(9.0)) API_UNAVAILABLE(watchos)
130 | @interface CABasicAnimation : CAPropertyAnimation
    |            `- note: 'CABasicAnimation' has been explicitly marked unavailable here
131 |
132 | /* The objects defining the property values being interpolated between.
/Users/admin/builder/spi-builder-workspace/Sources/Private/CoreAnimation/CoreAnimationLayer.swift:448:11: error: 'contentsScale' is unavailable in watchOS
446 |
447 |   var renderScale: CGFloat {
448 |     get { contentsScale }
    |           `- error: 'contentsScale' is unavailable in watchOS
449 |     set {
450 |       contentsScale = newValue
/Applications/Xcode-27.0.0.app/Contents/Developer/Platforms/WatchOS.platform/Developer/SDKs/WatchOS27.0.sdk/System/Library/Frameworks/QuartzCore.framework/Headers/CALayer.h:406:19: note: 'contentsScale' has been explicitly marked unavailable here
 404 |  * as large as the layer bounds). Defaults to one. Animatable. */
 405 |
 406 | @property CGFloat contentsScale
     |                   `- note: 'contentsScale' has been explicitly marked unavailable here
 407 |   API_AVAILABLE(macos(10.7), ios(4.0), tvos(9.0)) API_UNAVAILABLE(watchos);
 408 |
/Users/admin/builder/spi-builder-workspace/Sources/Private/CoreAnimation/CoreAnimationLayer.swift:450:7: error: 'contentsScale' is unavailable in watchOS
448 |     get { contentsScale }
449 |     set {
450 |       contentsScale = newValue
    |       `- error: 'contentsScale' is unavailable in watchOS
451 |
452 |       for sublayer in allSublayers {
/Applications/Xcode-27.0.0.app/Contents/Developer/Platforms/WatchOS.platform/Developer/SDKs/WatchOS27.0.sdk/System/Library/Frameworks/QuartzCore.framework/Headers/CALayer.h:406:19: note: 'contentsScale' has been explicitly marked unavailable here
 404 |  * as large as the layer bounds). Defaults to one. Animatable. */
 405 |
 406 | @property CGFloat contentsScale
     |                   `- note: 'contentsScale' has been explicitly marked unavailable here
 407 |   API_AVAILABLE(macos(10.7), ios(4.0), tvos(9.0)) API_UNAVAILABLE(watchos);
 408 |
/Users/admin/builder/spi-builder-workspace/Sources/Private/CoreAnimation/CoreAnimationLayer.swift:453:18: error: 'contentsScale' is unavailable in watchOS
451 |
452 |       for sublayer in allSublayers {
453 |         sublayer.contentsScale = newValue
    |                  `- error: 'contentsScale' is unavailable in watchOS
454 |       }
455 |     }
/Applications/Xcode-27.0.0.app/Contents/Developer/Platforms/WatchOS.platform/Developer/SDKs/WatchOS27.0.sdk/System/Library/Frameworks/QuartzCore.framework/Headers/CALayer.h:406:19: note: 'contentsScale' has been explicitly marked unavailable here
 404 |  * as large as the layer bounds). Defaults to one. Animatable. */
 405 |
 406 | @property CGFloat contentsScale
     |                   `- note: 'contentsScale' has been explicitly marked unavailable here
 407 |   API_AVAILABLE(macos(10.7), ios(4.0), tvos(9.0)) API_UNAVAILABLE(watchos);
 408 |
/Users/admin/builder/spi-builder-workspace/Sources/Private/CoreAnimation/CoreAnimationLayer.swift:617:25: error: 'CALayer' is unavailable in watchOS
615 |   @nonobjc
616 |   var allSublayers: [CALayer] {
617 |     var allSublayers = [CALayer]()
    |                         `- error: 'CALayer' is unavailable in watchOS
618 |
619 |     for sublayer in sublayers ?? [] {
/Applications/Xcode-27.0.0.app/Contents/Developer/Platforms/WatchOS.platform/Developer/SDKs/WatchOS27.0.sdk/System/Library/Frameworks/QuartzCore.framework/Headers/CALayer.h:117:12: note: 'CALayer' has been explicitly marked unavailable here
 115 |
 116 | API_AVAILABLE(macos(10.5), ios(2.0), tvos(9.0)) API_UNAVAILABLE(watchos)
 117 | @interface CALayer : NSObject <NSSecureCoding, CAMediaTiming>
     |            `- note: 'CALayer' has been explicitly marked unavailable here
 118 |
 119 | /** Layer creation and initialization. **/
/Users/admin/builder/spi-builder-workspace/Sources/Private/CoreAnimation/Extensions/CALayer+fillBounds.swift:8:11: error: 'CALayer' is unavailable in watchOS
 6 | // MARK: - CALayer + fillBoundsOfSuperlayer
 7 |
 8 | extension CALayer {
   |           `- error: 'CALayer' is unavailable in watchOS
 9 |   /// Updates the `bounds` of this layer to fill the bounds of its `superlayer`
10 |   /// without setting `frame` (which is not permitted if the layer can rotate)
/Applications/Xcode-27.0.0.app/Contents/Developer/Platforms/WatchOS.platform/Developer/SDKs/WatchOS27.0.sdk/System/Library/Frameworks/QuartzCore.framework/Headers/CALayer.h:117:12: note: 'CALayer' has been explicitly marked unavailable here
 115 |
 116 | API_AVAILABLE(macos(10.5), ios(2.0), tvos(9.0)) API_UNAVAILABLE(watchos)
 117 | @interface CALayer : NSObject <NSSecureCoding, CAMediaTiming>
     |            `- note: 'CALayer' has been explicitly marked unavailable here
 118 |
 119 | /** Layer creation and initialization. **/
/Users/admin/builder/spi-builder-workspace/Sources/Private/CoreAnimation/Extensions/CALayer+fillBounds.swift:33:29: error: 'CALayer' is unavailable in watchOS
31 |
32 | /// A `CALayer` that sets a custom `bounds` and `anchorPoint` relative to its superlayer
33 | protocol CustomLayoutLayer: CALayer {
   |                             `- error: 'CALayer' is unavailable in watchOS
34 |   func layout(superlayerBounds: CGRect)
35 | }
/Applications/Xcode-27.0.0.app/Contents/Developer/Platforms/WatchOS.platform/Developer/SDKs/WatchOS27.0.sdk/System/Library/Frameworks/QuartzCore.framework/Headers/CALayer.h:117:12: note: 'CALayer' has been explicitly marked unavailable here
 115 |
 116 | API_AVAILABLE(macos(10.5), ios(2.0), tvos(9.0)) API_UNAVAILABLE(watchos)
 117 | @interface CALayer : NSObject <NSSecureCoding, CAMediaTiming>
     |            `- note: 'CALayer' has been explicitly marked unavailable here
 118 |
 119 | /** Layer creation and initialization. **/
/Users/admin/builder/spi-builder-workspace/Sources/Private/CoreAnimation/Layers/AnimationLayer.swift:10:26: error: 'CALayer' is unavailable in watchOS
  8 | /// A type of `CALayer` that can be used in a Lottie animation
  9 | ///  - Layers backed by a `LayerModel` subclass should subclass `BaseCompositionLayer`
 10 | protocol AnimationLayer: CALayer {
    |                          `- error: 'CALayer' is unavailable in watchOS
 11 |   /// Instructs this layer to setup its `CAAnimation`s
 12 |   /// using the given `LayerAnimationContext`
/Applications/Xcode-27.0.0.app/Contents/Developer/Platforms/WatchOS.platform/Developer/SDKs/WatchOS27.0.sdk/System/Library/Frameworks/QuartzCore.framework/Headers/CALayer.h:117:12: note: 'CALayer' has been explicitly marked unavailable here
 115 |
 116 | API_AVAILABLE(macos(10.5), ios(2.0), tvos(9.0)) API_UNAVAILABLE(watchos)
 117 | @interface CALayer : NSObject <NSSecureCoding, CAMediaTiming>
     |            `- note: 'CALayer' has been explicitly marked unavailable here
 118 |
 119 | /** Layer creation and initialization. **/
/Users/admin/builder/spi-builder-workspace/Sources/Private/CoreAnimation/Layers/BaseAnimationLayer.swift:42:34: error: 'CALayer' is unavailable in watchOS
40 |
41 |   /// All of the sublayers managed by this container
42 |   private var managedSublayers: [CALayer] {
   |                                  `- error: 'CALayer' is unavailable in watchOS
43 |     (sublayers ?? []) + [mask].compactMap { $0 }
44 |   }
/Applications/Xcode-27.0.0.app/Contents/Developer/Platforms/WatchOS.platform/Developer/SDKs/WatchOS27.0.sdk/System/Library/Frameworks/QuartzCore.framework/Headers/CALayer.h:117:12: note: 'CALayer' has been explicitly marked unavailable here
 115 |
 116 | API_AVAILABLE(macos(10.5), ios(2.0), tvos(9.0)) API_UNAVAILABLE(watchos)
 117 | @interface CALayer : NSObject <NSSecureCoding, CAMediaTiming>
     |            `- note: 'CALayer' has been explicitly marked unavailable here
 118 |
 119 | /** Layer creation and initialization. **/
/Users/admin/builder/spi-builder-workspace/Sources/Private/CoreAnimation/Layers/BaseAnimationLayer.swift:8:27: error: 'CALayer' is unavailable in watchOS
 6 | /// A base `CALayer` that manages the frame and animations
 7 | /// of its `sublayers` and `mask`
 8 | class BaseAnimationLayer: CALayer, AnimationLayer {
   |                           `- error: 'CALayer' is unavailable in watchOS
 9 |
10 |   // MARK: Internal
/Applications/Xcode-27.0.0.app/Contents/Developer/Platforms/WatchOS.platform/Developer/SDKs/WatchOS27.0.sdk/System/Library/Frameworks/QuartzCore.framework/Headers/CALayer.h:117:12: note: 'CALayer' has been explicitly marked unavailable here
 115 |
 116 | API_AVAILABLE(macos(10.5), ios(2.0), tvos(9.0)) API_UNAVAILABLE(watchos)
 117 | @interface CALayer : NSObject <NSSecureCoding, CAMediaTiming>
     |            `- note: 'CALayer' has been explicitly marked unavailable here
 118 |
 119 | /** Layer creation and initialization. **/
SwiftCompile normal arm64_32 /Users/admin/builder/spi-builder-workspace/.derivedData/Build/Intermediates.noindex/Lottie.build/Debug-watchos/Lottie-t.build/DerivedSources/resource_bundle_accessor.swift (in target 'Lottie' from project 'Lottie')
    cd /Users/admin/builder/spi-builder-workspace/.swiftpm/xcode
    builtin-SwiftPerFileCompile resource_bundle_accessor.swift
SwiftCompile normal arm64_32 /Users/admin/builder/spi-builder-workspace/Sources/Private/CoreAnimation/Animations/CAAnimation+TimingConfiguration.swift (in target 'Lottie' from project 'Lottie')
    cd /Users/admin/builder/spi-builder-workspace/.swiftpm/xcode
    builtin-SwiftPerFileCompile CAAnimation+TimingConfiguration.swift
SwiftCompile normal arm64_32 /Users/admin/builder/spi-builder-workspace/Sources/Private/CoreAnimation/Animations/CALayer+addAnimation.swift (in target 'Lottie' from project 'Lottie')
    cd /Users/admin/builder/spi-builder-workspace/.swiftpm/xcode
    builtin-SwiftPerFileCompile CALayer+addAnimation.swift
SwiftCompile normal arm64_32 /Users/admin/builder/spi-builder-workspace/Sources/Private/CoreAnimation/Animations/CombinedShapeAnimation.swift (in target 'Lottie' from project 'Lottie')
    cd /Users/admin/builder/spi-builder-workspace/.swiftpm/xcode
    builtin-SwiftPerFileCompile CombinedShapeAnimation.swift
SwiftCompile normal arm64_32 /Users/admin/builder/spi-builder-workspace/Sources/Private/CoreAnimation/Animations/CustomPathAnimation.swift (in target 'Lottie' from project 'Lottie')
    cd /Users/admin/builder/spi-builder-workspace/.swiftpm/xcode
    builtin-SwiftPerFileCompile CustomPathAnimation.swift
SwiftCompile normal arm64_32 /Users/admin/builder/spi-builder-workspace/Sources/Private/CoreAnimation/Animations/DropShadowAnimation.swift (in target 'Lottie' from project 'Lottie')
    cd /Users/admin/builder/spi-builder-workspace/.swiftpm/xcode
    builtin-SwiftPerFileCompile DropShadowAnimation.swift
SwiftCompile normal arm64_32 /Users/admin/builder/spi-builder-workspace/Sources/Private/CoreAnimation/Animations/EllipseAnimation.swift (in target 'Lottie' from project 'Lottie')
    cd /Users/admin/builder/spi-builder-workspace/.swiftpm/xcode
    builtin-SwiftPerFileCompile EllipseAnimation.swift
SwiftCompile normal arm64_32 /Users/admin/builder/spi-builder-workspace/Sources/Private/CoreAnimation/Animations/GradientAnimations.swift (in target 'Lottie' from project 'Lottie')
    cd /Users/admin/builder/spi-builder-workspace/.swiftpm/xcode
    builtin-SwiftPerFileCompile GradientAnimations.swift
SwiftCompile normal arm64_32 /Users/admin/builder/spi-builder-workspace/Sources/Private/CoreAnimation/Animations/LayerProperty.swift (in target 'Lottie' from project 'Lottie')
    cd /Users/admin/builder/spi-builder-workspace/.swiftpm/xcode
    builtin-SwiftPerFileCompile LayerProperty.swift
SwiftCompile normal arm64_32 /Users/admin/builder/spi-builder-workspace/Sources/Private/CoreAnimation/Animations/OpacityAnimation.swift (in target 'Lottie' from project 'Lottie')
    cd /Users/admin/builder/spi-builder-workspace/.swiftpm/xcode
    builtin-SwiftPerFileCompile OpacityAnimation.swift
SwiftCompile normal arm64_32 /Users/admin/builder/spi-builder-workspace/Sources/Private/CoreAnimation/Animations/RectangleAnimation.swift (in target 'Lottie' from project 'Lottie')
    cd /Users/admin/builder/spi-builder-workspace/.swiftpm/xcode
    builtin-SwiftPerFileCompile RectangleAnimation.swift
SwiftCompile normal arm64_32 /Users/admin/builder/spi-builder-workspace/Sources/Private/CoreAnimation/Animations/ShapeAnimation.swift (in target 'Lottie' from project 'Lottie')
    cd /Users/admin/builder/spi-builder-workspace/.swiftpm/xcode
    builtin-SwiftPerFileCompile ShapeAnimation.swift
SwiftCompile normal arm64_32 /Users/admin/builder/spi-builder-workspace/Sources/Private/CoreAnimation/Animations/StarAnimation.swift (in target 'Lottie' from project 'Lottie')
    cd /Users/admin/builder/spi-builder-workspace/.swiftpm/xcode
    builtin-SwiftPerFileCompile StarAnimation.swift
SwiftCompile normal arm64_32 /Users/admin/builder/spi-builder-workspace/Sources/Private/CoreAnimation/Animations/StrokeAnimation.swift (in target 'Lottie' from project 'Lottie')
    cd /Users/admin/builder/spi-builder-workspace/.swiftpm/xcode
    builtin-SwiftPerFileCompile StrokeAnimation.swift
SwiftCompile normal arm64_32 /Users/admin/builder/spi-builder-workspace/Sources/Private/CoreAnimation/Animations/TransformAnimations.swift (in target 'Lottie' from project 'Lottie')
    cd /Users/admin/builder/spi-builder-workspace/.swiftpm/xcode
    builtin-SwiftPerFileCompile TransformAnimations.swift
SwiftCompile normal arm64_32 /Users/admin/builder/spi-builder-workspace/Sources/Private/CoreAnimation/Animations/VisibilityAnimation.swift (in target 'Lottie' from project 'Lottie')
    cd /Users/admin/builder/spi-builder-workspace/.swiftpm/xcode
    builtin-SwiftPerFileCompile VisibilityAnimation.swift
SwiftCompile normal arm64_32 /Users/admin/builder/spi-builder-workspace/Sources/Private/CoreAnimation/CompatibilityTracker.swift (in target 'Lottie' from project 'Lottie')
    cd /Users/admin/builder/spi-builder-workspace/.swiftpm/xcode
    builtin-SwiftPerFileCompile CompatibilityTracker.swift
SwiftCompile normal arm64_32 /Users/admin/builder/spi-builder-workspace/Sources/Private/CoreAnimation/CoreAnimationLayer.swift (in target 'Lottie' from project 'Lottie')
    cd /Users/admin/builder/spi-builder-workspace/.swiftpm/xcode
    builtin-SwiftPerFileCompile CoreAnimationLayer.swift
SwiftCompile normal arm64_32 /Users/admin/builder/spi-builder-workspace/Sources/Private/CoreAnimation/Extensions/CALayer+fillBounds.swift (in target 'Lottie' from project 'Lottie')
    cd /Users/admin/builder/spi-builder-workspace/.swiftpm/xcode
    builtin-SwiftPerFileCompile CALayer+fillBounds.swift
SwiftCompile normal arm64_32 /Users/admin/builder/spi-builder-workspace/Sources/Private/CoreAnimation/Extensions/KeyframeGroup+exactlyOneKeyframe.swift (in target 'Lottie' from project 'Lottie')
    cd /Users/admin/builder/spi-builder-workspace/.swiftpm/xcode
    builtin-SwiftPerFileCompile KeyframeGroup+exactlyOneKeyframe.swift
SwiftCompile normal arm64_32 /Users/admin/builder/spi-builder-workspace/Sources/Private/CoreAnimation/Extensions/Keyframes+combined.swift (in target 'Lottie' from project 'Lottie')
    cd /Users/admin/builder/spi-builder-workspace/.swiftpm/xcode
    builtin-SwiftPerFileCompile Keyframes+combined.swift
SwiftCompile normal arm64_32 /Users/admin/builder/spi-builder-workspace/Sources/Private/CoreAnimation/Extensions/Keyframes+timeRemapping.swift (in target 'Lottie' from project 'Lottie')
    cd /Users/admin/builder/spi-builder-workspace/.swiftpm/xcode
    builtin-SwiftPerFileCompile Keyframes+timeRemapping.swift
SwiftCompile normal arm64_32 /Users/admin/builder/spi-builder-workspace/Sources/Private/CoreAnimation/Layers/AnimationLayer.swift (in target 'Lottie' from project 'Lottie')
    cd /Users/admin/builder/spi-builder-workspace/.swiftpm/xcode
    builtin-SwiftPerFileCompile AnimationLayer.swift
SwiftCompile normal arm64_32 /Users/admin/builder/spi-builder-workspace/Sources/Private/CoreAnimation/Layers/BaseAnimationLayer.swift (in target 'Lottie' from project 'Lottie')
    cd /Users/admin/builder/spi-builder-workspace/.swiftpm/xcode
    builtin-SwiftPerFileCompile BaseAnimationLayer.swift
SwiftCompile normal arm64_32 /Users/admin/builder/spi-builder-workspace/Sources/Private/CoreAnimation/Layers/BaseCompositionLayer.swift (in target 'Lottie' from project 'Lottie')
    cd /Users/admin/builder/spi-builder-workspace/.swiftpm/xcode
    builtin-SwiftPerFileCompile BaseCompositionLayer.swift
SwiftCompile normal arm64_32 Compiling\ ColorEffectValue.swift,\ EffectValue.swift,\ Vector1DEffectValue.swift,\ LayerEffect.swift,\ DropShadowStyle.swift,\ LayerStyle.swift,\ ImageLayerModel.swift,\ LayerModel+TrackMatte.swift,\ LayerModel.swift,\ PreCompLayerModel.swift,\ ShapeLayerModel.swift,\ SolidLayerModel.swift,\ TextLayerModel.swift,\ DashPattern.swift,\ Marker.swift,\ Mask.swift,\ Transform.swift,\ Ellipse.swift,\ Fill.swift,\ GradientFill.swift,\ GradientStroke.swift,\ Group.swift,\ Merge.swift,\ Rectangle.swift /Users/admin/builder/spi-builder-workspace/Sources/Private/Model/LayerEffects/EffectValues/ColorEffectValue.swift /Users/admin/builder/spi-builder-workspace/Sources/Private/Model/LayerEffects/EffectValues/EffectValue.swift /Users/admin/builder/spi-builder-workspace/Sources/Private/Model/LayerEffects/EffectValues/Vector1DEffectValue.swift /Users/admin/builder/spi-builder-workspace/Sources/Private/Model/LayerEffects/LayerEffect.swift /Users/admin/builder/spi-builder-workspace/Sources/Private/Model/LayerStyles/DropShadowStyle.swift /Users/admin/builder/spi-builder-workspace/Sources/Private/Model/LayerStyles/LayerStyle.swift /Users/admin/builder/spi-builder-workspace/Sources/Private/Model/Layers/ImageLayerModel.swift /Users/admin/builder/spi-builder-workspace/Sources/Private/Model/Layers/LayerModel+TrackMatte.swift /Users/admin/builder/spi-builder-workspace/Sources/Private/Model/Layers/LayerModel.swift /Users/admin/builder/spi-builder-workspace/Sources/Private/Model/Layers/PreCompLayerModel.swift /Users/admin/builder/spi-builder-workspace/Sources/Private/Model/Layers/ShapeLayerModel.swift /Users/admin/builder/spi-builder-workspace/Sources/Private/Model/Layers/SolidLayerModel.swift /Users/admin/builder/spi-builder-workspace/Sources/Private/Model/Layers/TextLayerModel.swift /Users/admin/builder/spi-builder-workspace/Sources/Private/Model/Objects/DashPattern.swift /Users/admin/builder/spi-builder-workspace/Sources/Private/Model/Objects/Marker.swift /Users/admin/builder/spi-builder-workspace/Sources/Private/Model/Objects/Mask.swift /Users/admin/builder/spi-builder-workspace/Sources/Private/Model/Objects/Transform.swift /Users/admin/builder/spi-builder-workspace/Sources/Private/Model/ShapeItems/Ellipse.swift /Users/admin/builder/spi-builder-workspace/Sources/Private/Model/ShapeItems/Fill.swift /Users/admin/builder/spi-builder-workspace/Sources/Private/Model/ShapeItems/GradientFill.swift /Users/admin/builder/spi-builder-workspace/Sources/Private/Model/ShapeItems/GradientStroke.swift /Users/admin/builder/spi-builder-workspace/Sources/Private/Model/ShapeItems/Group.swift /Users/admin/builder/spi-builder-workspace/Sources/Private/Model/ShapeItems/Merge.swift /Users/admin/builder/spi-builder-workspace/Sources/Private/Model/ShapeItems/Rectangle.swift (in target 'Lottie' from project 'Lottie')
SwiftCompile normal arm64_32 /Users/admin/builder/spi-builder-workspace/Sources/Private/Model/LayerEffects/EffectValues/ColorEffectValue.swift (in target 'Lottie' from project 'Lottie')
    cd /Users/admin/builder/spi-builder-workspace/.swiftpm/xcode
    builtin-SwiftPerFileCompile ColorEffectValue.swift
SwiftCompile normal arm64_32 /Users/admin/builder/spi-builder-workspace/Sources/Private/Model/LayerEffects/EffectValues/EffectValue.swift (in target 'Lottie' from project 'Lottie')
    cd /Users/admin/builder/spi-builder-workspace/.swiftpm/xcode
    builtin-SwiftPerFileCompile EffectValue.swift
SwiftCompile normal arm64_32 /Users/admin/builder/spi-builder-workspace/Sources/Private/Model/LayerEffects/EffectValues/Vector1DEffectValue.swift (in target 'Lottie' from project 'Lottie')
    cd /Users/admin/builder/spi-builder-workspace/.swiftpm/xcode
    builtin-SwiftPerFileCompile Vector1DEffectValue.swift
SwiftCompile normal arm64_32 /Users/admin/builder/spi-builder-workspace/Sources/Private/Model/LayerEffects/LayerEffect.swift (in target 'Lottie' from project 'Lottie')
    cd /Users/admin/builder/spi-builder-workspace/.swiftpm/xcode
    builtin-SwiftPerFileCompile LayerEffect.swift
SwiftCompile normal arm64_32 /Users/admin/builder/spi-builder-workspace/Sources/Private/Model/LayerStyles/DropShadowStyle.swift (in target 'Lottie' from project 'Lottie')
    cd /Users/admin/builder/spi-builder-workspace/.swiftpm/xcode
    builtin-SwiftPerFileCompile DropShadowStyle.swift
SwiftCompile normal arm64_32 /Users/admin/builder/spi-builder-workspace/Sources/Private/Model/LayerStyles/LayerStyle.swift (in target 'Lottie' from project 'Lottie')
    cd /Users/admin/builder/spi-builder-workspace/.swiftpm/xcode
    builtin-SwiftPerFileCompile LayerStyle.swift
SwiftCompile normal arm64_32 /Users/admin/builder/spi-builder-workspace/Sources/Private/Model/Layers/ImageLayerModel.swift (in target 'Lottie' from project 'Lottie')
    cd /Users/admin/builder/spi-builder-workspace/.swiftpm/xcode
    builtin-SwiftPerFileCompile ImageLayerModel.swift
SwiftCompile normal arm64_32 /Users/admin/builder/spi-builder-workspace/Sources/Private/Model/Layers/LayerModel+TrackMatte.swift (in target 'Lottie' from project 'Lottie')
    cd /Users/admin/builder/spi-builder-workspace/.swiftpm/xcode
    builtin-SwiftPerFileCompile LayerModel+TrackMatte.swift
SwiftCompile normal arm64_32 /Users/admin/builder/spi-builder-workspace/Sources/Private/Model/Layers/LayerModel.swift (in target 'Lottie' from project 'Lottie')
    cd /Users/admin/builder/spi-builder-workspace/.swiftpm/xcode
    builtin-SwiftPerFileCompile LayerModel.swift
SwiftCompile normal arm64_32 /Users/admin/builder/spi-builder-workspace/Sources/Private/Model/Layers/PreCompLayerModel.swift (in target 'Lottie' from project 'Lottie')
    cd /Users/admin/builder/spi-builder-workspace/.swiftpm/xcode
    builtin-SwiftPerFileCompile PreCompLayerModel.swift
SwiftCompile normal arm64_32 /Users/admin/builder/spi-builder-workspace/Sources/Private/Model/Layers/ShapeLayerModel.swift (in target 'Lottie' from project 'Lottie')
    cd /Users/admin/builder/spi-builder-workspace/.swiftpm/xcode
    builtin-SwiftPerFileCompile ShapeLayerModel.swift
SwiftCompile normal arm64_32 /Users/admin/builder/spi-builder-workspace/Sources/Private/Model/Layers/SolidLayerModel.swift (in target 'Lottie' from project 'Lottie')
    cd /Users/admin/builder/spi-builder-workspace/.swiftpm/xcode
    builtin-SwiftPerFileCompile SolidLayerModel.swift
SwiftCompile normal arm64_32 /Users/admin/builder/spi-builder-workspace/Sources/Private/Model/Layers/TextLayerModel.swift (in target 'Lottie' from project 'Lottie')
    cd /Users/admin/builder/spi-builder-workspace/.swiftpm/xcode
    builtin-SwiftPerFileCompile TextLayerModel.swift
SwiftCompile normal arm64_32 /Users/admin/builder/spi-builder-workspace/Sources/Private/Model/Objects/DashPattern.swift (in target 'Lottie' from project 'Lottie')
    cd /Users/admin/builder/spi-builder-workspace/.swiftpm/xcode
    builtin-SwiftPerFileCompile DashPattern.swift
SwiftCompile normal arm64_32 /Users/admin/builder/spi-builder-workspace/Sources/Private/Model/Objects/Marker.swift (in target 'Lottie' from project 'Lottie')
    cd /Users/admin/builder/spi-builder-workspace/.swiftpm/xcode
    builtin-SwiftPerFileCompile Marker.swift
SwiftCompile normal arm64_32 /Users/admin/builder/spi-builder-workspace/Sources/Private/Model/Objects/Mask.swift (in target 'Lottie' from project 'Lottie')
    cd /Users/admin/builder/spi-builder-workspace/.swiftpm/xcode
    builtin-SwiftPerFileCompile Mask.swift
SwiftCompile normal arm64_32 /Users/admin/builder/spi-builder-workspace/Sources/Private/Model/Objects/Transform.swift (in target 'Lottie' from project 'Lottie')
    cd /Users/admin/builder/spi-builder-workspace/.swiftpm/xcode
    builtin-SwiftPerFileCompile Transform.swift
SwiftCompile normal arm64_32 /Users/admin/builder/spi-builder-workspace/Sources/Private/Model/ShapeItems/Ellipse.swift (in target 'Lottie' from project 'Lottie')
    cd /Users/admin/builder/spi-builder-workspace/.swiftpm/xcode
    builtin-SwiftPerFileCompile Ellipse.swift
SwiftCompile normal arm64_32 /Users/admin/builder/spi-builder-workspace/Sources/Private/Model/ShapeItems/Fill.swift (in target 'Lottie' from project 'Lottie')
    cd /Users/admin/builder/spi-builder-workspace/.swiftpm/xcode
    builtin-SwiftPerFileCompile Fill.swift
SwiftCompile normal arm64_32 /Users/admin/builder/spi-builder-workspace/Sources/Private/Model/ShapeItems/GradientFill.swift (in target 'Lottie' from project 'Lottie')
    cd /Users/admin/builder/spi-builder-workspace/.swiftpm/xcode
    builtin-SwiftPerFileCompile GradientFill.swift
SwiftCompile normal arm64_32 /Users/admin/builder/spi-builder-workspace/Sources/Private/Model/ShapeItems/GradientStroke.swift (in target 'Lottie' from project 'Lottie')
    cd /Users/admin/builder/spi-builder-workspace/.swiftpm/xcode
    builtin-SwiftPerFileCompile GradientStroke.swift
SwiftCompile normal arm64_32 /Users/admin/builder/spi-builder-workspace/Sources/Private/Model/ShapeItems/Group.swift (in target 'Lottie' from project 'Lottie')
    cd /Users/admin/builder/spi-builder-workspace/.swiftpm/xcode
    builtin-SwiftPerFileCompile Group.swift
SwiftCompile normal arm64_32 /Users/admin/builder/spi-builder-workspace/Sources/Private/Model/ShapeItems/Merge.swift (in target 'Lottie' from project 'Lottie')
    cd /Users/admin/builder/spi-builder-workspace/.swiftpm/xcode
    builtin-SwiftPerFileCompile Merge.swift
SwiftCompile normal arm64_32 /Users/admin/builder/spi-builder-workspace/Sources/Private/Model/ShapeItems/Rectangle.swift (in target 'Lottie' from project 'Lottie')
    cd /Users/admin/builder/spi-builder-workspace/.swiftpm/xcode
    builtin-SwiftPerFileCompile Rectangle.swift
SwiftCompile normal arm64_32 Compiling\ FillNode.swift,\ GradientFillNode.swift,\ GradientStrokeNode.swift,\ StrokeNode.swift,\ TextAnimatorNode.swift,\ AnimatorNode.swift,\ PathNode.swift,\ RenderNode.swift,\ ShapeContainerLayer.swift,\ ShapeRenderLayer.swift,\ Asset.swift,\ AssetLibrary.swift,\ ImageAsset.swift,\ PrecompAsset.swift,\ DictionaryInitializable.swift,\ DotLottieAnimation.swift,\ DotLottieImageProvider.swift,\ DotLottieManifest.swift,\ DotLottieUtils.swift,\ Bundle.swift,\ KeyedDecodingContainerExtensions.swift,\ KeyframeData.swift,\ KeyframeGroup.swift,\ DropShadowEffect.swift /Users/admin/builder/spi-builder-workspace/Sources/Private/MainThread/NodeRenderSystem/Nodes/RenderNodes/FillNode.swift /Users/admin/builder/spi-builder-workspace/Sources/Private/MainThread/NodeRenderSystem/Nodes/RenderNodes/GradientFillNode.swift /Users/admin/builder/spi-builder-workspace/Sources/Private/MainThread/NodeRenderSystem/Nodes/RenderNodes/GradientStrokeNode.swift /Users/admin/builder/spi-builder-workspace/Sources/Private/MainThread/NodeRenderSystem/Nodes/RenderNodes/StrokeNode.swift /Users/admin/builder/spi-builder-workspace/Sources/Private/MainThread/NodeRenderSystem/Nodes/Text/TextAnimatorNode.swift /Users/admin/builder/spi-builder-workspace/Sources/Private/MainThread/NodeRenderSystem/Protocols/AnimatorNode.swift /Users/admin/builder/spi-builder-workspace/Sources/Private/MainThread/NodeRenderSystem/Protocols/PathNode.swift /Users/admin/builder/spi-builder-workspace/Sources/Private/MainThread/NodeRenderSystem/Protocols/RenderNode.swift /Users/admin/builder/spi-builder-workspace/Sources/Private/MainThread/NodeRenderSystem/RenderLayers/ShapeContainerLayer.swift /Users/admin/builder/spi-builder-workspace/Sources/Private/MainThread/NodeRenderSystem/RenderLayers/ShapeRenderLayer.swift /Users/admin/builder/spi-builder-workspace/Sources/Private/Model/Assets/Asset.swift /Users/admin/builder/spi-builder-workspace/Sources/Private/Model/Assets/AssetLibrary.swift /Users/admin/builder/spi-builder-workspace/Sources/Private/Model/Assets/ImageAsset.swift /Users/admin/builder/spi-builder-workspace/Sources/Private/Model/Assets/PrecompAsset.swift /Users/admin/builder/spi-builder-workspace/Sources/Private/Model/DictionaryInitializable.swift /Users/admin/builder/spi-builder-workspace/Sources/Private/Model/DotLottie/DotLottieAnimation.swift /Users/admin/builder/spi-builder-workspace/Sources/Private/Model/DotLottie/DotLottieImageProvider.swift /Users/admin/builder/spi-builder-workspace/Sources/Private/Model/DotLottie/DotLottieManifest.swift /Users/admin/builder/spi-builder-workspace/Sources/Private/Model/DotLottie/DotLottieUtils.swift /Users/admin/builder/spi-builder-workspace/Sources/Private/Model/Extensions/Bundle.swift /Users/admin/builder/spi-builder-workspace/Sources/Private/Model/Extensions/KeyedDecodingContainerExtensions.swift /Users/admin/builder/spi-builder-workspace/Sources/Private/Model/Keyframes/KeyframeData.swift /Users/admin/builder/spi-builder-workspace/Sources/Private/Model/Keyframes/KeyframeGroup.swift /Users/admin/builder/spi-builder-workspace/Sources/Private/Model/LayerEffects/DropShadowEffect.swift (in target 'Lottie' from project 'Lottie')
/Users/admin/builder/spi-builder-workspace/Sources/Private/MainThread/NodeRenderSystem/Nodes/Text/TextAnimatorNode.swift:164:20: error: 'CATransform3D' is unavailable in watchOS
162 |   let properties: [AnyNodeProperty]
163 |
164 |   var caTransform: CATransform3D {
    |                    `- error: 'CATransform3D' is unavailable in watchOS
165 |     CATransform3D.makeTransform(
166 |       anchor: anchor?.value.pointValue ?? .zero,
/Applications/Xcode-27.0.0.app/Contents/Developer/Platforms/WatchOS.platform/Developer/SDKs/WatchOS27.0.sdk/System/Library/Frameworks/QuartzCore.framework/Headers/CATransform3D.h:17:8: note: 'CATransform3D' has been explicitly marked unavailable here
 15 | /* Homogeneous three-dimensional transforms. */
 16 |
 17 | struct CATransform3D
    |        `- note: 'CATransform3D' has been explicitly marked unavailable here
 18 | {
 19 |   CGFloat m11, m12, m13, m14;
/Users/admin/builder/spi-builder-workspace/Sources/Private/MainThread/NodeRenderSystem/Nodes/Text/TextAnimatorNode.swift:199:14: error: 'CATransform3D' is unavailable in watchOS
197 |   }
198 |
199 |   var xform: CATransform3D {
    |              `- error: 'CATransform3D' is unavailable in watchOS
200 |     get {
201 |       _xform ?? parentTextNode?.xform ?? CATransform3DIdentity
/Applications/Xcode-27.0.0.app/Contents/Developer/Platforms/WatchOS.platform/Developer/SDKs/WatchOS27.0.sdk/System/Library/Frameworks/QuartzCore.framework/Headers/CATransform3D.h:17:8: note: 'CATransform3D' has been explicitly marked unavailable here
 15 | /* Homogeneous three-dimensional transforms. */
 16 |
 17 | struct CATransform3D
    |        `- note: 'CATransform3D' has been explicitly marked unavailable here
 18 | {
 19 |   CGFloat m11, m12, m13, m14;
/Users/admin/builder/spi-builder-workspace/Sources/Private/MainThread/NodeRenderSystem/Nodes/Text/TextAnimatorNode.swift:287:27: error: 'CATransform3D' is unavailable in watchOS
285 |   // MARK: Fileprivate
286 |
287 |   fileprivate var _xform: CATransform3D?
    |                           `- error: 'CATransform3D' is unavailable in watchOS
288 |   fileprivate var _opacity: CGFloat?
289 |   fileprivate var _strokeColor: CGColor?
/Applications/Xcode-27.0.0.app/Contents/Developer/Platforms/WatchOS.platform/Developer/SDKs/WatchOS27.0.sdk/System/Library/Frameworks/QuartzCore.framework/Headers/CATransform3D.h:17:8: note: 'CATransform3D' has been explicitly marked unavailable here
 15 | /* Homogeneous three-dimensional transforms. */
 16 |
 17 | struct CATransform3D
    |        `- note: 'CATransform3D' has been explicitly marked unavailable here
 18 | {
 19 |   CGFloat m11, m12, m13, m14;
/Users/admin/builder/spi-builder-workspace/Sources/Private/MainThread/NodeRenderSystem/Nodes/Text/TextAnimatorNode.swift:165:5: error: 'CATransform3D' is unavailable in watchOS
163 |
164 |   var caTransform: CATransform3D {
165 |     CATransform3D.makeTransform(
    |     `- error: 'CATransform3D' is unavailable in watchOS
166 |       anchor: anchor?.value.pointValue ?? .zero,
167 |       position: position?.value.pointValue ?? .zero,
/Applications/Xcode-27.0.0.app/Contents/Developer/Platforms/WatchOS.platform/Developer/SDKs/WatchOS27.0.sdk/System/Library/Frameworks/QuartzCore.framework/Headers/CATransform3D.h:17:8: note: 'CATransform3D' has been explicitly marked unavailable here
 15 | /* Homogeneous three-dimensional transforms. */
 16 |
 17 | struct CATransform3D
    |        `- note: 'CATransform3D' has been explicitly marked unavailable here
 18 | {
 19 |   CGFloat m11, m12, m13, m14;
/Users/admin/builder/spi-builder-workspace/Sources/Private/MainThread/NodeRenderSystem/Nodes/Text/TextAnimatorNode.swift:201:42: error: 'CATransform3DIdentity' is unavailable in watchOS
199 |   var xform: CATransform3D {
200 |     get {
201 |       _xform ?? parentTextNode?.xform ?? CATransform3DIdentity
    |                                          `- error: 'CATransform3DIdentity' is unavailable in watchOS
202 |     }
203 |     set {
/Applications/Xcode-27.0.0.app/Contents/Developer/Platforms/WatchOS.platform/Developer/SDKs/WatchOS27.0.sdk/System/Library/Frameworks/QuartzCore.framework/Headers/CATransform3D.h:31:31: note: 'CATransform3DIdentity' has been explicitly marked unavailable here
 29 | /* The identity transform: [1 0 0 0; 0 1 0 0; 0 0 1 0; 0 0 0 1]. */
 30 |
 31 | CA_EXTERN const CATransform3D CATransform3DIdentity
    |                               `- note: 'CATransform3DIdentity' has been explicitly marked unavailable here
 32 |     API_AVAILABLE(macos(10.5), ios(2.0), tvos(9.0)) API_UNAVAILABLE(watchos);
 33 |
/Users/admin/builder/spi-builder-workspace/Sources/Private/MainThread/NodeRenderSystem/Protocols/AnimatorNode.swift:193:21: error: 'CALayer' is unavailable in watchOS
191 |   }
192 |
193 |   var keypathLayer: CALayer? {
    |                     `- error: 'CALayer' is unavailable in watchOS
194 |     nil
195 |   }
/Applications/Xcode-27.0.0.app/Contents/Developer/Platforms/WatchOS.platform/Developer/SDKs/WatchOS27.0.sdk/System/Library/Frameworks/QuartzCore.framework/Headers/CALayer.h:117:12: note: 'CALayer' has been explicitly marked unavailable here
 115 |
 116 | API_AVAILABLE(macos(10.5), ios(2.0), tvos(9.0)) API_UNAVAILABLE(watchos)
 117 | @interface CALayer : NSObject <NSSecureCoding, CAMediaTiming>
     |            `- note: 'CALayer' has been explicitly marked unavailable here
 118 |
 119 | /** Layer creation and initialization. **/
/Users/admin/builder/spi-builder-workspace/Sources/Private/MainThread/NodeRenderSystem/Protocols/RenderNode.swift:33:32: error: 'CAShapeLayer' is unavailable in watchOS
31 |
32 |   /// Passes in the CAShapeLayer to update
33 |   func updateShapeLayer(layer: CAShapeLayer)
   |                                `- error: 'CAShapeLayer' is unavailable in watchOS
34 |
35 |   /// Asks the renderer what the renderable bounds is for the given box.
/Applications/Xcode-27.0.0.app/Contents/Developer/Platforms/WatchOS.platform/Developer/SDKs/WatchOS27.0.sdk/System/Library/Frameworks/QuartzCore.framework/Headers/CAShapeLayer.h:40:12: note: 'CAShapeLayer' has been explicitly marked unavailable here
 38 |
 39 | API_AVAILABLE(macos(10.6), ios(3.0), tvos(9.0)) API_UNAVAILABLE(watchos)
 40 | @interface CAShapeLayer : CALayer
    |            `- note: 'CAShapeLayer' has been explicitly marked unavailable here
 41 |
 42 | /* The path defining the shape to be rendered. If the path extends
/Users/admin/builder/spi-builder-workspace/Sources/Private/MainThread/NodeRenderSystem/Protocols/RenderNode.swift:39:30: error: 'CAShapeLayer' is unavailable in watchOS
37 |
38 |   /// Opportunity for renderers to inject sublayers
39 |   func setupSublayers(layer: CAShapeLayer)
   |                              `- error: 'CAShapeLayer' is unavailable in watchOS
40 |
41 |   /// Renders the shape in a custom context
/Applications/Xcode-27.0.0.app/Contents/Developer/Platforms/WatchOS.platform/Developer/SDKs/WatchOS27.0.sdk/System/Library/Frameworks/QuartzCore.framework/Headers/CAShapeLayer.h:40:12: note: 'CAShapeLayer' has been explicitly marked unavailable here
 38 |
 39 | API_AVAILABLE(macos(10.6), ios(3.0), tvos(9.0)) API_UNAVAILABLE(watchos)
 40 | @interface CAShapeLayer : CALayer
    |            `- note: 'CAShapeLayer' has been explicitly marked unavailable here
 41 |
 42 | /* The path defining the shape to be rendered. If the path extends
/Users/admin/builder/spi-builder-workspace/Sources/Private/MainThread/NodeRenderSystem/RenderLayers/ShapeContainerLayer.swift:11:28: error: 'CALayer' is unavailable in watchOS
 9 |
10 | /// The base layer that holds Shapes and Shape Renderers
11 | class ShapeContainerLayer: CALayer {
   |                            `- error: 'CALayer' is unavailable in watchOS
12 |
13 |   // MARK: Lifecycle
/Applications/Xcode-27.0.0.app/Contents/Developer/Platforms/WatchOS.platform/Developer/SDKs/WatchOS27.0.sdk/System/Library/Frameworks/QuartzCore.framework/Headers/CALayer.h:117:12: note: 'CALayer' has been explicitly marked unavailable here
 115 |
 116 | API_AVAILABLE(macos(10.5), ios(2.0), tvos(9.0)) API_UNAVAILABLE(watchos)
 117 | @interface CALayer : NSObject <NSSecureCoding, CAMediaTiming>
     |            `- note: 'CALayer' has been explicitly marked unavailable here
 118 |
 119 | /** Layer creation and initialization. **/
/Users/admin/builder/spi-builder-workspace/Sources/Private/MainThread/NodeRenderSystem/RenderLayers/ShapeContainerLayer.swift:18:19: warning: conformance of 'NSNull' to 'CAAction' is unavailable in watchOS; this is an error in the Swift 6 language mode
16 |     super.init()
17 |     actions = [
18 |       "position": NSNull(),
   |                   `- warning: conformance of 'NSNull' to 'CAAction' is unavailable in watchOS; this is an error in the Swift 6 language mode
19 |       "bounds": NSNull(),
20 |       "anchorPoint": NSNull(),
/Applications/Xcode-27.0.0.app/Contents/Developer/Platforms/WatchOS.platform/Developer/SDKs/WatchOS27.0.sdk/System/Library/Frameworks/QuartzCore.framework/Headers/CALayer.h:960:1: note: conformance of 'NSNull' to 'CAAction' has been explicitly marked unavailable here
 958 |
 959 | API_AVAILABLE(macos(10.5), ios(2.0), tvos(9.0)) API_UNAVAILABLE(watchos)
 960 | @interface NSNull (CAActionAdditions) <CAAction>
     | `- note: conformance of 'NSNull' to 'CAAction' has been explicitly marked unavailable here
 961 |
 962 | @end
/Users/admin/builder/spi-builder-workspace/Sources/Private/MainThread/NodeRenderSystem/RenderLayers/ShapeContainerLayer.swift:19:17: warning: conformance of 'NSNull' to 'CAAction' is unavailable in watchOS; this is an error in the Swift 6 language mode
17 |     actions = [
18 |       "position": NSNull(),
19 |       "bounds": NSNull(),
   |                 `- warning: conformance of 'NSNull' to 'CAAction' is unavailable in watchOS; this is an error in the Swift 6 language mode
20 |       "anchorPoint": NSNull(),
21 |       "transform": NSNull(),
/Applications/Xcode-27.0.0.app/Contents/Developer/Platforms/WatchOS.platform/Developer/SDKs/WatchOS27.0.sdk/System/Library/Frameworks/QuartzCore.framework/Headers/CALayer.h:960:1: note: conformance of 'NSNull' to 'CAAction' has been explicitly marked unavailable here
 958 |
 959 | API_AVAILABLE(macos(10.5), ios(2.0), tvos(9.0)) API_UNAVAILABLE(watchos)
 960 | @interface NSNull (CAActionAdditions) <CAAction>
     | `- note: conformance of 'NSNull' to 'CAAction' has been explicitly marked unavailable here
 961 |
 962 | @end
/Users/admin/builder/spi-builder-workspace/Sources/Private/MainThread/NodeRenderSystem/RenderLayers/ShapeContainerLayer.swift:20:22: warning: conformance of 'NSNull' to 'CAAction' is unavailable in watchOS; this is an error in the Swift 6 language mode
18 |       "position": NSNull(),
19 |       "bounds": NSNull(),
20 |       "anchorPoint": NSNull(),
   |                      `- warning: conformance of 'NSNull' to 'CAAction' is unavailable in watchOS; this is an error in the Swift 6 language mode
21 |       "transform": NSNull(),
22 |       "opacity": NSNull(),
/Applications/Xcode-27.0.0.app/Contents/Developer/Platforms/WatchOS.platform/Developer/SDKs/WatchOS27.0.sdk/System/Library/Frameworks/QuartzCore.framework/Headers/CALayer.h:960:1: note: conformance of 'NSNull' to 'CAAction' has been explicitly marked unavailable here
 958 |
 959 | API_AVAILABLE(macos(10.5), ios(2.0), tvos(9.0)) API_UNAVAILABLE(watchos)
 960 | @interface NSNull (CAActionAdditions) <CAAction>
     | `- note: conformance of 'NSNull' to 'CAAction' has been explicitly marked unavailable here
 961 |
 962 | @end
/Users/admin/builder/spi-builder-workspace/Sources/Private/MainThread/NodeRenderSystem/RenderLayers/ShapeContainerLayer.swift:21:20: warning: conformance of 'NSNull' to 'CAAction' is unavailable in watchOS; this is an error in the Swift 6 language mode
19 |       "bounds": NSNull(),
20 |       "anchorPoint": NSNull(),
21 |       "transform": NSNull(),
   |                    `- warning: conformance of 'NSNull' to 'CAAction' is unavailable in watchOS; this is an error in the Swift 6 language mode
22 |       "opacity": NSNull(),
23 |       "hidden": NSNull(),
/Applications/Xcode-27.0.0.app/Contents/Developer/Platforms/WatchOS.platform/Developer/SDKs/WatchOS27.0.sdk/System/Library/Frameworks/QuartzCore.framework/Headers/CALayer.h:960:1: note: conformance of 'NSNull' to 'CAAction' has been explicitly marked unavailable here
 958 |
 959 | API_AVAILABLE(macos(10.5), ios(2.0), tvos(9.0)) API_UNAVAILABLE(watchos)
 960 | @interface NSNull (CAActionAdditions) <CAAction>
     | `- note: conformance of 'NSNull' to 'CAAction' has been explicitly marked unavailable here
 961 |
 962 | @end
/Users/admin/builder/spi-builder-workspace/Sources/Private/MainThread/NodeRenderSystem/RenderLayers/ShapeContainerLayer.swift:22:18: warning: conformance of 'NSNull' to 'CAAction' is unavailable in watchOS; this is an error in the Swift 6 language mode
20 |       "anchorPoint": NSNull(),
21 |       "transform": NSNull(),
22 |       "opacity": NSNull(),
   |                  `- warning: conformance of 'NSNull' to 'CAAction' is unavailable in watchOS; this is an error in the Swift 6 language mode
23 |       "hidden": NSNull(),
24 |     ]
/Applications/Xcode-27.0.0.app/Contents/Developer/Platforms/WatchOS.platform/Developer/SDKs/WatchOS27.0.sdk/System/Library/Frameworks/QuartzCore.framework/Headers/CALayer.h:960:1: note: conformance of 'NSNull' to 'CAAction' has been explicitly marked unavailable here
 958 |
 959 | API_AVAILABLE(macos(10.5), ios(2.0), tvos(9.0)) API_UNAVAILABLE(watchos)
 960 | @interface NSNull (CAActionAdditions) <CAAction>
     | `- note: conformance of 'NSNull' to 'CAAction' has been explicitly marked unavailable here
 961 |
 962 | @end
/Users/admin/builder/spi-builder-workspace/Sources/Private/MainThread/NodeRenderSystem/RenderLayers/ShapeContainerLayer.swift:23:17: warning: conformance of 'NSNull' to 'CAAction' is unavailable in watchOS; this is an error in the Swift 6 language mode
21 |       "transform": NSNull(),
22 |       "opacity": NSNull(),
23 |       "hidden": NSNull(),
   |                 `- warning: conformance of 'NSNull' to 'CAAction' is unavailable in watchOS; this is an error in the Swift 6 language mode
24 |     ]
25 |   }
/Applications/Xcode-27.0.0.app/Contents/Developer/Platforms/WatchOS.platform/Developer/SDKs/WatchOS27.0.sdk/System/Library/Frameworks/QuartzCore.framework/Headers/CALayer.h:960:1: note: conformance of 'NSNull' to 'CAAction' has been explicitly marked unavailable here
 958 |
 959 | API_AVAILABLE(macos(10.5), ios(2.0), tvos(9.0)) API_UNAVAILABLE(watchos)
 960 | @interface NSNull (CAActionAdditions) <CAAction>
     | `- note: conformance of 'NSNull' to 'CAAction' has been explicitly marked unavailable here
 961 |
 962 | @end
/Users/admin/builder/spi-builder-workspace/Sources/Private/MainThread/NodeRenderSystem/RenderLayers/ShapeContainerLayer.swift:72:5: error: 'contentsScale' is unavailable in watchOS
70 |
71 |   func updateRenderScale() {
72 |     contentsScale = renderScale
   |     `- error: 'contentsScale' is unavailable in watchOS
73 |     for renderLayer in renderLayers {
74 |       renderLayer.renderScale = renderScale
/Applications/Xcode-27.0.0.app/Contents/Developer/Platforms/WatchOS.platform/Developer/SDKs/WatchOS27.0.sdk/System/Library/Frameworks/QuartzCore.framework/Headers/CALayer.h:406:19: note: 'contentsScale' has been explicitly marked unavailable here
 404 |  * as large as the layer bounds). Defaults to one. Animatable. */
 405 |
 406 | @property CGFloat contentsScale
     |                   `- note: 'contentsScale' has been explicitly marked unavailable here
 407 |   API_AVAILABLE(macos(10.7), ios(4.0), tvos(9.0)) API_UNAVAILABLE(watchos);
 408 |
/Users/admin/builder/spi-builder-workspace/Sources/Private/MainThread/NodeRenderSystem/RenderLayers/ShapeRenderLayer.swift:62:20: error: 'CAShapeLayer' is unavailable in watchOS
60 |   fileprivate(set) var renderer: Renderable & NodeOutput
61 |
62 |   let shapeLayer = CAShapeLayer()
   |                    `- error: 'CAShapeLayer' is unavailable in watchOS
63 |
64 |   override func hasRenderUpdate(forFrame: CGFloat) -> Bool {
/Applications/Xcode-27.0.0.app/Contents/Developer/Platforms/WatchOS.platform/Developer/SDKs/WatchOS27.0.sdk/System/Library/Frameworks/QuartzCore.framework/Headers/CAShapeLayer.h:40:12: note: 'CAShapeLayer' has been explicitly marked unavailable here
 38 |
 39 | API_AVAILABLE(macos(10.6), ios(3.0), tvos(9.0)) API_UNAVAILABLE(watchos)
 40 | @interface CAShapeLayer : CALayer
    |            `- note: 'CAShapeLayer' has been explicitly marked unavailable here
 41 |
 42 | /* The path defining the shape to be rendered. If the path extends
/Users/admin/builder/spi-builder-workspace/Sources/Private/MainThread/NodeRenderSystem/RenderLayers/ShapeRenderLayer.swift:20:19: warning: conformance of 'NSNull' to 'CAAction' is unavailable in watchOS; this is an error in the Swift 6 language mode
18 |     anchorPoint = .zero
19 |     actions = [
20 |       "position": NSNull(),
   |                   `- warning: conformance of 'NSNull' to 'CAAction' is unavailable in watchOS; this is an error in the Swift 6 language mode
21 |       "bounds": NSNull(),
22 |       "anchorPoint": NSNull(),
/Applications/Xcode-27.0.0.app/Contents/Developer/Platforms/WatchOS.platform/Developer/SDKs/WatchOS27.0.sdk/System/Library/Frameworks/QuartzCore.framework/Headers/CALayer.h:960:1: note: conformance of 'NSNull' to 'CAAction' has been explicitly marked unavailable here
 958 |
 959 | API_AVAILABLE(macos(10.5), ios(2.0), tvos(9.0)) API_UNAVAILABLE(watchos)
 960 | @interface NSNull (CAActionAdditions) <CAAction>
     | `- note: conformance of 'NSNull' to 'CAAction' has been explicitly marked unavailable here
 961 |
 962 | @end
/Users/admin/builder/spi-builder-workspace/Sources/Private/MainThread/NodeRenderSystem/RenderLayers/ShapeRenderLayer.swift:21:17: warning: conformance of 'NSNull' to 'CAAction' is unavailable in watchOS; this is an error in the Swift 6 language mode
19 |     actions = [
20 |       "position": NSNull(),
21 |       "bounds": NSNull(),
   |                 `- warning: conformance of 'NSNull' to 'CAAction' is unavailable in watchOS; this is an error in the Swift 6 language mode
22 |       "anchorPoint": NSNull(),
23 |       "path": NSNull(),
/Applications/Xcode-27.0.0.app/Contents/Developer/Platforms/WatchOS.platform/Developer/SDKs/WatchOS27.0.sdk/System/Library/Frameworks/QuartzCore.framework/Headers/CALayer.h:960:1: note: conformance of 'NSNull' to 'CAAction' has been explicitly marked unavailable here
 958 |
 959 | API_AVAILABLE(macos(10.5), ios(2.0), tvos(9.0)) API_UNAVAILABLE(watchos)
 960 | @interface NSNull (CAActionAdditions) <CAAction>
     | `- note: conformance of 'NSNull' to 'CAAction' has been explicitly marked unavailable here
 961 |
 962 | @end
/Users/admin/builder/spi-builder-workspace/Sources/Private/MainThread/NodeRenderSystem/RenderLayers/ShapeRenderLayer.swift:22:22: warning: conformance of 'NSNull' to 'CAAction' is unavailable in watchOS; this is an error in the Swift 6 language mode
20 |       "position": NSNull(),
21 |       "bounds": NSNull(),
22 |       "anchorPoint": NSNull(),
   |                      `- warning: conformance of 'NSNull' to 'CAAction' is unavailable in watchOS; this is an error in the Swift 6 language mode
23 |       "path": NSNull(),
24 |       "transform": NSNull(),
/Applications/Xcode-27.0.0.app/Contents/Developer/Platforms/WatchOS.platform/Developer/SDKs/WatchOS27.0.sdk/System/Library/Frameworks/QuartzCore.framework/Headers/CALayer.h:960:1: note: conformance of 'NSNull' to 'CAAction' has been explicitly marked unavailable here
 958 |
 959 | API_AVAILABLE(macos(10.5), ios(2.0), tvos(9.0)) API_UNAVAILABLE(watchos)
 960 | @interface NSNull (CAActionAdditions) <CAAction>
     | `- note: conformance of 'NSNull' to 'CAAction' has been explicitly marked unavailable here
 961 |
 962 | @end
/Users/admin/builder/spi-builder-workspace/Sources/Private/MainThread/NodeRenderSystem/RenderLayers/ShapeRenderLayer.swift:23:15: warning: conformance of 'NSNull' to 'CAAction' is unavailable in watchOS; this is an error in the Swift 6 language mode
21 |       "bounds": NSNull(),
22 |       "anchorPoint": NSNull(),
23 |       "path": NSNull(),
   |               `- warning: conformance of 'NSNull' to 'CAAction' is unavailable in watchOS; this is an error in the Swift 6 language mode
24 |       "transform": NSNull(),
25 |       "opacity": NSNull(),
/Applications/Xcode-27.0.0.app/Contents/Developer/Platforms/WatchOS.platform/Developer/SDKs/WatchOS27.0.sdk/System/Library/Frameworks/QuartzCore.framework/Headers/CALayer.h:960:1: note: conformance of 'NSNull' to 'CAAction' has been explicitly marked unavailable here
 958 |
 959 | API_AVAILABLE(macos(10.5), ios(2.0), tvos(9.0)) API_UNAVAILABLE(watchos)
 960 | @interface NSNull (CAActionAdditions) <CAAction>
     | `- note: conformance of 'NSNull' to 'CAAction' has been explicitly marked unavailable here
 961 |
 962 | @end
/Users/admin/builder/spi-builder-workspace/Sources/Private/MainThread/NodeRenderSystem/RenderLayers/ShapeRenderLayer.swift:24:20: warning: conformance of 'NSNull' to 'CAAction' is unavailable in watchOS; this is an error in the Swift 6 language mode
22 |       "anchorPoint": NSNull(),
23 |       "path": NSNull(),
24 |       "transform": NSNull(),
   |                    `- warning: conformance of 'NSNull' to 'CAAction' is unavailable in watchOS; this is an error in the Swift 6 language mode
25 |       "opacity": NSNull(),
26 |       "hidden": NSNull(),
/Applications/Xcode-27.0.0.app/Contents/Developer/Platforms/WatchOS.platform/Developer/SDKs/WatchOS27.0.sdk/System/Library/Frameworks/QuartzCore.framework/Headers/CALayer.h:960:1: note: conformance of 'NSNull' to 'CAAction' has been explicitly marked unavailable here
 958 |
 959 | API_AVAILABLE(macos(10.5), ios(2.0), tvos(9.0)) API_UNAVAILABLE(watchos)
 960 | @interface NSNull (CAActionAdditions) <CAAction>
     | `- note: conformance of 'NSNull' to 'CAAction' has been explicitly marked unavailable here
 961 |
 962 | @end
/Users/admin/builder/spi-builder-workspace/Sources/Private/MainThread/NodeRenderSystem/RenderLayers/ShapeRenderLayer.swift:25:18: warning: conformance of 'NSNull' to 'CAAction' is unavailable in watchOS; this is an error in the Swift 6 language mode
23 |       "path": NSNull(),
24 |       "transform": NSNull(),
25 |       "opacity": NSNull(),
   |                  `- warning: conformance of 'NSNull' to 'CAAction' is unavailable in watchOS; this is an error in the Swift 6 language mode
26 |       "hidden": NSNull(),
27 |     ]
/Applications/Xcode-27.0.0.app/Contents/Developer/Platforms/WatchOS.platform/Developer/SDKs/WatchOS27.0.sdk/System/Library/Frameworks/QuartzCore.framework/Headers/CALayer.h:960:1: note: conformance of 'NSNull' to 'CAAction' has been explicitly marked unavailable here
 958 |
 959 | API_AVAILABLE(macos(10.5), ios(2.0), tvos(9.0)) API_UNAVAILABLE(watchos)
 960 | @interface NSNull (CAActionAdditions) <CAAction>
     | `- note: conformance of 'NSNull' to 'CAAction' has been explicitly marked unavailable here
 961 |
 962 | @end
/Users/admin/builder/spi-builder-workspace/Sources/Private/MainThread/NodeRenderSystem/RenderLayers/ShapeRenderLayer.swift:26:17: warning: conformance of 'NSNull' to 'CAAction' is unavailable in watchOS; this is an error in the Swift 6 language mode
24 |       "transform": NSNull(),
25 |       "opacity": NSNull(),
26 |       "hidden": NSNull(),
   |                 `- warning: conformance of 'NSNull' to 'CAAction' is unavailable in watchOS; this is an error in the Swift 6 language mode
27 |     ]
28 |     shapeLayer.actions = [
/Applications/Xcode-27.0.0.app/Contents/Developer/Platforms/WatchOS.platform/Developer/SDKs/WatchOS27.0.sdk/System/Library/Frameworks/QuartzCore.framework/Headers/CALayer.h:960:1: note: conformance of 'NSNull' to 'CAAction' has been explicitly marked unavailable here
 958 |
 959 | API_AVAILABLE(macos(10.5), ios(2.0), tvos(9.0)) API_UNAVAILABLE(watchos)
 960 | @interface NSNull (CAActionAdditions) <CAAction>
     | `- note: conformance of 'NSNull' to 'CAAction' has been explicitly marked unavailable here
 961 |
 962 | @end
/Users/admin/builder/spi-builder-workspace/Sources/Private/MainThread/NodeRenderSystem/RenderLayers/ShapeRenderLayer.swift:29:19: warning: conformance of 'NSNull' to 'CAAction' is unavailable in watchOS; this is an error in the Swift 6 language mode
27 |     ]
28 |     shapeLayer.actions = [
29 |       "position": NSNull(),
   |                   `- warning: conformance of 'NSNull' to 'CAAction' is unavailable in watchOS; this is an error in the Swift 6 language mode
30 |       "bounds": NSNull(),
31 |       "anchorPoint": NSNull(),
/Applications/Xcode-27.0.0.app/Contents/Developer/Platforms/WatchOS.platform/Developer/SDKs/WatchOS27.0.sdk/System/Library/Frameworks/QuartzCore.framework/Headers/CALayer.h:960:1: note: conformance of 'NSNull' to 'CAAction' has been explicitly marked unavailable here
 958 |
 959 | API_AVAILABLE(macos(10.5), ios(2.0), tvos(9.0)) API_UNAVAILABLE(watchos)
 960 | @interface NSNull (CAActionAdditions) <CAAction>
     | `- note: conformance of 'NSNull' to 'CAAction' has been explicitly marked unavailable here
 961 |
 962 | @end
/Users/admin/builder/spi-builder-workspace/Sources/Private/MainThread/NodeRenderSystem/RenderLayers/ShapeRenderLayer.swift:30:17: warning: conformance of 'NSNull' to 'CAAction' is unavailable in watchOS; this is an error in the Swift 6 language mode
28 |     shapeLayer.actions = [
29 |       "position": NSNull(),
30 |       "bounds": NSNull(),
   |                 `- warning: conformance of 'NSNull' to 'CAAction' is unavailable in watchOS; this is an error in the Swift 6 language mode
31 |       "anchorPoint": NSNull(),
32 |       "path": NSNull(),
/Applications/Xcode-27.0.0.app/Contents/Developer/Platforms/WatchOS.platform/Developer/SDKs/WatchOS27.0.sdk/System/Library/Frameworks/QuartzCore.framework/Headers/CALayer.h:960:1: note: conformance of 'NSNull' to 'CAAction' has been explicitly marked unavailable here
 958 |
 959 | API_AVAILABLE(macos(10.5), ios(2.0), tvos(9.0)) API_UNAVAILABLE(watchos)
 960 | @interface NSNull (CAActionAdditions) <CAAction>
     | `- note: conformance of 'NSNull' to 'CAAction' has been explicitly marked unavailable here
 961 |
 962 | @end
/Users/admin/builder/spi-builder-workspace/Sources/Private/MainThread/NodeRenderSystem/RenderLayers/ShapeRenderLayer.swift:31:22: warning: conformance of 'NSNull' to 'CAAction' is unavailable in watchOS; this is an error in the Swift 6 language mode
29 |       "position": NSNull(),
30 |       "bounds": NSNull(),
31 |       "anchorPoint": NSNull(),
   |                      `- warning: conformance of 'NSNull' to 'CAAction' is unavailable in watchOS; this is an error in the Swift 6 language mode
32 |       "path": NSNull(),
33 |       "fillColor": NSNull(),
/Applications/Xcode-27.0.0.app/Contents/Developer/Platforms/WatchOS.platform/Developer/SDKs/WatchOS27.0.sdk/System/Library/Frameworks/QuartzCore.framework/Headers/CALayer.h:960:1: note: conformance of 'NSNull' to 'CAAction' has been explicitly marked unavailable here
 958 |
 959 | API_AVAILABLE(macos(10.5), ios(2.0), tvos(9.0)) API_UNAVAILABLE(watchos)
 960 | @interface NSNull (CAActionAdditions) <CAAction>
     | `- note: conformance of 'NSNull' to 'CAAction' has been explicitly marked unavailable here
 961 |
 962 | @end
/Users/admin/builder/spi-builder-workspace/Sources/Private/MainThread/NodeRenderSystem/RenderLayers/ShapeRenderLayer.swift:32:15: warning: conformance of 'NSNull' to 'CAAction' is unavailable in watchOS; this is an error in the Swift 6 language mode
30 |       "bounds": NSNull(),
31 |       "anchorPoint": NSNull(),
32 |       "path": NSNull(),
   |               `- warning: conformance of 'NSNull' to 'CAAction' is unavailable in watchOS; this is an error in the Swift 6 language mode
33 |       "fillColor": NSNull(),
34 |       "strokeColor": NSNull(),
/Applications/Xcode-27.0.0.app/Contents/Developer/Platforms/WatchOS.platform/Developer/SDKs/WatchOS27.0.sdk/System/Library/Frameworks/QuartzCore.framework/Headers/CALayer.h:960:1: note: conformance of 'NSNull' to 'CAAction' has been explicitly marked unavailable here
 958 |
 959 | API_AVAILABLE(macos(10.5), ios(2.0), tvos(9.0)) API_UNAVAILABLE(watchos)
 960 | @interface NSNull (CAActionAdditions) <CAAction>
     | `- note: conformance of 'NSNull' to 'CAAction' has been explicitly marked unavailable here
 961 |
 962 | @end
/Users/admin/builder/spi-builder-workspace/Sources/Private/MainThread/NodeRenderSystem/RenderLayers/ShapeRenderLayer.swift:33:20: warning: conformance of 'NSNull' to 'CAAction' is unavailable in watchOS; this is an error in the Swift 6 language mode
31 |       "anchorPoint": NSNull(),
32 |       "path": NSNull(),
33 |       "fillColor": NSNull(),
   |                    `- warning: conformance of 'NSNull' to 'CAAction' is unavailable in watchOS; this is an error in the Swift 6 language mode
34 |       "strokeColor": NSNull(),
35 |       "lineWidth": NSNull(),
/Applications/Xcode-27.0.0.app/Contents/Developer/Platforms/WatchOS.platform/Developer/SDKs/WatchOS27.0.sdk/System/Library/Frameworks/QuartzCore.framework/Headers/CALayer.h:960:1: note: conformance of 'NSNull' to 'CAAction' has been explicitly marked unavailable here
 958 |
 959 | API_AVAILABLE(macos(10.5), ios(2.0), tvos(9.0)) API_UNAVAILABLE(watchos)
 960 | @interface NSNull (CAActionAdditions) <CAAction>
     | `- note: conformance of 'NSNull' to 'CAAction' has been explicitly marked unavailable here
 961 |
 962 | @end
/Users/admin/builder/spi-builder-workspace/Sources/Private/MainThread/NodeRenderSystem/RenderLayers/ShapeRenderLayer.swift:34:22: warning: conformance of 'NSNull' to 'CAAction' is unavailable in watchOS; this is an error in the Swift 6 language mode
32 |       "path": NSNull(),
33 |       "fillColor": NSNull(),
34 |       "strokeColor": NSNull(),
   |                      `- warning: conformance of 'NSNull' to 'CAAction' is unavailable in watchOS; this is an error in the Swift 6 language mode
35 |       "lineWidth": NSNull(),
36 |       "miterLimit": NSNull(),
/Applications/Xcode-27.0.0.app/Contents/Developer/Platforms/WatchOS.platform/Developer/SDKs/WatchOS27.0.sdk/System/Library/Frameworks/QuartzCore.framework/Headers/CALayer.h:960:1: note: conformance of 'NSNull' to 'CAAction' has been explicitly marked unavailable here
 958 |
 959 | API_AVAILABLE(macos(10.5), ios(2.0), tvos(9.0)) API_UNAVAILABLE(watchos)
 960 | @interface NSNull (CAActionAdditions) <CAAction>
     | `- note: conformance of 'NSNull' to 'CAAction' has been explicitly marked unavailable here
 961 |
 962 | @end
/Users/admin/builder/spi-builder-workspace/Sources/Private/MainThread/NodeRenderSystem/RenderLayers/ShapeRenderLayer.swift:35:20: warning: conformance of 'NSNull' to 'CAAction' is unavailable in watchOS; this is an error in the Swift 6 language mode
33 |       "fillColor": NSNull(),
34 |       "strokeColor": NSNull(),
35 |       "lineWidth": NSNull(),
   |                    `- warning: conformance of 'NSNull' to 'CAAction' is unavailable in watchOS; this is an error in the Swift 6 language mode
36 |       "miterLimit": NSNull(),
37 |       "lineDashPhase": NSNull(),
/Applications/Xcode-27.0.0.app/Contents/Developer/Platforms/WatchOS.platform/Developer/SDKs/WatchOS27.0.sdk/System/Library/Frameworks/QuartzCore.framework/Headers/CALayer.h:960:1: note: conformance of 'NSNull' to 'CAAction' has been explicitly marked unavailable here
 958 |
 959 | API_AVAILABLE(macos(10.5), ios(2.0), tvos(9.0)) API_UNAVAILABLE(watchos)
 960 | @interface NSNull (CAActionAdditions) <CAAction>
     | `- note: conformance of 'NSNull' to 'CAAction' has been explicitly marked unavailable here
 961 |
 962 | @end
/Users/admin/builder/spi-builder-workspace/Sources/Private/MainThread/NodeRenderSystem/RenderLayers/ShapeRenderLayer.swift:36:21: warning: conformance of 'NSNull' to 'CAAction' is unavailable in watchOS; this is an error in the Swift 6 language mode
34 |       "strokeColor": NSNull(),
35 |       "lineWidth": NSNull(),
36 |       "miterLimit": NSNull(),
   |                     `- warning: conformance of 'NSNull' to 'CAAction' is unavailable in watchOS; this is an error in the Swift 6 language mode
37 |       "lineDashPhase": NSNull(),
38 |       "opacity": NSNull(),
/Applications/Xcode-27.0.0.app/Contents/Developer/Platforms/WatchOS.platform/Developer/SDKs/WatchOS27.0.sdk/System/Library/Frameworks/QuartzCore.framework/Headers/CALayer.h:960:1: note: conformance of 'NSNull' to 'CAAction' has been explicitly marked unavailable here
 958 |
 959 | API_AVAILABLE(macos(10.5), ios(2.0), tvos(9.0)) API_UNAVAILABLE(watchos)
 960 | @interface NSNull (CAActionAdditions) <CAAction>
     | `- note: conformance of 'NSNull' to 'CAAction' has been explicitly marked unavailable here
 961 |
 962 | @end
/Users/admin/builder/spi-builder-workspace/Sources/Private/MainThread/NodeRenderSystem/RenderLayers/ShapeRenderLayer.swift:37:24: warning: conformance of 'NSNull' to 'CAAction' is unavailable in watchOS; this is an error in the Swift 6 language mode
35 |       "lineWidth": NSNull(),
36 |       "miterLimit": NSNull(),
37 |       "lineDashPhase": NSNull(),
   |                        `- warning: conformance of 'NSNull' to 'CAAction' is unavailable in watchOS; this is an error in the Swift 6 language mode
38 |       "opacity": NSNull(),
39 |       "hidden": NSNull(),
/Applications/Xcode-27.0.0.app/Contents/Developer/Platforms/WatchOS.platform/Developer/SDKs/WatchOS27.0.sdk/System/Library/Frameworks/QuartzCore.framework/Headers/CALayer.h:960:1: note: conformance of 'NSNull' to 'CAAction' has been explicitly marked unavailable here
 958 |
 959 | API_AVAILABLE(macos(10.5), ios(2.0), tvos(9.0)) API_UNAVAILABLE(watchos)
 960 | @interface NSNull (CAActionAdditions) <CAAction>
     | `- note: conformance of 'NSNull' to 'CAAction' has been explicitly marked unavailable here
 961 |
 962 | @end
/Users/admin/builder/spi-builder-workspace/Sources/Private/MainThread/NodeRenderSystem/RenderLayers/ShapeRenderLayer.swift:38:18: warning: conformance of 'NSNull' to 'CAAction' is unavailable in watchOS; this is an error in the Swift 6 language mode
36 |       "miterLimit": NSNull(),
37 |       "lineDashPhase": NSNull(),
38 |       "opacity": NSNull(),
   |                  `- warning: conformance of 'NSNull' to 'CAAction' is unavailable in watchOS; this is an error in the Swift 6 language mode
39 |       "hidden": NSNull(),
40 |     ]
/Applications/Xcode-27.0.0.app/Contents/Developer/Platforms/WatchOS.platform/Developer/SDKs/WatchOS27.0.sdk/System/Library/Frameworks/QuartzCore.framework/Headers/CALayer.h:960:1: note: conformance of 'NSNull' to 'CAAction' has been explicitly marked unavailable here
 958 |
 959 | API_AVAILABLE(macos(10.5), ios(2.0), tvos(9.0)) API_UNAVAILABLE(watchos)
 960 | @interface NSNull (CAActionAdditions) <CAAction>
     | `- note: conformance of 'NSNull' to 'CAAction' has been explicitly marked unavailable here
 961 |
 962 | @end
/Users/admin/builder/spi-builder-workspace/Sources/Private/MainThread/NodeRenderSystem/RenderLayers/ShapeRenderLayer.swift:39:17: warning: conformance of 'NSNull' to 'CAAction' is unavailable in watchOS; this is an error in the Swift 6 language mode
37 |       "lineDashPhase": NSNull(),
38 |       "opacity": NSNull(),
39 |       "hidden": NSNull(),
   |                 `- warning: conformance of 'NSNull' to 'CAAction' is unavailable in watchOS; this is an error in the Swift 6 language mode
40 |     ]
41 |     addSublayer(shapeLayer)
/Applications/Xcode-27.0.0.app/Contents/Developer/Platforms/WatchOS.platform/Developer/SDKs/WatchOS27.0.sdk/System/Library/Frameworks/QuartzCore.framework/Headers/CALayer.h:960:1: note: conformance of 'NSNull' to 'CAAction' has been explicitly marked unavailable here
 958 |
 959 | API_AVAILABLE(macos(10.5), ios(2.0), tvos(9.0)) API_UNAVAILABLE(watchos)
 960 | @interface NSNull (CAActionAdditions) <CAAction>
     | `- note: conformance of 'NSNull' to 'CAAction' has been explicitly marked unavailable here
 961 |
 962 | @end
SwiftCompile normal arm64_32 /Users/admin/builder/spi-builder-workspace/Sources/Private/MainThread/NodeRenderSystem/Nodes/RenderNodes/FillNode.swift (in target 'Lottie' from project 'Lottie')
    cd /Users/admin/builder/spi-builder-workspace/.swiftpm/xcode
    builtin-SwiftPerFileCompile FillNode.swift
SwiftCompile normal arm64_32 /Users/admin/builder/spi-builder-workspace/Sources/Private/MainThread/NodeRenderSystem/Nodes/RenderNodes/GradientFillNode.swift (in target 'Lottie' from project 'Lottie')
    cd /Users/admin/builder/spi-builder-workspace/.swiftpm/xcode
    builtin-SwiftPerFileCompile GradientFillNode.swift
SwiftCompile normal arm64_32 /Users/admin/builder/spi-builder-workspace/Sources/Private/MainThread/NodeRenderSystem/Nodes/RenderNodes/GradientStrokeNode.swift (in target 'Lottie' from project 'Lottie')
    cd /Users/admin/builder/spi-builder-workspace/.swiftpm/xcode
    builtin-SwiftPerFileCompile GradientStrokeNode.swift
SwiftCompile normal arm64_32 /Users/admin/builder/spi-builder-workspace/Sources/Private/MainThread/NodeRenderSystem/Nodes/RenderNodes/StrokeNode.swift (in target 'Lottie' from project 'Lottie')
    cd /Users/admin/builder/spi-builder-workspace/.swiftpm/xcode
    builtin-SwiftPerFileCompile StrokeNode.swift
SwiftCompile normal arm64_32 /Users/admin/builder/spi-builder-workspace/Sources/Private/MainThread/NodeRenderSystem/Nodes/Text/TextAnimatorNode.swift (in target 'Lottie' from project 'Lottie')
    cd /Users/admin/builder/spi-builder-workspace/.swiftpm/xcode
    builtin-SwiftPerFileCompile TextAnimatorNode.swift
SwiftCompile normal arm64_32 /Users/admin/builder/spi-builder-workspace/Sources/Private/MainThread/NodeRenderSystem/Protocols/AnimatorNode.swift (in target 'Lottie' from project 'Lottie')
    cd /Users/admin/builder/spi-builder-workspace/.swiftpm/xcode
    builtin-SwiftPerFileCompile AnimatorNode.swift
SwiftCompile normal arm64_32 /Users/admin/builder/spi-builder-workspace/Sources/Private/MainThread/NodeRenderSystem/Protocols/PathNode.swift (in target 'Lottie' from project 'Lottie')
    cd /Users/admin/builder/spi-builder-workspace/.swiftpm/xcode
    builtin-SwiftPerFileCompile PathNode.swift
SwiftCompile normal arm64_32 /Users/admin/builder/spi-builder-workspace/Sources/Private/MainThread/NodeRenderSystem/Protocols/RenderNode.swift (in target 'Lottie' from project 'Lottie')
    cd /Users/admin/builder/spi-builder-workspace/.swiftpm/xcode
    builtin-SwiftPerFileCompile RenderNode.swift
SwiftCompile normal arm64_32 /Users/admin/builder/spi-builder-workspace/Sources/Private/MainThread/NodeRenderSystem/RenderLayers/ShapeContainerLayer.swift (in target 'Lottie' from project 'Lottie')
    cd /Users/admin/builder/spi-builder-workspace/.swiftpm/xcode
    builtin-SwiftPerFileCompile ShapeContainerLayer.swift
SwiftCompile normal arm64_32 /Users/admin/builder/spi-builder-workspace/Sources/Private/MainThread/NodeRenderSystem/RenderLayers/ShapeRenderLayer.swift (in target 'Lottie' from project 'Lottie')
    cd /Users/admin/builder/spi-builder-workspace/.swiftpm/xcode
    builtin-SwiftPerFileCompile ShapeRenderLayer.swift
SwiftCompile normal arm64_32 /Users/admin/builder/spi-builder-workspace/Sources/Private/Model/Assets/Asset.swift (in target 'Lottie' from project 'Lottie')
    cd /Users/admin/builder/spi-builder-workspace/.swiftpm/xcode
    builtin-SwiftPerFileCompile Asset.swift
SwiftCompile normal arm64_32 /Users/admin/builder/spi-builder-workspace/Sources/Private/Model/Assets/AssetLibrary.swift (in target 'Lottie' from project 'Lottie')
    cd /Users/admin/builder/spi-builder-workspace/.swiftpm/xcode
    builtin-SwiftPerFileCompile AssetLibrary.swift
SwiftCompile normal arm64_32 /Users/admin/builder/spi-builder-workspace/Sources/Private/Model/Assets/ImageAsset.swift (in target 'Lottie' from project 'Lottie')
    cd /Users/admin/builder/spi-builder-workspace/.swiftpm/xcode
    builtin-SwiftPerFileCompile ImageAsset.swift
SwiftCompile normal arm64_32 /Users/admin/builder/spi-builder-workspace/Sources/Private/Model/Assets/PrecompAsset.swift (in target 'Lottie' from project 'Lottie')
    cd /Users/admin/builder/spi-builder-workspace/.swiftpm/xcode
    builtin-SwiftPerFileCompile PrecompAsset.swift
SwiftCompile normal arm64_32 /Users/admin/builder/spi-builder-workspace/Sources/Private/Model/DictionaryInitializable.swift (in target 'Lottie' from project 'Lottie')
    cd /Users/admin/builder/spi-builder-workspace/.swiftpm/xcode
    builtin-SwiftPerFileCompile DictionaryInitializable.swift
SwiftCompile normal arm64_32 /Users/admin/builder/spi-builder-workspace/Sources/Private/Model/DotLottie/DotLottieAnimation.swift (in target 'Lottie' from project 'Lottie')
    cd /Users/admin/builder/spi-builder-workspace/.swiftpm/xcode
    builtin-SwiftPerFileCompile DotLottieAnimation.swift
SwiftCompile normal arm64_32 /Users/admin/builder/spi-builder-workspace/Sources/Private/Model/DotLottie/DotLottieImageProvider.swift (in target 'Lottie' from project 'Lottie')
    cd /Users/admin/builder/spi-builder-workspace/.swiftpm/xcode
    builtin-SwiftPerFileCompile DotLottieImageProvider.swift
SwiftCompile normal arm64_32 /Users/admin/builder/spi-builder-workspace/Sources/Private/Model/DotLottie/DotLottieManifest.swift (in target 'Lottie' from project 'Lottie')
    cd /Users/admin/builder/spi-builder-workspace/.swiftpm/xcode
    builtin-SwiftPerFileCompile DotLottieManifest.swift
SwiftCompile normal arm64_32 /Users/admin/builder/spi-builder-workspace/Sources/Private/Model/DotLottie/DotLottieUtils.swift (in target 'Lottie' from project 'Lottie')
    cd /Users/admin/builder/spi-builder-workspace/.swiftpm/xcode
    builtin-SwiftPerFileCompile DotLottieUtils.swift
SwiftCompile normal arm64_32 /Users/admin/builder/spi-builder-workspace/Sources/Private/Model/Extensions/Bundle.swift (in target 'Lottie' from project 'Lottie')
    cd /Users/admin/builder/spi-builder-workspace/.swiftpm/xcode
    builtin-SwiftPerFileCompile Bundle.swift
SwiftCompile normal arm64_32 /Users/admin/builder/spi-builder-workspace/Sources/Private/Model/Extensions/KeyedDecodingContainerExtensions.swift (in target 'Lottie' from project 'Lottie')
    cd /Users/admin/builder/spi-builder-workspace/.swiftpm/xcode
    builtin-SwiftPerFileCompile KeyedDecodingContainerExtensions.swift
SwiftCompile normal arm64_32 /Users/admin/builder/spi-builder-workspace/Sources/Private/Model/Keyframes/KeyframeData.swift (in target 'Lottie' from project 'Lottie')
    cd /Users/admin/builder/spi-builder-workspace/.swiftpm/xcode
    builtin-SwiftPerFileCompile KeyframeData.swift
SwiftCompile normal arm64_32 /Users/admin/builder/spi-builder-workspace/Sources/Private/Model/Keyframes/KeyframeGroup.swift (in target 'Lottie' from project 'Lottie')
    cd /Users/admin/builder/spi-builder-workspace/.swiftpm/xcode
    builtin-SwiftPerFileCompile KeyframeGroup.swift
SwiftCompile normal arm64_32 /Users/admin/builder/spi-builder-workspace/Sources/Private/Model/LayerEffects/DropShadowEffect.swift (in target 'Lottie' from project 'Lottie')
    cd /Users/admin/builder/spi-builder-workspace/.swiftpm/xcode
    builtin-SwiftPerFileCompile DropShadowEffect.swift
SwiftCompile normal arm64_32 Compiling\ Repeater.swift,\ RoundedCorners.swift,\ Shape.swift,\ ShapeItem.swift,\ ShapeTransform.swift,\ Star.swift,\ Stroke.swift,\ Trim.swift,\ Font.swift,\ Glyph.swift,\ TextAnimator.swift,\ TextDocument.swift,\ RootAnimationLayer.swift,\ AnimatorNodeDebugging.swift,\ LayerDebugging.swift,\ TestHelpers.swift,\ AnimationKeypathExtension.swift,\ BlendMode+Filter.swift,\ CGColor+RGB.swift,\ CGFloatExtensions.swift,\ DataExtension.swift,\ MathKit.swift,\ StringExtensions.swift,\ AnimationContext.swift /Users/admin/builder/spi-builder-workspace/Sources/Private/Model/ShapeItems/Repeater.swift /Users/admin/builder/spi-builder-workspace/Sources/Private/Model/ShapeItems/RoundedCorners.swift /Users/admin/builder/spi-builder-workspace/Sources/Private/Model/ShapeItems/Shape.swift /Users/admin/builder/spi-builder-workspace/Sources/Private/Model/ShapeItems/ShapeItem.swift /Users/admin/builder/spi-builder-workspace/Sources/Private/Model/ShapeItems/ShapeTransform.swift /Users/admin/builder/spi-builder-workspace/Sources/Private/Model/ShapeItems/Star.swift /Users/admin/builder/spi-builder-workspace/Sources/Private/Model/ShapeItems/Stroke.swift /Users/admin/builder/spi-builder-workspace/Sources/Private/Model/ShapeItems/Trim.swift /Users/admin/builder/spi-builder-workspace/Sources/Private/Model/Text/Font.swift /Users/admin/builder/spi-builder-workspace/Sources/Private/Model/Text/Glyph.swift /Users/admin/builder/spi-builder-workspace/Sources/Private/Model/Text/TextAnimator.swift /Users/admin/builder/spi-builder-workspace/Sources/Private/Model/Text/TextDocument.swift /Users/admin/builder/spi-builder-workspace/Sources/Private/RootAnimationLayer.swift /Users/admin/builder/spi-builder-workspace/Sources/Private/Utility/Debugging/AnimatorNodeDebugging.swift /Users/admin/builder/spi-builder-workspace/Sources/Private/Utility/Debugging/LayerDebugging.swift /Users/admin/builder/spi-builder-workspace/Sources/Private/Utility/Debugging/TestHelpers.swift /Users/admin/builder/spi-builder-workspace/Sources/Private/Utility/Extensions/AnimationKeypathExtension.swift /Users/admin/builder/spi-builder-workspace/Sources/Private/Utility/Extensions/BlendMode+Filter.swift /Users/admin/builder/spi-builder-workspace/Sources/Private/Utility/Extensions/CGColor+RGB.swift /Users/admin/builder/spi-builder-workspace/Sources/Private/Utility/Extensions/CGFloatExtensions.swift /Users/admin/builder/spi-builder-workspace/Sources/Private/Utility/Extensions/DataExtension.swift /Users/admin/builder/spi-builder-workspace/Sources/Private/Utility/Extensions/MathKit.swift /Users/admin/builder/spi-builder-workspace/Sources/Private/Utility/Extensions/StringExtensions.swift /Users/admin/builder/spi-builder-workspace/Sources/Private/Utility/Helpers/AnimationContext.swift (in target 'Lottie' from project 'Lottie')
/Users/admin/builder/spi-builder-workspace/Sources/Private/RootAnimationLayer.swift:16:26: error: 'CALayer' is unavailable in watchOS
14 |   var respectAnimationFrameRate: Bool { get set }
15 |
16 |   var _animationLayers: [CALayer] { get }
   |                          `- error: 'CALayer' is unavailable in watchOS
17 |   var imageProvider: AnimationImageProvider { get set }
18 |   var textProvider: AnimationKeypathTextProvider { get set }
/Applications/Xcode-27.0.0.app/Contents/Developer/Platforms/WatchOS.platform/Developer/SDKs/WatchOS27.0.sdk/System/Library/Frameworks/QuartzCore.framework/Headers/CALayer.h:117:12: note: 'CALayer' has been explicitly marked unavailable here
 115 |
 116 | API_AVAILABLE(macos(10.5), ios(2.0), tvos(9.0)) API_UNAVAILABLE(watchos)
 117 | @interface CALayer : NSObject <NSSecureCoding, CAMediaTiming>
     |            `- note: 'CALayer' has been explicitly marked unavailable here
 118 |
 119 | /** Layer creation and initialization. **/
/Users/admin/builder/spi-builder-workspace/Sources/Private/RootAnimationLayer.swift:43:48: error: 'CALayer' is unavailable in watchOS
41 |   func getOriginalValue(for keypath: AnimationKeypath, atFrame: AnimationFrameTime?) -> Any?
42 |
43 |   func layer(for keypath: AnimationKeypath) -> CALayer?
   |                                                `- error: 'CALayer' is unavailable in watchOS
44 |   func animatorNodes(for keypath: AnimationKeypath) -> [AnimatorNode]?
45 | }
/Applications/Xcode-27.0.0.app/Contents/Developer/Platforms/WatchOS.platform/Developer/SDKs/WatchOS27.0.sdk/System/Library/Frameworks/QuartzCore.framework/Headers/CALayer.h:117:12: note: 'CALayer' has been explicitly marked unavailable here
 115 |
 116 | API_AVAILABLE(macos(10.5), ios(2.0), tvos(9.0)) API_UNAVAILABLE(watchos)
 117 | @interface CALayer : NSObject <NSSecureCoding, CAMediaTiming>
     |            `- note: 'CALayer' has been explicitly marked unavailable here
 118 |
 119 | /** Layer creation and initialization. **/
/Users/admin/builder/spi-builder-workspace/Sources/Private/RootAnimationLayer.swift:9:30: error: 'CALayer' is unavailable in watchOS
 7 |
 8 | /// A root `CALayer` responsible for playing a Lottie animation
 9 | protocol RootAnimationLayer: CALayer {
   |                              `- error: 'CALayer' is unavailable in watchOS
10 |   var lottieAnimationLayer: LottieAnimationLayer? { get set }
11 |
/Applications/Xcode-27.0.0.app/Contents/Developer/Platforms/WatchOS.platform/Developer/SDKs/WatchOS27.0.sdk/System/Library/Frameworks/QuartzCore.framework/Headers/CALayer.h:117:12: note: 'CALayer' has been explicitly marked unavailable here
 115 |
 116 | API_AVAILABLE(macos(10.5), ios(2.0), tvos(9.0)) API_UNAVAILABLE(watchos)
 117 | @interface CALayer : NSObject <NSSecureCoding, CAMediaTiming>
     |            `- note: 'CALayer' has been explicitly marked unavailable here
 118 |
 119 | /** Layer creation and initialization. **/
/Users/admin/builder/spi-builder-workspace/Sources/Private/Utility/Debugging/LayerDebugging.swift:30:31: error: 'CALayer' is unavailable in watchOS
 28 |
 29 | protocol CustomLayerDebugging {
 30 |   func layerForDebugging() -> CALayer
    |                               `- error: 'CALayer' is unavailable in watchOS
 31 | }
 32 |
/Applications/Xcode-27.0.0.app/Contents/Developer/Platforms/WatchOS.platform/Developer/SDKs/WatchOS27.0.sdk/System/Library/Frameworks/QuartzCore.framework/Headers/CALayer.h:117:12: note: 'CALayer' has been explicitly marked unavailable here
 115 |
 116 | API_AVAILABLE(macos(10.5), ios(2.0), tvos(9.0)) API_UNAVAILABLE(watchos)
 117 | @interface CALayer : NSObject <NSSecureCoding, CAMediaTiming>
     |            `- note: 'CALayer' has been explicitly marked unavailable here
 118 |
 119 | /** Layer creation and initialization. **/
/Users/admin/builder/spi-builder-workspace/Sources/Private/Utility/Debugging/LayerDebugging.swift:35:25: error: 'CALayer' is unavailable in watchOS
 33 | // MARK: - DebugLayer
 34 |
 35 | final class DebugLayer: CALayer {
    |                         `- error: 'CALayer' is unavailable in watchOS
 36 |   init(style: LayerDebugStyle) {
 37 |     super.init()
/Applications/Xcode-27.0.0.app/Contents/Developer/Platforms/WatchOS.platform/Developer/SDKs/WatchOS27.0.sdk/System/Library/Frameworks/QuartzCore.framework/Headers/CALayer.h:117:12: note: 'CALayer' has been explicitly marked unavailable here
 115 |
 116 | API_AVAILABLE(macos(10.5), ios(2.0), tvos(9.0)) API_UNAVAILABLE(watchos)
 117 | @interface CALayer : NSObject <NSSecureCoding, CAMediaTiming>
     |            `- note: 'CALayer' has been explicitly marked unavailable here
 118 |
 119 | /** Layer creation and initialization. **/
/Users/admin/builder/spi-builder-workspace/Sources/Private/Utility/Debugging/LayerDebugging.swift:48:11: error: 'CALayer' is unavailable in watchOS
 46 | }
 47 |
 48 | extension CALayer {
    |           `- error: 'CALayer' is unavailable in watchOS
 49 |
 50 |   @nonobjc
/Applications/Xcode-27.0.0.app/Contents/Developer/Platforms/WatchOS.platform/Developer/SDKs/WatchOS27.0.sdk/System/Library/Frameworks/QuartzCore.framework/Headers/CALayer.h:117:12: note: 'CALayer' has been explicitly marked unavailable here
 115 |
 116 | API_AVAILABLE(macos(10.5), ios(2.0), tvos(9.0)) API_UNAVAILABLE(watchos)
 117 | @interface CALayer : NSObject <NSSecureCoding, CAMediaTiming>
     |            `- note: 'CALayer' has been explicitly marked unavailable here
 118 |
 119 | /** Layer creation and initialization. **/
/Users/admin/builder/spi-builder-workspace/Sources/Private/Utility/Debugging/LayerDebugging.swift:70:31: error: 'CALayer' is unavailable in watchOS
 68 |
 69 | extension CompositionLayer: CustomLayerDebugging {
 70 |   func layerForDebugging() -> CALayer {
    |                               `- error: 'CALayer' is unavailable in watchOS
 71 |     contentsLayer
 72 |   }
/Applications/Xcode-27.0.0.app/Contents/Developer/Platforms/WatchOS.platform/Developer/SDKs/WatchOS27.0.sdk/System/Library/Frameworks/QuartzCore.framework/Headers/CALayer.h:117:12: note: 'CALayer' has been explicitly marked unavailable here
 115 |
 116 | API_AVAILABLE(macos(10.5), ios(2.0), tvos(9.0)) API_UNAVAILABLE(watchos)
 117 | @interface CALayer : NSObject <NSSecureCoding, CAMediaTiming>
     |            `- note: 'CALayer' has been explicitly marked unavailable here
 118 |
 119 | /** Layer creation and initialization. **/
/Users/admin/builder/spi-builder-workspace/Sources/Private/Utility/Debugging/LayerDebugging.swift:75:11: error: 'CALayer' is unavailable in watchOS
 73 | }
 74 |
 75 | extension CALayer {
    |           `- error: 'CALayer' is unavailable in watchOS
 76 |
 77 |   @nonobjc
/Applications/Xcode-27.0.0.app/Contents/Developer/Platforms/WatchOS.platform/Developer/SDKs/WatchOS27.0.sdk/System/Library/Frameworks/QuartzCore.framework/Headers/CALayer.h:117:12: note: 'CALayer' has been explicitly marked unavailable here
 115 |
 116 | API_AVAILABLE(macos(10.5), ios(2.0), tvos(9.0)) API_UNAVAILABLE(watchos)
 117 | @interface CALayer : NSObject <NSSecureCoding, CAMediaTiming>
     |            `- note: 'CALayer' has been explicitly marked unavailable here
 118 |
 119 | /** Layer creation and initialization. **/
/Users/admin/builder/spi-builder-workspace/Sources/Private/MainThread/LayerContainers/CompLayers/CompositionLayer.swift:101:23: error: 'CALayer' is unavailable in watchOS
 99 |   let transformNode: LayerTransformNode
100 |
101 |   let contentsLayer = CALayer()
    |                       `- error: 'CALayer' is unavailable in watchOS
102 |
103 |   let maskLayer: MaskContainerLayer?
/Applications/Xcode-27.0.0.app/Contents/Developer/Platforms/WatchOS.platform/Developer/SDKs/WatchOS27.0.sdk/System/Library/Frameworks/QuartzCore.framework/Headers/CALayer.h:117:12: note: 'CALayer' has been explicitly marked unavailable here
 115 |
 116 | API_AVAILABLE(macos(10.5), ios(2.0), tvos(9.0)) API_UNAVAILABLE(watchos)
 117 | @interface CALayer : NSObject <NSSecureCoding, CAMediaTiming>
     |            `- note: 'CALayer' has been explicitly marked unavailable here
 118 |
 119 | /** Layer creation and initialization. **/
/Users/admin/builder/spi-builder-workspace/Sources/Private/Utility/Extensions/AnimationKeypathExtension.swift:98:48: error: 'CALayer' is unavailable in watchOS
 96 |   }
 97 |
 98 |   func layer(for keyPath: AnimationKeypath) -> CALayer? {
    |                                                `- error: 'CALayer' is unavailable in watchOS
 99 |     if keyPath.nextKeypath == nil, let layerKey = keyPath.currentKey, layerKey.equalsKeypath(keypathName) {
100 |       /// We found our layer!
/Applications/Xcode-27.0.0.app/Contents/Developer/Platforms/WatchOS.platform/Developer/SDKs/WatchOS27.0.sdk/System/Library/Frameworks/QuartzCore.framework/Headers/CALayer.h:117:12: note: 'CALayer' has been explicitly marked unavailable here
 115 |
 116 | API_AVAILABLE(macos(10.5), ios(2.0), tvos(9.0)) API_UNAVAILABLE(watchos)
 117 | @interface CALayer : NSObject <NSSecureCoding, CAMediaTiming>
     |            `- note: 'CALayer' has been explicitly marked unavailable here
 118 |
 119 | /** Layer creation and initialization. **/
/Users/admin/builder/spi-builder-workspace/Sources/Private/Utility/Extensions/AnimationKeypathExtension.swift:118:27: error: 'CALayer' is unavailable in watchOS
116 |
117 |   /// Searches this layer's keypaths to find the keypath for the given layer
118 |   func keypath(for layer: CALayer) -> AnimationKeypath? {
    |                           `- error: 'CALayer' is unavailable in watchOS
119 |     let allKeypaths = layerKeypaths()
120 |     return allKeypaths[layer]
/Applications/Xcode-27.0.0.app/Contents/Developer/Platforms/WatchOS.platform/Developer/SDKs/WatchOS27.0.sdk/System/Library/Frameworks/QuartzCore.framework/Headers/CALayer.h:117:12: note: 'CALayer' has been explicitly marked unavailable here
 115 |
 116 | API_AVAILABLE(macos(10.5), ios(2.0), tvos(9.0)) API_UNAVAILABLE(watchos)
 117 | @interface CALayer : NSObject <NSSecureCoding, CAMediaTiming>
     |            `- note: 'CALayer' has been explicitly marked unavailable here
 118 |
 119 | /** Layer creation and initialization. **/
/Users/admin/builder/spi-builder-workspace/Sources/Private/Utility/Extensions/AnimationKeypathExtension.swift:148:64: error: 'CALayer' is unavailable in watchOS
146 |
147 |   /// Computes the list of animation keypaths that descend from this layer
148 |   func layerKeypaths(for keyPath: AnimationKeypath? = nil) -> [CALayer: AnimationKeypath] {
    |                                                                `- error: 'CALayer' is unavailable in watchOS
149 |     var allKeypaths = [CALayer: AnimationKeypath]()
150 |
/Applications/Xcode-27.0.0.app/Contents/Developer/Platforms/WatchOS.platform/Developer/SDKs/WatchOS27.0.sdk/System/Library/Frameworks/QuartzCore.framework/Headers/CALayer.h:117:12: note: 'CALayer' has been explicitly marked unavailable here
 115 |
 116 | API_AVAILABLE(macos(10.5), ios(2.0), tvos(9.0)) API_UNAVAILABLE(watchos)
 117 | @interface CALayer : NSObject <NSSecureCoding, CAMediaTiming>
     |            `- note: 'CALayer' has been explicitly marked unavailable here
 118 |
 119 | /** Layer creation and initialization. **/
/Users/admin/builder/spi-builder-workspace/Sources/Private/Utility/Extensions/AnimationKeypathExtension.swift:149:24: error: 'CALayer' is unavailable in watchOS
147 |   /// Computes the list of animation keypaths that descend from this layer
148 |   func layerKeypaths(for keyPath: AnimationKeypath? = nil) -> [CALayer: AnimationKeypath] {
149 |     var allKeypaths = [CALayer: AnimationKeypath]()
    |                        `- error: 'CALayer' is unavailable in watchOS
150 |
151 |     let newKeypath: AnimationKeypath =
/Applications/Xcode-27.0.0.app/Contents/Developer/Platforms/WatchOS.platform/Developer/SDKs/WatchOS27.0.sdk/System/Library/Frameworks/QuartzCore.framework/Headers/CALayer.h:117:12: note: 'CALayer' has been explicitly marked unavailable here
 115 |
 116 | API_AVAILABLE(macos(10.5), ios(2.0), tvos(9.0)) API_UNAVAILABLE(watchos)
 117 | @interface CALayer : NSObject <NSSecureCoding, CAMediaTiming>
     |            `- note: 'CALayer' has been explicitly marked unavailable here
 118 |
 119 | /** Layer creation and initialization. **/
/Users/admin/builder/spi-builder-workspace/Sources/Private/Utility/Extensions/AnimationKeypathExtension.swift:158:29: error: 'CALayer' is unavailable in watchOS
156 |       }
157 |
158 |     if let layer = self as? CALayer {
    |                             `- error: 'CALayer' is unavailable in watchOS
159 |       allKeypaths[layer] = newKeypath
160 |     }
/Applications/Xcode-27.0.0.app/Contents/Developer/Platforms/WatchOS.platform/Developer/SDKs/WatchOS27.0.sdk/System/Library/Frameworks/QuartzCore.framework/Headers/CALayer.h:117:12: note: 'CALayer' has been explicitly marked unavailable here
 115 |
 116 | API_AVAILABLE(macos(10.5), ios(2.0), tvos(9.0)) API_UNAVAILABLE(watchos)
 117 | @interface CALayer : NSObject <NSSecureCoding, CAMediaTiming>
     |            `- note: 'CALayer' has been explicitly marked unavailable here
 118 |
 119 | /** Layer creation and initialization. **/
/Users/admin/builder/spi-builder-workspace/Sources/Private/Utility/Helpers/AnimationContext.swift:81:33: error: 'CAAnimation' is unavailable in watchOS
79 |   let completionBlock: LottieCompletionBlock?
80 |
81 |   func animationDidStop(_ anim: CAAnimation, finished flag: Bool) {
   |                                 `- error: 'CAAnimation' is unavailable in watchOS
82 |     guard ignoreDelegate == false else { return }
83 |     animationState = flag ? .complete : .cancelled
/Applications/Xcode-27.0.0.app/Contents/Developer/Platforms/WatchOS.platform/Developer/SDKs/WatchOS27.0.sdk/System/Library/Frameworks/QuartzCore.framework/Headers/CAAnimation.h:25:12: note: 'CAAnimation' has been explicitly marked unavailable here
 23 |
 24 | API_AVAILABLE(macos(10.5), ios(2.0), tvos(9.0)) API_UNAVAILABLE(watchos)
 25 | @interface CAAnimation : NSObject
    |            `- note: 'CAAnimation' has been explicitly marked unavailable here
 26 |     <NSSecureCoding, NSCopying, CAMediaTiming, CAAction>
 27 | {
/Users/admin/builder/spi-builder-workspace/Sources/Private/Utility/Helpers/AnimationContext.swift:63:52: error: 'CAAnimationDelegate' is unavailable in watchOS
61 | // MARK: - AnimationCompletionDelegate
62 |
63 | final class AnimationCompletionDelegate: NSObject, CAAnimationDelegate {
   |                                                    `- error: 'CAAnimationDelegate' is unavailable in watchOS
64 |
65 |   // MARK: Lifecycle
/Applications/Xcode-27.0.0.app/Contents/Developer/Platforms/WatchOS.platform/Developer/SDKs/WatchOS27.0.sdk/System/Library/Frameworks/QuartzCore.framework/Headers/CAAnimation.h:71:11: note: 'CAAnimationDelegate' has been explicitly marked unavailable here
 69 |
 70 | API_AVAILABLE(macos(10.12), ios(10.0), tvos(10.0)) API_UNAVAILABLE(watchos)
 71 | @protocol CAAnimationDelegate <NSObject>
    |           `- note: 'CAAnimationDelegate' has been explicitly marked unavailable here
 72 | @optional
 73 |
SwiftCompile normal arm64_32 /Users/admin/builder/spi-builder-workspace/Sources/Private/Model/ShapeItems/Repeater.swift (in target 'Lottie' from project 'Lottie')
    cd /Users/admin/builder/spi-builder-workspace/.swiftpm/xcode
    builtin-SwiftPerFileCompile Repeater.swift
SwiftCompile normal arm64_32 /Users/admin/builder/spi-builder-workspace/Sources/Private/Model/ShapeItems/RoundedCorners.swift (in target 'Lottie' from project 'Lottie')
    cd /Users/admin/builder/spi-builder-workspace/.swiftpm/xcode
    builtin-SwiftPerFileCompile RoundedCorners.swift
SwiftCompile normal arm64_32 /Users/admin/builder/spi-builder-workspace/Sources/Private/Model/ShapeItems/Shape.swift (in target 'Lottie' from project 'Lottie')
    cd /Users/admin/builder/spi-builder-workspace/.swiftpm/xcode
    builtin-SwiftPerFileCompile Shape.swift
SwiftCompile normal arm64_32 /Users/admin/builder/spi-builder-workspace/Sources/Private/Model/ShapeItems/ShapeItem.swift (in target 'Lottie' from project 'Lottie')
    cd /Users/admin/builder/spi-builder-workspace/.swiftpm/xcode
    builtin-SwiftPerFileCompile ShapeItem.swift
SwiftCompile normal arm64_32 /Users/admin/builder/spi-builder-workspace/Sources/Private/Model/ShapeItems/ShapeTransform.swift (in target 'Lottie' from project 'Lottie')
    cd /Users/admin/builder/spi-builder-workspace/.swiftpm/xcode
    builtin-SwiftPerFileCompile ShapeTransform.swift
SwiftCompile normal arm64_32 /Users/admin/builder/spi-builder-workspace/Sources/Private/Model/ShapeItems/Star.swift (in target 'Lottie' from project 'Lottie')
    cd /Users/admin/builder/spi-builder-workspace/.swiftpm/xcode
    builtin-SwiftPerFileCompile Star.swift
SwiftCompile normal arm64_32 /Users/admin/builder/spi-builder-workspace/Sources/Private/Model/ShapeItems/Stroke.swift (in target 'Lottie' from project 'Lottie')
    cd /Users/admin/builder/spi-builder-workspace/.swiftpm/xcode
    builtin-SwiftPerFileCompile Stroke.swift
SwiftCompile normal arm64_32 /Users/admin/builder/spi-builder-workspace/Sources/Private/Model/ShapeItems/Trim.swift (in target 'Lottie' from project 'Lottie')
    cd /Users/admin/builder/spi-builder-workspace/.swiftpm/xcode
    builtin-SwiftPerFileCompile Trim.swift
SwiftCompile normal arm64_32 /Users/admin/builder/spi-builder-workspace/Sources/Private/Model/Text/Font.swift (in target 'Lottie' from project 'Lottie')
    cd /Users/admin/builder/spi-builder-workspace/.swiftpm/xcode
    builtin-SwiftPerFileCompile Font.swift
SwiftCompile normal arm64_32 /Users/admin/builder/spi-builder-workspace/Sources/Private/Model/Text/Glyph.swift (in target 'Lottie' from project 'Lottie')
    cd /Users/admin/builder/spi-builder-workspace/.swiftpm/xcode
    builtin-SwiftPerFileCompile Glyph.swift
SwiftCompile normal arm64_32 /Users/admin/builder/spi-builder-workspace/Sources/Private/Model/Text/TextAnimator.swift (in target 'Lottie' from project 'Lottie')
    cd /Users/admin/builder/spi-builder-workspace/.swiftpm/xcode
    builtin-SwiftPerFileCompile TextAnimator.swift
SwiftCompile normal arm64_32 /Users/admin/builder/spi-builder-workspace/Sources/Private/Model/Text/TextDocument.swift (in target 'Lottie' from project 'Lottie')
    cd /Users/admin/builder/spi-builder-workspace/.swiftpm/xcode
    builtin-SwiftPerFileCompile TextDocument.swift
SwiftCompile normal arm64_32 /Users/admin/builder/spi-builder-workspace/Sources/Private/RootAnimationLayer.swift (in target 'Lottie' from project 'Lottie')
    cd /Users/admin/builder/spi-builder-workspace/.swiftpm/xcode
    builtin-SwiftPerFileCompile RootAnimationLayer.swift
SwiftCompile normal arm64_32 /Users/admin/builder/spi-builder-workspace/Sources/Private/Utility/Debugging/AnimatorNodeDebugging.swift (in target 'Lottie' from project 'Lottie')
    cd /Users/admin/builder/spi-builder-workspace/.swiftpm/xcode
    builtin-SwiftPerFileCompile AnimatorNodeDebugging.swift
SwiftCompile normal arm64_32 /Users/admin/builder/spi-builder-workspace/Sources/Private/Utility/Debugging/LayerDebugging.swift (in target 'Lottie' from project 'Lottie')
    cd /Users/admin/builder/spi-builder-workspace/.swiftpm/xcode
    builtin-SwiftPerFileCompile LayerDebugging.swift
SwiftCompile normal arm64_32 /Users/admin/builder/spi-builder-workspace/Sources/Private/Utility/Debugging/TestHelpers.swift (in target 'Lottie' from project 'Lottie')
    cd /Users/admin/builder/spi-builder-workspace/.swiftpm/xcode
    builtin-SwiftPerFileCompile TestHelpers.swift
SwiftCompile normal arm64_32 /Users/admin/builder/spi-builder-workspace/Sources/Private/Utility/Extensions/AnimationKeypathExtension.swift (in target 'Lottie' from project 'Lottie')
    cd /Users/admin/builder/spi-builder-workspace/.swiftpm/xcode
    builtin-SwiftPerFileCompile AnimationKeypathExtension.swift
SwiftCompile normal arm64_32 /Users/admin/builder/spi-builder-workspace/Sources/Private/Utility/Extensions/BlendMode+Filter.swift (in target 'Lottie' from project 'Lottie')
    cd /Users/admin/builder/spi-builder-workspace/.swiftpm/xcode
    builtin-SwiftPerFileCompile BlendMode+Filter.swift
SwiftCompile normal arm64_32 /Users/admin/builder/spi-builder-workspace/Sources/Private/Utility/Extensions/CGColor+RGB.swift (in target 'Lottie' from project 'Lottie')
    cd /Users/admin/builder/spi-builder-workspace/.swiftpm/xcode
    builtin-SwiftPerFileCompile CGColor+RGB.swift
SwiftCompile normal arm64_32 /Users/admin/builder/spi-builder-workspace/Sources/Private/Utility/Extensions/CGFloatExtensions.swift (in target 'Lottie' from project 'Lottie')
    cd /Users/admin/builder/spi-builder-workspace/.swiftpm/xcode
    builtin-SwiftPerFileCompile CGFloatExtensions.swift
SwiftCompile normal arm64_32 /Users/admin/builder/spi-builder-workspace/Sources/Private/Utility/Extensions/DataExtension.swift (in target 'Lottie' from project 'Lottie')
    cd /Users/admin/builder/spi-builder-workspace/.swiftpm/xcode
    builtin-SwiftPerFileCompile DataExtension.swift
SwiftCompile normal arm64_32 /Users/admin/builder/spi-builder-workspace/Sources/Private/Utility/Extensions/MathKit.swift (in target 'Lottie' from project 'Lottie')
    cd /Users/admin/builder/spi-builder-workspace/.swiftpm/xcode
    builtin-SwiftPerFileCompile MathKit.swift
SwiftCompile normal arm64_32 /Users/admin/builder/spi-builder-workspace/Sources/Private/Utility/Extensions/StringExtensions.swift (in target 'Lottie' from project 'Lottie')
    cd /Users/admin/builder/spi-builder-workspace/.swiftpm/xcode
    builtin-SwiftPerFileCompile StringExtensions.swift
SwiftCompile normal arm64_32 /Users/admin/builder/spi-builder-workspace/Sources/Private/Utility/Helpers/AnimationContext.swift (in target 'Lottie' from project 'Lottie')
    cd /Users/admin/builder/spi-builder-workspace/.swiftpm/xcode
    builtin-SwiftPerFileCompile AnimationContext.swift
SwiftEmitModule normal arm64 Emitting\ module\ for\ Lottie (in target 'Lottie' from project 'Lottie')
SwiftCompile normal arm64 (in target 'Lottie' from project 'Lottie')
    cd /Users/admin/builder/spi-builder-workspace/.swiftpm/xcode

PruneExplicitPrecompiledModules /Users/admin/builder/spi-builder-workspace/.derivedData/Build/Intermediates.noindex/SwiftExplicitPrecompiledModules
PruneExplicitPrecompiledModules /Users/admin/builder/spi-builder-workspace/.derivedData/Build/Intermediates.noindex/ExplicitPrecompiledModules
PruneExplicitPrecompiledModules /Users/admin/builder/spi-builder-workspace/.derivedData/SDKExplicitPrecompiledModules
2026-10-09 09:14:17.448 xcodebuild[1140:6470] [MT] IDERunDestination: Supported platforms for the buildables in the current scheme is empty.
** BUILD FAILED **
The following build commands failed:
	SwiftCompile normal arm64_32 Compiling\ CALayer+setupLayerHierarchy.swift,\ GradientRenderLayer.swift,\ ImageLayer.swift,\ InfiniteOpaqueAnimationLayer.swift,\ LayerModel+makeAnimationLayer.swift,\ MaskCompositionLayer.swift,\ PreCompLayer.swift,\ RepeaterLayer.swift,\ ShapeItemLayer.swift,\ ShapeLayer.swift,\ SolidLayer.swift,\ TextLayer.swift,\ TransformLayer.swift,\ ValueProviderStore.swift,\ Collection+Diff.swift,\ Diffable.swift,\ DiffableSection.swift,\ IndexChangeset.swift,\ SectionedChangeset.swift,\ EpoxyLogger.swift,\ CallbackContextEpoxyModeled.swift,\ EpoxyModelArrayBuilder.swift,\ EpoxyModelProperty.swift,\ EpoxyModelStorage.swift,\ EpoxyModeled.swift /Users/admin/builder/spi-builder-workspace/Sources/Private/CoreAnimation/Layers/CALayer+setupLayerHierarchy.swift /Users/admin/builder/spi-builder-workspace/Sources/Private/CoreAnimation/Layers/GradientRenderLayer.swift /Users/admin/builder/spi-builder-workspace/Sources/Private/CoreAnimation/Layers/ImageLayer.swift /Users/admin/builder/spi-builder-workspace/Sources/Private/CoreAnimation/Layers/InfiniteOpaqueAnimationLayer.swift /Users/admin/builder/spi-builder-workspace/Sources/Private/CoreAnimation/Layers/LayerModel+makeAnimationLayer.swift /Users/admin/builder/spi-builder-workspace/Sources/Private/CoreAnimation/Layers/MaskCompositionLayer.swift /Users/admin/builder/spi-builder-workspace/Sources/Private/CoreAnimation/Layers/PreCompLayer.swift /Users/admin/builder/spi-builder-workspace/Sources/Private/CoreAnimation/Layers/RepeaterLayer.swift /Users/admin/builder/spi-builder-workspace/Sources/Private/CoreAnimation/Layers/ShapeItemLayer.swift /Users/admin/builder/spi-builder-workspace/Sources/Private/CoreAnimation/Layers/ShapeLayer.swift /Users/admin/builder/spi-builder-workspace/Sources/Private/CoreAnimation/Layers/SolidLayer.swift /Users/admin/builder/spi-builder-workspace/Sources/Private/CoreAnimation/Layers/TextLayer.swift /Users/admin/builder/spi-builder-workspace/Sources/Private/CoreAnimation/Layers/TransformLayer.swift /Users/admin/builder/spi-builder-workspace/Sources/Private/CoreAnimation/ValueProviderStore.swift /Users/admin/builder/spi-builder-workspace/Sources/Private/EmbeddedLibraries/EpoxyCore/Diffing/Collection+Diff.swift /Users/admin/builder/spi-builder-workspace/Sources/Private/EmbeddedLibraries/EpoxyCore/Diffing/Diffable.swift /Users/admin/builder/spi-builder-workspace/Sources/Private/EmbeddedLibraries/EpoxyCore/Diffing/DiffableSection.swift /Users/admin/builder/spi-builder-workspace/Sources/Private/EmbeddedLibraries/EpoxyCore/Diffing/IndexChangeset.swift /Users/admin/builder/spi-builder-workspace/Sources/Private/EmbeddedLibraries/EpoxyCore/Diffing/SectionedChangeset.swift /Users/admin/builder/spi-builder-workspace/Sources/Private/EmbeddedLibraries/EpoxyCore/Logging/EpoxyLogger.swift /Users/admin/builder/spi-builder-workspace/Sources/Private/EmbeddedLibraries/EpoxyCore/Model/CallbackContextEpoxyModeled.swift /Users/admin/builder/spi-builder-workspace/Sources/Private/EmbeddedLibraries/EpoxyCore/Model/EpoxyModelArrayBuilder.swift /Users/admin/builder/spi-builder-workspace/Sources/Private/EmbeddedLibraries/EpoxyCore/Model/EpoxyModelProperty.swift /Users/admin/builder/spi-builder-workspace/Sources/Private/EmbeddedLibraries/EpoxyCore/Model/EpoxyModelStorage.swift /Users/admin/builder/spi-builder-workspace/Sources/Private/EmbeddedLibraries/EpoxyCore/Model/EpoxyModeled.swift (in target 'Lottie' from project 'Lottie')
	SwiftCompile normal arm64_32 /Users/admin/builder/spi-builder-workspace/Sources/Private/CoreAnimation/Layers/CALayer+setupLayerHierarchy.swift (in target 'Lottie' from project 'Lottie')
	SwiftCompile normal arm64_32 /Users/admin/builder/spi-builder-workspace/Sources/Private/CoreAnimation/Layers/GradientRenderLayer.swift (in target 'Lottie' from project 'Lottie')
	SwiftCompile normal arm64_32 /Users/admin/builder/spi-builder-workspace/Sources/Private/CoreAnimation/Layers/InfiniteOpaqueAnimationLayer.swift (in target 'Lottie' from project 'Lottie')
	SwiftCompile normal arm64_32 /Users/admin/builder/spi-builder-workspace/Sources/Private/CoreAnimation/Layers/MaskCompositionLayer.swift (in target 'Lottie' from project 'Lottie')
	SwiftCompile normal arm64_32 /Users/admin/builder/spi-builder-workspace/Sources/Private/CoreAnimation/Layers/RepeaterLayer.swift (in target 'Lottie' from project 'Lottie')
	SwiftCompile normal arm64_32 /Users/admin/builder/spi-builder-workspace/Sources/Private/CoreAnimation/Layers/ShapeItemLayer.swift (in target 'Lottie' from project 'Lottie')
	SwiftCompile normal arm64_32 /Users/admin/builder/spi-builder-workspace/Sources/Private/CoreAnimation/Layers/ShapeLayer.swift (in target 'Lottie' from project 'Lottie')
	SwiftCompile normal arm64_32 /Users/admin/builder/spi-builder-workspace/Sources/Private/CoreAnimation/Layers/SolidLayer.swift (in target 'Lottie' from project 'Lottie')
	SwiftCompile normal arm64_32 /Users/admin/builder/spi-builder-workspace/Sources/Private/CoreAnimation/Layers/TextLayer.swift (in target 'Lottie' from project 'Lottie')
	SwiftCompile normal arm64_32 Compiling\ AnyValueContainer.swift,\ KeypathSearchable.swift,\ NodePropertyMap.swift,\ ValueContainer.swift,\ GroupInterpolator.swift,\ SingleValueProvider.swift,\ DropShadowNode.swift,\ LayerEffectNode.swift,\ RoundedCornersNode.swift,\ TrimPathNode.swift,\ GroupOutputNode.swift,\ PassThroughOutputNode.swift,\ PathOutputNode.swift,\ FillRenderer.swift,\ GradientFillRenderer.swift,\ GradientStrokeRenderer.swift,\ LegacyGradientFillRenderer.swift,\ StrokeRenderer.swift,\ EllipseNode.swift,\ PolygonNode.swift,\ RectNode.swift,\ ShapeNode.swift,\ StarNode.swift,\ GroupNode.swift /Users/admin/builder/spi-builder-workspace/Sources/Private/MainThread/NodeRenderSystem/NodeProperties/Protocols/AnyValueContainer.swift /Users/admin/builder/spi-builder-workspace/Sources/Private/MainThread/NodeRenderSystem/NodeProperties/Protocols/KeypathSearchable.swift /Users/admin/builder/spi-builder-workspace/Sources/Private/MainThread/NodeRenderSystem/NodeProperties/Protocols/NodePropertyMap.swift /Users/admin/builder/spi-builder-workspace/Sources/Private/MainThread/NodeRenderSystem/NodeProperties/ValueContainer.swift /Users/admin/builder/spi-builder-workspace/Sources/Private/MainThread/NodeRenderSystem/NodeProperties/ValueProviders/GroupInterpolator.swift /Users/admin/builder/spi-builder-workspace/Sources/Private/MainThread/NodeRenderSystem/NodeProperties/ValueProviders/SingleValueProvider.swift /Users/admin/builder/spi-builder-workspace/Sources/Private/MainThread/NodeRenderSystem/Nodes/LayerEffectNodes/DropShadowNode.swift /Users/admin/builder/spi-builder-workspace/Sources/Private/MainThread/NodeRenderSystem/Nodes/LayerEffectNodes/LayerEffectNode.swift /Users/admin/builder/spi-builder-workspace/Sources/Private/MainThread/NodeRenderSystem/Nodes/ModifierNodes/RoundedCornersNode.swift /Users/admin/builder/spi-builder-workspace/Sources/Private/MainThread/NodeRenderSystem/Nodes/ModifierNodes/TrimPathNode.swift /Users/admin/builder/spi-builder-workspace/Sources/Private/MainThread/NodeRenderSystem/Nodes/OutputNodes/GroupOutputNode.swift /Users/admin/builder/spi-builder-workspace/Sources/Private/MainThread/NodeRenderSystem/Nodes/OutputNodes/PassThroughOutputNode.swift /Users/admin/builder/spi-builder-workspace/Sources/Private/MainThread/NodeRenderSystem/Nodes/OutputNodes/PathOutputNode.swift /Users/admin/builder/spi-builder-workspace/Sources/Private/MainThread/NodeRenderSystem/Nodes/OutputNodes/Renderables/FillRenderer.swift /Users/admin/builder/spi-builder-workspace/Sources/Private/MainThread/NodeRenderSystem/Nodes/OutputNodes/Renderables/GradientFillRenderer.swift /Users/admin/builder/spi-builder-workspace/Sources/Private/MainThread/NodeRenderSystem/Nodes/OutputNodes/Renderables/GradientStrokeRenderer.swift /Users/admin/builder/spi-builder-workspace/Sources/Private/MainThread/NodeRenderSystem/Nodes/OutputNodes/Renderables/LegacyGradientFillRenderer.swift /Users/admin/builder/spi-builder-workspace/Sources/Private/MainThread/NodeRenderSystem/Nodes/OutputNodes/Renderables/StrokeRenderer.swift /Users/admin/builder/spi-builder-workspace/Sources/Private/MainThread/NodeRenderSystem/Nodes/PathNodes/EllipseNode.swift /Users/admin/builder/spi-builder-workspace/Sources/Private/MainThread/NodeRenderSystem/Nodes/PathNodes/PolygonNode.swift /Users/admin/builder/spi-builder-workspace/Sources/Private/MainThread/NodeRenderSystem/Nodes/PathNodes/RectNode.swift /Users/admin/builder/spi-builder-workspace/Sources/Private/MainThread/NodeRenderSystem/Nodes/PathNodes/ShapeNode.swift /Users/admin/builder/spi-builder-workspace/Sources/Private/MainThread/NodeRenderSystem/Nodes/PathNodes/StarNode.swift /Users/admin/builder/spi-builder-workspace/Sources/Private/MainThread/NodeRenderSystem/Nodes/RenderContainers/GroupNode.swift (in target 'Lottie' from project 'Lottie')
	SwiftCompile normal arm64_32 /Users/admin/builder/spi-builder-workspace/Sources/Private/MainThread/NodeRenderSystem/NodeProperties/Protocols/KeypathSearchable.swift (in target 'Lottie' from project 'Lottie')
	SwiftCompile normal arm64_32 /Users/admin/builder/spi-builder-workspace/Sources/Private/MainThread/NodeRenderSystem/NodeProperties/Protocols/NodePropertyMap.swift (in target 'Lottie' from project 'Lottie')
	SwiftCompile normal arm64_32 /Users/admin/builder/spi-builder-workspace/Sources/Private/MainThread/NodeRenderSystem/Nodes/LayerEffectNodes/DropShadowNode.swift (in target 'Lottie' from project 'Lottie')
	SwiftCompile normal arm64_32 /Users/admin/builder/spi-builder-workspace/Sources/Private/MainThread/NodeRenderSystem/Nodes/LayerEffectNodes/LayerEffectNode.swift (in target 'Lottie' from project 'Lottie')
	SwiftCompile normal arm64_32 /Users/admin/builder/spi-builder-workspace/Sources/Private/MainThread/NodeRenderSystem/Nodes/OutputNodes/GroupOutputNode.swift (in target 'Lottie' from project 'Lottie')
	SwiftCompile normal arm64_32 /Users/admin/builder/spi-builder-workspace/Sources/Private/MainThread/NodeRenderSystem/Nodes/OutputNodes/Renderables/FillRenderer.swift (in target 'Lottie' from project 'Lottie')
	SwiftCompile normal arm64_32 /Users/admin/builder/spi-builder-workspace/Sources/Private/MainThread/NodeRenderSystem/Nodes/OutputNodes/Renderables/GradientFillRenderer.swift (in target 'Lottie' from project 'Lottie')
	SwiftCompile normal arm64_32 /Users/admin/builder/spi-builder-workspace/Sources/Private/MainThread/NodeRenderSystem/Nodes/OutputNodes/Renderables/GradientStrokeRenderer.swift (in target 'Lottie' from project 'Lottie')
	SwiftCompile normal arm64_32 /Users/admin/builder/spi-builder-workspace/Sources/Private/MainThread/NodeRenderSystem/Nodes/OutputNodes/Renderables/LegacyGradientFillRenderer.swift (in target 'Lottie' from project 'Lottie')
	SwiftCompile normal arm64_32 /Users/admin/builder/spi-builder-workspace/Sources/Private/MainThread/NodeRenderSystem/Nodes/OutputNodes/Renderables/StrokeRenderer.swift (in target 'Lottie' from project 'Lottie')
	SwiftCompile normal arm64_32 /Users/admin/builder/spi-builder-workspace/Sources/Private/MainThread/NodeRenderSystem/Nodes/RenderContainers/GroupNode.swift (in target 'Lottie' from project 'Lottie')
	Building workspace Lottie with scheme Lottie-Package
(23 failures)
BUILD FAILURE 6.4 watchOS