The Swift Package Index logo.Swift Package Index

Build Information

Failed to build EmealKit, reference master (6dc786), with Swift 6.1 for Wasm on 23 Oct 2026 23:14:09 UTC.

Build Command

bash -c docker run --pull=always --rm -v "checkouts-53886770-0":/host -w "$PWD" -e JAVA_HOME="/root/.sdkman/candidates/java/current" -e SPI_BUILD="1" -e SPI_PROCESSING="1" registry.gitlab.com/saguaro1/spi-images:wasm-6.1-latest swift build --swift-sdk wasm32-unknown-wasi 2>&1

Build Log

========================================
RunAll
========================================
Builder version: 5.1.3
Interrupt handler set up.
========================================
Checkout
========================================
Clone URL: https://github.com/kiliankoe/EmealKit.git
Reference: master
Initialized empty Git repository in /host/spi-builder-workspace/.git/
hint: Using 'master' as the name for the initial branch. This default branch name
hint: is subject to change. To configure the initial branch name to use in all
hint: of your new repositories, which will suppress this warning, call:
hint:
hint: 	git config --global init.defaultBranch <name>
hint:
hint: Names commonly chosen instead of 'master' are 'main', 'trunk' and
hint: 'development'. The just-created branch can be renamed via this command:
hint:
hint: 	git branch -m <name>
From https://github.com/kiliankoe/EmealKit
 * branch            master     -> FETCH_HEAD
 * [new branch]      master     -> origin/master
HEAD is now at 6dc786f fix CI, no live API tests on weekends
Cloned https://github.com/kiliankoe/EmealKit.git
Revision (git rev-parse @):
6dc786f3a0d2e180acef0dd5ec73a51e0131614c
SPI manifest file found: $PWD/.spi.yml
SUCCESS checkout https://github.com/kiliankoe/EmealKit.git at master
========================================
Build
========================================
Selected platform:         wasm
Swift version:             6.1
Building package at path:  $PWD
https://github.com/kiliankoe/EmealKit.git
https://github.com/kiliankoe/EmealKit.git
WARNING: environment variable SUPPRESS_SWIFT_6_FLAGS is not set
Running build ...
bash -c docker run --pull=always --rm -v "checkouts-53886770-0":/host -w "$PWD" -e JAVA_HOME="/root/.sdkman/candidates/java/current" -e SPI_BUILD="1" -e SPI_PROCESSING="1" registry.gitlab.com/saguaro1/spi-images:wasm-6.1-latest swift build --swift-sdk wasm32-unknown-wasi -Xswiftc -Xfrontend -Xswiftc -stats-output-dir -Xswiftc -Xfrontend -Xswiftc .stats -Xswiftc -strict-concurrency=complete -Xswiftc -enable-upcoming-feature -Xswiftc StrictConcurrency -Xswiftc -enable-upcoming-feature -Xswiftc DisableOutwardActorInference -Xswiftc -enable-upcoming-feature -Xswiftc GlobalActorIsolatedTypesUsability -Xswiftc -enable-upcoming-feature -Xswiftc InferSendableFromCaptures 2>&1
wasm-6.1-latest: Pulling from saguaro1/spi-images
Digest: sha256:f257c9b8465670613eb336f6def351d681b1d395aebdb231a45bac980c1f9d3c
Status: Image is up to date for registry.gitlab.com/saguaro1/spi-images:wasm-6.1-latest
Fetching https://github.com/scinfu/SwiftSoup.git
Fetching https://github.com/sharplet/Regex.git
Fetching https://github.com/alexaubry/HTMLString.git
[1/1631] Fetching htmlstring
[34/8763] Fetching htmlstring, swiftsoup
[35/10017] Fetching htmlstring, swiftsoup, regex
Fetched https://github.com/alexaubry/HTMLString.git from cache (0.43s)
[4382/8386] Fetching swiftsoup, regex
Fetched https://github.com/scinfu/SwiftSoup.git from cache (0.67s)
Fetched https://github.com/sharplet/Regex.git from cache (0.68s)
Computing version for https://github.com/alexaubry/HTMLString.git
Computed https://github.com/alexaubry/HTMLString.git at 5.0.0 (1.58s)
Computing version for https://github.com/sharplet/Regex.git
Computed https://github.com/sharplet/Regex.git at 2.1.1 (0.89s)
Computing version for https://github.com/scinfu/SwiftSoup.git
Computed https://github.com/scinfu/SwiftSoup.git at 2.14.3 (0.21s)
Creating working copy for https://github.com/alexaubry/HTMLString.git
Working copy of https://github.com/alexaubry/HTMLString.git resolved at 5.0.0
Creating working copy for https://github.com/scinfu/SwiftSoup.git
Working copy of https://github.com/scinfu/SwiftSoup.git resolved at 2.14.3
Creating working copy for https://github.com/sharplet/Regex.git
Working copy of https://github.com/sharplet/Regex.git resolved at 2.1.1
Building for debugging...
[0/5] Write sources
[4/5] Write swift-version-24593BA9C3E375BF.txt
[6/72] Emitting module Regex
[7/72] Compiling Regex ThreadLocal.swift
/host/spi-builder-workspace/.build/checkouts/Regex/Source/Regex/ThreadLocal.swift:13:14: error: cannot find 'Thread' in scope
11 |   var value: T? {
12 |     get {
13 |       return Thread.current.threadDictionary[key] as? T
   |              `- error: cannot find 'Thread' in scope
14 |     }
15 |     set {
/host/spi-builder-workspace/.build/checkouts/Regex/Source/Regex/ThreadLocal.swift:16:7: error: cannot find 'Thread' in scope
14 |     }
15 |     set {
16 |       Thread.current.threadDictionary[key] = newValue
   |       `- error: cannot find 'Thread' in scope
17 |     }
18 |   }
[8/72] Compiling HTMLString NSString+HTMLString.swift
[9/72] Compiling HTMLString Mappings.swift
/host/spi-builder-workspace/.build/checkouts/HTMLString/Sources/HTMLString/Mappings.swift:25:73: error: incorrect argument label in call (have 'with:options:format:', expected 'from:options:format:')
23 |
24 |         do {
25 |             unescapingTable = try PropertyListSerialization.propertyList(with: inputStream, options: [], format: nil) as! [String: String]
   |                                                                         `- error: incorrect argument label in call (have 'with:options:format:', expected 'from:options:format:')
26 |         } catch {
27 |             unescapingTable = [:]
/host/spi-builder-workspace/.build/checkouts/HTMLString/Sources/HTMLString/Mappings.swift:25:80: error: cannot convert value of type 'InputStream' to expected argument type 'Data'
23 |
24 |         do {
25 |             unescapingTable = try PropertyListSerialization.propertyList(with: inputStream, options: [], format: nil) as! [String: String]
   |                                                                                `- error: cannot convert value of type 'InputStream' to expected argument type 'Data'
26 |         } catch {
27 |             unescapingTable = [:]
[10/72] Compiling Regex String+ReplaceMatching.swift
[11/72] Compiling Regex Regex.swift
[12/72] Compiling Regex Foundation+Ranges.swift
[13/72] Compiling Regex MatchResult.swift
[14/72] Compiling Regex Options.swift
[15/72] Compiling SwiftSoup ParseError.swift
<unknown>:0: warning: upcoming feature 'InferSendableFromCaptures' is already enabled as of Swift version 6
<unknown>:0: warning: upcoming feature 'GlobalActorIsolatedTypesUsability' is already enabled as of Swift version 6
<unknown>:0: warning: upcoming feature 'DisableOutwardActorInference' is already enabled as of Swift version 6
[16/72] Compiling SwiftSoup ParseErrorList.swift
<unknown>:0: warning: upcoming feature 'InferSendableFromCaptures' is already enabled as of Swift version 6
<unknown>:0: warning: upcoming feature 'GlobalActorIsolatedTypesUsability' is already enabled as of Swift version 6
<unknown>:0: warning: upcoming feature 'DisableOutwardActorInference' is already enabled as of Swift version 6
[17/72] Compiling SwiftSoup ParseSettings.swift
<unknown>:0: warning: upcoming feature 'InferSendableFromCaptures' is already enabled as of Swift version 6
<unknown>:0: warning: upcoming feature 'GlobalActorIsolatedTypesUsability' is already enabled as of Swift version 6
<unknown>:0: warning: upcoming feature 'DisableOutwardActorInference' is already enabled as of Swift version 6
[18/72] Compiling SwiftSoup Parser.swift
<unknown>:0: warning: upcoming feature 'InferSendableFromCaptures' is already enabled as of Swift version 6
<unknown>:0: warning: upcoming feature 'GlobalActorIsolatedTypesUsability' is already enabled as of Swift version 6
<unknown>:0: warning: upcoming feature 'DisableOutwardActorInference' is already enabled as of Swift version 6
[19/72] Compiling SwiftSoup ParsingStrings.swift
<unknown>:0: warning: upcoming feature 'InferSendableFromCaptures' is already enabled as of Swift version 6
<unknown>:0: warning: upcoming feature 'GlobalActorIsolatedTypesUsability' is already enabled as of Swift version 6
<unknown>:0: warning: upcoming feature 'DisableOutwardActorInference' is already enabled as of Swift version 6
[20/72] Compiling SwiftSoup Pattern.swift
<unknown>:0: warning: upcoming feature 'InferSendableFromCaptures' is already enabled as of Swift version 6
<unknown>:0: warning: upcoming feature 'GlobalActorIsolatedTypesUsability' is already enabled as of Swift version 6
<unknown>:0: warning: upcoming feature 'DisableOutwardActorInference' is already enabled as of Swift version 6
[21/72] Compiling SwiftSoup Profiler.swift
<unknown>:0: warning: upcoming feature 'InferSendableFromCaptures' is already enabled as of Swift version 6
<unknown>:0: warning: upcoming feature 'GlobalActorIsolatedTypesUsability' is already enabled as of Swift version 6
<unknown>:0: warning: upcoming feature 'DisableOutwardActorInference' is already enabled as of Swift version 6
[22/72] Compiling SwiftSoup QueryParser.swift
<unknown>:0: warning: upcoming feature 'InferSendableFromCaptures' is already enabled as of Swift version 6
<unknown>:0: warning: upcoming feature 'GlobalActorIsolatedTypesUsability' is already enabled as of Swift version 6
<unknown>:0: warning: upcoming feature 'DisableOutwardActorInference' is already enabled as of Swift version 6
[23/79] Emitting module HTMLString
Running build ...
bash -c docker run --pull=always --rm -v "checkouts-53886770-0":/host -w "$PWD" -e JAVA_HOME="/root/.sdkman/candidates/java/current" -e SPI_BUILD="1" -e SPI_PROCESSING="1" registry.gitlab.com/saguaro1/spi-images:wasm-6.1-latest swift build --swift-sdk wasm32-unknown-wasi 2>&1
wasm-6.1-latest: Pulling from saguaro1/spi-images
Digest: sha256:f257c9b8465670613eb336f6def351d681b1d395aebdb231a45bac980c1f9d3c
Status: Image is up to date for registry.gitlab.com/saguaro1/spi-images:wasm-6.1-latest
[0/1] Planning build
Building for debugging...
[0/1] Write swift-version-24593BA9C3E375BF.txt
[2/68] Compiling Regex ThreadLocal.swift
/host/spi-builder-workspace/.build/checkouts/Regex/Source/Regex/ThreadLocal.swift:13:14: error: cannot find 'Thread' in scope
11 |   var value: T? {
12 |     get {
13 |       return Thread.current.threadDictionary[key] as? T
   |              `- error: cannot find 'Thread' in scope
14 |     }
15 |     set {
/host/spi-builder-workspace/.build/checkouts/Regex/Source/Regex/ThreadLocal.swift:16:7: error: cannot find 'Thread' in scope
14 |     }
15 |     set {
16 |       Thread.current.threadDictionary[key] = newValue
   |       `- error: cannot find 'Thread' in scope
17 |     }
18 |   }
[3/68] Emitting module HTMLString
[4/68] Emitting module Regex
[5/68] Compiling Regex String+ReplaceMatching.swift
[6/68] Compiling Regex Options.swift
[7/68] Compiling Regex Foundation+Ranges.swift
[8/68] Compiling Regex Regex.swift
[9/68] Compiling Regex MatchResult.swift
[10/68] Compiling HTMLString NSString+HTMLString.swift
BUILD FAILURE 6.1 wasm