The Swift Package Index logo.Swift Package Index

Build Information

Failed to build MuxUploadSDK, reference main (faa440), with Swift 6.4 for watchOS using Xcode 27.0 on 24 Sep 2026 16:27:29 UTC.

Build Command

env DEVELOPER_DIR=/Applications/Xcode-27.0.0-Release.Candidate.app xcrun xcodebuild -IDEClonedSourcePackagesDirPathOverride=$PWD/.dependencies -skipMacroValidation -skipPackagePluginValidation -derivedDataPath $PWD/.derivedData build -scheme MuxUploadSDK -destination generic/platform=watchOS

Build Log

========================================
RunAll
========================================
Builder version: 5.1.0
Interrupt handler set up.
========================================
Checkout
========================================
Clone URL: https://github.com/muxinc/swift-upload-sdk.git
Reference: main
Initialized empty Git repository in /Users/admin/builder/spi-builder-workspace/.git/
From https://github.com/muxinc/swift-upload-sdk
 * branch            main       -> FETCH_HEAD
 * [new branch]      main       -> origin/main
HEAD is now at faa440e Merge pull request #155 from muxinc/releases/v1.2.0
Cloned https://github.com/muxinc/swift-upload-sdk.git
Revision (git rev-parse @):
faa440e6ea9339315a9d192ca314c4ef5a8668c9
SUCCESS checkout https://github.com/muxinc/swift-upload-sdk.git at main
========================================
Build
========================================
Selected platform:         watchOS
Swift version:             6.4
Building package at path:  $PWD
https://github.com/muxinc/swift-upload-sdk.git
Command line invocation:
    /Applications/Xcode-27.0.0-Release.Candidate.app/Contents/Developer/usr/bin/xcodebuild -IDEClonedSourcePackagesDirPathOverride=/Users/admin/builder/spi-builder-workspace/.dependencies -resolvePackageDependencies
Resolve Package Graph
Fetching from https://github.com/apple/swift-docc-plugin
Fetching from https://github.com/swiftlang/swift-docc-symbolkit
Creating working copy of package ‘swift-docc-plugin’
Checking out 1.5.0 of package ‘swift-docc-plugin’
Creating working copy of package ‘swift-docc-symbolkit’
Checking out 1.0.0 of package ‘swift-docc-symbolkit’
Resolve Package Graph
Resolved source packages:
  MuxUploadSDK: /Users/admin/builder/spi-builder-workspace
  SymbolKit: https://github.com/swiftlang/swift-docc-symbolkit @ 1.0.0
  SwiftDocCPlugin: https://github.com/apple/swift-docc-plugin @ 1.5.0
resolved source packages: MuxUploadSDK, SymbolKit, SwiftDocCPlugin
2026-09-24 12:25:26.886 xcodebuild[529:3030] [MT] IDERunDestination: Supported platforms for the buildables in the current scheme is empty.
2026-09-24 12:25:27.036 xcodebuild[529:3030] [MT] IDERunDestination: Supported platforms for the buildables in the current scheme is empty.
2026-09-24 12:25:28.705 xcodebuild[529:3030] [MT] IDERunDestination: Supported platforms for the buildables in the current scheme is empty.
{
  "default_localization" : "en",
  "dependencies" : [
    {
      "identity" : "swift-docc-plugin",
      "requirement" : {
        "range" : [
          {
            "lower_bound" : "1.2.0",
            "upper_bound" : "2.0.0"
          }
        ]
      },
      "type" : "sourceControl",
      "url" : "https://github.com/apple/swift-docc-plugin"
    }
  ],
  "manifest_display_name" : "MuxUploadSDK",
  "name" : "MuxUploadSDK",
  "path" : "/Users/admin/builder/spi-builder-workspace",
  "platforms" : [
    {
      "name" : "ios",
      "version" : "15.0"
    },
    {
      "name" : "macos",
      "version" : "13.0"
    }
  ],
  "products" : [
    {
      "name" : "MuxUploadSDK",
      "targets" : [
        "MuxUploadSDK"
      ],
      "type" : {
        "library" : [
          "automatic"
        ]
      }
    }
  ],
  "swift_languages_versions" : [
    "5"
  ],
  "targets" : [
    {
      "c99name" : "MuxUploadSDKTests",
      "module_type" : "SwiftTarget",
      "name" : "MuxUploadSDKTests",
      "path" : "Tests/MuxUploadSDKTests",
      "sources" : [
        "Helpers/DummyError.swift",
        "Helpers/FakeUploadsFile.swift",
        "Helpers/MockUploadInputInspector.swift",
        "Helpers/MockUploadInputStandardizer.swift",
        "Helpers/PersistenceEntry+Fixtures.swift",
        "Helpers/RecordingStandardizationDiagnosticLogger.swift",
        "Helpers/StubbedChunkedFile.swift",
        "Helpers/UploadInput+Fixtures.swift",
        "InputInspectionTests/UploadInputMetadataInspectionTests.swift",
        "InputInspectionTests/UploadInputSampleInspectionTests.swift",
        "InputStandardizationTests/StandardInputPlannerTests.swift",
        "InputStandardizationTests/StandardInputPolicyTests.swift",
        "InputStandardizationTests/UploadInputStandardizerTests.swift",
        "Internal Utilities Tests/ChunkedFileTests.swift",
        "PublicAPITests/DirectUploadForceRestartTests.swift",
        "PublicAPITests/DirectUploadOptionsTests.swift",
        "PublicAPITests/DirectUploadTests.swift",
        "Upload Tests/ChunkWorkerTests.swift",
        "Upload Tests/ChunkedFileUploaderTests.swift",
        "Upload Tests/ReporterTests.swift",
        "Upload Tests/UploadPersistenceTests.swift",
        "UploadManagerTests/UploadManagerTests.swift",
        "UploadManagerTests/UploadManagerThreadSafetyTests.swift"
      ],
      "target_dependencies" : [
        "MuxUploadSDK"
      ],
      "type" : "test"
    },
    {
      "c99name" : "MuxUploadSDK",
      "module_type" : "SwiftTarget",
      "name" : "MuxUploadSDK",
      "path" : "Sources/MuxUploadSDK",
      "product_memberships" : [
        "MuxUploadSDK"
      ],
      "sources" : [
        "Extensions/Bundle+Reporting.swift",
        "Extensions/FileManager+FileOperations.swift",
        "Extensions/NSMutableURLRequest+Reporting.swift",
        "InputInspection/StandardInputTimelineInspector.swift",
        "InputInspection/UploadInputFormatInspectionResult.swift",
        "InputInspection/UploadInputInspector.swift",
        "InputInspection/UploadInputMetadataInspection.swift",
        "InputInspection/UploadInputSampleInspection.swift",
        "InputStandardization/DirectUploadPreparation.swift",
        "InputStandardization/StandardInputOutputValidator.swift",
        "InputStandardization/StandardInputPlanner.swift",
        "InputStandardization/StandardInputPolicy.swift",
        "InputStandardization/StandardizationDiagnostics.swift",
        "InputStandardization/UploadInputStandardizationWorker.swift",
        "InputStandardization/UploadInputStandardizer.swift",
        "InternalUtilities/ChunkedFile.swift",
        "InternalUtilities/Error+InternalErrors.swift",
        "InternalUtilities/HttpError.swift",
        "InternalUtilities/Reporting/InputStandardizationFailedEvent.swift",
        "InternalUtilities/Reporting/InputStandardizationSucceededEvent.swift",
        "InternalUtilities/Reporting/Reporter.swift",
        "InternalUtilities/Reporting/UploadFailedEvent.swift",
        "InternalUtilities/Reporting/UploadSucceededEvent.swift",
        "InternalUtilities/UploadInput.swift",
        "PublicAPI/AVFoundation+DirectUpload/DirectUpload+AVFoundation.swift",
        "PublicAPI/DirectUpload.swift",
        "PublicAPI/DirectUploadManager.swift",
        "PublicAPI/Options/DirectUploadOptions.swift",
        "PublicAPI/PhotosKit+DirectUpload/PHAsset+DirectUpload.swift",
        "PublicAPI/SDKLogger.swift",
        "PublicAPI/SemanticVersion.swift",
        "Upload/ChunkWorker.swift",
        "Upload/ChunkedFileUploader.swift",
        "Upload/UploadInfo.swift",
        "Upload/UploadPersistence.swift"
      ],
      "type" : "library"
    }
  ],
  "tools_version" : "5.7"
}
{
  "workspace" : {
    "name" : "MuxUploadSDK",
    "schemes" : [
      "MuxUploadSDK",
      "MuxUploadSDKTests"
    ]
  }
}
2026-09-24 12:26:30.887 xcodebuild[845:5212] [MT] IDERunDestination: Supported platforms for the buildables in the current scheme is empty.
2026-09-24 12:26:31.035 xcodebuild[845:5212] [MT] IDERunDestination: Supported platforms for the buildables in the current scheme is empty.
{
  "workspace" : {
    "name" : "MuxUploadSDK",
    "schemes" : [
      "MuxUploadSDK",
      "MuxUploadSDKTests"
    ]
  }
}
2026-09-24 12:26:38.037 xcodebuild[897:5589] [MT] IDERunDestination: Supported platforms for the buildables in the current scheme is empty.
2026-09-24 12:26:38.139 xcodebuild[897:5589] [MT] IDERunDestination: Supported platforms for the buildables in the current scheme is empty.
Running build ...
env DEVELOPER_DIR=/Applications/Xcode-27.0.0-Release.Candidate.app xcrun xcodebuild -IDEClonedSourcePackagesDirPathOverride=$PWD/.dependencies -skipMacroValidation -skipPackagePluginValidation -derivedDataPath $PWD/.derivedData build -scheme MuxUploadSDK -destination generic/platform=watchOS
Command line invocation:
    /Applications/Xcode-27.0.0-Release.Candidate.app/Contents/Developer/usr/bin/xcodebuild -IDEClonedSourcePackagesDirPathOverride=/Users/admin/builder/spi-builder-workspace/.dependencies -skipMacroValidation -skipPackagePluginValidation -derivedDataPath /Users/admin/builder/spi-builder-workspace/.derivedData build -scheme MuxUploadSDK -destination generic/platform=watchOS
Resolve Package Graph
Resolve Package Graph
Resolved source packages:
  SwiftDocCPlugin: https://github.com/apple/swift-docc-plugin @ 1.5.0
  SymbolKit: https://github.com/swiftlang/swift-docc-symbolkit @ 1.0.0
  MuxUploadSDK: /Users/admin/builder/spi-builder-workspace
ComputePackagePrebuildTargetDependencyGraph
Prepare packages
CreateBuildRequest
SendProjectDescription
CreateBuildOperation
ComputeTargetDependencyGraph
note: Building targets in dependency order
note: Target dependency graph (2 targets)
    Target 'MuxUploadSDK-product' in project 'MuxUploadSDK'
        ➜ Explicit dependency on target 'MuxUploadSDK' in project 'MuxUploadSDK'
    Target 'MuxUploadSDK' in project 'MuxUploadSDK' (no dependencies)
GatherProvisioningInputs
CreateBuildDescription
ExecuteExternalTool /Applications/Xcode-27.0.0-Release.Candidate.app/Contents/Developer/Toolchains/XcodeDefault.xctoolchain/usr/bin/clang -v -E -dM -isysroot /Applications/Xcode-27.0.0-Release.Candidate.app/Contents/Developer/Platforms/WatchOS.platform/Developer/SDKs/WatchOS27.0.sdk -x c -c /dev/null
ExecuteExternalTool /Applications/Xcode-27.0.0-Release.Candidate.app/Contents/Developer/Toolchains/XcodeDefault.xctoolchain/usr/bin/swiftc --version
ExecuteExternalTool /Applications/Xcode-27.0.0-Release.Candidate.app/Contents/Developer/Toolchains/XcodeDefault.xctoolchain/usr/bin/ld -version_details
Build description signature: 522062f22b73754171ec9f82a5a76063
Build description path: /Users/admin/builder/spi-builder-workspace/.derivedData/Build/Intermediates.noindex/XCBuildData/522062f22b73754171ec9f82a5a76063.xcbuilddata
CreateBuildDirectory /Users/admin/builder/spi-builder-workspace/.derivedData/SDKExplicitPrecompiledModules
    cd /Users/admin/builder/spi-builder-workspace/.swiftpm/xcode
    builtin-create-build-directory /Users/admin/builder/spi-builder-workspace/.derivedData/SDKExplicitPrecompiledModules
CreateBuildDirectory /Users/admin/builder/spi-builder-workspace/.derivedData/ModuleCache.noindex
    cd /Users/admin/builder/spi-builder-workspace/.swiftpm/xcode
    builtin-create-build-directory /Users/admin/builder/spi-builder-workspace/.derivedData/ModuleCache.noindex
CreateBuildDirectory /Users/admin/builder/spi-builder-workspace/.derivedData/CompilationCache.noindex
    cd /Users/admin/builder/spi-builder-workspace/.swiftpm/xcode
    builtin-create-build-directory /Users/admin/builder/spi-builder-workspace/.derivedData/CompilationCache.noindex
ClangStatCache /Applications/Xcode-27.0.0-Release.Candidate.app/Contents/Developer/Toolchains/XcodeDefault.xctoolchain/usr/bin/clang-stat-cache /Applications/Xcode-27.0.0-Release.Candidate.app/Contents/Developer/Platforms/WatchOS.platform/Developer/SDKs/WatchOS27.0.sdk /Users/admin/builder/spi-builder-workspace/.derivedData/SDKStatCaches.noindex/watchos27.0-24R360-e829b21a6f8c9b70876ba0858053c04477534ef55a1706bf4c1112bbb242f0a2.sdkstatcache
    cd /Users/admin/builder/spi-builder-workspace/.swiftpm/xcode
    /Applications/Xcode-27.0.0-Release.Candidate.app/Contents/Developer/Toolchains/XcodeDefault.xctoolchain/usr/bin/clang-stat-cache /Applications/Xcode-27.0.0-Release.Candidate.app/Contents/Developer/Platforms/WatchOS.platform/Developer/SDKs/WatchOS27.0.sdk -o /Users/admin/builder/spi-builder-workspace/.derivedData/SDKStatCaches.noindex/watchos27.0-24R360-e829b21a6f8c9b70876ba0858053c04477534ef55a1706bf4c1112bbb242f0a2.sdkstatcache
CreateBuildDirectory /Users/admin/builder/spi-builder-workspace/.derivedData/Build/Products
    cd /Users/admin/builder/spi-builder-workspace/.swiftpm/xcode
    builtin-create-build-directory /Users/admin/builder/spi-builder-workspace/.derivedData/Build/Products
CreateBuildDirectory /Users/admin/builder/spi-builder-workspace/.derivedData/Build/Intermediates.noindex
    cd /Users/admin/builder/spi-builder-workspace/.swiftpm/xcode
    builtin-create-build-directory /Users/admin/builder/spi-builder-workspace/.derivedData/Build/Intermediates.noindex
CreateBuildDirectory /Users/admin/builder/spi-builder-workspace/.derivedData/Build/Products/Debug-watchos
    cd /Users/admin/builder/spi-builder-workspace/.swiftpm/xcode
    builtin-create-build-directory /Users/admin/builder/spi-builder-workspace/.derivedData/Build/Products/Debug-watchos
CreateBuildDirectory /Users/admin/builder/spi-builder-workspace/.derivedData/Build/Intermediates.noindex/SwiftExplicitPrecompiledModules
    cd /Users/admin/builder/spi-builder-workspace/.swiftpm/xcode
    builtin-create-build-directory /Users/admin/builder/spi-builder-workspace/.derivedData/Build/Intermediates.noindex/SwiftExplicitPrecompiledModules
CreateBuildDirectory /Users/admin/builder/spi-builder-workspace/.derivedData/Build/Intermediates.noindex/PrecompiledHeaders
    cd /Users/admin/builder/spi-builder-workspace/.swiftpm/xcode
    builtin-create-build-directory /Users/admin/builder/spi-builder-workspace/.derivedData/Build/Intermediates.noindex/PrecompiledHeaders
CreateBuildDirectory /Users/admin/builder/spi-builder-workspace/.derivedData/Build/Intermediates.noindex/ExplicitPrecompiledModules
    cd /Users/admin/builder/spi-builder-workspace/.swiftpm/xcode
    builtin-create-build-directory /Users/admin/builder/spi-builder-workspace/.derivedData/Build/Intermediates.noindex/ExplicitPrecompiledModules
CreateBuildDirectory /Users/admin/builder/spi-builder-workspace/.derivedData/Build/Intermediates.noindex/EagerLinkingTBDs/Debug-watchos
    cd /Users/admin/builder/spi-builder-workspace/.swiftpm/xcode
    builtin-create-build-directory /Users/admin/builder/spi-builder-workspace/.derivedData/Build/Intermediates.noindex/EagerLinkingTBDs/Debug-watchos
CreateBuildDirectory /Users/admin/builder/spi-builder-workspace/.derivedData/Build/Products/Debug-watchos/PackageFrameworks
    cd /Users/admin/builder/spi-builder-workspace/.swiftpm/xcode
    builtin-create-build-directory /Users/admin/builder/spi-builder-workspace/.derivedData/Build/Products/Debug-watchos/PackageFrameworks
WriteAuxiliaryFile /Users/admin/builder/spi-builder-workspace/.derivedData/Build/Intermediates.noindex/MuxUploadSDK.build/Debug-watchos/MuxUploadSDK-t.build/Objects-normal/arm64_32/MuxUploadSDK.SwiftConstValuesFileList (in target 'MuxUploadSDK' from project 'MuxUploadSDK')
    cd /Users/admin/builder/spi-builder-workspace
    write-file /Users/admin/builder/spi-builder-workspace/.derivedData/Build/Intermediates.noindex/MuxUploadSDK.build/Debug-watchos/MuxUploadSDK-t.build/Objects-normal/arm64_32/MuxUploadSDK.SwiftConstValuesFileList
WriteAuxiliaryFile /Users/admin/builder/spi-builder-workspace/.derivedData/Build/Intermediates.noindex/MuxUploadSDK.build/Debug-watchos/MuxUploadSDK-t.build/Objects-normal/arm64/MuxUploadSDK.SwiftFileList (in target 'MuxUploadSDK' from project 'MuxUploadSDK')
    cd /Users/admin/builder/spi-builder-workspace
    write-file /Users/admin/builder/spi-builder-workspace/.derivedData/Build/Intermediates.noindex/MuxUploadSDK.build/Debug-watchos/MuxUploadSDK-t.build/Objects-normal/arm64/MuxUploadSDK.SwiftFileList
WriteAuxiliaryFile /Users/admin/builder/spi-builder-workspace/.derivedData/Build/Intermediates.noindex/MuxUploadSDK.build/Debug-watchos/MuxUploadSDK-t.build/Objects-normal/arm64/MuxUploadSDK.LinkFileList (in target 'MuxUploadSDK' from project 'MuxUploadSDK')
    cd /Users/admin/builder/spi-builder-workspace
    write-file /Users/admin/builder/spi-builder-workspace/.derivedData/Build/Intermediates.noindex/MuxUploadSDK.build/Debug-watchos/MuxUploadSDK-t.build/Objects-normal/arm64/MuxUploadSDK.LinkFileList
WriteAuxiliaryFile /Users/admin/builder/spi-builder-workspace/.derivedData/Build/Intermediates.noindex/MuxUploadSDK.build/Debug-watchos/MuxUploadSDK-t.build/Objects-normal/arm64/MuxUploadSDK.SwiftConstValuesFileList (in target 'MuxUploadSDK' from project 'MuxUploadSDK')
    cd /Users/admin/builder/spi-builder-workspace
    write-file /Users/admin/builder/spi-builder-workspace/.derivedData/Build/Intermediates.noindex/MuxUploadSDK.build/Debug-watchos/MuxUploadSDK-t.build/Objects-normal/arm64/MuxUploadSDK.SwiftConstValuesFileList
WriteAuxiliaryFile /Users/admin/builder/spi-builder-workspace/.derivedData/Build/Intermediates.noindex/MuxUploadSDK.build/Debug-watchos/MuxUploadSDK-t.build/Objects-normal/arm64/MuxUploadSDK_const_extract_protocols.json (in target 'MuxUploadSDK' from project 'MuxUploadSDK')
    cd /Users/admin/builder/spi-builder-workspace
    write-file /Users/admin/builder/spi-builder-workspace/.derivedData/Build/Intermediates.noindex/MuxUploadSDK.build/Debug-watchos/MuxUploadSDK-t.build/Objects-normal/arm64/MuxUploadSDK_const_extract_protocols.json
WriteAuxiliaryFile /Users/admin/builder/spi-builder-workspace/.derivedData/Build/Intermediates.noindex/MuxUploadSDK.build/Debug-watchos/MuxUploadSDK-t.build/Objects-normal/arm64_32/MuxUploadSDK_const_extract_protocols.json (in target 'MuxUploadSDK' from project 'MuxUploadSDK')
    cd /Users/admin/builder/spi-builder-workspace
    write-file /Users/admin/builder/spi-builder-workspace/.derivedData/Build/Intermediates.noindex/MuxUploadSDK.build/Debug-watchos/MuxUploadSDK-t.build/Objects-normal/arm64_32/MuxUploadSDK_const_extract_protocols.json
WriteAuxiliaryFile /Users/admin/builder/spi-builder-workspace/.derivedData/Build/Intermediates.noindex/MuxUploadSDK.build/Debug-watchos/MuxUploadSDK-t.build/Objects-normal/arm64_32/MuxUploadSDK.SwiftFileList (in target 'MuxUploadSDK' from project 'MuxUploadSDK')
    cd /Users/admin/builder/spi-builder-workspace
    write-file /Users/admin/builder/spi-builder-workspace/.derivedData/Build/Intermediates.noindex/MuxUploadSDK.build/Debug-watchos/MuxUploadSDK-t.build/Objects-normal/arm64_32/MuxUploadSDK.SwiftFileList
WriteAuxiliaryFile /Users/admin/builder/spi-builder-workspace/.derivedData/Build/Intermediates.noindex/MuxUploadSDK.build/Debug-watchos/MuxUploadSDK-t.build/Objects-normal/arm64_32/MuxUploadSDK-OutputFileMap.json (in target 'MuxUploadSDK' from project 'MuxUploadSDK')
    cd /Users/admin/builder/spi-builder-workspace
    write-file /Users/admin/builder/spi-builder-workspace/.derivedData/Build/Intermediates.noindex/MuxUploadSDK.build/Debug-watchos/MuxUploadSDK-t.build/Objects-normal/arm64_32/MuxUploadSDK-OutputFileMap.json
WriteAuxiliaryFile /Users/admin/builder/spi-builder-workspace/.derivedData/Build/Intermediates.noindex/MuxUploadSDK.build/Debug-watchos/MuxUploadSDK-t.build/Objects-normal/arm64_32/MuxUploadSDK.LinkFileList (in target 'MuxUploadSDK' from project 'MuxUploadSDK')
    cd /Users/admin/builder/spi-builder-workspace
    write-file /Users/admin/builder/spi-builder-workspace/.derivedData/Build/Intermediates.noindex/MuxUploadSDK.build/Debug-watchos/MuxUploadSDK-t.build/Objects-normal/arm64_32/MuxUploadSDK.LinkFileList
WriteAuxiliaryFile /Users/admin/builder/spi-builder-workspace/.derivedData/Build/Intermediates.noindex/MuxUploadSDK.build/Debug-watchos/MuxUploadSDK-t.build/MuxUploadSDK.modulemap (in target 'MuxUploadSDK' from project 'MuxUploadSDK')
    cd /Users/admin/builder/spi-builder-workspace
    write-file /Users/admin/builder/spi-builder-workspace/.derivedData/Build/Intermediates.noindex/MuxUploadSDK.build/Debug-watchos/MuxUploadSDK-t.build/MuxUploadSDK.modulemap
WriteAuxiliaryFile /Users/admin/builder/spi-builder-workspace/.derivedData/Build/Intermediates.noindex/MuxUploadSDK.build/Debug-watchos/MuxUploadSDK-t.build/Objects-normal/arm64/MuxUploadSDK-OutputFileMap.json (in target 'MuxUploadSDK' from project 'MuxUploadSDK')
    cd /Users/admin/builder/spi-builder-workspace
    write-file /Users/admin/builder/spi-builder-workspace/.derivedData/Build/Intermediates.noindex/MuxUploadSDK.build/Debug-watchos/MuxUploadSDK-t.build/Objects-normal/arm64/MuxUploadSDK-OutputFileMap.json
WriteAuxiliaryFile /Users/admin/builder/spi-builder-workspace/.derivedData/Build/Intermediates.noindex/MuxUploadSDK.build/Debug-watchos/MuxUploadSDK-t.build/MuxUploadSDK.DependencyStaticMetadataFileList (in target 'MuxUploadSDK' from project 'MuxUploadSDK')
    cd /Users/admin/builder/spi-builder-workspace
    write-file /Users/admin/builder/spi-builder-workspace/.derivedData/Build/Intermediates.noindex/MuxUploadSDK.build/Debug-watchos/MuxUploadSDK-t.build/MuxUploadSDK.DependencyStaticMetadataFileList
WriteAuxiliaryFile /Users/admin/builder/spi-builder-workspace/.derivedData/Build/Intermediates.noindex/MuxUploadSDK.build/Debug-watchos/MuxUploadSDK-t.build/MuxUploadSDK.DependencyMetadataFileList (in target 'MuxUploadSDK' from project 'MuxUploadSDK')
    cd /Users/admin/builder/spi-builder-workspace
    write-file /Users/admin/builder/spi-builder-workspace/.derivedData/Build/Intermediates.noindex/MuxUploadSDK.build/Debug-watchos/MuxUploadSDK-t.build/MuxUploadSDK.DependencyMetadataFileList
Copy /Users/admin/builder/spi-builder-workspace/.derivedData/Build/Intermediates.noindex/GeneratedModuleMaps-watchos/MuxUploadSDK.modulemap /Users/admin/builder/spi-builder-workspace/.derivedData/Build/Intermediates.noindex/MuxUploadSDK.build/Debug-watchos/MuxUploadSDK-t.build/MuxUploadSDK.modulemap (in target 'MuxUploadSDK' from project 'MuxUploadSDK')
    cd /Users/admin/builder/spi-builder-workspace
    builtin-copy -exclude .DS_Store -exclude CVS -exclude .svn -exclude .git -exclude .hg -resolve-src-symlinks /Users/admin/builder/spi-builder-workspace/.derivedData/Build/Intermediates.noindex/MuxUploadSDK.build/Debug-watchos/MuxUploadSDK-t.build/MuxUploadSDK.modulemap /Users/admin/builder/spi-builder-workspace/.derivedData/Build/Intermediates.noindex/GeneratedModuleMaps-watchos
SwiftDriver MuxUploadSDK normal arm64 com.apple.xcode.tools.swift.compiler (in target 'MuxUploadSDK' from project 'MuxUploadSDK')
    cd /Users/admin/builder/spi-builder-workspace/.swiftpm/xcode
    builtin-SwiftDriver -- /Applications/Xcode-27.0.0-Release.Candidate.app/Contents/Developer/Toolchains/XcodeDefault.xctoolchain/usr/bin/swiftc -parse-as-library -module-name MuxUploadSDK -Onone @/Users/admin/builder/spi-builder-workspace/.derivedData/Build/Intermediates.noindex/MuxUploadSDK.build/Debug-watchos/MuxUploadSDK-t.build/Objects-normal/arm64/MuxUploadSDK.SwiftFileList -DSWIFT_PACKAGE -DDEBUG -DSWIFT_MODULE_RESOURCE_BUNDLE_UNAVAILABLE -DXcode -plugin-path /Applications/Xcode-27.0.0-Release.Candidate.app/Contents/Developer/Toolchains/XcodeDefault.xctoolchain/usr/lib/swift/host/plugins/testing -enable-experimental-feature DebugDescriptionMacro -sdk /Applications/Xcode-27.0.0-Release.Candidate.app/Contents/Developer/Platforms/WatchOS.platform/Developer/SDKs/WatchOS27.0.sdk -target arm64-apple-watchos9.0 -g -module-cache-path /Users/admin/builder/spi-builder-workspace/.derivedData/ModuleCache.noindex -Xfrontend -serialize-debugging-options -enable-testing -index-store-path /Users/admin/builder/spi-builder-workspace/.derivedData/Index.noindex/DataStore -Xcc -D_LIBCPP_HARDENING_MODE\=_LIBCPP_HARDENING_MODE_DEBUG -swift-version 5 -I /Users/admin/builder/spi-builder-workspace/.derivedData/Build/Products/Debug-watchos -Isystem /Applications/Xcode-27.0.0-Release.Candidate.app/Contents/Developer/Platforms/WatchOS.platform/Developer/usr/lib -F /Users/admin/builder/spi-builder-workspace/.derivedData/Build/Products/Debug-watchos -F /Applications/Xcode-27.0.0-Release.Candidate.app/Contents/Developer/Platforms/WatchOS.platform/Developer/Library/Frameworks -F /Applications/Xcode-27.0.0-Release.Candidate.app/Contents/Developer/Platforms/WatchOS.platform/Developer/SDKs/WatchOS27.0.sdk/Developer/Library/Frameworks -emit-localized-strings -emit-localized-strings-path /Users/admin/builder/spi-builder-workspace/.derivedData/Build/Intermediates.noindex/MuxUploadSDK.build/Debug-watchos/MuxUploadSDK-t.build/Objects-normal/arm64 -c -j10 -enable-batch-mode -incremental -Xcc -ivfsstatcache -Xcc /Users/admin/builder/spi-builder-workspace/.derivedData/SDKStatCaches.noindex/watchos27.0-24R360-e829b21a6f8c9b70876ba0858053c04477534ef55a1706bf4c1112bbb242f0a2.sdkstatcache -output-file-map /Users/admin/builder/spi-builder-workspace/.derivedData/Build/Intermediates.noindex/MuxUploadSDK.build/Debug-watchos/MuxUploadSDK-t.build/Objects-normal/arm64/MuxUploadSDK-OutputFileMap.json -save-temps -no-color-diagnostics -explicit-module-build -module-cache-path /Users/admin/builder/spi-builder-workspace/.derivedData/Build/Intermediates.noindex/SwiftExplicitPrecompiledModules -clang-scanner-module-cache-path /Users/admin/builder/spi-builder-workspace/.derivedData/ModuleCache.noindex -sdk-module-cache-path /Users/admin/builder/spi-builder-workspace/.derivedData/SDKExplicitPrecompiledModules -emit-dependencies -emit-module -emit-module-path /Users/admin/builder/spi-builder-workspace/.derivedData/Build/Intermediates.noindex/MuxUploadSDK.build/Debug-watchos/MuxUploadSDK-t.build/Objects-normal/arm64/MuxUploadSDK.swiftmodule -serialize-diagnostics -dependency-scan-serialize-diagnostics-path /Users/admin/builder/spi-builder-workspace/.derivedData/Build/Intermediates.noindex/MuxUploadSDK.build/Debug-watchos/MuxUploadSDK-t.build/Objects-normal/arm64/MuxUploadSDK-dependency-scan.dia -validate-clang-modules-once -clang-build-session-file /Users/admin/builder/spi-builder-workspace/.derivedData/ModuleCache.noindex/Session.modulevalidation -Xcc -fmodules-prune-interval\=86400 -Xcc -fmodules-prune-after\=345600 -emit-const-values -const-gather-protocols-list /Users/admin/builder/spi-builder-workspace/.derivedData/Build/Intermediates.noindex/MuxUploadSDK.build/Debug-watchos/MuxUploadSDK-t.build/Objects-normal/arm64/MuxUploadSDK_const_extract_protocols.json -Xcc -I/Users/admin/builder/spi-builder-workspace/.derivedData/Build/Products/Debug-watchos/include -Xcc -I/Users/admin/builder/spi-builder-workspace/.derivedData/Build/Intermediates.noindex/MuxUploadSDK.build/Debug-watchos/MuxUploadSDK-t.build/DerivedSources-normal/arm64 -Xcc -I/Users/admin/builder/spi-builder-workspace/.derivedData/Build/Intermediates.noindex/MuxUploadSDK.build/Debug-watchos/MuxUploadSDK-t.build/DerivedSources/arm64 -Xcc -I/Users/admin/builder/spi-builder-workspace/.derivedData/Build/Intermediates.noindex/MuxUploadSDK.build/Debug-watchos/MuxUploadSDK-t.build/DerivedSources -Xcc -DSWIFT_PACKAGE -Xcc -DDEBUG\=1 -emit-objc-header -emit-objc-header-path /Users/admin/builder/spi-builder-workspace/.derivedData/Build/Intermediates.noindex/MuxUploadSDK.build/Debug-watchos/MuxUploadSDK-t.build/Objects-normal/arm64/MuxUploadSDK-Swift.h -working-directory /Users/admin/builder/spi-builder-workspace/.swiftpm/xcode -experimental-emit-module-separately -disable-cmo
/Users/admin/builder/spi-builder-workspace/Sources/MuxUploadSDK/InputInspection/UploadInputMetadataInspection.swift:5:8: error: Unable to resolve module dependency: 'AudioToolbox' (in target 'MuxUploadSDK' from project 'MuxUploadSDK')
    note: A dependency of main module 'MuxUploadSDK'
    /Users/admin/builder/spi-builder-workspace/Sources/MuxUploadSDK/InputStandardization/UploadInputStandardizationWorker.swift:6:8: note: Also imported here
/Users/admin/builder/spi-builder-workspace/Sources/MuxUploadSDK/InputStandardization/DirectUploadPreparation.swift:7:8: error: Unable to resolve module dependency: 'VideoToolbox' (in target 'MuxUploadSDK' from project 'MuxUploadSDK')
    note: A dependency of main module 'MuxUploadSDK'
    /Users/admin/builder/spi-builder-workspace/Sources/MuxUploadSDK/InputStandardization/UploadInputStandardizationWorker.swift:10:8: note: Also imported here
/Users/admin/builder/spi-builder-workspace/Sources/MuxUploadSDK/PublicAPI/PhotosKit+DirectUpload/PHAsset+DirectUpload.swift:6:8: error: Unable to resolve module dependency: 'Photos' (in target 'MuxUploadSDK' from project 'MuxUploadSDK')
    note: A dependency of main module 'MuxUploadSDK'
/Users/admin/builder/spi-builder-workspace/Sources/MuxUploadSDK/InputInspection/UploadInputMetadataInspection.swift:5:8: note: A dependency of main module 'MuxUploadSDK'
import AudioToolbox
       ^ (in target 'MuxUploadSDK' from project 'MuxUploadSDK')
/Users/admin/builder/spi-builder-workspace/Sources/MuxUploadSDK/InputStandardization/UploadInputStandardizationWorker.swift:6:8: note: Also imported here
import AudioToolbox
       ^ (in target 'MuxUploadSDK' from project 'MuxUploadSDK')
/Users/admin/builder/spi-builder-workspace/Sources/MuxUploadSDK/InputStandardization/DirectUploadPreparation.swift:7:8: note: A dependency of main module 'MuxUploadSDK'
import VideoToolbox
       ^ (in target 'MuxUploadSDK' from project 'MuxUploadSDK')
/Users/admin/builder/spi-builder-workspace/Sources/MuxUploadSDK/InputStandardization/UploadInputStandardizationWorker.swift:10:8: note: Also imported here
import VideoToolbox
       ^ (in target 'MuxUploadSDK' from project 'MuxUploadSDK')
/Users/admin/builder/spi-builder-workspace/Sources/MuxUploadSDK/PublicAPI/PhotosKit+DirectUpload/PHAsset+DirectUpload.swift:6:8: note: A dependency of main module 'MuxUploadSDK'
import Photos
       ^ (in target 'MuxUploadSDK' from project 'MuxUploadSDK')
SwiftDriver MuxUploadSDK normal arm64_32 com.apple.xcode.tools.swift.compiler (in target 'MuxUploadSDK' from project 'MuxUploadSDK')
    cd /Users/admin/builder/spi-builder-workspace/.swiftpm/xcode
    builtin-SwiftDriver -- /Applications/Xcode-27.0.0-Release.Candidate.app/Contents/Developer/Toolchains/XcodeDefault.xctoolchain/usr/bin/swiftc -parse-as-library -module-name MuxUploadSDK -Onone @/Users/admin/builder/spi-builder-workspace/.derivedData/Build/Intermediates.noindex/MuxUploadSDK.build/Debug-watchos/MuxUploadSDK-t.build/Objects-normal/arm64_32/MuxUploadSDK.SwiftFileList -DSWIFT_PACKAGE -DDEBUG -DSWIFT_MODULE_RESOURCE_BUNDLE_UNAVAILABLE -DXcode -plugin-path /Applications/Xcode-27.0.0-Release.Candidate.app/Contents/Developer/Toolchains/XcodeDefault.xctoolchain/usr/lib/swift/host/plugins/testing -enable-experimental-feature DebugDescriptionMacro -sdk /Applications/Xcode-27.0.0-Release.Candidate.app/Contents/Developer/Platforms/WatchOS.platform/Developer/SDKs/WatchOS27.0.sdk -target arm64_32-apple-watchos9.0 -g -module-cache-path /Users/admin/builder/spi-builder-workspace/.derivedData/ModuleCache.noindex -Xfrontend -serialize-debugging-options -enable-testing -index-store-path /Users/admin/builder/spi-builder-workspace/.derivedData/Index.noindex/DataStore -Xcc -D_LIBCPP_HARDENING_MODE\=_LIBCPP_HARDENING_MODE_DEBUG -swift-version 5 -I /Users/admin/builder/spi-builder-workspace/.derivedData/Build/Products/Debug-watchos -Isystem /Applications/Xcode-27.0.0-Release.Candidate.app/Contents/Developer/Platforms/WatchOS.platform/Developer/usr/lib -F /Users/admin/builder/spi-builder-workspace/.derivedData/Build/Products/Debug-watchos -F /Applications/Xcode-27.0.0-Release.Candidate.app/Contents/Developer/Platforms/WatchOS.platform/Developer/Library/Frameworks -F /Applications/Xcode-27.0.0-Release.Candidate.app/Contents/Developer/Platforms/WatchOS.platform/Developer/SDKs/WatchOS27.0.sdk/Developer/Library/Frameworks -emit-localized-strings -emit-localized-strings-path /Users/admin/builder/spi-builder-workspace/.derivedData/Build/Intermediates.noindex/MuxUploadSDK.build/Debug-watchos/MuxUploadSDK-t.build/Objects-normal/arm64_32 -c -j10 -enable-batch-mode -incremental -Xcc -ivfsstatcache -Xcc /Users/admin/builder/spi-builder-workspace/.derivedData/SDKStatCaches.noindex/watchos27.0-24R360-e829b21a6f8c9b70876ba0858053c04477534ef55a1706bf4c1112bbb242f0a2.sdkstatcache -output-file-map /Users/admin/builder/spi-builder-workspace/.derivedData/Build/Intermediates.noindex/MuxUploadSDK.build/Debug-watchos/MuxUploadSDK-t.build/Objects-normal/arm64_32/MuxUploadSDK-OutputFileMap.json -save-temps -no-color-diagnostics -explicit-module-build -module-cache-path /Users/admin/builder/spi-builder-workspace/.derivedData/Build/Intermediates.noindex/SwiftExplicitPrecompiledModules -clang-scanner-module-cache-path /Users/admin/builder/spi-builder-workspace/.derivedData/ModuleCache.noindex -sdk-module-cache-path /Users/admin/builder/spi-builder-workspace/.derivedData/SDKExplicitPrecompiledModules -emit-dependencies -emit-module -emit-module-path /Users/admin/builder/spi-builder-workspace/.derivedData/Build/Intermediates.noindex/MuxUploadSDK.build/Debug-watchos/MuxUploadSDK-t.build/Objects-normal/arm64_32/MuxUploadSDK.swiftmodule -serialize-diagnostics -dependency-scan-serialize-diagnostics-path /Users/admin/builder/spi-builder-workspace/.derivedData/Build/Intermediates.noindex/MuxUploadSDK.build/Debug-watchos/MuxUploadSDK-t.build/Objects-normal/arm64_32/MuxUploadSDK-dependency-scan.dia -validate-clang-modules-once -clang-build-session-file /Users/admin/builder/spi-builder-workspace/.derivedData/ModuleCache.noindex/Session.modulevalidation -Xcc -fmodules-prune-interval\=86400 -Xcc -fmodules-prune-after\=345600 -emit-const-values -const-gather-protocols-list /Users/admin/builder/spi-builder-workspace/.derivedData/Build/Intermediates.noindex/MuxUploadSDK.build/Debug-watchos/MuxUploadSDK-t.build/Objects-normal/arm64_32/MuxUploadSDK_const_extract_protocols.json -Xcc -I/Users/admin/builder/spi-builder-workspace/.derivedData/Build/Products/Debug-watchos/include -Xcc -I/Users/admin/builder/spi-builder-workspace/.derivedData/Build/Intermediates.noindex/MuxUploadSDK.build/Debug-watchos/MuxUploadSDK-t.build/DerivedSources-normal/arm64_32 -Xcc -I/Users/admin/builder/spi-builder-workspace/.derivedData/Build/Intermediates.noindex/MuxUploadSDK.build/Debug-watchos/MuxUploadSDK-t.build/DerivedSources/arm64_32 -Xcc -I/Users/admin/builder/spi-builder-workspace/.derivedData/Build/Intermediates.noindex/MuxUploadSDK.build/Debug-watchos/MuxUploadSDK-t.build/DerivedSources -Xcc -DSWIFT_PACKAGE -Xcc -DDEBUG\=1 -emit-objc-header -emit-objc-header-path /Users/admin/builder/spi-builder-workspace/.derivedData/Build/Intermediates.noindex/MuxUploadSDK.build/Debug-watchos/MuxUploadSDK-t.build/Objects-normal/arm64_32/MuxUploadSDK-Swift.h -working-directory /Users/admin/builder/spi-builder-workspace/.swiftpm/xcode -experimental-emit-module-separately -disable-cmo
/Users/admin/builder/spi-builder-workspace/Sources/MuxUploadSDK/InputInspection/UploadInputMetadataInspection.swift:5:8: error: Unable to resolve module dependency: 'AudioToolbox' (in target 'MuxUploadSDK' from project 'MuxUploadSDK')
    note: A dependency of main module 'MuxUploadSDK'
    /Users/admin/builder/spi-builder-workspace/Sources/MuxUploadSDK/InputStandardization/UploadInputStandardizationWorker.swift:6:8: note: Also imported here
/Users/admin/builder/spi-builder-workspace/Sources/MuxUploadSDK/InputStandardization/DirectUploadPreparation.swift:7:8: error: Unable to resolve module dependency: 'VideoToolbox' (in target 'MuxUploadSDK' from project 'MuxUploadSDK')
    note: A dependency of main module 'MuxUploadSDK'
    /Users/admin/builder/spi-builder-workspace/Sources/MuxUploadSDK/InputStandardization/UploadInputStandardizationWorker.swift:10:8: note: Also imported here
/Users/admin/builder/spi-builder-workspace/Sources/MuxUploadSDK/PublicAPI/PhotosKit+DirectUpload/PHAsset+DirectUpload.swift:6:8: error: Unable to resolve module dependency: 'Photos' (in target 'MuxUploadSDK' from project 'MuxUploadSDK')
    note: A dependency of main module 'MuxUploadSDK'
/Users/admin/builder/spi-builder-workspace/Sources/MuxUploadSDK/InputInspection/UploadInputMetadataInspection.swift:5:8: note: A dependency of main module 'MuxUploadSDK'
import AudioToolbox
       ^ (in target 'MuxUploadSDK' from project 'MuxUploadSDK')
/Users/admin/builder/spi-builder-workspace/Sources/MuxUploadSDK/InputStandardization/UploadInputStandardizationWorker.swift:6:8: note: Also imported here
import AudioToolbox
       ^ (in target 'MuxUploadSDK' from project 'MuxUploadSDK')
/Users/admin/builder/spi-builder-workspace/Sources/MuxUploadSDK/InputStandardization/DirectUploadPreparation.swift:7:8: note: A dependency of main module 'MuxUploadSDK'
import VideoToolbox
       ^ (in target 'MuxUploadSDK' from project 'MuxUploadSDK')
/Users/admin/builder/spi-builder-workspace/Sources/MuxUploadSDK/InputStandardization/UploadInputStandardizationWorker.swift:10:8: note: Also imported here
import VideoToolbox
       ^ (in target 'MuxUploadSDK' from project 'MuxUploadSDK')
/Users/admin/builder/spi-builder-workspace/Sources/MuxUploadSDK/PublicAPI/PhotosKit+DirectUpload/PHAsset+DirectUpload.swift:6:8: note: A dependency of main module 'MuxUploadSDK'
import Photos
       ^ (in target 'MuxUploadSDK' from project 'MuxUploadSDK')
PruneExplicitPrecompiledModules /Users/admin/builder/spi-builder-workspace/.derivedData/Build/Intermediates.noindex/SwiftExplicitPrecompiledModules
PruneExplicitPrecompiledModules /Users/admin/builder/spi-builder-workspace/.derivedData/SDKExplicitPrecompiledModules
PruneExplicitPrecompiledModules /Users/admin/builder/spi-builder-workspace/.derivedData/Build/Intermediates.noindex/ExplicitPrecompiledModules
2026-09-24 12:26:44.808 xcodebuild[948:5943] [MT] IDERunDestination: Supported platforms for the buildables in the current scheme is empty.
2026-09-24 12:26:44.912 xcodebuild[948:5943] [MT] IDERunDestination: Supported platforms for the buildables in the current scheme is empty.
** BUILD FAILED **
The following build commands failed:
	SwiftDriver MuxUploadSDK normal arm64 com.apple.xcode.tools.swift.compiler (in target 'MuxUploadSDK' from project 'MuxUploadSDK')
	SwiftDriver MuxUploadSDK normal arm64_32 com.apple.xcode.tools.swift.compiler (in target 'MuxUploadSDK' from project 'MuxUploadSDK')
	Building workspace MuxUploadSDK with scheme MuxUploadSDK
(3 failures)
Command line invocation:
    /Applications/Xcode-27.0.0-Release.Candidate.app/Contents/Developer/usr/bin/xcodebuild -IDEClonedSourcePackagesDirPathOverride=/Users/admin/builder/spi-builder-workspace/.dependencies -resolvePackageDependencies
Resolve Package Graph
Resolved source packages:
  SymbolKit: https://github.com/swiftlang/swift-docc-symbolkit @ 1.0.0
  MuxUploadSDK: /Users/admin/builder/spi-builder-workspace
  SwiftDocCPlugin: https://github.com/apple/swift-docc-plugin @ 1.5.0
resolved source packages: SymbolKit, MuxUploadSDK, SwiftDocCPlugin
2026-09-24 12:27:01.576 xcodebuild[1079:6917] [MT] IDERunDestination: Supported platforms for the buildables in the current scheme is empty.
2026-09-24 12:27:01.727 xcodebuild[1079:6917] [MT] IDERunDestination: Supported platforms for the buildables in the current scheme is empty.
{
  "default_localization" : "en",
  "dependencies" : [
    {
      "identity" : "swift-docc-plugin",
      "requirement" : {
        "range" : [
          {
            "lower_bound" : "1.2.0",
            "upper_bound" : "2.0.0"
          }
        ]
      },
      "type" : "sourceControl",
      "url" : "https://github.com/apple/swift-docc-plugin"
    }
  ],
  "manifest_display_name" : "MuxUploadSDK",
  "name" : "MuxUploadSDK",
  "path" : "/Users/admin/builder/spi-builder-workspace",
  "platforms" : [
    {
      "name" : "ios",
      "version" : "15.0"
    },
    {
      "name" : "macos",
      "version" : "13.0"
    }
  ],
  "products" : [
    {
      "name" : "MuxUploadSDK",
      "targets" : [
        "MuxUploadSDK"
      ],
      "type" : {
        "library" : [
          "automatic"
        ]
      }
    }
  ],
  "swift_languages_versions" : [
    "5"
  ],
  "targets" : [
    {
      "c99name" : "MuxUploadSDKTests",
      "module_type" : "SwiftTarget",
      "name" : "MuxUploadSDKTests",
      "path" : "Tests/MuxUploadSDKTests",
      "sources" : [
        "Helpers/DummyError.swift",
        "Helpers/FakeUploadsFile.swift",
        "Helpers/MockUploadInputInspector.swift",
        "Helpers/MockUploadInputStandardizer.swift",
        "Helpers/PersistenceEntry+Fixtures.swift",
        "Helpers/RecordingStandardizationDiagnosticLogger.swift",
        "Helpers/StubbedChunkedFile.swift",
        "Helpers/UploadInput+Fixtures.swift",
        "InputInspectionTests/UploadInputMetadataInspectionTests.swift",
        "InputInspectionTests/UploadInputSampleInspectionTests.swift",
        "InputStandardizationTests/StandardInputPlannerTests.swift",
        "InputStandardizationTests/StandardInputPolicyTests.swift",
        "InputStandardizationTests/UploadInputStandardizerTests.swift",
        "Internal Utilities Tests/ChunkedFileTests.swift",
        "PublicAPITests/DirectUploadForceRestartTests.swift",
        "PublicAPITests/DirectUploadOptionsTests.swift",
        "PublicAPITests/DirectUploadTests.swift",
        "Upload Tests/ChunkWorkerTests.swift",
        "Upload Tests/ChunkedFileUploaderTests.swift",
        "Upload Tests/ReporterTests.swift",
        "Upload Tests/UploadPersistenceTests.swift",
        "UploadManagerTests/UploadManagerTests.swift",
        "UploadManagerTests/UploadManagerThreadSafetyTests.swift"
      ],
      "target_dependencies" : [
        "MuxUploadSDK"
      ],
      "type" : "test"
    },
    {
      "c99name" : "MuxUploadSDK",
      "module_type" : "SwiftTarget",
      "name" : "MuxUploadSDK",
      "path" : "Sources/MuxUploadSDK",
      "product_memberships" : [
        "MuxUploadSDK"
      ],
      "sources" : [
        "Extensions/Bundle+Reporting.swift",
        "Extensions/FileManager+FileOperations.swift",
        "Extensions/NSMutableURLRequest+Reporting.swift",
        "InputInspection/StandardInputTimelineInspector.swift",
        "InputInspection/UploadInputFormatInspectionResult.swift",
        "InputInspection/UploadInputInspector.swift",
        "InputInspection/UploadInputMetadataInspection.swift",
        "InputInspection/UploadInputSampleInspection.swift",
        "InputStandardization/DirectUploadPreparation.swift",
        "InputStandardization/StandardInputOutputValidator.swift",
        "InputStandardization/StandardInputPlanner.swift",
        "InputStandardization/StandardInputPolicy.swift",
        "InputStandardization/StandardizationDiagnostics.swift",
        "InputStandardization/UploadInputStandardizationWorker.swift",
        "InputStandardization/UploadInputStandardizer.swift",
        "InternalUtilities/ChunkedFile.swift",
        "InternalUtilities/Error+InternalErrors.swift",
        "InternalUtilities/HttpError.swift",
        "InternalUtilities/Reporting/InputStandardizationFailedEvent.swift",
        "InternalUtilities/Reporting/InputStandardizationSucceededEvent.swift",
        "InternalUtilities/Reporting/Reporter.swift",
        "InternalUtilities/Reporting/UploadFailedEvent.swift",
        "InternalUtilities/Reporting/UploadSucceededEvent.swift",
        "InternalUtilities/UploadInput.swift",
        "PublicAPI/AVFoundation+DirectUpload/DirectUpload+AVFoundation.swift",
        "PublicAPI/DirectUpload.swift",
        "PublicAPI/DirectUploadManager.swift",
        "PublicAPI/Options/DirectUploadOptions.swift",
        "PublicAPI/PhotosKit+DirectUpload/PHAsset+DirectUpload.swift",
        "PublicAPI/SDKLogger.swift",
        "PublicAPI/SemanticVersion.swift",
        "Upload/ChunkWorker.swift",
        "Upload/ChunkedFileUploader.swift",
        "Upload/UploadInfo.swift",
        "Upload/UploadPersistence.swift"
      ],
      "type" : "library"
    }
  ],
  "tools_version" : "5.7"
}
{
  "workspace" : {
    "name" : "MuxUploadSDK",
    "schemes" : [
      "MuxUploadSDK",
      "MuxUploadSDKTests"
    ]
  }
}
2026-09-24 12:27:08.747 xcodebuild[1137:7300] [MT] IDERunDestination: Supported platforms for the buildables in the current scheme is empty.
2026-09-24 12:27:08.847 xcodebuild[1137:7300] [MT] IDERunDestination: Supported platforms for the buildables in the current scheme is empty.
{
  "workspace" : {
    "name" : "MuxUploadSDK",
    "schemes" : [
      "MuxUploadSDK",
      "MuxUploadSDKTests"
    ]
  }
}
2026-09-24 12:27:15.569 xcodebuild[1189:7658] [MT] IDERunDestination: Supported platforms for the buildables in the current scheme is empty.
2026-09-24 12:27:15.672 xcodebuild[1189:7658] [MT] IDERunDestination: Supported platforms for the buildables in the current scheme is empty.
Running build ...
env DEVELOPER_DIR=/Applications/Xcode-27.0.0-Release.Candidate.app xcrun xcodebuild -IDEClonedSourcePackagesDirPathOverride=$PWD/.dependencies -skipMacroValidation -skipPackagePluginValidation -derivedDataPath $PWD/.derivedData build -scheme MuxUploadSDK -destination generic/platform=watchOS
Command line invocation:
    /Applications/Xcode-27.0.0-Release.Candidate.app/Contents/Developer/usr/bin/xcodebuild -IDEClonedSourcePackagesDirPathOverride=/Users/admin/builder/spi-builder-workspace/.dependencies -skipMacroValidation -skipPackagePluginValidation -derivedDataPath /Users/admin/builder/spi-builder-workspace/.derivedData build -scheme MuxUploadSDK -destination generic/platform=watchOS
Resolve Package Graph
Resolved source packages:
  SymbolKit: https://github.com/swiftlang/swift-docc-symbolkit @ 1.0.0
  SwiftDocCPlugin: https://github.com/apple/swift-docc-plugin @ 1.5.0
  MuxUploadSDK: /Users/admin/builder/spi-builder-workspace
ComputePackagePrebuildTargetDependencyGraph
Prepare packages
CreateBuildRequest
SendProjectDescription
CreateBuildOperation
ComputeTargetDependencyGraph
note: Building targets in dependency order
note: Target dependency graph (2 targets)
    Target 'MuxUploadSDK-product' in project 'MuxUploadSDK'
        ➜ Explicit dependency on target 'MuxUploadSDK' in project 'MuxUploadSDK'
    Target 'MuxUploadSDK' in project 'MuxUploadSDK' (no dependencies)
GatherProvisioningInputs
CreateBuildDescription
ClangStatCache /Applications/Xcode-27.0.0-Release.Candidate.app/Contents/Developer/Toolchains/XcodeDefault.xctoolchain/usr/bin/clang-stat-cache /Applications/Xcode-27.0.0-Release.Candidate.app/Contents/Developer/Platforms/WatchOS.platform/Developer/SDKs/WatchOS27.0.sdk /Users/admin/builder/spi-builder-workspace/.derivedData/SDKStatCaches.noindex/watchos27.0-24R360-e829b21a6f8c9b70876ba0858053c04477534ef55a1706bf4c1112bbb242f0a2.sdkstatcache
    cd /Users/admin/builder/spi-builder-workspace/.swiftpm/xcode
    /Applications/Xcode-27.0.0-Release.Candidate.app/Contents/Developer/Toolchains/XcodeDefault.xctoolchain/usr/bin/clang-stat-cache /Applications/Xcode-27.0.0-Release.Candidate.app/Contents/Developer/Platforms/WatchOS.platform/Developer/SDKs/WatchOS27.0.sdk -o /Users/admin/builder/spi-builder-workspace/.derivedData/SDKStatCaches.noindex/watchos27.0-24R360-e829b21a6f8c9b70876ba0858053c04477534ef55a1706bf4c1112bbb242f0a2.sdkstatcache
SwiftDriver MuxUploadSDK normal arm64_32 com.apple.xcode.tools.swift.compiler (in target 'MuxUploadSDK' from project 'MuxUploadSDK')
    cd /Users/admin/builder/spi-builder-workspace/.swiftpm/xcode
    builtin-SwiftDriver -- /Applications/Xcode-27.0.0-Release.Candidate.app/Contents/Developer/Toolchains/XcodeDefault.xctoolchain/usr/bin/swiftc -parse-as-library -module-name MuxUploadSDK -Onone @/Users/admin/builder/spi-builder-workspace/.derivedData/Build/Intermediates.noindex/MuxUploadSDK.build/Debug-watchos/MuxUploadSDK-t.build/Objects-normal/arm64_32/MuxUploadSDK.SwiftFileList -DSWIFT_PACKAGE -DDEBUG -DSWIFT_MODULE_RESOURCE_BUNDLE_UNAVAILABLE -DXcode -plugin-path /Applications/Xcode-27.0.0-Release.Candidate.app/Contents/Developer/Toolchains/XcodeDefault.xctoolchain/usr/lib/swift/host/plugins/testing -enable-experimental-feature DebugDescriptionMacro -sdk /Applications/Xcode-27.0.0-Release.Candidate.app/Contents/Developer/Platforms/WatchOS.platform/Developer/SDKs/WatchOS27.0.sdk -target arm64_32-apple-watchos9.0 -g -module-cache-path /Users/admin/builder/spi-builder-workspace/.derivedData/ModuleCache.noindex -Xfrontend -serialize-debugging-options -enable-testing -index-store-path /Users/admin/builder/spi-builder-workspace/.derivedData/Index.noindex/DataStore -Xcc -D_LIBCPP_HARDENING_MODE\=_LIBCPP_HARDENING_MODE_DEBUG -swift-version 5 -I /Users/admin/builder/spi-builder-workspace/.derivedData/Build/Products/Debug-watchos -Isystem /Applications/Xcode-27.0.0-Release.Candidate.app/Contents/Developer/Platforms/WatchOS.platform/Developer/usr/lib -F /Users/admin/builder/spi-builder-workspace/.derivedData/Build/Products/Debug-watchos -F /Applications/Xcode-27.0.0-Release.Candidate.app/Contents/Developer/Platforms/WatchOS.platform/Developer/Library/Frameworks -F /Applications/Xcode-27.0.0-Release.Candidate.app/Contents/Developer/Platforms/WatchOS.platform/Developer/SDKs/WatchOS27.0.sdk/Developer/Library/Frameworks -emit-localized-strings -emit-localized-strings-path /Users/admin/builder/spi-builder-workspace/.derivedData/Build/Intermediates.noindex/MuxUploadSDK.build/Debug-watchos/MuxUploadSDK-t.build/Objects-normal/arm64_32 -c -j10 -enable-batch-mode -incremental -Xcc -ivfsstatcache -Xcc /Users/admin/builder/spi-builder-workspace/.derivedData/SDKStatCaches.noindex/watchos27.0-24R360-e829b21a6f8c9b70876ba0858053c04477534ef55a1706bf4c1112bbb242f0a2.sdkstatcache -output-file-map /Users/admin/builder/spi-builder-workspace/.derivedData/Build/Intermediates.noindex/MuxUploadSDK.build/Debug-watchos/MuxUploadSDK-t.build/Objects-normal/arm64_32/MuxUploadSDK-OutputFileMap.json -save-temps -no-color-diagnostics -explicit-module-build -module-cache-path /Users/admin/builder/spi-builder-workspace/.derivedData/Build/Intermediates.noindex/SwiftExplicitPrecompiledModules -clang-scanner-module-cache-path /Users/admin/builder/spi-builder-workspace/.derivedData/ModuleCache.noindex -sdk-module-cache-path /Users/admin/builder/spi-builder-workspace/.derivedData/SDKExplicitPrecompiledModules -emit-dependencies -emit-module -emit-module-path /Users/admin/builder/spi-builder-workspace/.derivedData/Build/Intermediates.noindex/MuxUploadSDK.build/Debug-watchos/MuxUploadSDK-t.build/Objects-normal/arm64_32/MuxUploadSDK.swiftmodule -serialize-diagnostics -dependency-scan-serialize-diagnostics-path /Users/admin/builder/spi-builder-workspace/.derivedData/Build/Intermediates.noindex/MuxUploadSDK.build/Debug-watchos/MuxUploadSDK-t.build/Objects-normal/arm64_32/MuxUploadSDK-dependency-scan.dia -validate-clang-modules-once -clang-build-session-file /Users/admin/builder/spi-builder-workspace/.derivedData/ModuleCache.noindex/Session.modulevalidation -Xcc -fmodules-prune-interval\=86400 -Xcc -fmodules-prune-after\=345600 -emit-const-values -const-gather-protocols-list /Users/admin/builder/spi-builder-workspace/.derivedData/Build/Intermediates.noindex/MuxUploadSDK.build/Debug-watchos/MuxUploadSDK-t.build/Objects-normal/arm64_32/MuxUploadSDK_const_extract_protocols.json -Xcc -I/Users/admin/builder/spi-builder-workspace/.derivedData/Build/Products/Debug-watchos/include -Xcc -I/Users/admin/builder/spi-builder-workspace/.derivedData/Build/Intermediates.noindex/MuxUploadSDK.build/Debug-watchos/MuxUploadSDK-t.build/DerivedSources-normal/arm64_32 -Xcc -I/Users/admin/builder/spi-builder-workspace/.derivedData/Build/Intermediates.noindex/MuxUploadSDK.build/Debug-watchos/MuxUploadSDK-t.build/DerivedSources/arm64_32 -Xcc -I/Users/admin/builder/spi-builder-workspace/.derivedData/Build/Intermediates.noindex/MuxUploadSDK.build/Debug-watchos/MuxUploadSDK-t.build/DerivedSources -Xcc -DSWIFT_PACKAGE -Xcc -DDEBUG\=1 -emit-objc-header -emit-objc-header-path /Users/admin/builder/spi-builder-workspace/.derivedData/Build/Intermediates.noindex/MuxUploadSDK.build/Debug-watchos/MuxUploadSDK-t.build/Objects-normal/arm64_32/MuxUploadSDK-Swift.h -working-directory /Users/admin/builder/spi-builder-workspace/.swiftpm/xcode -experimental-emit-module-separately -disable-cmo
/Users/admin/builder/spi-builder-workspace/Sources/MuxUploadSDK/InputInspection/UploadInputMetadataInspection.swift:5:8: error: Unable to resolve module dependency: 'AudioToolbox' (in target 'MuxUploadSDK' from project 'MuxUploadSDK')
    note: A dependency of main module 'MuxUploadSDK'
    /Users/admin/builder/spi-builder-workspace/Sources/MuxUploadSDK/InputStandardization/UploadInputStandardizationWorker.swift:6:8: note: Also imported here
/Users/admin/builder/spi-builder-workspace/Sources/MuxUploadSDK/InputStandardization/DirectUploadPreparation.swift:7:8: error: Unable to resolve module dependency: 'VideoToolbox' (in target 'MuxUploadSDK' from project 'MuxUploadSDK')
    note: A dependency of main module 'MuxUploadSDK'
    /Users/admin/builder/spi-builder-workspace/Sources/MuxUploadSDK/InputStandardization/UploadInputStandardizationWorker.swift:10:8: note: Also imported here
/Users/admin/builder/spi-builder-workspace/Sources/MuxUploadSDK/PublicAPI/PhotosKit+DirectUpload/PHAsset+DirectUpload.swift:6:8: error: Unable to resolve module dependency: 'Photos' (in target 'MuxUploadSDK' from project 'MuxUploadSDK')
    note: A dependency of main module 'MuxUploadSDK'
/Users/admin/builder/spi-builder-workspace/Sources/MuxUploadSDK/InputInspection/UploadInputMetadataInspection.swift:5:8: note: A dependency of main module 'MuxUploadSDK'
import AudioToolbox
       ^ (in target 'MuxUploadSDK' from project 'MuxUploadSDK')
/Users/admin/builder/spi-builder-workspace/Sources/MuxUploadSDK/InputStandardization/UploadInputStandardizationWorker.swift:6:8: note: Also imported here
import AudioToolbox
       ^ (in target 'MuxUploadSDK' from project 'MuxUploadSDK')
/Users/admin/builder/spi-builder-workspace/Sources/MuxUploadSDK/InputStandardization/DirectUploadPreparation.swift:7:8: note: A dependency of main module 'MuxUploadSDK'
import VideoToolbox
       ^ (in target 'MuxUploadSDK' from project 'MuxUploadSDK')
/Users/admin/builder/spi-builder-workspace/Sources/MuxUploadSDK/InputStandardization/UploadInputStandardizationWorker.swift:10:8: note: Also imported here
import VideoToolbox
       ^ (in target 'MuxUploadSDK' from project 'MuxUploadSDK')
/Users/admin/builder/spi-builder-workspace/Sources/MuxUploadSDK/PublicAPI/PhotosKit+DirectUpload/PHAsset+DirectUpload.swift:6:8: note: A dependency of main module 'MuxUploadSDK'
import Photos
       ^ (in target 'MuxUploadSDK' from project 'MuxUploadSDK')
SwiftDriver MuxUploadSDK normal arm64 com.apple.xcode.tools.swift.compiler (in target 'MuxUploadSDK' from project 'MuxUploadSDK')
    cd /Users/admin/builder/spi-builder-workspace/.swiftpm/xcode
    builtin-SwiftDriver -- /Applications/Xcode-27.0.0-Release.Candidate.app/Contents/Developer/Toolchains/XcodeDefault.xctoolchain/usr/bin/swiftc -parse-as-library -module-name MuxUploadSDK -Onone @/Users/admin/builder/spi-builder-workspace/.derivedData/Build/Intermediates.noindex/MuxUploadSDK.build/Debug-watchos/MuxUploadSDK-t.build/Objects-normal/arm64/MuxUploadSDK.SwiftFileList -DSWIFT_PACKAGE -DDEBUG -DSWIFT_MODULE_RESOURCE_BUNDLE_UNAVAILABLE -DXcode -plugin-path /Applications/Xcode-27.0.0-Release.Candidate.app/Contents/Developer/Toolchains/XcodeDefault.xctoolchain/usr/lib/swift/host/plugins/testing -enable-experimental-feature DebugDescriptionMacro -sdk /Applications/Xcode-27.0.0-Release.Candidate.app/Contents/Developer/Platforms/WatchOS.platform/Developer/SDKs/WatchOS27.0.sdk -target arm64-apple-watchos9.0 -g -module-cache-path /Users/admin/builder/spi-builder-workspace/.derivedData/ModuleCache.noindex -Xfrontend -serialize-debugging-options -enable-testing -index-store-path /Users/admin/builder/spi-builder-workspace/.derivedData/Index.noindex/DataStore -Xcc -D_LIBCPP_HARDENING_MODE\=_LIBCPP_HARDENING_MODE_DEBUG -swift-version 5 -I /Users/admin/builder/spi-builder-workspace/.derivedData/Build/Products/Debug-watchos -Isystem /Applications/Xcode-27.0.0-Release.Candidate.app/Contents/Developer/Platforms/WatchOS.platform/Developer/usr/lib -F /Users/admin/builder/spi-builder-workspace/.derivedData/Build/Products/Debug-watchos -F /Applications/Xcode-27.0.0-Release.Candidate.app/Contents/Developer/Platforms/WatchOS.platform/Developer/Library/Frameworks -F /Applications/Xcode-27.0.0-Release.Candidate.app/Contents/Developer/Platforms/WatchOS.platform/Developer/SDKs/WatchOS27.0.sdk/Developer/Library/Frameworks -emit-localized-strings -emit-localized-strings-path /Users/admin/builder/spi-builder-workspace/.derivedData/Build/Intermediates.noindex/MuxUploadSDK.build/Debug-watchos/MuxUploadSDK-t.build/Objects-normal/arm64 -c -j10 -enable-batch-mode -incremental -Xcc -ivfsstatcache -Xcc /Users/admin/builder/spi-builder-workspace/.derivedData/SDKStatCaches.noindex/watchos27.0-24R360-e829b21a6f8c9b70876ba0858053c04477534ef55a1706bf4c1112bbb242f0a2.sdkstatcache -output-file-map /Users/admin/builder/spi-builder-workspace/.derivedData/Build/Intermediates.noindex/MuxUploadSDK.build/Debug-watchos/MuxUploadSDK-t.build/Objects-normal/arm64/MuxUploadSDK-OutputFileMap.json -save-temps -no-color-diagnostics -explicit-module-build -module-cache-path /Users/admin/builder/spi-builder-workspace/.derivedData/Build/Intermediates.noindex/SwiftExplicitPrecompiledModules -clang-scanner-module-cache-path /Users/admin/builder/spi-builder-workspace/.derivedData/ModuleCache.noindex -sdk-module-cache-path /Users/admin/builder/spi-builder-workspace/.derivedData/SDKExplicitPrecompiledModules -emit-dependencies -emit-module -emit-module-path /Users/admin/builder/spi-builder-workspace/.derivedData/Build/Intermediates.noindex/MuxUploadSDK.build/Debug-watchos/MuxUploadSDK-t.build/Objects-normal/arm64/MuxUploadSDK.swiftmodule -serialize-diagnostics -dependency-scan-serialize-diagnostics-path /Users/admin/builder/spi-builder-workspace/.derivedData/Build/Intermediates.noindex/MuxUploadSDK.build/Debug-watchos/MuxUploadSDK-t.build/Objects-normal/arm64/MuxUploadSDK-dependency-scan.dia -validate-clang-modules-once -clang-build-session-file /Users/admin/builder/spi-builder-workspace/.derivedData/ModuleCache.noindex/Session.modulevalidation -Xcc -fmodules-prune-interval\=86400 -Xcc -fmodules-prune-after\=345600 -emit-const-values -const-gather-protocols-list /Users/admin/builder/spi-builder-workspace/.derivedData/Build/Intermediates.noindex/MuxUploadSDK.build/Debug-watchos/MuxUploadSDK-t.build/Objects-normal/arm64/MuxUploadSDK_const_extract_protocols.json -Xcc -I/Users/admin/builder/spi-builder-workspace/.derivedData/Build/Products/Debug-watchos/include -Xcc -I/Users/admin/builder/spi-builder-workspace/.derivedData/Build/Intermediates.noindex/MuxUploadSDK.build/Debug-watchos/MuxUploadSDK-t.build/DerivedSources-normal/arm64 -Xcc -I/Users/admin/builder/spi-builder-workspace/.derivedData/Build/Intermediates.noindex/MuxUploadSDK.build/Debug-watchos/MuxUploadSDK-t.build/DerivedSources/arm64 -Xcc -I/Users/admin/builder/spi-builder-workspace/.derivedData/Build/Intermediates.noindex/MuxUploadSDK.build/Debug-watchos/MuxUploadSDK-t.build/DerivedSources -Xcc -DSWIFT_PACKAGE -Xcc -DDEBUG\=1 -emit-objc-header -emit-objc-header-path /Users/admin/builder/spi-builder-workspace/.derivedData/Build/Intermediates.noindex/MuxUploadSDK.build/Debug-watchos/MuxUploadSDK-t.build/Objects-normal/arm64/MuxUploadSDK-Swift.h -working-directory /Users/admin/builder/spi-builder-workspace/.swiftpm/xcode -experimental-emit-module-separately -disable-cmo
/Users/admin/builder/spi-builder-workspace/Sources/MuxUploadSDK/InputInspection/UploadInputMetadataInspection.swift:5:8: error: Unable to resolve module dependency: 'AudioToolbox' (in target 'MuxUploadSDK' from project 'MuxUploadSDK')
    note: A dependency of main module 'MuxUploadSDK'
    /Users/admin/builder/spi-builder-workspace/Sources/MuxUploadSDK/InputStandardization/UploadInputStandardizationWorker.swift:6:8: note: Also imported here
/Users/admin/builder/spi-builder-workspace/Sources/MuxUploadSDK/InputStandardization/DirectUploadPreparation.swift:7:8: error: Unable to resolve module dependency: 'VideoToolbox' (in target 'MuxUploadSDK' from project 'MuxUploadSDK')
    note: A dependency of main module 'MuxUploadSDK'
    /Users/admin/builder/spi-builder-workspace/Sources/MuxUploadSDK/InputStandardization/UploadInputStandardizationWorker.swift:10:8: note: Also imported here
/Users/admin/builder/spi-builder-workspace/Sources/MuxUploadSDK/PublicAPI/PhotosKit+DirectUpload/PHAsset+DirectUpload.swift:6:8: error: Unable to resolve module dependency: 'Photos' (in target 'MuxUploadSDK' from project 'MuxUploadSDK')
    note: A dependency of main module 'MuxUploadSDK'
/Users/admin/builder/spi-builder-workspace/Sources/MuxUploadSDK/InputInspection/UploadInputMetadataInspection.swift:5:8: note: A dependency of main module 'MuxUploadSDK'
import AudioToolbox
       ^ (in target 'MuxUploadSDK' from project 'MuxUploadSDK')
/Users/admin/builder/spi-builder-workspace/Sources/MuxUploadSDK/InputStandardization/UploadInputStandardizationWorker.swift:6:8: note: Also imported here
import AudioToolbox
       ^ (in target 'MuxUploadSDK' from project 'MuxUploadSDK')
/Users/admin/builder/spi-builder-workspace/Sources/MuxUploadSDK/InputStandardization/DirectUploadPreparation.swift:7:8: note: A dependency of main module 'MuxUploadSDK'
import VideoToolbox
       ^ (in target 'MuxUploadSDK' from project 'MuxUploadSDK')
/Users/admin/builder/spi-builder-workspace/Sources/MuxUploadSDK/InputStandardization/UploadInputStandardizationWorker.swift:10:8: note: Also imported here
import VideoToolbox
       ^ (in target 'MuxUploadSDK' from project 'MuxUploadSDK')
/Users/admin/builder/spi-builder-workspace/Sources/MuxUploadSDK/PublicAPI/PhotosKit+DirectUpload/PHAsset+DirectUpload.swift:6:8: note: A dependency of main module 'MuxUploadSDK'
import Photos
       ^ (in target 'MuxUploadSDK' from project 'MuxUploadSDK')
PruneExplicitPrecompiledModules /Users/admin/builder/spi-builder-workspace/.derivedData/SDKExplicitPrecompiledModules
PruneExplicitPrecompiledModules /Users/admin/builder/spi-builder-workspace/.derivedData/Build/Intermediates.noindex/SwiftExplicitPrecompiledModules
PruneExplicitPrecompiledModules /Users/admin/builder/spi-builder-workspace/.derivedData/Build/Intermediates.noindex/ExplicitPrecompiledModules
2026-09-24 12:27:22.552 xcodebuild[1240:8015] [MT] IDERunDestination: Supported platforms for the buildables in the current scheme is empty.
2026-09-24 12:27:22.655 xcodebuild[1240:8015] [MT] IDERunDestination: Supported platforms for the buildables in the current scheme is empty.
** BUILD FAILED **
The following build commands failed:
	SwiftDriver MuxUploadSDK normal arm64_32 com.apple.xcode.tools.swift.compiler (in target 'MuxUploadSDK' from project 'MuxUploadSDK')
	SwiftDriver MuxUploadSDK normal arm64 com.apple.xcode.tools.swift.compiler (in target 'MuxUploadSDK' from project 'MuxUploadSDK')
	Building workspace MuxUploadSDK with scheme MuxUploadSDK
(3 failures)
BUILD FAILURE 6.4 watchOS