The Swift Package Index logo.Swift Package Index

Build Information

Failed to build SwiftRater, reference 2.2.4 (858847), with Swift 6.1 for Android on 9 Oct 2026 18:17:21 UTC.

Build Command

bash -c docker run --pull=always --rm -v "checkouts-53886768-0":/host -w "$PWD" -e JAVA_HOME="/root/.sdkman/candidates/java/current" -e SPI_BUILD="1" -e SPI_PROCESSING="1" registry.gitlab.com/saguaro1/spi-images:android-6.1-latest swift build --swift-sdk aarch64-unknown-linux-android24 2>&1

Build Log

========================================
RunAll
========================================
Builder version: 5.1.1
Interrupt handler set up.
========================================
Checkout
========================================
Clone URL: https://github.com/takecian/SwiftRater.git
Reference: 2.2.4
Initialized empty Git repository in /host/spi-builder-workspace/.git/
hint: Using 'master' as the name for the initial branch. This default branch name
hint: is subject to change. To configure the initial branch name to use in all
hint: of your new repositories, which will suppress this warning, call:
hint:
hint: 	git config --global init.defaultBranch <name>
hint:
hint: Names commonly chosen instead of 'master' are 'main', 'trunk' and
hint: 'development'. The just-created branch can be renamed via this command:
hint:
hint: 	git branch -m <name>
From https://github.com/takecian/SwiftRater
 * tag               2.2.4      -> FETCH_HEAD
HEAD is now at 858847c Merge pull request #57 from takecian/release/podspec-2.2.4
Cloned https://github.com/takecian/SwiftRater.git
Revision (git rev-parse @):
858847c46adfd660feae9c99d01a27086ebb75ef
SUCCESS checkout https://github.com/takecian/SwiftRater.git at 2.2.4
========================================
Build
========================================
Selected platform:         android
Swift version:             6.1
Building package at path:  $PWD
https://github.com/takecian/SwiftRater.git
https://github.com/takecian/SwiftRater.git
WARNING: environment variable SUPPRESS_SWIFT_6_FLAGS is not set
Running build ...
bash -c docker run --pull=always --rm -v "checkouts-53886768-0":/host -w "$PWD" -e JAVA_HOME="/root/.sdkman/candidates/java/current" -e SPI_BUILD="1" -e SPI_PROCESSING="1" registry.gitlab.com/saguaro1/spi-images:android-6.1-latest swift build --swift-sdk aarch64-unknown-linux-android24 -Xswiftc -Xfrontend -Xswiftc -stats-output-dir -Xswiftc -Xfrontend -Xswiftc .stats -Xswiftc -strict-concurrency=complete -Xswiftc -enable-upcoming-feature -Xswiftc StrictConcurrency -Xswiftc -enable-upcoming-feature -Xswiftc DisableOutwardActorInference -Xswiftc -enable-upcoming-feature -Xswiftc GlobalActorIsolatedTypesUsability -Xswiftc -enable-upcoming-feature -Xswiftc InferSendableFromCaptures 2>&1
android-6.1-latest: Pulling from saguaro1/spi-images
Digest: sha256:396310cef4466ceb116ed5462b0b92d4deb353c0dad749b406b7fd226f6db9af
Status: Image is up to date for registry.gitlab.com/saguaro1/spi-images:android-6.1-latest
Building for debugging...
[0/35] Copying SwiftRaterLocalization.strings
[0/35] Write sources
[0/35] Copying SwiftRaterLocalization.strings
[0/35] Copying PrivacyInfo.xcprivacy
[1/35] Copying SwiftRaterLocalization.strings
[28/35] Copying Info.plist
[29/35] Copying SwiftRaterLocalization.strings
[34/35] Write swift-version-24593BA9C3E375BF.txt
error: emit-module command failed with exit code 1 (use -v to see invocation)
[36/42] Emitting module SwiftRater
/host/spi-builder-workspace/SwiftRater/SwiftRater.swift:6:8: error: no such module 'StoreKit'
  4 | import AppKit
  5 | #endif
  6 | import StoreKit
    |        `- error: no such module 'StoreKit'
  7 |
  8 | @objc public enum SwiftRaterConditionsMetMode: Int {
[37/42] Compiling SwiftRater SwiftRaterBundleExtension.swift
/host/spi-builder-workspace/SwiftRater/SwiftRater.swift:6:8: error: no such module 'StoreKit'
  4 | import AppKit
  5 | #endif
  6 | import StoreKit
    |        `- error: no such module 'StoreKit'
  7 |
  8 | @objc public enum SwiftRaterConditionsMetMode: Int {
[38/42] Compiling SwiftRater UsageDataManager.swift
/host/spi-builder-workspace/SwiftRater/SwiftRater.swift:6:8: error: no such module 'StoreKit'
  4 | import AppKit
  5 | #endif
  6 | import StoreKit
    |        `- error: no such module 'StoreKit'
  7 |
  8 | @objc public enum SwiftRaterConditionsMetMode: Int {
[39/42] Compiling SwiftRater SwiftRaterError.swift
/host/spi-builder-workspace/SwiftRater/SwiftRater.swift:6:8: error: no such module 'StoreKit'
  4 | import AppKit
  5 | #endif
  6 | import StoreKit
    |        `- error: no such module 'StoreKit'
  7 |
  8 | @objc public enum SwiftRaterConditionsMetMode: Int {
[40/42] Compiling SwiftRater SwiftRater.swift
/host/spi-builder-workspace/SwiftRater/SwiftRater.swift:6:8: error: no such module 'StoreKit'
  4 | import AppKit
  5 | #endif
  6 | import StoreKit
    |        `- error: no such module 'StoreKit'
  7 |
  8 | @objc public enum SwiftRaterConditionsMetMode: Int {
[41/42] Compiling SwiftRater resource_bundle_accessor.swift
/host/spi-builder-workspace/SwiftRater/SwiftRater.swift:6:8: error: no such module 'StoreKit'
  4 | import AppKit
  5 | #endif
  6 | import StoreKit
    |        `- error: no such module 'StoreKit'
  7 |
  8 | @objc public enum SwiftRaterConditionsMetMode: Int {
[42/42] Compiling SwiftRater SwiftRaterErrorCode.swift
/host/spi-builder-workspace/SwiftRater/SwiftRater.swift:6:8: error: no such module 'StoreKit'
  4 | import AppKit
  5 | #endif
  6 | import StoreKit
    |        `- error: no such module 'StoreKit'
  7 |
  8 | @objc public enum SwiftRaterConditionsMetMode: Int {
Running build ...
bash -c docker run --pull=always --rm -v "checkouts-53886768-0":/host -w "$PWD" -e JAVA_HOME="/root/.sdkman/candidates/java/current" -e SPI_BUILD="1" -e SPI_PROCESSING="1" registry.gitlab.com/saguaro1/spi-images:android-6.1-latest swift build --swift-sdk aarch64-unknown-linux-android24 2>&1
android-6.1-latest: Pulling from saguaro1/spi-images
Digest: sha256:396310cef4466ceb116ed5462b0b92d4deb353c0dad749b406b7fd226f6db9af
Status: Image is up to date for registry.gitlab.com/saguaro1/spi-images:android-6.1-latest
[0/1] Planning build
Building for debugging...
[0/1] Write swift-version-24593BA9C3E375BF.txt
[2/8] Compiling SwiftRater SwiftRaterError.swift
/host/spi-builder-workspace/SwiftRater/SwiftRater.swift:6:8: error: no such module 'StoreKit'
  4 | import AppKit
  5 | #endif
  6 | import StoreKit
    |        `- error: no such module 'StoreKit'
  7 |
  8 | @objc public enum SwiftRaterConditionsMetMode: Int {
[3/8] Compiling SwiftRater SwiftRaterErrorCode.swift
/host/spi-builder-workspace/SwiftRater/SwiftRater.swift:6:8: error: no such module 'StoreKit'
  4 | import AppKit
  5 | #endif
  6 | import StoreKit
    |        `- error: no such module 'StoreKit'
  7 |
  8 | @objc public enum SwiftRaterConditionsMetMode: Int {
[4/8] Compiling SwiftRater UsageDataManager.swift
/host/spi-builder-workspace/SwiftRater/SwiftRater.swift:6:8: error: no such module 'StoreKit'
  4 | import AppKit
  5 | #endif
  6 | import StoreKit
    |        `- error: no such module 'StoreKit'
  7 |
  8 | @objc public enum SwiftRaterConditionsMetMode: Int {
[5/8] Compiling SwiftRater resource_bundle_accessor.swift
/host/spi-builder-workspace/SwiftRater/SwiftRater.swift:6:8: error: no such module 'StoreKit'
  4 | import AppKit
  5 | #endif
  6 | import StoreKit
    |        `- error: no such module 'StoreKit'
  7 |
  8 | @objc public enum SwiftRaterConditionsMetMode: Int {
error: emit-module command failed with exit code 1 (use -v to see invocation)
[6/8] Emitting module SwiftRater
/host/spi-builder-workspace/SwiftRater/SwiftRater.swift:6:8: error: no such module 'StoreKit'
  4 | import AppKit
  5 | #endif
  6 | import StoreKit
    |        `- error: no such module 'StoreKit'
  7 |
  8 | @objc public enum SwiftRaterConditionsMetMode: Int {
[7/8] Compiling SwiftRater SwiftRater.swift
/host/spi-builder-workspace/SwiftRater/SwiftRater.swift:6:8: error: no such module 'StoreKit'
  4 | import AppKit
  5 | #endif
  6 | import StoreKit
    |        `- error: no such module 'StoreKit'
  7 |
  8 | @objc public enum SwiftRaterConditionsMetMode: Int {
[8/8] Compiling SwiftRater SwiftRaterBundleExtension.swift
/host/spi-builder-workspace/SwiftRater/SwiftRater.swift:6:8: error: no such module 'StoreKit'
  4 | import AppKit
  5 | #endif
  6 | import StoreKit
    |        `- error: no such module 'StoreKit'
  7 |
  8 | @objc public enum SwiftRaterConditionsMetMode: Int {
BUILD FAILURE 6.1 android