The Swift Package Index logo.Swift Package Index

Build Information

Failed to build iOS-BLE-Library, reference 0.4.5 (4f3e49), with Swift 6.1 for Wasm on 31 Aug 2026 18:57:05 UTC.

Build Command

bash -c docker run --pull=always --rm -v "checkouts-54344849-0":/host -w "$PWD" -e JAVA_HOME="/root/.sdkman/candidates/java/current" -e SPI_BUILD="1" -e SPI_PROCESSING="1" registry.gitlab.com/saguaro1/spi-images:wasm-6.1-latest swift build --swift-sdk wasm32-unknown-wasi 2>&1

Build Log

========================================
RunAll
========================================
Builder version: 5.0.2
Interrupt handler set up.
========================================
Checkout
========================================
Clone URL: https://github.com/nordicsemi/IOS-BLE-Library.git
Reference: 0.4.5
Initialized empty Git repository in /host/spi-builder-workspace/.git/
hint: Using 'master' as the name for the initial branch. This default branch name
hint: is subject to change. To configure the initial branch name to use in all
hint: of your new repositories, which will suppress this warning, call:
hint:
hint: 	git config --global init.defaultBranch <name>
hint:
hint: Names commonly chosen instead of 'master' are 'main', 'trunk' and
hint: 'development'. The just-created branch can be renamed via this command:
hint:
hint: 	git branch -m <name>
From https://github.com/nordicsemi/IOS-BLE-Library
 * tag               0.4.5      -> FETCH_HEAD
HEAD is now at 4f3e498 Merge pull request #70 from nordicsemi/dequeue-patch
Cloned https://github.com/nordicsemi/IOS-BLE-Library.git
Revision (git rev-parse @):
4f3e4987f41e0558c6fdc1e8407eb92c59ae0eff
SUCCESS checkout https://github.com/nordicsemi/IOS-BLE-Library.git at 0.4.5
========================================
Build
========================================
Selected platform:         wasm
Swift version:             6.1
Building package at path:  $PWD
https://github.com/nordicsemi/IOS-BLE-Library.git
https://github.com/nordicsemi/IOS-BLE-Library.git
WARNING: environment variable SUPPRESS_SWIFT_6_FLAGS is not set
Running build ...
bash -c docker run --pull=always --rm -v "checkouts-54344849-0":/host -w "$PWD" -e JAVA_HOME="/root/.sdkman/candidates/java/current" -e SPI_BUILD="1" -e SPI_PROCESSING="1" registry.gitlab.com/saguaro1/spi-images:wasm-6.1-latest swift build --swift-sdk wasm32-unknown-wasi -Xswiftc -Xfrontend -Xswiftc -stats-output-dir -Xswiftc -Xfrontend -Xswiftc .stats -Xswiftc -strict-concurrency=complete -Xswiftc -enable-upcoming-feature -Xswiftc StrictConcurrency -Xswiftc -enable-upcoming-feature -Xswiftc DisableOutwardActorInference -Xswiftc -enable-upcoming-feature -Xswiftc GlobalActorIsolatedTypesUsability -Xswiftc -enable-upcoming-feature -Xswiftc InferSendableFromCaptures 2>&1
wasm-6.1-latest: Pulling from saguaro1/spi-images
Digest: sha256:290f441d1f5b7bf0dbbe61e8b7514208804cdcb507d57b3c762463ad036298f7
Status: Image is up to date for registry.gitlab.com/saguaro1/spi-images:wasm-6.1-latest
Fetching https://github.com/apple/swift-docc-plugin
Fetching https://github.com/nordicsemi/IOS-CoreBluetooth-Mock.git
[1/7815] Fetching ios-corebluetooth-mock
[7816/10160] Fetching ios-corebluetooth-mock, swift-docc-plugin
Fetched https://github.com/apple/swift-docc-plugin from cache (0.59s)
Fetched https://github.com/nordicsemi/IOS-CoreBluetooth-Mock.git from cache (0.59s)
Computing version for https://github.com/apple/swift-docc-plugin
Computed https://github.com/apple/swift-docc-plugin at 1.5.0 (0.86s)
Fetching https://github.com/swiftlang/swift-docc-symbolkit
[1/3817] Fetching swift-docc-symbolkit
Fetched https://github.com/swiftlang/swift-docc-symbolkit from cache (0.64s)
Computing version for https://github.com/nordicsemi/IOS-CoreBluetooth-Mock.git
Computed https://github.com/nordicsemi/IOS-CoreBluetooth-Mock.git at 1.0.6 (0.88s)
Computing version for https://github.com/swiftlang/swift-docc-symbolkit
Computed https://github.com/swiftlang/swift-docc-symbolkit at 1.0.0 (0.28s)
Creating working copy for https://github.com/nordicsemi/IOS-CoreBluetooth-Mock.git
Working copy of https://github.com/nordicsemi/IOS-CoreBluetooth-Mock.git resolved at 1.0.6
Creating working copy for https://github.com/apple/swift-docc-plugin
Working copy of https://github.com/apple/swift-docc-plugin resolved at 1.5.0
Creating working copy for https://github.com/swiftlang/swift-docc-symbolkit
Working copy of https://github.com/swiftlang/swift-docc-symbolkit resolved at 1.0.0
[0/5] Write sources
[1/5] Write swift-version-24593BA9C3E375BF.txt
[3/7] Emitting module MockGeneratorTool
[4/7] Compiling MockGeneratorTool main.swift
[5/8] Wrapping AST for MockGeneratorTool for debugging
[6/8] Write Objects.LinkFileList
[7/8] Linking MockGeneratorTool-tool
[1/1] Compiling plugin MockGenerator
[2/2] Compiling plugin Swift-DocC Preview
[3/3] Compiling plugin Swift-DocC
Building for debugging...
[3/37] Write sources
[7/37] Write swift-version-24593BA9C3E375BF.txt
[9/78] Emitting module MockGeneratorTool
[10/79] Wrapping AST for MockGeneratorTool for debugging
[11/79] Write Objects.LinkFileList
[12/79] Linking MockGeneratorTool-tool
[13/79] MockCopy UnimplementedError.swift
[14/79] MockCopy RSSI.swift
[14/79] MockCopy Publishers+FailablePrefix.swift.swift
[14/79] MockCopy Publishers+Connectable.swift
[17/79] MockCopy Publishers+GuestList.swift
[18/79] MockCopy ContinuationSubscriber.swift
[19/79] MockCopy Queue.swift
[20/79] MockCopy Publishers+Bluetooth.swift
[20/79] MockCopy Logger.swift
[22/79] MockCopy Publishers+Async.swift
[23/79] MockCopy CBManagerState+Ext.swift
[24/79] MockCopy Data+Ext.swift.swift
[25/79] MockCopy CBManagerState.swift
[26/79] MockCopy AsyncCharacteristicData.swift
[26/79] MockCopy AdvertisementData.swift
[28/79] MockCopy PeripheralError.swift
[28/79] MockCopy ReactivePeripheralDelegate.swift
[30/79] MockCopy Peripheral.swift
[31/79] MockCopy ReactiveCentralManagerDelegate.swift
[31/79] MockCopy Peripheral+Writer.swift
[33/79] MockCopy ScanResult.swift
[33/79] MockCopy CentralManager.swift
[35/79] Write sources
error: emit-module command failed with exit code 1 (use -v to see invocation)
[37/79] Emitting module iOS_BLE_Library
/host/spi-builder-workspace/Sources/iOS-BLE-Library/CentralManager/CentralManager.swift:8:8: error: no such module 'Combine'
  6 | //
  7 |
  8 | import Combine
    |        `- error: no such module 'Combine'
  9 | #if MOCK_TRANSPORT
 10 | import CoreBluetoothMock
[38/81] Compiling CoreBluetoothMock CBMAttributes.swift
/host/spi-builder-workspace/.build/checkouts/IOS-CoreBluetooth-Mock/CoreBluetoothMock/CBMAttributes.swift:31:8: error: no such module 'CoreBluetooth'
 29 | */
 30 |
 31 | import CoreBluetooth
    |        `- error: no such module 'CoreBluetooth'
 32 |
 33 | /// A representation of common aspects of services offered by a peripheral.
[39/81] Compiling CoreBluetoothMock CBMCentralManager.swift
/host/spi-builder-workspace/.build/checkouts/IOS-CoreBluetooth-Mock/CoreBluetoothMock/CBMAttributes.swift:31:8: error: no such module 'CoreBluetooth'
 29 | */
 30 |
 31 | import CoreBluetooth
    |        `- error: no such module 'CoreBluetooth'
 32 |
 33 | /// A representation of common aspects of services offered by a peripheral.
[40/81] Compiling CoreBluetoothMock CBMCentralManagerDelegate.swift
/host/spi-builder-workspace/.build/checkouts/IOS-CoreBluetooth-Mock/CoreBluetoothMock/CBMAttributes.swift:31:8: error: no such module 'CoreBluetooth'
 29 | */
 30 |
 31 | import CoreBluetooth
    |        `- error: no such module 'CoreBluetooth'
 32 |
 33 | /// A representation of common aspects of services offered by a peripheral.
[41/83] Compiling MockGeneratorTool main.swift
[42/83] Emitting module MockGeneratorTool
[43/84] Compiling CoreBluetoothMock Blinky.swift
/host/spi-builder-workspace/.build/checkouts/IOS-CoreBluetooth-Mock/CoreBluetoothMock/CBMAttributes.swift:31:8: error: no such module 'CoreBluetooth'
 29 | */
 30 |
 31 | import CoreBluetooth
    |        `- error: no such module 'CoreBluetooth'
 32 |
 33 | /// A representation of common aspects of services offered by a peripheral.
[44/84] Compiling CoreBluetoothMock UART.swift
/host/spi-builder-workspace/.build/checkouts/IOS-CoreBluetooth-Mock/CoreBluetoothMock/CBMAttributes.swift:31:8: error: no such module 'CoreBluetooth'
 29 | */
 30 |
 31 | import CoreBluetooth
    |        `- error: no such module 'CoreBluetooth'
 32 |
 33 | /// A representation of common aspects of services offered by a peripheral.
[45/84] Compiling CoreBluetoothMock CBMCentralManagerNative.swift
/host/spi-builder-workspace/Sources/iOS-BLE-Library/CentralManager/CentralManager.swift:8:8: error: no such module 'Combine'
  6 | //
  7 |
  8 | import Combine
    |        `- error: no such module 'Combine'
  9 | #if MOCK_TRANSPORT
 10 | import CoreBluetoothMock
[46/84] Compiling CoreBluetoothMock CBMDictionary.swift
/host/spi-builder-workspace/Sources/iOS-BLE-Library/CentralManager/CentralManager.swift:8:8: error: no such module 'Combine'
  6 | //
  7 |
  8 | import Combine
    |        `- error: no such module 'Combine'
  9 | #if MOCK_TRANSPORT
 10 | import CoreBluetoothMock
[47/84] Compiling CoreBluetoothMock CBMManagerTypes.swift
/host/spi-builder-workspace/Sources/iOS-BLE-Library/CentralManager/CentralManager.swift:8:8: error: no such module 'Combine'
  6 | //
  7 |
  8 | import Combine
    |        `- error: no such module 'Combine'
  9 | #if MOCK_TRANSPORT
 10 | import CoreBluetoothMock
/host/spi-builder-workspace/.build/checkouts/IOS-CoreBluetooth-Mock/CoreBluetoothMock/CBMAttributes.swift:31:8: error: no such module 'CoreBluetooth'
 29 | */
 30 |
 31 | import CoreBluetooth
    |        `- error: no such module 'CoreBluetooth'
 32 |
 33 | /// A representation of common aspects of services offered by a peripheral.
[49/84] Compiling iOS_BLE_Library Peripheral+Writer.swift
/host/spi-builder-workspace/.build/checkouts/IOS-CoreBluetooth-Mock/CoreBluetoothMock/CBMAttributes.swift:31:8: error: no such module 'CoreBluetooth'
 29 | */
 30 |
 31 | import CoreBluetooth
    |        `- error: no such module 'CoreBluetooth'
 32 |
 33 | /// A representation of common aspects of services offered by a peripheral.
[50/84] Compiling iOS_BLE_Library ReactivePeripheralDelegate.swift
/host/spi-builder-workspace/.build/checkouts/IOS-CoreBluetooth-Mock/CoreBluetoothMock/CBMAttributes.swift:31:8: error: no such module 'CoreBluetooth'
 29 | */
 30 |
 31 | import CoreBluetooth
    |        `- error: no such module 'CoreBluetooth'
 32 |
 33 | /// A representation of common aspects of services offered by a peripheral.
[51/84] Compiling iOS_BLE_Library AdvertisementData.swift
/host/spi-builder-workspace/.build/checkouts/IOS-CoreBluetooth-Mock/CoreBluetoothMock/CBMAttributes.swift:31:8: error: no such module 'CoreBluetooth'
 29 | */
 30 |
 31 | import CoreBluetooth
    |        `- error: no such module 'CoreBluetooth'
 32 |
 33 | /// A representation of common aspects of services offered by a peripheral.
[52/84] Compiling iOS_BLE_Library RSSI.swift
/host/spi-builder-workspace/Sources/iOS-BLE-Library/CentralManager/CentralManager.swift:8:8: error: no such module 'Combine'
  6 | //
  7 |
  8 | import Combine
    |        `- error: no such module 'Combine'
  9 | #if MOCK_TRANSPORT
 10 | import CoreBluetoothMock
[53/84] Compiling iOS_BLE_Library UnimplementedError.swift
/host/spi-builder-workspace/Sources/iOS-BLE-Library/CentralManager/CentralManager.swift:8:8: error: no such module 'Combine'
  6 | //
  7 |
  8 | import Combine
    |        `- error: no such module 'Combine'
  9 | #if MOCK_TRANSPORT
 10 | import CoreBluetoothMock
[54/84] Compiling iOS_BLE_Library Peripheral.swift
/host/spi-builder-workspace/.build/checkouts/IOS-CoreBluetooth-Mock/CoreBluetoothMock/CBMAttributes.swift:31:8: error: no such module 'CoreBluetooth'
 29 | */
 30 |
 31 | import CoreBluetooth
    |        `- error: no such module 'CoreBluetooth'
 32 |
 33 | /// A representation of common aspects of services offered by a peripheral.
[55/84] Compiling iOS_BLE_Library PeripheralError.swift
/host/spi-builder-workspace/.build/checkouts/IOS-CoreBluetooth-Mock/CoreBluetoothMock/CBMAttributes.swift:31:8: error: no such module 'CoreBluetooth'
 29 | */
 30 |
 31 | import CoreBluetooth
    |        `- error: no such module 'CoreBluetooth'
 32 |
 33 | /// A representation of common aspects of services offered by a peripheral.
[57/84] Compiling iOS_BLE_Library Publishers+Async.swift
/host/spi-builder-workspace/Sources/iOS-BLE-Library/CentralManager/CentralManager.swift:8:8: error: no such module 'Combine'
  6 | //
  7 |
  8 | import Combine
    |        `- error: no such module 'Combine'
  9 | #if MOCK_TRANSPORT
 10 | import CoreBluetoothMock
[58/84] Compiling CoreBluetoothMock CBMCentralManagerDelegateProxy.swift
/host/spi-builder-workspace/Sources/iOS-BLE-Library/CentralManager/CentralManager.swift:8:8: error: no such module 'Combine'
  6 | //
  7 |
  8 | import Combine
    |        `- error: no such module 'Combine'
  9 | #if MOCK_TRANSPORT
 10 | import CoreBluetoothMock
[59/84] Compiling CoreBluetoothMock CBMCentralManagerFactory.swift
/host/spi-builder-workspace/Sources/iOS-BLE-Library/CentralManager/CentralManager.swift:8:8: error: no such module 'Combine'
  6 | //
  7 |
  8 | import Combine
    |        `- error: no such module 'Combine'
  9 | #if MOCK_TRANSPORT
 10 | import CoreBluetoothMock
error: emit-module command failed with exit code 1 (use -v to see invocation)
[60/84] Emitting module CoreBluetoothMock
/host/spi-builder-workspace/.build/checkouts/IOS-CoreBluetooth-Mock/CoreBluetoothMock/CBMAttributes.swift:31:8: error: no such module 'CoreBluetooth'
 29 | */
 30 |
 31 | import CoreBluetooth
    |        `- error: no such module 'CoreBluetooth'
 32 |
 33 | /// A representation of common aspects of services offered by a peripheral.
/host/spi-builder-workspace/.build/checkouts/IOS-CoreBluetooth-Mock/CoreBluetoothMock/CBMAttributes.swift:31:8: error: no such module 'CoreBluetooth'
 29 | */
 30 |
 31 | import CoreBluetooth
    |        `- error: no such module 'CoreBluetooth'
 32 |
 33 | /// A representation of common aspects of services offered by a peripheral.
/host/spi-builder-workspace/.build/checkouts/IOS-CoreBluetooth-Mock/CoreBluetoothMock/CBMAttributes.swift:31:8: error: no such module 'CoreBluetooth'
 29 | */
 30 |
 31 | import CoreBluetooth
    |        `- error: no such module 'CoreBluetooth'
 32 |
 33 | /// A representation of common aspects of services offered by a peripheral.
[62/84] Wrapping AST for MockGeneratorTool for debugging
[63/84] Write Objects.LinkFileList
/host/spi-builder-workspace/Sources/iOS-BLE-Library/CentralManager/CentralManager.swift:8:8: error: no such module 'Combine'
  6 | //
  7 |
  8 | import Combine
    |        `- error: no such module 'Combine'
  9 | #if MOCK_TRANSPORT
 10 | import CoreBluetoothMock
/host/spi-builder-workspace/Sources/iOS-BLE-Library/CentralManager/CentralManager.swift:8:8: error: no such module 'Combine'
  6 | //
  7 |
  8 | import Combine
    |        `- error: no such module 'Combine'
  9 | #if MOCK_TRANSPORT
 10 | import CoreBluetoothMock
[67/84] Compiling iOS_BLE_Library AsyncCharacteristicData.swift
/host/spi-builder-workspace/Sources/iOS-BLE-Library/CentralManager/CentralManager.swift:8:8: error: no such module 'Combine'
  6 | //
  7 |
  8 | import Combine
    |        `- error: no such module 'Combine'
  9 | #if MOCK_TRANSPORT
 10 | import CoreBluetoothMock
/host/spi-builder-workspace/Sources/iOS-BLE-Library/CentralManager/CentralManager.swift:8:8: error: no such module 'Combine'
  6 | //
  7 |
  8 | import Combine
    |        `- error: no such module 'Combine'
  9 | #if MOCK_TRANSPORT
 10 | import CoreBluetoothMock
/host/spi-builder-workspace/Sources/iOS-BLE-Library/CentralManager/CentralManager.swift:8:8: error: no such module 'Combine'
  6 | //
  7 |
  8 | import Combine
    |        `- error: no such module 'Combine'
  9 | #if MOCK_TRANSPORT
 10 | import CoreBluetoothMock
[70/84] Compiling CoreBluetoothMock CBMCentralManagerMock.swift
/host/spi-builder-workspace/Sources/iOS-BLE-Library/CentralManager/CentralManager.swift:8:8: error: no such module 'Combine'
  6 | //
  7 |
  8 | import Combine
    |        `- error: no such module 'Combine'
  9 | #if MOCK_TRANSPORT
 10 | import CoreBluetoothMock
/host/spi-builder-workspace/Sources/iOS-BLE-Library/CentralManager/CentralManager.swift:8:8: error: no such module 'Combine'
  6 | //
  7 |
  8 | import Combine
    |        `- error: no such module 'Combine'
  9 | #if MOCK_TRANSPORT
 10 | import CoreBluetoothMock
/host/spi-builder-workspace/Sources/iOS-BLE-Library/CentralManager/CentralManager.swift:8:8: error: no such module 'Combine'
  6 | //
  7 |
  8 | import Combine
    |        `- error: no such module 'Combine'
  9 | #if MOCK_TRANSPORT
 10 | import CoreBluetoothMock
/host/spi-builder-workspace/Sources/iOS-BLE-Library/CentralManager/CentralManager.swift:8:8: error: no such module 'Combine'
  6 | //
  7 |
  8 | import Combine
    |        `- error: no such module 'Combine'
  9 | #if MOCK_TRANSPORT
 10 | import CoreBluetoothMock
[74/84] Compiling iOS_BLE_Library Publishers+Connectable.swift
/host/spi-builder-workspace/Sources/iOS-BLE-Library/CentralManager/CentralManager.swift:8:8: error: no such module 'Combine'
  6 | //
  7 |
  8 | import Combine
    |        `- error: no such module 'Combine'
  9 | #if MOCK_TRANSPORT
 10 | import CoreBluetoothMock
[75/84] Compiling iOS_BLE_Library Publishers+FailablePrefix.swift.swift
/host/spi-builder-workspace/Sources/iOS-BLE-Library/CentralManager/CentralManager.swift:8:8: error: no such module 'Combine'
  6 | //
  7 |
  8 | import Combine
    |        `- error: no such module 'Combine'
  9 | #if MOCK_TRANSPORT
 10 | import CoreBluetoothMock
wasm-ld: warning: /root/.swiftpm/swift-sdks/swift-wasm-6.1-RELEASE-wasm32-unknown-wasi.artifactbundle/6.1-RELEASE-wasm32-unknown-wasi/wasm32-unknown-wasi/swift.xctoolchain/usr/lib/swift_static/wasi/lib_FoundationCollections.a: archive member '_FoundationCollections.autolink' is neither Wasm object file nor LLVM bitcode
wasm-ld: warning: /root/.swiftpm/swift-sdks/swift-wasm-6.1-RELEASE-wasm32-unknown-wasi.artifactbundle/6.1-RELEASE-wasm32-unknown-wasi/wasm32-unknown-wasi/swift.xctoolchain/usr/lib/swift_static/wasi/libFoundation.a: archive member 'Foundation.autolink' is neither Wasm object file nor LLVM bitcode
wasm-ld: warning: /root/.swiftpm/swift-sdks/swift-wasm-6.1-RELEASE-wasm32-unknown-wasi.artifactbundle/6.1-RELEASE-wasm32-unknown-wasi/wasm32-unknown-wasi/swift.xctoolchain/usr/lib/swift_static/wasi/libFoundationEssentials.a: archive member 'FoundationEssentials.autolink' is neither Wasm object file nor LLVM bitcode
wasm-ld: warning: /root/.swiftpm/swift-sdks/swift-wasm-6.1-RELEASE-wasm32-unknown-wasi.artifactbundle/6.1-RELEASE-wasm32-unknown-wasi/wasm32-unknown-wasi/swift.xctoolchain/usr/lib/swift_static/wasi/libFoundationInternationalization.a: archive member 'FoundationInternationalization.autolink' is neither Wasm object file nor LLVM bitcode
[75/84] Linking MockGeneratorTool.wasm
/host/spi-builder-workspace/Sources/iOS-BLE-Library/CentralManager/CentralManager.swift:8:8: error: no such module 'Combine'
  6 | //
  7 |
  8 | import Combine
    |        `- error: no such module 'Combine'
  9 | #if MOCK_TRANSPORT
 10 | import CoreBluetoothMock
/host/spi-builder-workspace/Sources/iOS-BLE-Library/CentralManager/CentralManager.swift:8:8: error: no such module 'Combine'
  6 | //
  7 |
  8 | import Combine
    |        `- error: no such module 'Combine'
  9 | #if MOCK_TRANSPORT
 10 | import CoreBluetoothMock
/host/spi-builder-workspace/Sources/iOS-BLE-Library/CentralManager/CentralManager.swift:8:8: error: no such module 'Combine'
  6 | //
  7 |
  8 | import Combine
    |        `- error: no such module 'Combine'
  9 | #if MOCK_TRANSPORT
 10 | import CoreBluetoothMock
Running build ...
bash -c docker run --pull=always --rm -v "checkouts-54344849-0":/host -w "$PWD" -e JAVA_HOME="/root/.sdkman/candidates/java/current" -e SPI_BUILD="1" -e SPI_PROCESSING="1" registry.gitlab.com/saguaro1/spi-images:wasm-6.1-latest swift build --swift-sdk wasm32-unknown-wasi 2>&1
wasm-6.1-latest: Pulling from saguaro1/spi-images
Digest: sha256:290f441d1f5b7bf0dbbe61e8b7514208804cdcb507d57b3c762463ad036298f7
Status: Image is up to date for registry.gitlab.com/saguaro1/spi-images:wasm-6.1-latest
[0/4] Write swift-version-24593BA9C3E375BF.txt
[2/6] Compiling MockGeneratorTool main.swift
[3/6] Emitting module MockGeneratorTool
[4/7] Wrapping AST for MockGeneratorTool for debugging
[5/7] Write Objects.LinkFileList
[6/7] Linking MockGeneratorTool-tool
[0/1] Planning build
[1/1] Compiling plugin MockGenerator
[2/2] Compiling plugin Swift-DocC Preview
[3/3] Compiling plugin Swift-DocC
Building for debugging...
[3/33] Write swift-version-24593BA9C3E375BF.txt
[5/74] Emitting module MockGeneratorTool
[6/74] Compiling MockGeneratorTool main.swift
[7/74] Emitting module MockGeneratorTool
[8/76] Compiling iOS_BLE_Library Publishers+Async.swift
/host/spi-builder-workspace/Sources/iOS-BLE-Library/CentralManager/CentralManager.swift:8:8: error: no such module 'Combine'
  6 | //
  7 |
  8 | import Combine
    |        `- error: no such module 'Combine'
  9 | #if MOCK_TRANSPORT
 10 | import CoreBluetoothMock
[9/76] Compiling iOS_BLE_Library Logger.swift
/host/spi-builder-workspace/Sources/iOS-BLE-Library/CentralManager/CentralManager.swift:8:8: error: no such module 'Combine'
  6 | //
  7 |
  8 | import Combine
    |        `- error: no such module 'Combine'
  9 | #if MOCK_TRANSPORT
 10 | import CoreBluetoothMock
[10/76] Compiling iOS_BLE_Library ContinuationSubscriber.swift
/host/spi-builder-workspace/Sources/iOS-BLE-Library/CentralManager/CentralManager.swift:8:8: error: no such module 'Combine'
  6 | //
  7 |
  8 | import Combine
    |        `- error: no such module 'Combine'
  9 | #if MOCK_TRANSPORT
 10 | import CoreBluetoothMock
[12/78] Compiling CoreBluetoothMock CBMPeripheralSpec.swift
/host/spi-builder-workspace/.build/checkouts/IOS-CoreBluetooth-Mock/CoreBluetoothMock/CBMAttributes.swift:31:8: error: no such module 'CoreBluetooth'
 29 | */
 30 |
 31 | import CoreBluetooth
    |        `- error: no such module 'CoreBluetooth'
 32 |
 33 | /// A representation of common aspects of services offered by a peripheral.
[13/78] Compiling CoreBluetoothMock CBMPeripheralSpecDelegate.swift
/host/spi-builder-workspace/.build/checkouts/IOS-CoreBluetooth-Mock/CoreBluetoothMock/CBMAttributes.swift:31:8: error: no such module 'CoreBluetooth'
 29 | */
 30 |
 31 | import CoreBluetooth
    |        `- error: no such module 'CoreBluetooth'
 32 |
 33 | /// A representation of common aspects of services offered by a peripheral.
[14/78] Compiling CoreBluetoothMock CBMPeripheral.swift
/host/spi-builder-workspace/.build/checkouts/IOS-CoreBluetooth-Mock/CoreBluetoothMock/CBMAttributes.swift:31:8: error: no such module 'CoreBluetooth'
 29 | */
 30 |
 31 | import CoreBluetooth
    |        `- error: no such module 'CoreBluetooth'
 32 |
 33 | /// A representation of common aspects of services offered by a peripheral.
[15/78] Compiling CoreBluetoothMock CBMPeripheralDelegate.swift
/host/spi-builder-workspace/.build/checkouts/IOS-CoreBluetooth-Mock/CoreBluetoothMock/CBMAttributes.swift:31:8: error: no such module 'CoreBluetooth'
 29 | */
 30 |
 31 | import CoreBluetooth
    |        `- error: no such module 'CoreBluetooth'
 32 |
 33 | /// A representation of common aspects of services offered by a peripheral.
[16/78] Compiling CoreBluetoothMock CBMPeripheralDelegateProxy.swift
/host/spi-builder-workspace/.build/checkouts/IOS-CoreBluetooth-Mock/CoreBluetoothMock/CBMAttributes.swift:31:8: error: no such module 'CoreBluetooth'
 29 | */
 30 |
 31 | import CoreBluetooth
    |        `- error: no such module 'CoreBluetooth'
 32 |
 33 | /// A representation of common aspects of services offered by a peripheral.
[17/78] Compiling CoreBluetoothMock CBMPeripheralPreview.swift
/host/spi-builder-workspace/.build/checkouts/IOS-CoreBluetooth-Mock/CoreBluetoothMock/CBMAttributes.swift:31:8: error: no such module 'CoreBluetooth'
 29 | */
 30 |
 31 | import CoreBluetooth
    |        `- error: no such module 'CoreBluetooth'
 32 |
 33 | /// A representation of common aspects of services offered by a peripheral.
[19/80] Compiling iOS_BLE_Library RSSI.swift
/host/spi-builder-workspace/Sources/iOS-BLE-Library/CentralManager/CentralManager.swift:8:8: error: no such module 'Combine'
  6 | //
  7 |
  8 | import Combine
    |        `- error: no such module 'Combine'
  9 | #if MOCK_TRANSPORT
 10 | import CoreBluetoothMock
[20/80] Compiling iOS_BLE_Library UnimplementedError.swift
/host/spi-builder-workspace/Sources/iOS-BLE-Library/CentralManager/CentralManager.swift:8:8: error: no such module 'Combine'
  6 | //
  7 |
  8 | import Combine
    |        `- error: no such module 'Combine'
  9 | #if MOCK_TRANSPORT
 10 | import CoreBluetoothMock
[21/80] Compiling iOS_BLE_Library AsyncCharacteristicData.swift
/host/spi-builder-workspace/.build/checkouts/IOS-CoreBluetooth-Mock/CoreBluetoothMock/CBMAttributes.swift:31:8: error: no such module 'CoreBluetooth'
 29 | */
 30 |
 31 | import CoreBluetooth
    |        `- error: no such module 'CoreBluetooth'
 32 |
 33 | /// A representation of common aspects of services offered by a peripheral.
[22/80] Compiling iOS_BLE_Library Peripheral+Writer.swift
/host/spi-builder-workspace/.build/checkouts/IOS-CoreBluetooth-Mock/CoreBluetoothMock/CBMAttributes.swift:31:8: error: no such module 'CoreBluetooth'
 29 | */
 30 |
 31 | import CoreBluetooth
    |        `- error: no such module 'CoreBluetooth'
 32 |
 33 | /// A representation of common aspects of services offered by a peripheral.
[23/80] Compiling iOS_BLE_Library ReactivePeripheralDelegate.swift
/host/spi-builder-workspace/.build/checkouts/IOS-CoreBluetooth-Mock/CoreBluetoothMock/CBMAttributes.swift:31:8: error: no such module 'CoreBluetooth'
 29 | */
 30 |
 31 | import CoreBluetooth
    |        `- error: no such module 'CoreBluetooth'
 32 |
 33 | /// A representation of common aspects of services offered by a peripheral.
[24/80] Compiling iOS_BLE_Library AdvertisementData.swift
/host/spi-builder-workspace/.build/checkouts/IOS-CoreBluetooth-Mock/CoreBluetoothMock/CBMAttributes.swift:31:8: error: no such module 'CoreBluetooth'
 29 | */
 30 |
 31 | import CoreBluetooth
    |        `- error: no such module 'CoreBluetooth'
 32 |
 33 | /// A representation of common aspects of services offered by a peripheral.
[24/80] Wrapping AST for MockGeneratorTool for debugging
[25/80] Write Objects.LinkFileList
[26/80] Wrapping AST for MockGeneratorTool for debugging
[27/80] Write Objects.LinkFileList
error: emit-module command failed with exit code 1 (use -v to see invocation)
[29/80] Emitting module iOS_BLE_Library
/host/spi-builder-workspace/Sources/iOS-BLE-Library/CentralManager/CentralManager.swift:8:8: error: no such module 'Combine'
  6 | //
  7 |
  8 | import Combine
    |        `- error: no such module 'Combine'
  9 | #if MOCK_TRANSPORT
 10 | import CoreBluetoothMock
[30/80] Compiling iOS_BLE_Library CentralManager.swift
/host/spi-builder-workspace/Sources/iOS-BLE-Library/CentralManager/CentralManager.swift:8:8: error: no such module 'Combine'
  6 | //
  7 |
  8 | import Combine
    |        `- error: no such module 'Combine'
  9 | #if MOCK_TRANSPORT
 10 | import CoreBluetoothMock
[31/80] Compiling iOS_BLE_Library ScanResult.swift
/host/spi-builder-workspace/Sources/iOS-BLE-Library/CentralManager/CentralManager.swift:8:8: error: no such module 'Combine'
  6 | //
  7 |
  8 | import Combine
    |        `- error: no such module 'Combine'
  9 | #if MOCK_TRANSPORT
 10 | import CoreBluetoothMock
[32/80] Compiling iOS_BLE_Library ReactiveCentralManagerDelegate.swift
/host/spi-builder-workspace/Sources/iOS-BLE-Library/CentralManager/CentralManager.swift:8:8: error: no such module 'Combine'
  6 | //
  7 |
  8 | import Combine
    |        `- error: no such module 'Combine'
  9 | #if MOCK_TRANSPORT
 10 | import CoreBluetoothMock
[33/80] Compiling CoreBluetoothMock Blinky.swift
/host/spi-builder-workspace/.build/checkouts/IOS-CoreBluetooth-Mock/CoreBluetoothMock/CBMAttributes.swift:31:8: error: no such module 'CoreBluetooth'
 29 | */
 30 |
 31 | import CoreBluetooth
    |        `- error: no such module 'CoreBluetooth'
 32 |
 33 | /// A representation of common aspects of services offered by a peripheral.
[34/80] Compiling CoreBluetoothMock UART.swift
/host/spi-builder-workspace/.build/checkouts/IOS-CoreBluetooth-Mock/CoreBluetoothMock/CBMAttributes.swift:31:8: error: no such module 'CoreBluetooth'
 29 | */
 30 |
 31 | import CoreBluetooth
    |        `- error: no such module 'CoreBluetooth'
 32 |
 33 | /// A representation of common aspects of services offered by a peripheral.
[34/80] Linking MockGeneratorTool-tool
[35/80] MockCopy Peripheral+Writer.swift
[36/80] MockCopy Peripheral.swift
[36/80] MockCopy ScanResult.swift
[38/80] MockCopy PeripheralError.swift
[39/80] MockCopy ReactivePeripheralDelegate.swift
[40/80] MockCopy UnimplementedError.swift
[40/80] MockCopy Queue.swift
[42/80] MockCopy RSSI.swift
[43/80] MockCopy Publishers+GuestList.swift
[44/80] MockCopy Publishers+FailablePrefix.swift.swift
[44/80] MockCopy Publishers+Connectable.swift
[46/80] MockCopy Publishers+Bluetooth.swift
[47/80] MockCopy ContinuationSubscriber.swift
[48/80] MockCopy Logger.swift
[49/80] MockCopy CBManagerState+Ext.swift
[49/80] MockCopy Publishers+Async.swift
[51/80] MockCopy Data+Ext.swift.swift
[52/80] MockCopy CBManagerState.swift
[53/80] MockCopy AsyncCharacteristicData.swift
[54/80] MockCopy AdvertisementData.swift
[55/80] MockCopy ReactiveCentralManagerDelegate.swift
[55/80] MockCopy CentralManager.swift
[57/80] Write sources
wasm-ld: warning: /root/.swiftpm/swift-sdks/swift-wasm-6.1-RELEASE-wasm32-unknown-wasi.artifactbundle/6.1-RELEASE-wasm32-unknown-wasi/wasm32-unknown-wasi/swift.xctoolchain/usr/lib/swift_static/wasi/lib_FoundationCollections.a: archive member '_FoundationCollections.autolink' is neither Wasm object file nor LLVM bitcode
wasm-ld: warning: /root/.swiftpm/swift-sdks/swift-wasm-6.1-RELEASE-wasm32-unknown-wasi.artifactbundle/6.1-RELEASE-wasm32-unknown-wasi/wasm32-unknown-wasi/swift.xctoolchain/usr/lib/swift_static/wasi/libFoundation.a: archive member 'Foundation.autolink' is neither Wasm object file nor LLVM bitcode
wasm-ld: warning: /root/.swiftpm/swift-sdks/swift-wasm-6.1-RELEASE-wasm32-unknown-wasi.artifactbundle/6.1-RELEASE-wasm32-unknown-wasi/wasm32-unknown-wasi/swift.xctoolchain/usr/lib/swift_static/wasi/libFoundationEssentials.a: archive member 'FoundationEssentials.autolink' is neither Wasm object file nor LLVM bitcode
wasm-ld: warning: /root/.swiftpm/swift-sdks/swift-wasm-6.1-RELEASE-wasm32-unknown-wasi.artifactbundle/6.1-RELEASE-wasm32-unknown-wasi/wasm32-unknown-wasi/swift.xctoolchain/usr/lib/swift_static/wasi/libFoundationInternationalization.a: archive member 'FoundationInternationalization.autolink' is neither Wasm object file nor LLVM bitcode
[58/80] Linking MockGeneratorTool.wasm
/host/spi-builder-workspace/Sources/iOS-BLE-Library/CentralManager/CentralManager.swift:8:8: error: no such module 'Combine'
  6 | //
  7 |
  8 | import Combine
    |        `- error: no such module 'Combine'
  9 | #if MOCK_TRANSPORT
 10 | import CoreBluetoothMock
/host/spi-builder-workspace/Sources/iOS-BLE-Library/CentralManager/CentralManager.swift:8:8: error: no such module 'Combine'
  6 | //
  7 |
  8 | import Combine
    |        `- error: no such module 'Combine'
  9 | #if MOCK_TRANSPORT
 10 | import CoreBluetoothMock
/host/spi-builder-workspace/Sources/iOS-BLE-Library/CentralManager/CentralManager.swift:8:8: error: no such module 'Combine'
  6 | //
  7 |
  8 | import Combine
    |        `- error: no such module 'Combine'
  9 | #if MOCK_TRANSPORT
 10 | import CoreBluetoothMock
/host/spi-builder-workspace/Sources/iOS-BLE-Library/CentralManager/CentralManager.swift:8:8: error: no such module 'Combine'
  6 | //
  7 |
  8 | import Combine
    |        `- error: no such module 'Combine'
  9 | #if MOCK_TRANSPORT
 10 | import CoreBluetoothMock
/host/spi-builder-workspace/Sources/iOS-BLE-Library/CentralManager/CentralManager.swift:8:8: error: no such module 'Combine'
  6 | //
  7 |
  8 | import Combine
    |        `- error: no such module 'Combine'
  9 | #if MOCK_TRANSPORT
 10 | import CoreBluetoothMock
/host/spi-builder-workspace/Sources/iOS-BLE-Library/CentralManager/CentralManager.swift:8:8: error: no such module 'Combine'
  6 | //
  7 |
  8 | import Combine
    |        `- error: no such module 'Combine'
  9 | #if MOCK_TRANSPORT
 10 | import CoreBluetoothMock
/host/spi-builder-workspace/Sources/iOS-BLE-Library/CentralManager/CentralManager.swift:8:8: error: no such module 'Combine'
  6 | //
  7 |
  8 | import Combine
    |        `- error: no such module 'Combine'
  9 | #if MOCK_TRANSPORT
 10 | import CoreBluetoothMock
/host/spi-builder-workspace/Sources/iOS-BLE-Library/CentralManager/CentralManager.swift:8:8: error: no such module 'Combine'
  6 | //
  7 |
  8 | import Combine
    |        `- error: no such module 'Combine'
  9 | #if MOCK_TRANSPORT
 10 | import CoreBluetoothMock
/host/spi-builder-workspace/Sources/iOS-BLE-Library/CentralManager/CentralManager.swift:8:8: error: no such module 'Combine'
  6 | //
  7 |
  8 | import Combine
    |        `- error: no such module 'Combine'
  9 | #if MOCK_TRANSPORT
 10 | import CoreBluetoothMock
/host/spi-builder-workspace/Sources/iOS-BLE-Library/CentralManager/CentralManager.swift:8:8: error: no such module 'Combine'
  6 | //
  7 |
  8 | import Combine
    |        `- error: no such module 'Combine'
  9 | #if MOCK_TRANSPORT
 10 | import CoreBluetoothMock
/host/spi-builder-workspace/Sources/iOS-BLE-Library/CentralManager/CentralManager.swift:8:8: error: no such module 'Combine'
  6 | //
  7 |
  8 | import Combine
    |        `- error: no such module 'Combine'
  9 | #if MOCK_TRANSPORT
 10 | import CoreBluetoothMock
/host/spi-builder-workspace/Sources/iOS-BLE-Library/CentralManager/CentralManager.swift:8:8: error: no such module 'Combine'
  6 | //
  7 |
  8 | import Combine
    |        `- error: no such module 'Combine'
  9 | #if MOCK_TRANSPORT
 10 | import CoreBluetoothMock
[72/80] Compiling iOS_BLE_Library CBManagerState+Ext.swift
/host/spi-builder-workspace/Sources/iOS-BLE-Library/CentralManager/CentralManager.swift:8:8: error: no such module 'Combine'
  6 | //
  7 |
  8 | import Combine
    |        `- error: no such module 'Combine'
  9 | #if MOCK_TRANSPORT
 10 | import CoreBluetoothMock
[73/80] Compiling iOS_BLE_Library Data+Ext.swift.swift
/host/spi-builder-workspace/Sources/iOS-BLE-Library/CentralManager/CentralManager.swift:8:8: error: no such module 'Combine'
  6 | //
  7 |
  8 | import Combine
    |        `- error: no such module 'Combine'
  9 | #if MOCK_TRANSPORT
 10 | import CoreBluetoothMock
error: emit-module command failed with exit code 1 (use -v to see invocation)
[74/80] Emitting module CoreBluetoothMock
/host/spi-builder-workspace/.build/checkouts/IOS-CoreBluetooth-Mock/CoreBluetoothMock/CBMAttributes.swift:31:8: error: no such module 'CoreBluetooth'
 29 | */
 30 |
 31 | import CoreBluetooth
    |        `- error: no such module 'CoreBluetooth'
 32 |
 33 | /// A representation of common aspects of services offered by a peripheral.
/host/spi-builder-workspace/.build/checkouts/IOS-CoreBluetooth-Mock/CoreBluetoothMock/CBMAttributes.swift:31:8: error: no such module 'CoreBluetooth'
 29 | */
 30 |
 31 | import CoreBluetooth
    |        `- error: no such module 'CoreBluetooth'
 32 |
 33 | /// A representation of common aspects of services offered by a peripheral.
/host/spi-builder-workspace/.build/checkouts/IOS-CoreBluetooth-Mock/CoreBluetoothMock/CBMAttributes.swift:31:8: error: no such module 'CoreBluetooth'
 29 | */
 30 |
 31 | import CoreBluetooth
    |        `- error: no such module 'CoreBluetooth'
 32 |
 33 | /// A representation of common aspects of services offered by a peripheral.
/host/spi-builder-workspace/.build/checkouts/IOS-CoreBluetooth-Mock/CoreBluetoothMock/CBMAttributes.swift:31:8: error: no such module 'CoreBluetooth'
 29 | */
 30 |
 31 | import CoreBluetooth
    |        `- error: no such module 'CoreBluetooth'
 32 |
 33 | /// A representation of common aspects of services offered by a peripheral.
BUILD FAILURE 6.1 wasm