Build Information
Failed to build TortoiseGraphics, reference main (56ce2b), with Swift 6.2 for macOS (Xcode) using Xcode 26.3 on 27 Sep 2026 07:12:41 UTC.
Build Command
No build command. This typically means the build failed at an early stage where we determine the build command.Build Log
========================================
RunAll
========================================
Builder version: 5.1.0
Interrupt handler set up.
========================================
Checkout
========================================
Clone URL: https://github.com/temoki/TortoiseGraphics2.git
Reference: main
Initialized empty Git repository in /Users/admin/builder/spi-builder-workspace/.git/
From https://github.com/temoki/TortoiseGraphics2
* branch main -> FETCH_HEAD
* [new branch] main -> origin/main
HEAD is now at 56ce2b4 Restore perceptualPrecision on the canvas goldens (#49) (#55)
Cloned https://github.com/temoki/TortoiseGraphics2.git
Revision (git rev-parse @):
56ce2b457aa67902cf84d09cc5c8797f99ec0089
SPI manifest file found: $PWD/.spi.yml
SUCCESS checkout https://github.com/temoki/TortoiseGraphics2.git at main
========================================
Build
========================================
Selected platform: macosXcodebuild
Swift version: 6.2
Building package at path: $PWD
https://github.com/temoki/TortoiseGraphics2.git
Command line invocation:
/Applications/Xcode-26.3.0.app/Contents/Developer/usr/bin/xcodebuild -IDEClonedSourcePackagesDirPathOverride=/Users/admin/builder/spi-builder-workspace/.dependencies -resolvePackageDependencies
Resolve Package Graph
package 'spi-builder-workspace' is using Swift tools version 6.4.0 but the installed version is 6.2.4
Resolved source packages:
spi-builder-workspace: (null)
2026-09-27 03:12:40.392 xcodebuild[566:3097] Writing error result bundle to /var/folders/xq/y_g06wb113726d38xsyx71_h0000gn/T/ResultBundle_2026-27-09_03-12-0040.xcresult
xcodebuild: error: Could not resolve package dependencies:
package 'spi-builder-workspace' is using Swift tools version 6.4.0 but the installed version is 6.2.4
Command line invocation:
/Applications/Xcode-26.3.0.app/Contents/Developer/usr/bin/xcodebuild -IDEClonedSourcePackagesDirPathOverride=/Users/admin/builder/spi-builder-workspace/.dependencies -resolvePackageDependencies
Resolve Package Graph
package 'spi-builder-workspace' is using Swift tools version 6.4.0 but the installed version is 6.2.4
Resolved source packages:
spi-builder-workspace: (null)
2026-09-27 03:12:41.238 xcodebuild[630:3637] Writing error result bundle to /var/folders/xq/y_g06wb113726d38xsyx71_h0000gn/T/ResultBundle_2026-27-09_03-12-0041.xcresult
xcodebuild: error: Could not resolve package dependencies:
package 'spi-builder-workspace' is using Swift tools version 6.4.0 but the installed version is 6.2.4
BUILD FAILURE 6.2 macosXcodebuild