The Swift Package Index logo.Swift Package Index

Build Information

Failed to build blue-triangle, reference 3.15.14 (39d4a1), with Swift 6.4 for macOS (Xcode) using Xcode 27.0 on 23 Sep 2026 14:41:14 UTC.

Build Command

env DEVELOPER_DIR=/Applications/Xcode-27.0.0-Release.Candidate.app xcrun xcodebuild -IDEClonedSourcePackagesDirPathOverride=$PWD/.dependencies -skipMacroValidation -skipPackagePluginValidation -derivedDataPath $PWD/.derivedData build -scheme blue-triangle -destination platform=macOS,arch=arm64

Build Log

========================================
RunAll
========================================
Builder version: 5.1.0
Interrupt handler set up.
========================================
Checkout
========================================
Clone URL: https://github.com/blue-triangle-tech/btt-swift-sdk.git
Reference: 3.15.14
Initialized empty Git repository in /Users/admin/builder/spi-builder-workspace/.git/
From https://github.com/blue-triangle-tech/btt-swift-sdk
 * tag               3.15.14    -> FETCH_HEAD
HEAD is now at 39d4a19 Feature/swiftui excess breadcrumbs (#147)
Cloned https://github.com/blue-triangle-tech/btt-swift-sdk.git
Revision (git rev-parse @):
39d4a1917b7fcce4b185c9b71271416cac693346
SUCCESS checkout https://github.com/blue-triangle-tech/btt-swift-sdk.git at 3.15.14
========================================
Build
========================================
Selected platform:         macosXcodebuild
Swift version:             6.4
Building package at path:  $PWD
https://github.com/blue-triangle-tech/btt-swift-sdk.git
Command line invocation:
    /Applications/Xcode-27.0.0-Release.Candidate.app/Contents/Developer/usr/bin/xcodebuild -IDEClonedSourcePackagesDirPathOverride=/Users/admin/builder/spi-builder-workspace/.dependencies -resolvePackageDependencies
Resolve Package Graph
Resolve Package Graph
Resolved source packages:
  blue-triangle: /Users/admin/builder/spi-builder-workspace
resolved source packages: blue-triangle
2026-09-23 10:40:21.773 xcodebuild[529:3034] [MT] IDERunDestination: Supported platforms for the buildables in the current scheme is empty.
{
  "dependencies" : [
  ],
  "manifest_display_name" : "blue-triangle",
  "name" : "blue-triangle",
  "path" : "/Users/admin/builder/spi-builder-workspace",
  "platforms" : [
    {
      "name" : "ios",
      "version" : "13.0"
    },
    {
      "name" : "tvos",
      "version" : "13.0"
    },
    {
      "name" : "watchos",
      "version" : "6.0"
    },
    {
      "name" : "macos",
      "version" : "10.15"
    }
  ],
  "products" : [
    {
      "name" : "BlueTriangle",
      "targets" : [
        "BlueTriangle"
      ],
      "type" : {
        "library" : [
          "automatic"
        ]
      }
    }
  ],
  "targets" : [
    {
      "c99name" : "ObjcCompatibilityTests",
      "module_type" : "ClangTarget",
      "name" : "ObjcCompatibilityTests",
      "path" : "Tests/ObjcCompatibilityTests",
      "sources" : [
        "ObjcCompatibilityTests.m"
      ],
      "target_dependencies" : [
        "BlueTriangle"
      ],
      "type" : "test"
    },
    {
      "c99name" : "BlueTriangleTests",
      "module_type" : "SwiftTarget",
      "name" : "BlueTriangleTests",
      "path" : "Tests/BlueTriangleTests",
      "sources" : [
        "AnyCodableTests.swift",
        "App/CollectionViewController.swift",
        "App/Extensions/UIColor+Utils.swift",
        "App/ImageCell.swift",
        "App/Models/Album.swift",
        "App/Models/Photo.swift",
        "App/Models/SingleSection.swift",
        "App/Models/ViewState.swift",
        "App/NetworkClientMock.swift",
        "BTTConfigurationFetcherTests.swift",
        "BTTConfigurationRepoTests.swift",
        "BTTConfigurationUpdaterTests.swift",
        "BTTimerTests.swift",
        "BlueTriangleTests.swift",
        "CaptureRateProbabilityTest.swift",
        "CaptureTimerManagerTests.swift",
        "ContentTypeTests.swift",
        "CrashReportManagerTests.swift",
        "DeviceTests.swift",
        "InitiatorTypeTests.swift",
        "Mocks/CaptureTimerManagerMock.swift",
        "Mocks/CapturedRequestCollectorMock.swift",
        "Mocks/CrashReportPersistenceMock.swift",
        "Mocks/LoggerMock.swift",
        "Mocks/Mock.swift",
        "Mocks/MockBTTConfigurationFetcher.swift",
        "Mocks/MockBTTConfigurationRepo.swift",
        "Mocks/MockRemoteConfigURL.swift",
        "Mocks/PerformanceMonitorMock.swift",
        "Mocks/ResourceUsageMock.swift",
        "Mocks/SystemLoggerMock.swift",
        "Mocks/URLProtocolMock.swift",
        "Mocks/UploaderMock.swift",
        "NetworkCaptureDelegateTests.swift",
        "PersistenceTests.swift",
        "RequestCacheTests.swift",
        "RequestCollectionTests.swift",
        "RequestCollectorTests.swift",
        "ResourceUsageTests.swift",
        "TimerRequestBuilderTests.swift",
        "UploaderTests.swift",
        "UtilityTests.swift"
      ],
      "target_dependencies" : [
        "BlueTriangle"
      ],
      "type" : "test"
    },
    {
      "c99name" : "BlueTriangle",
      "module_type" : "SwiftTarget",
      "name" : "BlueTriangle",
      "path" : "Sources/BlueTriangle",
      "product_memberships" : [
        "BlueTriangle"
      ],
      "resources" : [
        {
          "path" : "/Users/admin/builder/spi-builder-workspace/Sources/BlueTriangle/PrivacyInfo.xcprivacy",
          "rule" : {
            "copy" : {
            }
          }
        }
      ],
      "sources" : [
        "AppEventObserver.swift",
        "BTLogger.swift",
        "BTSignalCrashReporter.swift",
        "BTTimer.swift",
        "BlueTriangle.swift",
        "BlueTriangleConfiguration.swift",
        "ClaritySupport/ClaritySessionConnector.swift",
        "Constants.swift",
        "CrashReportManager.swift",
        "CrashReportPersistence.swift",
        "Device.swift",
        "DisableModeSessionManager.swift",
        "DynamicConfig/BTTConfigurationFetcher.swift",
        "DynamicConfig/BTTConfigurationRepo.swift",
        "DynamicConfig/BTTConfigurationUpdater.swift",
        "DynamicConfig/BTTRemoteConfig.swift",
        "DynamicConfig/BTTSavedRemoteConfig.swift",
        "DynamicConfig/BTTStoredConfigSyncer.swift",
        "DynamicConfig/SessionStore.swift",
        "Extensions/Array+Vitals.swift",
        "Extensions/Bool+Utils.swift",
        "Extensions/Bundle+Utils.swift",
        "Extensions/Data+Utils.swift",
        "Extensions/Date+Utils.swift",
        "Extensions/HTTPURLResponse+ContentType.swift",
        "Extensions/JSONDecoder+Utils.swift",
        "Extensions/NSException+Utils.swift",
        "Extensions/NSLocking+Utils.swift",
        "Extensions/NSNumber+Utils.swift",
        "Extensions/NWPathMonitor+Combine.swift",
        "Extensions/NotificationName+Platform.swift",
        "Extensions/OperatingSystemVersion+Utils.swift",
        "Extensions/Publisher+Retry.swift",
        "Extensions/String+Utils.swift",
        "Extensions/Task+Utils.swift",
        "Extensions/TimeInterval+Utils.swift",
        "Extensions/UIApplication+Utils.swift",
        "Extensions/UIViewController+Utils.swift",
        "Extensions/URL+ExpressibleByStringLiteral.swift",
        "Extensions/URLSession+NetworkCapture.swift",
        "Extensions/URLSession+Networking.swift",
        "Extensions/URLSession+Publisher.swift",
        "Extensions/UserDefault+Utils.swift",
        "GlobleProperties.swift",
        "Identifier.swift",
        "InternalTimer.swift",
        "MetricKit/CrashReportResponse.swift",
        "MetricKit/CrashSignal.swift",
        "MetricKit/DignosticWatchDog.swift",
        "Millisecond.swift",
        "Models/AnyCodable.swift",
        "Models/CapturedRequest.swift",
        "Models/CrashReport.swift",
        "Models/CustomCategories.swift",
        "Models/CustomNumbers.swift",
        "Models/CustomVariables.swift",
        "Models/ErrorReport.swift",
        "Models/NativeAppProperties.swift",
        "Models/Page.swift",
        "Models/PageTimeInterval.swift",
        "Models/PerformanceReport.swift",
        "Models/PurchaseConfirmation.swift",
        "Models/ResourceUsageMeasurement.swift",
        "Models/Session.swift",
        "Models/TimerRequest.swift",
        "NetworkCapture/BTTimerNetStateAccumulator.swift",
        "NetworkCapture/CaptureTimerManager.swift",
        "NetworkCapture/CapturedGroupRequestCollector.swift",
        "NetworkCapture/CapturedRequestBuilder.swift",
        "NetworkCapture/CapturedRequestCollector.swift",
        "NetworkCapture/GroupRequestCollection.swift",
        "NetworkCapture/NetworkCaptureConfiguration.swift",
        "NetworkCapture/NetworkCaptureTracker.swift",
        "NetworkCapture/NetworkStateMonitor.swift",
        "NetworkCapture/NetworkTelephonyHandler.swift",
        "NetworkCapture/RequestCollection.swift",
        "NetworkCaptureSessionDelegate.swift",
        "Offline/Payload.swift",
        "Offline/PayloadCache.swift",
        "Persistence/File.swift",
        "Persistence/Persistence.swift",
        "Persistence/PersistenceError.swift",
        "Persistence/UserLocation.swift",
        "Protocols/CaptureTimerManaging.swift",
        "Protocols/CapturedGroupRequestCollecting.swift",
        "Protocols/CapturedRequestCollecting.swift",
        "Protocols/CrashReportManaging.swift",
        "Protocols/CrashReportPersisting.swift",
        "Protocols/FileLocation.swift",
        "Protocols/Logging.swift",
        "Protocols/PerformanceMonitoring.swift",
        "Protocols/RequestFailureHandling.swift",
        "Protocols/ResourceMeasuring.swift",
        "Protocols/SystemLogging.swift",
        "Protocols/URLRequestConvertible.swift",
        "Protocols/Uploading.swift",
        "Request.swift",
        "RequestCache.swift",
        "RequestFailureHandler.swift",
        "SessionManager.swift",
        "TimerRequestBuilder.swift",
        "Uploader.swift",
        "Version.swift",
        "Vitals/ANR/ANRPerformanceMonitor.swift",
        "Vitals/ANR/ANRTrace/MainThreadStackTraceProvider.swift",
        "Vitals/ANR/ANRWatchDog.swift",
        "Vitals/ANR/MainThreadObserver.swift",
        "Vitals/BTTEvents.swift",
        "Vitals/Breadcrumbs/AppInstallFeature.swift",
        "Vitals/Breadcrumbs/AppLifecycleFeature.swift",
        "Vitals/Breadcrumbs/AppSystemEventFeature.swift",
        "Vitals/Breadcrumbs/AppUpdateFeature.swift",
        "Vitals/Breadcrumbs/BreadcrumbCollector.swift",
        "Vitals/Breadcrumbs/BreadcrumbEvent.swift",
        "Vitals/Breadcrumbs/BreadcrumbFeatrure.swift",
        "Vitals/Breadcrumbs/BreadcrumbManager.swift",
        "Vitals/Breadcrumbs/NetworkRequestFeature.swift",
        "Vitals/Breadcrumbs/NetworkStateFeature.swift",
        "Vitals/Breadcrumbs/UILifecycleFeature.swift",
        "Vitals/Breadcrumbs/UserEventFeature.swift",
        "Vitals/CheckoutEventReporter.swift",
        "Vitals/DispatchSourceTimerPerformanceMonitor.swift",
        "Vitals/DisplayLinkPerformanceMonitor.swift",
        "Vitals/ErrorMetricStore.swift",
        "Vitals/GroupTracking/BTGroupTimer.swift",
        "Vitals/GroupTracking/BTTimerGroupManager.swift",
        "Vitals/Launch/LaunchTimeMonitor.swift",
        "Vitals/Launch/LaunchTimeReporter.swift",
        "Vitals/Memory/MemoryWarningWatchDog.swift",
        "Vitals/PerformanceMonitorBuilder.swift",
        "Vitals/ResourceUsage.swift",
        "Vitals/RunLoopServices.swift",
        "Vitals/ScreenTracker/BTTAppMethodSwizzler.swift",
        "Vitals/ScreenTracker/BTTNavigationTracker.swift",
        "Vitals/ScreenTracker/BTTScreenLifecycleTracker.swift",
        "Vitals/ScreenTracker/BTTScreenTracker.swift",
        "Vitals/ScreenTracker/BTTWebViewTracker.swift",
        "Vitals/ScreenTracker/ViewControllerLifecycleTracker.swift",
        "Vitals/ScreenTracker/ViewLifecycleTrackerModifier.swift",
        "Vitals/Startup/AppForceRestartReporter.swift",
        "Vitals/Startup/AppForceRestartTracker.swift",
        "Vitals/Startup/AppInstallReporter.swift",
        "Vitals/Startup/AppInstallUpdateTracker.swift",
        "Vitals/Startup/BTTActivityStore.swift",
        "Vitals/TapTracker/BTEventEmitter.swift",
        "Vitals/TapTracker/BTTouchAnchor.swift",
        "Vitals/TapTracker/BTTrackModifier.swift",
        "Vitals/TapTracker/BTViewRegistry.swift",
        "Vitals/TimerPerformanceMonitor.swift"
      ],
      "target_dependencies" : [
        "Backtrace",
        "AppEventLogger"
      ],
      "type" : "library"
    },
    {
      "c99name" : "Backtrace",
      "module_type" : "ClangTarget",
      "name" : "Backtrace",
      "path" : "Sources/Backtrace",
      "product_memberships" : [
        "BlueTriangle"
      ],
      "sources" : [
        "backtress_extracter.c"
      ],
      "type" : "library"
    },
    {
      "c99name" : "AppEventLogger",
      "module_type" : "ClangTarget",
      "name" : "AppEventLogger",
      "path" : "Sources/AppEventLogger",
      "product_memberships" : [
        "BlueTriangle"
      ],
      "sources" : [
        "AppNotificationLogger.m",
        "NotificationLog.m",
        "SignalHandler.m"
      ],
      "type" : "library"
    }
  ],
  "tools_version" : "5.5"
}
{
  "workspace" : {
    "name" : "blue-triangle",
    "schemes" : [
      "blue-triangle"
    ]
  }
}
2026-09-23 10:41:02.843 xcodebuild[678:4311] [MT] IDERunDestination: Supported platforms for the buildables in the current scheme is empty.
Running build ...
env DEVELOPER_DIR=/Applications/Xcode-27.0.0-Release.Candidate.app xcrun xcodebuild -IDEClonedSourcePackagesDirPathOverride=$PWD/.dependencies -skipMacroValidation -skipPackagePluginValidation -derivedDataPath $PWD/.derivedData build -scheme blue-triangle -destination platform=macOS,arch=arm64
Command line invocation:
    /Applications/Xcode-27.0.0-Release.Candidate.app/Contents/Developer/usr/bin/xcodebuild -IDEClonedSourcePackagesDirPathOverride=/Users/admin/builder/spi-builder-workspace/.dependencies -skipMacroValidation -skipPackagePluginValidation -derivedDataPath /Users/admin/builder/spi-builder-workspace/.derivedData build -scheme blue-triangle -destination platform=macOS,arch=arm64
Resolve Package Graph
Resolved source packages:
  blue-triangle: /Users/admin/builder/spi-builder-workspace
ComputePackagePrebuildTargetDependencyGraph
Prepare packages
CreateBuildRequest
SendProjectDescription
CreateBuildOperation
ComputeTargetDependencyGraph
note: Building targets in dependency order
note: Target dependency graph (5 targets)
    Target 'BlueTriangle-product' in project 'blue-triangle'
        ➜ Explicit dependency on target 'BlueTriangle' in project 'blue-triangle'
        ➜ Explicit dependency on target 'blue-triangle_BlueTriangle' in project 'blue-triangle'
        ➜ Explicit dependency on target 'Backtrace' in project 'blue-triangle'
        ➜ Explicit dependency on target 'AppEventLogger' in project 'blue-triangle'
    Target 'BlueTriangle' in project 'blue-triangle'
        ➜ Explicit dependency on target 'blue-triangle_BlueTriangle' in project 'blue-triangle'
        ➜ Explicit dependency on target 'Backtrace' in project 'blue-triangle'
        ➜ Explicit dependency on target 'AppEventLogger' in project 'blue-triangle'
    Target 'AppEventLogger' in project 'blue-triangle' (no dependencies)
    Target 'Backtrace' in project 'blue-triangle' (no dependencies)
    Target 'blue-triangle_BlueTriangle' in project 'blue-triangle' (no dependencies)
GatherProvisioningInputs
CreateBuildDescription
ExecuteExternalTool /Applications/Xcode-27.0.0-Release.Candidate.app/Contents/Developer/Toolchains/XcodeDefault.xctoolchain/usr/bin/clang -v -E -dM -arch arm64 -isysroot /Applications/Xcode-27.0.0-Release.Candidate.app/Contents/Developer/Platforms/MacOSX.platform/Developer/SDKs/MacOSX27.0.sdk -x objective-c -c /dev/null
ExecuteExternalTool /Applications/Xcode-27.0.0-Release.Candidate.app/Contents/Developer/Toolchains/XcodeDefault.xctoolchain/usr/bin/clang -v -E -dM -arch arm64 -isysroot /Applications/Xcode-27.0.0-Release.Candidate.app/Contents/Developer/Platforms/MacOSX.platform/Developer/SDKs/MacOSX27.0.sdk -x c -c /dev/null
ExecuteExternalTool /Applications/Xcode-27.0.0-Release.Candidate.app/Contents/Developer/Toolchains/XcodeDefault.xctoolchain/usr/bin/clang -v -E -dM -isysroot /Applications/Xcode-27.0.0-Release.Candidate.app/Contents/Developer/Platforms/MacOSX.platform/Developer/SDKs/MacOSX27.0.sdk -x c -c /dev/null
ExecuteExternalTool /Applications/Xcode-27.0.0-Release.Candidate.app/Contents/Developer/Toolchains/XcodeDefault.xctoolchain/usr/bin/swiftc --version
ExecuteExternalTool /Applications/Xcode-27.0.0-Release.Candidate.app/Contents/Developer/Toolchains/XcodeDefault.xctoolchain/usr/bin/ld -version_details
ReadFileContents /Applications/Xcode-27.0.0-Release.Candidate.app/Contents/Developer/Toolchains/XcodeDefault.xctoolchain/usr/share/docc/features.json
Build description signature: 1b63048d7c30ca2244cfb0a827bb5094
Build description path: /Users/admin/builder/spi-builder-workspace/.derivedData/Build/Intermediates.noindex/XCBuildData/1b63048d7c30ca2244cfb0a827bb5094.xcbuilddata
CreateBuildDirectory /Users/admin/builder/spi-builder-workspace/.derivedData/SDKExplicitPrecompiledModules
    cd /Users/admin/builder/spi-builder-workspace/.swiftpm/xcode
    builtin-create-build-directory /Users/admin/builder/spi-builder-workspace/.derivedData/SDKExplicitPrecompiledModules
CreateBuildDirectory /Users/admin/builder/spi-builder-workspace/.derivedData/CompilationCache.noindex
    cd /Users/admin/builder/spi-builder-workspace/.swiftpm/xcode
    builtin-create-build-directory /Users/admin/builder/spi-builder-workspace/.derivedData/CompilationCache.noindex
CreateBuildDirectory /Users/admin/builder/spi-builder-workspace/.derivedData/ModuleCache.noindex
    cd /Users/admin/builder/spi-builder-workspace/.swiftpm/xcode
    builtin-create-build-directory /Users/admin/builder/spi-builder-workspace/.derivedData/ModuleCache.noindex
ClangStatCache /Applications/Xcode-27.0.0-Release.Candidate.app/Contents/Developer/Toolchains/XcodeDefault.xctoolchain/usr/bin/clang-stat-cache /Applications/Xcode-27.0.0-Release.Candidate.app/Contents/Developer/Platforms/MacOSX.platform/Developer/SDKs/MacOSX27.0.sdk /Users/admin/builder/spi-builder-workspace/.derivedData/SDKStatCaches.noindex/macosx27.0-26A425-e829b21a6f8c9b70876ba0858053c0446a22442a12e9d48fe1a705f55a1adfc4.sdkstatcache
    cd /Users/admin/builder/spi-builder-workspace/.swiftpm/xcode
    /Applications/Xcode-27.0.0-Release.Candidate.app/Contents/Developer/Toolchains/XcodeDefault.xctoolchain/usr/bin/clang-stat-cache /Applications/Xcode-27.0.0-Release.Candidate.app/Contents/Developer/Platforms/MacOSX.platform/Developer/SDKs/MacOSX27.0.sdk -o /Users/admin/builder/spi-builder-workspace/.derivedData/SDKStatCaches.noindex/macosx27.0-26A425-e829b21a6f8c9b70876ba0858053c0446a22442a12e9d48fe1a705f55a1adfc4.sdkstatcache
CreateBuildDirectory /Users/admin/builder/spi-builder-workspace/.derivedData/Build/Intermediates.noindex
    cd /Users/admin/builder/spi-builder-workspace/.swiftpm/xcode
    builtin-create-build-directory /Users/admin/builder/spi-builder-workspace/.derivedData/Build/Intermediates.noindex
CreateBuildDirectory /Users/admin/builder/spi-builder-workspace/.derivedData/Build/Products
    cd /Users/admin/builder/spi-builder-workspace/.swiftpm/xcode
    builtin-create-build-directory /Users/admin/builder/spi-builder-workspace/.derivedData/Build/Products
CreateBuildDirectory /Users/admin/builder/spi-builder-workspace/.derivedData/Build/Intermediates.noindex/ExplicitPrecompiledModules
    cd /Users/admin/builder/spi-builder-workspace/.swiftpm/xcode
    builtin-create-build-directory /Users/admin/builder/spi-builder-workspace/.derivedData/Build/Intermediates.noindex/ExplicitPrecompiledModules
CreateBuildDirectory /Users/admin/builder/spi-builder-workspace/.derivedData/Build/Intermediates.noindex/SwiftExplicitPrecompiledModules
    cd /Users/admin/builder/spi-builder-workspace/.swiftpm/xcode
    builtin-create-build-directory /Users/admin/builder/spi-builder-workspace/.derivedData/Build/Intermediates.noindex/SwiftExplicitPrecompiledModules
CreateBuildDirectory /Users/admin/builder/spi-builder-workspace/.derivedData/Build/Products/Debug
    cd /Users/admin/builder/spi-builder-workspace/.swiftpm/xcode
    builtin-create-build-directory /Users/admin/builder/spi-builder-workspace/.derivedData/Build/Products/Debug
CreateBuildDirectory /Users/admin/builder/spi-builder-workspace/.derivedData/Build/Intermediates.noindex/EagerLinkingTBDs/Debug
    cd /Users/admin/builder/spi-builder-workspace/.swiftpm/xcode
    builtin-create-build-directory /Users/admin/builder/spi-builder-workspace/.derivedData/Build/Intermediates.noindex/EagerLinkingTBDs/Debug
CreateBuildDirectory /Users/admin/builder/spi-builder-workspace/.derivedData/Build/Intermediates.noindex/PrecompiledHeaders
    cd /Users/admin/builder/spi-builder-workspace/.swiftpm/xcode
    builtin-create-build-directory /Users/admin/builder/spi-builder-workspace/.derivedData/Build/Intermediates.noindex/PrecompiledHeaders
WriteAuxiliaryFile /Users/admin/builder/spi-builder-workspace/.derivedData/Build/Intermediates.noindex/blue-triangle.build/Debug/blue-triangle_BlueTriangle-b.build/empty-blue-triangle_BlueTriangle.plist (in target 'blue-triangle_BlueTriangle' from project 'blue-triangle')
    cd /Users/admin/builder/spi-builder-workspace
    write-file /Users/admin/builder/spi-builder-workspace/.derivedData/Build/Intermediates.noindex/blue-triangle.build/Debug/blue-triangle_BlueTriangle-b.build/empty-blue-triangle_BlueTriangle.plist
WriteAuxiliaryFile /Users/admin/builder/spi-builder-workspace/.derivedData/Build/Intermediates.noindex/blue-triangle.build/Debug/blue-triangle_BlueTriangle-b.build/blue-triangle_BlueTriangle.DependencyStaticMetadataFileList (in target 'blue-triangle_BlueTriangle' from project 'blue-triangle')
    cd /Users/admin/builder/spi-builder-workspace
    write-file /Users/admin/builder/spi-builder-workspace/.derivedData/Build/Intermediates.noindex/blue-triangle.build/Debug/blue-triangle_BlueTriangle-b.build/blue-triangle_BlueTriangle.DependencyStaticMetadataFileList
WriteAuxiliaryFile /Users/admin/builder/spi-builder-workspace/.derivedData/Build/Intermediates.noindex/blue-triangle.build/Debug/blue-triangle_BlueTriangle-b.build/blue-triangle_BlueTriangle.DependencyMetadataFileList (in target 'blue-triangle_BlueTriangle' from project 'blue-triangle')
    cd /Users/admin/builder/spi-builder-workspace
    write-file /Users/admin/builder/spi-builder-workspace/.derivedData/Build/Intermediates.noindex/blue-triangle.build/Debug/blue-triangle_BlueTriangle-b.build/blue-triangle_BlueTriangle.DependencyMetadataFileList
WriteAuxiliaryFile /Users/admin/builder/spi-builder-workspace/.derivedData/Build/Intermediates.noindex/blue-triangle.build/Debug/BlueTriangle-t.build/Objects-normal/arm64/BlueTriangle_const_extract_protocols.json (in target 'BlueTriangle' from project 'blue-triangle')
    cd /Users/admin/builder/spi-builder-workspace
    write-file /Users/admin/builder/spi-builder-workspace/.derivedData/Build/Intermediates.noindex/blue-triangle.build/Debug/BlueTriangle-t.build/Objects-normal/arm64/BlueTriangle_const_extract_protocols.json
WriteAuxiliaryFile /Users/admin/builder/spi-builder-workspace/.derivedData/Build/Intermediates.noindex/blue-triangle.build/Debug/BlueTriangle-t.build/Objects-normal/arm64/BlueTriangle.SwiftFileList (in target 'BlueTriangle' from project 'blue-triangle')
    cd /Users/admin/builder/spi-builder-workspace
    write-file /Users/admin/builder/spi-builder-workspace/.derivedData/Build/Intermediates.noindex/blue-triangle.build/Debug/BlueTriangle-t.build/Objects-normal/arm64/BlueTriangle.SwiftFileList
WriteAuxiliaryFile /Users/admin/builder/spi-builder-workspace/.derivedData/Build/Intermediates.noindex/blue-triangle.build/Debug/BlueTriangle-t.build/Objects-normal/arm64/BlueTriangle.SwiftConstValuesFileList (in target 'BlueTriangle' from project 'blue-triangle')
    cd /Users/admin/builder/spi-builder-workspace
    write-file /Users/admin/builder/spi-builder-workspace/.derivedData/Build/Intermediates.noindex/blue-triangle.build/Debug/BlueTriangle-t.build/Objects-normal/arm64/BlueTriangle.SwiftConstValuesFileList
WriteAuxiliaryFile /Users/admin/builder/spi-builder-workspace/.derivedData/Build/Intermediates.noindex/blue-triangle.build/Debug/BlueTriangle-t.build/Objects-normal/arm64/BlueTriangle.LinkFileList (in target 'BlueTriangle' from project 'blue-triangle')
    cd /Users/admin/builder/spi-builder-workspace
    write-file /Users/admin/builder/spi-builder-workspace/.derivedData/Build/Intermediates.noindex/blue-triangle.build/Debug/BlueTriangle-t.build/Objects-normal/arm64/BlueTriangle.LinkFileList
WriteAuxiliaryFile /Users/admin/builder/spi-builder-workspace/.derivedData/Build/Intermediates.noindex/blue-triangle.build/Debug/BlueTriangle-t.build/Objects-normal/arm64/BlueTriangle-OutputFileMap.json (in target 'BlueTriangle' from project 'blue-triangle')
    cd /Users/admin/builder/spi-builder-workspace
    write-file /Users/admin/builder/spi-builder-workspace/.derivedData/Build/Intermediates.noindex/blue-triangle.build/Debug/BlueTriangle-t.build/Objects-normal/arm64/BlueTriangle-OutputFileMap.json
WriteAuxiliaryFile /Users/admin/builder/spi-builder-workspace/.derivedData/Build/Intermediates.noindex/blue-triangle.build/Debug/BlueTriangle-t.build/DerivedSources/resource_bundle_accessor.swift (in target 'BlueTriangle' from project 'blue-triangle')
    cd /Users/admin/builder/spi-builder-workspace
    write-file /Users/admin/builder/spi-builder-workspace/.derivedData/Build/Intermediates.noindex/blue-triangle.build/Debug/BlueTriangle-t.build/DerivedSources/resource_bundle_accessor.swift
WriteAuxiliaryFile /Users/admin/builder/spi-builder-workspace/.derivedData/Build/Intermediates.noindex/blue-triangle.build/Debug/BlueTriangle-t.build/BlueTriangle.modulemap (in target 'BlueTriangle' from project 'blue-triangle')
    cd /Users/admin/builder/spi-builder-workspace
    write-file /Users/admin/builder/spi-builder-workspace/.derivedData/Build/Intermediates.noindex/blue-triangle.build/Debug/BlueTriangle-t.build/BlueTriangle.modulemap
WriteAuxiliaryFile /Users/admin/builder/spi-builder-workspace/.derivedData/Build/Intermediates.noindex/blue-triangle.build/Debug/BlueTriangle-t.build/BlueTriangle.DependencyStaticMetadataFileList (in target 'BlueTriangle' from project 'blue-triangle')
    cd /Users/admin/builder/spi-builder-workspace
    write-file /Users/admin/builder/spi-builder-workspace/.derivedData/Build/Intermediates.noindex/blue-triangle.build/Debug/BlueTriangle-t.build/BlueTriangle.DependencyStaticMetadataFileList
WriteAuxiliaryFile /Users/admin/builder/spi-builder-workspace/.derivedData/Build/Intermediates.noindex/blue-triangle.build/Debug/BlueTriangle-t.build/BlueTriangle.DependencyMetadataFileList (in target 'BlueTriangle' from project 'blue-triangle')
    cd /Users/admin/builder/spi-builder-workspace
    write-file /Users/admin/builder/spi-builder-workspace/.derivedData/Build/Intermediates.noindex/blue-triangle.build/Debug/BlueTriangle-t.build/BlueTriangle.DependencyMetadataFileList
WriteAuxiliaryFile /Users/admin/builder/spi-builder-workspace/.derivedData/Build/Intermediates.noindex/blue-triangle.build/Debug/Backtrace-t.build/Objects-normal/arm64/Backtrace.LinkFileList (in target 'Backtrace' from project 'blue-triangle')
    cd /Users/admin/builder/spi-builder-workspace
    write-file /Users/admin/builder/spi-builder-workspace/.derivedData/Build/Intermediates.noindex/blue-triangle.build/Debug/Backtrace-t.build/Objects-normal/arm64/Backtrace.LinkFileList
WriteAuxiliaryFile /Users/admin/builder/spi-builder-workspace/.derivedData/Build/Intermediates.noindex/blue-triangle.build/Debug/Backtrace-t.build/Objects-normal/arm64/7187679823f38a2a940e0043cdf9d637-common-args.resp (in target 'Backtrace' from project 'blue-triangle')
    cd /Users/admin/builder/spi-builder-workspace
    write-file /Users/admin/builder/spi-builder-workspace/.derivedData/Build/Intermediates.noindex/blue-triangle.build/Debug/Backtrace-t.build/Objects-normal/arm64/7187679823f38a2a940e0043cdf9d637-common-args.resp
-fmodules -gmodules '-fmodules-cache-path=/Users/admin/builder/spi-builder-workspace/.derivedData/ModuleCache.noindex' '-fmodule-name=Backtrace' -fpascal-strings -O0 -DSWIFT_PACKAGE '-DDEBUG=1' -g -fprofile-instr-generate -fcoverage-mapping -I/Users/admin/builder/spi-builder-workspace/.derivedData/Build/Products/Debug/include -I/Users/admin/builder/spi-builder-workspace/Sources/Backtrace/include -I/Users/admin/builder/spi-builder-workspace/.derivedData/Build/Intermediates.noindex/blue-triangle.build/Debug/Backtrace-t.build/DerivedSources-normal/arm64 -I/Users/admin/builder/spi-builder-workspace/.derivedData/Build/Intermediates.noindex/blue-triangle.build/Debug/Backtrace-t.build/DerivedSources/arm64 -I/Users/admin/builder/spi-builder-workspace/.derivedData/Build/Intermediates.noindex/blue-triangle.build/Debug/Backtrace-t.build/DerivedSources -F/Users/admin/builder/spi-builder-workspace/.derivedData/Build/Products/Debug -iframework /Applications/Xcode-27.0.0-Release.Candidate.app/Contents/Developer/Platforms/MacOSX.platform/Developer/Library/Frameworks -DXcode
WriteAuxiliaryFile /Users/admin/builder/spi-builder-workspace/.derivedData/Build/Intermediates.noindex/blue-triangle.build/Debug/Backtrace-t.build/Backtrace.modulemap (in target 'Backtrace' from project 'blue-triangle')
    cd /Users/admin/builder/spi-builder-workspace
    write-file /Users/admin/builder/spi-builder-workspace/.derivedData/Build/Intermediates.noindex/blue-triangle.build/Debug/Backtrace-t.build/Backtrace.modulemap
WriteAuxiliaryFile /Users/admin/builder/spi-builder-workspace/.derivedData/Build/Intermediates.noindex/blue-triangle.build/Debug/Backtrace-t.build/Backtrace.DependencyStaticMetadataFileList (in target 'Backtrace' from project 'blue-triangle')
    cd /Users/admin/builder/spi-builder-workspace
    write-file /Users/admin/builder/spi-builder-workspace/.derivedData/Build/Intermediates.noindex/blue-triangle.build/Debug/Backtrace-t.build/Backtrace.DependencyStaticMetadataFileList
WriteAuxiliaryFile /Users/admin/builder/spi-builder-workspace/.derivedData/Build/Intermediates.noindex/blue-triangle.build/Debug/Backtrace-t.build/Backtrace.DependencyMetadataFileList (in target 'Backtrace' from project 'blue-triangle')
    cd /Users/admin/builder/spi-builder-workspace
    write-file /Users/admin/builder/spi-builder-workspace/.derivedData/Build/Intermediates.noindex/blue-triangle.build/Debug/Backtrace-t.build/Backtrace.DependencyMetadataFileList
WriteAuxiliaryFile /Users/admin/builder/spi-builder-workspace/.derivedData/Build/Intermediates.noindex/blue-triangle.build/Debug/AppEventLogger-t.build/Objects-normal/arm64/e6072d4f65d7061329687fe24e3d63a7-common-args.resp (in target 'AppEventLogger' from project 'blue-triangle')
    cd /Users/admin/builder/spi-builder-workspace
    write-file /Users/admin/builder/spi-builder-workspace/.derivedData/Build/Intermediates.noindex/blue-triangle.build/Debug/AppEventLogger-t.build/Objects-normal/arm64/e6072d4f65d7061329687fe24e3d63a7-common-args.resp
-fobjc-arc -fmodules -gmodules '-fmodules-cache-path=/Users/admin/builder/spi-builder-workspace/.derivedData/ModuleCache.noindex' '-fmodule-name=AppEventLogger' -fpascal-strings -O0 -DSWIFT_PACKAGE '-DDEBUG=1' '-DOBJC_OLD_DISPATCH_PROTOTYPES=1' -g -fprofile-instr-generate -fcoverage-mapping -I/Users/admin/builder/spi-builder-workspace/.derivedData/Build/Products/Debug/include -I/Users/admin/builder/spi-builder-workspace/Sources/AppEventLogger/include -I/Users/admin/builder/spi-builder-workspace/.derivedData/Build/Intermediates.noindex/blue-triangle.build/Debug/AppEventLogger-t.build/DerivedSources-normal/arm64 -I/Users/admin/builder/spi-builder-workspace/.derivedData/Build/Intermediates.noindex/blue-triangle.build/Debug/AppEventLogger-t.build/DerivedSources/arm64 -I/Users/admin/builder/spi-builder-workspace/.derivedData/Build/Intermediates.noindex/blue-triangle.build/Debug/AppEventLogger-t.build/DerivedSources -F/Users/admin/builder/spi-builder-workspace/.derivedData/Build/Products/Debug -iframework /Applications/Xcode-27.0.0-Release.Candidate.app/Contents/Developer/Platforms/MacOSX.platform/Developer/Library/Frameworks -DXcode
WriteAuxiliaryFile /Users/admin/builder/spi-builder-workspace/.derivedData/Build/Intermediates.noindex/blue-triangle.build/Debug/AppEventLogger-t.build/Objects-normal/arm64/AppEventLogger.LinkFileList (in target 'AppEventLogger' from project 'blue-triangle')
    cd /Users/admin/builder/spi-builder-workspace
    write-file /Users/admin/builder/spi-builder-workspace/.derivedData/Build/Intermediates.noindex/blue-triangle.build/Debug/AppEventLogger-t.build/Objects-normal/arm64/AppEventLogger.LinkFileList
WriteAuxiliaryFile /Users/admin/builder/spi-builder-workspace/.derivedData/Build/Intermediates.noindex/blue-triangle.build/Debug/AppEventLogger-t.build/AppEventLogger.modulemap (in target 'AppEventLogger' from project 'blue-triangle')
    cd /Users/admin/builder/spi-builder-workspace
    write-file /Users/admin/builder/spi-builder-workspace/.derivedData/Build/Intermediates.noindex/blue-triangle.build/Debug/AppEventLogger-t.build/AppEventLogger.modulemap
WriteAuxiliaryFile /Users/admin/builder/spi-builder-workspace/.derivedData/Build/Intermediates.noindex/blue-triangle.build/Debug/AppEventLogger-t.build/AppEventLogger.DependencyStaticMetadataFileList (in target 'AppEventLogger' from project 'blue-triangle')
    cd /Users/admin/builder/spi-builder-workspace
    write-file /Users/admin/builder/spi-builder-workspace/.derivedData/Build/Intermediates.noindex/blue-triangle.build/Debug/AppEventLogger-t.build/AppEventLogger.DependencyStaticMetadataFileList
Copy /Users/admin/builder/spi-builder-workspace/.derivedData/Build/Intermediates.noindex/GeneratedModuleMaps/BlueTriangle.modulemap /Users/admin/builder/spi-builder-workspace/.derivedData/Build/Intermediates.noindex/blue-triangle.build/Debug/BlueTriangle-t.build/BlueTriangle.modulemap (in target 'BlueTriangle' from project 'blue-triangle')
    cd /Users/admin/builder/spi-builder-workspace
    builtin-copy -exclude .DS_Store -exclude CVS -exclude .svn -exclude .git -exclude .hg -resolve-src-symlinks /Users/admin/builder/spi-builder-workspace/.derivedData/Build/Intermediates.noindex/blue-triangle.build/Debug/BlueTriangle-t.build/BlueTriangle.modulemap /Users/admin/builder/spi-builder-workspace/.derivedData/Build/Intermediates.noindex/GeneratedModuleMaps
WriteAuxiliaryFile /Users/admin/builder/spi-builder-workspace/.derivedData/Build/Intermediates.noindex/blue-triangle.build/Debug/AppEventLogger-t.build/AppEventLogger.DependencyMetadataFileList (in target 'AppEventLogger' from project 'blue-triangle')
    cd /Users/admin/builder/spi-builder-workspace
    write-file /Users/admin/builder/spi-builder-workspace/.derivedData/Build/Intermediates.noindex/blue-triangle.build/Debug/AppEventLogger-t.build/AppEventLogger.DependencyMetadataFileList
MkDir /Users/admin/builder/spi-builder-workspace/.derivedData/Build/Products/Debug/blue-triangle_BlueTriangle.bundle/Contents/Resources (in target 'blue-triangle_BlueTriangle' from project 'blue-triangle')
    cd /Users/admin/builder/spi-builder-workspace
    /bin/mkdir -p /Users/admin/builder/spi-builder-workspace/.derivedData/Build/Products/Debug/blue-triangle_BlueTriangle.bundle/Contents/Resources
MkDir /Users/admin/builder/spi-builder-workspace/.derivedData/Build/Products/Debug/blue-triangle_BlueTriangle.bundle/Contents (in target 'blue-triangle_BlueTriangle' from project 'blue-triangle')
    cd /Users/admin/builder/spi-builder-workspace
    /bin/mkdir -p /Users/admin/builder/spi-builder-workspace/.derivedData/Build/Products/Debug/blue-triangle_BlueTriangle.bundle/Contents
MkDir /Users/admin/builder/spi-builder-workspace/.derivedData/Build/Products/Debug/blue-triangle_BlueTriangle.bundle (in target 'blue-triangle_BlueTriangle' from project 'blue-triangle')
    cd /Users/admin/builder/spi-builder-workspace
    /bin/mkdir -p /Users/admin/builder/spi-builder-workspace/.derivedData/Build/Products/Debug/blue-triangle_BlueTriangle.bundle
Copy /Users/admin/builder/spi-builder-workspace/.derivedData/Build/Intermediates.noindex/GeneratedModuleMaps/Backtrace.modulemap /Users/admin/builder/spi-builder-workspace/.derivedData/Build/Intermediates.noindex/blue-triangle.build/Debug/Backtrace-t.build/Backtrace.modulemap (in target 'Backtrace' from project 'blue-triangle')
    cd /Users/admin/builder/spi-builder-workspace
    builtin-copy -exclude .DS_Store -exclude CVS -exclude .svn -exclude .git -exclude .hg -resolve-src-symlinks /Users/admin/builder/spi-builder-workspace/.derivedData/Build/Intermediates.noindex/blue-triangle.build/Debug/Backtrace-t.build/Backtrace.modulemap /Users/admin/builder/spi-builder-workspace/.derivedData/Build/Intermediates.noindex/GeneratedModuleMaps
Copy /Users/admin/builder/spi-builder-workspace/.derivedData/Build/Intermediates.noindex/GeneratedModuleMaps/AppEventLogger.modulemap /Users/admin/builder/spi-builder-workspace/.derivedData/Build/Intermediates.noindex/blue-triangle.build/Debug/AppEventLogger-t.build/AppEventLogger.modulemap (in target 'AppEventLogger' from project 'blue-triangle')
    cd /Users/admin/builder/spi-builder-workspace
    builtin-copy -exclude .DS_Store -exclude CVS -exclude .svn -exclude .git -exclude .hg -resolve-src-symlinks /Users/admin/builder/spi-builder-workspace/.derivedData/Build/Intermediates.noindex/blue-triangle.build/Debug/AppEventLogger-t.build/AppEventLogger.modulemap /Users/admin/builder/spi-builder-workspace/.derivedData/Build/Intermediates.noindex/GeneratedModuleMaps
CreateBuildDirectory /Users/admin/builder/spi-builder-workspace/.derivedData/Build/Products/Debug/PackageFrameworks
    cd /Users/admin/builder/spi-builder-workspace/.swiftpm/xcode
    builtin-create-build-directory /Users/admin/builder/spi-builder-workspace/.derivedData/Build/Products/Debug/PackageFrameworks
CpResource /Users/admin/builder/spi-builder-workspace/.derivedData/Build/Products/Debug/blue-triangle_BlueTriangle.bundle/Contents/Resources/PrivacyInfo.xcprivacy /Users/admin/builder/spi-builder-workspace/Sources/BlueTriangle/PrivacyInfo.xcprivacy (in target 'blue-triangle_BlueTriangle' from project 'blue-triangle')
    cd /Users/admin/builder/spi-builder-workspace
    builtin-copy -exclude .DS_Store -exclude CVS -exclude .svn -exclude .git -exclude .hg -resolve-src-symlinks /Users/admin/builder/spi-builder-workspace/Sources/BlueTriangle/PrivacyInfo.xcprivacy /Users/admin/builder/spi-builder-workspace/.derivedData/Build/Products/Debug/blue-triangle_BlueTriangle.bundle/Contents/Resources
ProcessInfoPlistFile /Users/admin/builder/spi-builder-workspace/.derivedData/Build/Products/Debug/blue-triangle_BlueTriangle.bundle/Contents/Info.plist /Users/admin/builder/spi-builder-workspace/.derivedData/Build/Intermediates.noindex/blue-triangle.build/Debug/blue-triangle_BlueTriangle-b.build/empty-blue-triangle_BlueTriangle.plist (in target 'blue-triangle_BlueTriangle' from project 'blue-triangle')
    cd /Users/admin/builder/spi-builder-workspace
    builtin-infoPlistUtility /Users/admin/builder/spi-builder-workspace/.derivedData/Build/Intermediates.noindex/blue-triangle.build/Debug/blue-triangle_BlueTriangle-b.build/empty-blue-triangle_BlueTriangle.plist -producttype com.apple.product-type.bundle -expandbuildsettings -platform macosx -o /Users/admin/builder/spi-builder-workspace/.derivedData/Build/Products/Debug/blue-triangle_BlueTriangle.bundle/Contents/Info.plist
RegisterExecutionPolicyException /Users/admin/builder/spi-builder-workspace/.derivedData/Build/Products/Debug/blue-triangle_BlueTriangle.bundle (in target 'blue-triangle_BlueTriangle' from project 'blue-triangle')
    cd /Users/admin/builder/spi-builder-workspace
    builtin-RegisterExecutionPolicyException /Users/admin/builder/spi-builder-workspace/.derivedData/Build/Products/Debug/blue-triangle_BlueTriangle.bundle
Touch /Users/admin/builder/spi-builder-workspace/.derivedData/Build/Products/Debug/blue-triangle_BlueTriangle.bundle (in target 'blue-triangle_BlueTriangle' from project 'blue-triangle')
    cd /Users/admin/builder/spi-builder-workspace
    /usr/bin/touch -c /Users/admin/builder/spi-builder-workspace/.derivedData/Build/Products/Debug/blue-triangle_BlueTriangle.bundle
ScanDependencies /Users/admin/builder/spi-builder-workspace/.derivedData/Build/Intermediates.noindex/blue-triangle.build/Debug/AppEventLogger-t.build/Objects-normal/arm64/SignalHandler.o /Users/admin/builder/spi-builder-workspace/Sources/AppEventLogger/SignalHandler.m normal arm64 objective-c com.apple.compilers.llvm.clang.1_0.compiler (in target 'AppEventLogger' from project 'blue-triangle')
    cd /Users/admin/builder/spi-builder-workspace/.swiftpm/xcode

    Using response file: /Users/admin/builder/spi-builder-workspace/.derivedData/Build/Intermediates.noindex/blue-triangle.build/Debug/AppEventLogger-t.build/Objects-normal/arm64/e6072d4f65d7061329687fe24e3d63a7-common-args.resp

    builtin-ScanDependencies -o /Users/admin/builder/spi-builder-workspace/.derivedData/Build/Intermediates.noindex/blue-triangle.build/Debug/AppEventLogger-t.build/Objects-normal/arm64/SignalHandler.o.scan -- /Applications/Xcode-27.0.0-Release.Candidate.app/Contents/Developer/Toolchains/XcodeDefault.xctoolchain/usr/bin/clang -x objective-c -ivfsstatcache /Users/admin/builder/spi-builder-workspace/.derivedData/SDKStatCaches.noindex/macosx27.0-26A425-e829b21a6f8c9b70876ba0858053c0446a22442a12e9d48fe1a705f55a1adfc4.sdkstatcache -target arm64-apple-macos12.0 -fmessage-length\=0 -fdiagnostics-show-note-include-stack -fmacro-backtrace-limit\=0 -fno-color-diagnostics -fmodules-prune-interval\=86400 -fmodules-prune-after\=345600 -fbuild-session-file\=/Users/admin/builder/spi-builder-workspace/.derivedData/ModuleCache.noindex/Session.modulevalidation -fmodules-validate-once-per-build-session -Wnon-modular-include-in-framework-module -Werror\=non-modular-include-in-framework-module -Wno-trigraphs -Wno-missing-field-initializers -Wno-missing-prototypes -Wno-return-type -Wno-implicit-atomic-properties -Wno-objc-interface-ivars -Wno-arc-repeated-use-of-weak -Wno-missing-braces -Wparentheses -Wswitch -Wno-unused-function -Wno-unused-label -Wno-unused-parameter -Wno-unused-variable -Wunused-value -Wno-empty-body -Wno-uninitialized -Wno-unknown-pragmas -Wno-shadow -Wno-four-char-constants -Wno-conversion -Wno-constant-conversion -Wno-int-conversion -Wno-bool-conversion -Wno-enum-conversion -Wno-float-conversion -Wno-non-literal-null-conversion -Wno-objc-literal-conversion -Wshorten-64-to-32 -Wpointer-sign -Wno-newline-eof -Wno-selector -Wno-strict-selector-match -Wno-undeclared-selector -Wno-deprecated-implementations -Wno-implicit-fallthrough -isysroot /Applications/Xcode-27.0.0-Release.Candidate.app/Contents/Developer/Platforms/MacOSX.platform/Developer/SDKs/MacOSX27.0.sdk -fstrict-aliasing -Wprotocol -Wdeprecated-declarations -Wno-sign-conversion -Wno-infinite-recursion -Wno-comma -Wno-block-capture-autoreleasing -Wno-strict-prototypes -Wno-semicolon-before-method-body -index-store-path /Users/admin/builder/spi-builder-workspace/.derivedData/Index.noindex/DataStore @/Users/admin/builder/spi-builder-workspace/.derivedData/Build/Intermediates.noindex/blue-triangle.build/Debug/AppEventLogger-t.build/Objects-normal/arm64/e6072d4f65d7061329687fe24e3d63a7-common-args.resp -MMD -MT dependencies -MF /Users/admin/builder/spi-builder-workspace/.derivedData/Build/Intermediates.noindex/blue-triangle.build/Debug/AppEventLogger-t.build/Objects-normal/arm64/SignalHandler.d --serialize-diagnostics /Users/admin/builder/spi-builder-workspace/.derivedData/Build/Intermediates.noindex/blue-triangle.build/Debug/AppEventLogger-t.build/Objects-normal/arm64/SignalHandler.dia -c /Users/admin/builder/spi-builder-workspace/Sources/AppEventLogger/SignalHandler.m -o /Users/admin/builder/spi-builder-workspace/.derivedData/Build/Intermediates.noindex/blue-triangle.build/Debug/AppEventLogger-t.build/Objects-normal/arm64/SignalHandler.o -index-unit-output-path /blue-triangle.build/Debug/AppEventLogger-t.build/Objects-normal/arm64/SignalHandler.o
ScanDependencies /Users/admin/builder/spi-builder-workspace/.derivedData/Build/Intermediates.noindex/blue-triangle.build/Debug/Backtrace-t.build/Objects-normal/arm64/backtress_extracter.o /Users/admin/builder/spi-builder-workspace/Sources/Backtrace/backtress_extracter.c normal arm64 c com.apple.compilers.llvm.clang.1_0.compiler (in target 'Backtrace' from project 'blue-triangle')
    cd /Users/admin/builder/spi-builder-workspace/.swiftpm/xcode

    Using response file: /Users/admin/builder/spi-builder-workspace/.derivedData/Build/Intermediates.noindex/blue-triangle.build/Debug/Backtrace-t.build/Objects-normal/arm64/7187679823f38a2a940e0043cdf9d637-common-args.resp

    builtin-ScanDependencies -o /Users/admin/builder/spi-builder-workspace/.derivedData/Build/Intermediates.noindex/blue-triangle.build/Debug/Backtrace-t.build/Objects-normal/arm64/backtress_extracter.o.scan -- /Applications/Xcode-27.0.0-Release.Candidate.app/Contents/Developer/Toolchains/XcodeDefault.xctoolchain/usr/bin/clang -x c -ivfsstatcache /Users/admin/builder/spi-builder-workspace/.derivedData/SDKStatCaches.noindex/macosx27.0-26A425-e829b21a6f8c9b70876ba0858053c0446a22442a12e9d48fe1a705f55a1adfc4.sdkstatcache -target arm64-apple-macos12.0 -fmessage-length\=0 -fdiagnostics-show-note-include-stack -fmacro-backtrace-limit\=0 -fno-color-diagnostics -fmodules-prune-interval\=86400 -fmodules-prune-after\=345600 -fbuild-session-file\=/Users/admin/builder/spi-builder-workspace/.derivedData/ModuleCache.noindex/Session.modulevalidation -fmodules-validate-once-per-build-session -Wnon-modular-include-in-framework-module -Werror\=non-modular-include-in-framework-module -Wno-trigraphs -Wno-missing-field-initializers -Wno-missing-prototypes -Wno-return-type -Wno-missing-braces -Wparentheses -Wswitch -Wno-unused-function -Wno-unused-label -Wno-unused-parameter -Wno-unused-variable -Wunused-value -Wno-empty-body -Wno-uninitialized -Wno-unknown-pragmas -Wno-shadow -Wno-four-char-constants -Wno-conversion -Wno-constant-conversion -Wno-int-conversion -Wno-bool-conversion -Wno-enum-conversion -Wno-float-conversion -Wno-non-literal-null-conversion -Wno-objc-literal-conversion -Wshorten-64-to-32 -Wpointer-sign -Wno-newline-eof -Wno-implicit-fallthrough -isysroot /Applications/Xcode-27.0.0-Release.Candidate.app/Contents/Developer/Platforms/MacOSX.platform/Developer/SDKs/MacOSX27.0.sdk -fstrict-aliasing -Wdeprecated-declarations -Wno-sign-conversion -Wno-infinite-recursion -Wno-comma -Wno-block-capture-autoreleasing -Wno-strict-prototypes -Wno-semicolon-before-method-body -index-store-path /Users/admin/builder/spi-builder-workspace/.derivedData/Index.noindex/DataStore @/Users/admin/builder/spi-builder-workspace/.derivedData/Build/Intermediates.noindex/blue-triangle.build/Debug/Backtrace-t.build/Objects-normal/arm64/7187679823f38a2a940e0043cdf9d637-common-args.resp -MMD -MT dependencies -MF /Users/admin/builder/spi-builder-workspace/.derivedData/Build/Intermediates.noindex/blue-triangle.build/Debug/Backtrace-t.build/Objects-normal/arm64/backtress_extracter.d --serialize-diagnostics /Users/admin/builder/spi-builder-workspace/.derivedData/Build/Intermediates.noindex/blue-triangle.build/Debug/Backtrace-t.build/Objects-normal/arm64/backtress_extracter.dia -c /Users/admin/builder/spi-builder-workspace/Sources/Backtrace/backtress_extracter.c -o /Users/admin/builder/spi-builder-workspace/.derivedData/Build/Intermediates.noindex/blue-triangle.build/Debug/Backtrace-t.build/Objects-normal/arm64/backtress_extracter.o -index-unit-output-path /blue-triangle.build/Debug/Backtrace-t.build/Objects-normal/arm64/backtress_extracter.o
ScanDependencies /Users/admin/builder/spi-builder-workspace/.derivedData/Build/Intermediates.noindex/blue-triangle.build/Debug/AppEventLogger-t.build/Objects-normal/arm64/NotificationLog.o /Users/admin/builder/spi-builder-workspace/Sources/AppEventLogger/NotificationLog.m normal arm64 objective-c com.apple.compilers.llvm.clang.1_0.compiler (in target 'AppEventLogger' from project 'blue-triangle')
    cd /Users/admin/builder/spi-builder-workspace/.swiftpm/xcode

    Using response file: /Users/admin/builder/spi-builder-workspace/.derivedData/Build/Intermediates.noindex/blue-triangle.build/Debug/AppEventLogger-t.build/Objects-normal/arm64/e6072d4f65d7061329687fe24e3d63a7-common-args.resp

    builtin-ScanDependencies -o /Users/admin/builder/spi-builder-workspace/.derivedData/Build/Intermediates.noindex/blue-triangle.build/Debug/AppEventLogger-t.build/Objects-normal/arm64/NotificationLog.o.scan -- /Applications/Xcode-27.0.0-Release.Candidate.app/Contents/Developer/Toolchains/XcodeDefault.xctoolchain/usr/bin/clang -x objective-c -ivfsstatcache /Users/admin/builder/spi-builder-workspace/.derivedData/SDKStatCaches.noindex/macosx27.0-26A425-e829b21a6f8c9b70876ba0858053c0446a22442a12e9d48fe1a705f55a1adfc4.sdkstatcache -target arm64-apple-macos12.0 -fmessage-length\=0 -fdiagnostics-show-note-include-stack -fmacro-backtrace-limit\=0 -fno-color-diagnostics -fmodules-prune-interval\=86400 -fmodules-prune-after\=345600 -fbuild-session-file\=/Users/admin/builder/spi-builder-workspace/.derivedData/ModuleCache.noindex/Session.modulevalidation -fmodules-validate-once-per-build-session -Wnon-modular-include-in-framework-module -Werror\=non-modular-include-in-framework-module -Wno-trigraphs -Wno-missing-field-initializers -Wno-missing-prototypes -Wno-return-type -Wno-implicit-atomic-properties -Wno-objc-interface-ivars -Wno-arc-repeated-use-of-weak -Wno-missing-braces -Wparentheses -Wswitch -Wno-unused-function -Wno-unused-label -Wno-unused-parameter -Wno-unused-variable -Wunused-value -Wno-empty-body -Wno-uninitialized -Wno-unknown-pragmas -Wno-shadow -Wno-four-char-constants -Wno-conversion -Wno-constant-conversion -Wno-int-conversion -Wno-bool-conversion -Wno-enum-conversion -Wno-float-conversion -Wno-non-literal-null-conversion -Wno-objc-literal-conversion -Wshorten-64-to-32 -Wpointer-sign -Wno-newline-eof -Wno-selector -Wno-strict-selector-match -Wno-undeclared-selector -Wno-deprecated-implementations -Wno-implicit-fallthrough -isysroot /Applications/Xcode-27.0.0-Release.Candidate.app/Contents/Developer/Platforms/MacOSX.platform/Developer/SDKs/MacOSX27.0.sdk -fstrict-aliasing -Wprotocol -Wdeprecated-declarations -Wno-sign-conversion -Wno-infinite-recursion -Wno-comma -Wno-block-capture-autoreleasing -Wno-strict-prototypes -Wno-semicolon-before-method-body -index-store-path /Users/admin/builder/spi-builder-workspace/.derivedData/Index.noindex/DataStore @/Users/admin/builder/spi-builder-workspace/.derivedData/Build/Intermediates.noindex/blue-triangle.build/Debug/AppEventLogger-t.build/Objects-normal/arm64/e6072d4f65d7061329687fe24e3d63a7-common-args.resp -MMD -MT dependencies -MF /Users/admin/builder/spi-builder-workspace/.derivedData/Build/Intermediates.noindex/blue-triangle.build/Debug/AppEventLogger-t.build/Objects-normal/arm64/NotificationLog.d --serialize-diagnostics /Users/admin/builder/spi-builder-workspace/.derivedData/Build/Intermediates.noindex/blue-triangle.build/Debug/AppEventLogger-t.build/Objects-normal/arm64/NotificationLog.dia -c /Users/admin/builder/spi-builder-workspace/Sources/AppEventLogger/NotificationLog.m -o /Users/admin/builder/spi-builder-workspace/.derivedData/Build/Intermediates.noindex/blue-triangle.build/Debug/AppEventLogger-t.build/Objects-normal/arm64/NotificationLog.o -index-unit-output-path /blue-triangle.build/Debug/AppEventLogger-t.build/Objects-normal/arm64/NotificationLog.o
ScanDependencies /Users/admin/builder/spi-builder-workspace/.derivedData/Build/Intermediates.noindex/blue-triangle.build/Debug/AppEventLogger-t.build/Objects-normal/arm64/AppNotificationLogger.o /Users/admin/builder/spi-builder-workspace/Sources/AppEventLogger/AppNotificationLogger.m normal arm64 objective-c com.apple.compilers.llvm.clang.1_0.compiler (in target 'AppEventLogger' from project 'blue-triangle')
    cd /Users/admin/builder/spi-builder-workspace/.swiftpm/xcode

    Using response file: /Users/admin/builder/spi-builder-workspace/.derivedData/Build/Intermediates.noindex/blue-triangle.build/Debug/AppEventLogger-t.build/Objects-normal/arm64/e6072d4f65d7061329687fe24e3d63a7-common-args.resp

    builtin-ScanDependencies -o /Users/admin/builder/spi-builder-workspace/.derivedData/Build/Intermediates.noindex/blue-triangle.build/Debug/AppEventLogger-t.build/Objects-normal/arm64/AppNotificationLogger.o.scan -- /Applications/Xcode-27.0.0-Release.Candidate.app/Contents/Developer/Toolchains/XcodeDefault.xctoolchain/usr/bin/clang -x objective-c -ivfsstatcache /Users/admin/builder/spi-builder-workspace/.derivedData/SDKStatCaches.noindex/macosx27.0-26A425-e829b21a6f8c9b70876ba0858053c0446a22442a12e9d48fe1a705f55a1adfc4.sdkstatcache -target arm64-apple-macos12.0 -fmessage-length\=0 -fdiagnostics-show-note-include-stack -fmacro-backtrace-limit\=0 -fno-color-diagnostics -fmodules-prune-interval\=86400 -fmodules-prune-after\=345600 -fbuild-session-file\=/Users/admin/builder/spi-builder-workspace/.derivedData/ModuleCache.noindex/Session.modulevalidation -fmodules-validate-once-per-build-session -Wnon-modular-include-in-framework-module -Werror\=non-modular-include-in-framework-module -Wno-trigraphs -Wno-missing-field-initializers -Wno-missing-prototypes -Wno-return-type -Wno-implicit-atomic-properties -Wno-objc-interface-ivars -Wno-arc-repeated-use-of-weak -Wno-missing-braces -Wparentheses -Wswitch -Wno-unused-function -Wno-unused-label -Wno-unused-parameter -Wno-unused-variable -Wunused-value -Wno-empty-body -Wno-uninitialized -Wno-unknown-pragmas -Wno-shadow -Wno-four-char-constants -Wno-conversion -Wno-constant-conversion -Wno-int-conversion -Wno-bool-conversion -Wno-enum-conversion -Wno-float-conversion -Wno-non-literal-null-conversion -Wno-objc-literal-conversion -Wshorten-64-to-32 -Wpointer-sign -Wno-newline-eof -Wno-selector -Wno-strict-selector-match -Wno-undeclared-selector -Wno-deprecated-implementations -Wno-implicit-fallthrough -isysroot /Applications/Xcode-27.0.0-Release.Candidate.app/Contents/Developer/Platforms/MacOSX.platform/Developer/SDKs/MacOSX27.0.sdk -fstrict-aliasing -Wprotocol -Wdeprecated-declarations -Wno-sign-conversion -Wno-infinite-recursion -Wno-comma -Wno-block-capture-autoreleasing -Wno-strict-prototypes -Wno-semicolon-before-method-body -index-store-path /Users/admin/builder/spi-builder-workspace/.derivedData/Index.noindex/DataStore @/Users/admin/builder/spi-builder-workspace/.derivedData/Build/Intermediates.noindex/blue-triangle.build/Debug/AppEventLogger-t.build/Objects-normal/arm64/e6072d4f65d7061329687fe24e3d63a7-common-args.resp -MMD -MT dependencies -MF /Users/admin/builder/spi-builder-workspace/.derivedData/Build/Intermediates.noindex/blue-triangle.build/Debug/AppEventLogger-t.build/Objects-normal/arm64/AppNotificationLogger.d --serialize-diagnostics /Users/admin/builder/spi-builder-workspace/.derivedData/Build/Intermediates.noindex/blue-triangle.build/Debug/AppEventLogger-t.build/Objects-normal/arm64/AppNotificationLogger.dia -c /Users/admin/builder/spi-builder-workspace/Sources/AppEventLogger/AppNotificationLogger.m -o /Users/admin/builder/spi-builder-workspace/.derivedData/Build/Intermediates.noindex/blue-triangle.build/Debug/AppEventLogger-t.build/Objects-normal/arm64/AppNotificationLogger.o -index-unit-output-path /blue-triangle.build/Debug/AppEventLogger-t.build/Objects-normal/arm64/AppNotificationLogger.o
SwiftDriver BlueTriangle normal arm64 com.apple.xcode.tools.swift.compiler (in target 'BlueTriangle' from project 'blue-triangle')
    cd /Users/admin/builder/spi-builder-workspace/.swiftpm/xcode
    builtin-SwiftDriver -- /Applications/Xcode-27.0.0-Release.Candidate.app/Contents/Developer/Toolchains/XcodeDefault.xctoolchain/usr/bin/swiftc -parse-as-library -module-name BlueTriangle -Onone @/Users/admin/builder/spi-builder-workspace/.derivedData/Build/Intermediates.noindex/blue-triangle.build/Debug/BlueTriangle-t.build/Objects-normal/arm64/BlueTriangle.SwiftFileList -DSWIFT_PACKAGE -DDEBUG -DSWIFT_MODULE_RESOURCE_BUNDLE_AVAILABLE -Xcc -fmodule-map-file\=/Users/admin/builder/spi-builder-workspace/.derivedData/Build/Intermediates.noindex/GeneratedModuleMaps/AppEventLogger.modulemap -Xcc -fmodule-map-file\=/Users/admin/builder/spi-builder-workspace/.derivedData/Build/Intermediates.noindex/GeneratedModuleMaps/Backtrace.modulemap -DXcode -plugin-path /Applications/Xcode-27.0.0-Release.Candidate.app/Contents/Developer/Toolchains/XcodeDefault.xctoolchain/usr/lib/swift/host/plugins/testing -enable-experimental-feature DebugDescriptionMacro -sdk /Applications/Xcode-27.0.0-Release.Candidate.app/Contents/Developer/Platforms/MacOSX.platform/Developer/SDKs/MacOSX27.0.sdk -target arm64-apple-macos12.0 -g -module-cache-path /Users/admin/builder/spi-builder-workspace/.derivedData/ModuleCache.noindex -Xfrontend -serialize-debugging-options -profile-coverage-mapping -profile-generate -enable-testing -index-store-path /Users/admin/builder/spi-builder-workspace/.derivedData/Index.noindex/DataStore -Xcc -D_LIBCPP_HARDENING_MODE\=_LIBCPP_HARDENING_MODE_DEBUG -swift-version 5 -I /Users/admin/builder/spi-builder-workspace/.derivedData/Build/Products/Debug -Isystem /Applications/Xcode-27.0.0-Release.Candidate.app/Contents/Developer/Platforms/MacOSX.platform/Developer/usr/lib -F /Users/admin/builder/spi-builder-workspace/.derivedData/Build/Products/Debug/PackageFrameworks -F /Users/admin/builder/spi-builder-workspace/.derivedData/Build/Products/Debug -F /Applications/Xcode-27.0.0-Release.Candidate.app/Contents/Developer/Platforms/MacOSX.platform/Developer/Library/Frameworks -c -j10 -enable-batch-mode -incremental -Xcc -ivfsstatcache -Xcc /Users/admin/builder/spi-builder-workspace/.derivedData/SDKStatCaches.noindex/macosx27.0-26A425-e829b21a6f8c9b70876ba0858053c0446a22442a12e9d48fe1a705f55a1adfc4.sdkstatcache -output-file-map /Users/admin/builder/spi-builder-workspace/.derivedData/Build/Intermediates.noindex/blue-triangle.build/Debug/BlueTriangle-t.build/Objects-normal/arm64/BlueTriangle-OutputFileMap.json -save-temps -no-color-diagnostics -explicit-module-build -module-cache-path /Users/admin/builder/spi-builder-workspace/.derivedData/Build/Intermediates.noindex/SwiftExplicitPrecompiledModules -clang-scanner-module-cache-path /Users/admin/builder/spi-builder-workspace/.derivedData/ModuleCache.noindex -sdk-module-cache-path /Users/admin/builder/spi-builder-workspace/.derivedData/SDKExplicitPrecompiledModules -emit-dependencies -emit-module -emit-module-path /Users/admin/builder/spi-builder-workspace/.derivedData/Build/Intermediates.noindex/blue-triangle.build/Debug/BlueTriangle-t.build/Objects-normal/arm64/BlueTriangle.swiftmodule -serialize-diagnostics -dependency-scan-serialize-diagnostics-path /Users/admin/builder/spi-builder-workspace/.derivedData/Build/Intermediates.noindex/blue-triangle.build/Debug/BlueTriangle-t.build/Objects-normal/arm64/BlueTriangle-dependency-scan.dia -validate-clang-modules-once -clang-build-session-file /Users/admin/builder/spi-builder-workspace/.derivedData/ModuleCache.noindex/Session.modulevalidation -Xcc -fmodules-prune-interval\=86400 -Xcc -fmodules-prune-after\=345600 -emit-const-values -const-gather-protocols-list /Users/admin/builder/spi-builder-workspace/.derivedData/Build/Intermediates.noindex/blue-triangle.build/Debug/BlueTriangle-t.build/Objects-normal/arm64/BlueTriangle_const_extract_protocols.json -Xcc -I/Users/admin/builder/spi-builder-workspace/Sources/AppEventLogger/include -Xcc -I/Users/admin/builder/spi-builder-workspace/Sources/Backtrace/include -Xcc -I/Users/admin/builder/spi-builder-workspace/.derivedData/Build/Products/Debug/include -Xcc -I/Users/admin/builder/spi-builder-workspace/.derivedData/Build/Intermediates.noindex/blue-triangle.build/Debug/BlueTriangle-t.build/DerivedSources-normal/arm64 -Xcc -I/Users/admin/builder/spi-builder-workspace/.derivedData/Build/Intermediates.noindex/blue-triangle.build/Debug/BlueTriangle-t.build/DerivedSources/arm64 -Xcc -I/Users/admin/builder/spi-builder-workspace/.derivedData/Build/Intermediates.noindex/blue-triangle.build/Debug/BlueTriangle-t.build/DerivedSources -Xcc -DSWIFT_PACKAGE -Xcc -DDEBUG\=1 -emit-objc-header -emit-objc-header-path /Users/admin/builder/spi-builder-workspace/.derivedData/Build/Intermediates.noindex/blue-triangle.build/Debug/BlueTriangle-t.build/Objects-normal/arm64/BlueTriangle-Swift.h -working-directory /Users/admin/builder/spi-builder-workspace/.swiftpm/xcode -experimental-emit-module-separately -disable-cmo
/Users/admin/builder/spi-builder-workspace/Sources/BlueTriangle/Vitals/Startup/AppForceRestartTracker.swift:9:8: error: Unable to resolve module dependency: 'UIKit' (in target 'BlueTriangle' from project 'blue-triangle')
    note: A dependency of main module 'BlueTriangle'
    /Users/admin/builder/spi-builder-workspace/Sources/BlueTriangle/Vitals/Startup/AppInstallUpdateTracker.swift:9:8: note: Also imported here
/Users/admin/builder/spi-builder-workspace/Sources/BlueTriangle/Vitals/Startup/AppForceRestartTracker.swift:9:8: note: A dependency of main module 'BlueTriangle'
import UIKit
       ^ (in target 'BlueTriangle' from project 'blue-triangle')
/Users/admin/builder/spi-builder-workspace/Sources/BlueTriangle/Vitals/Startup/AppInstallUpdateTracker.swift:9:8: note: Also imported here
import UIKit
       ^ (in target 'BlueTriangle' from project 'blue-triangle')
PrecompileModule /Users/admin/builder/spi-builder-workspace/.derivedData/Build/Intermediates.noindex/ExplicitPrecompiledModules/_Builtin_stdarg-FQQ6QZ1MRMN4993I1E1PCSHZ.scan
    cd /
    builtin-precompileModule /Users/admin/builder/spi-builder-workspace/.derivedData/Build/Intermediates.noindex/ExplicitPrecompiledModules/_Builtin_stdarg-FQQ6QZ1MRMN4993I1E1PCSHZ.scan
PrecompileModule /Users/admin/builder/spi-builder-workspace/.derivedData/Build/Intermediates.noindex/ExplicitPrecompiledModules/_Builtin_stdbool-38HS7Z9TXT31O6WNS601Z5EBI.scan
    cd /
    builtin-precompileModule /Users/admin/builder/spi-builder-workspace/.derivedData/Build/Intermediates.noindex/ExplicitPrecompiledModules/_Builtin_stdbool-38HS7Z9TXT31O6WNS601Z5EBI.scan
PrecompileModule /Users/admin/builder/spi-builder-workspace/.derivedData/Build/Intermediates.noindex/ExplicitPrecompiledModules/_Builtin_stddef-7NVUJVWTD2XM5R1HWHE6YAAKN.scan
    cd /
    builtin-precompileModule /Users/admin/builder/spi-builder-workspace/.derivedData/Build/Intermediates.noindex/ExplicitPrecompiledModules/_Builtin_stddef-7NVUJVWTD2XM5R1HWHE6YAAKN.scan
PrecompileModule /Users/admin/builder/spi-builder-workspace/.derivedData/Build/Intermediates.noindex/ExplicitPrecompiledModules/ptrcheck-2Y0N9XXGYS15ZR613ZPO2DI3E.scan
    cd /
    builtin-precompileModule /Users/admin/builder/spi-builder-workspace/.derivedData/Build/Intermediates.noindex/ExplicitPrecompiledModules/ptrcheck-2Y0N9XXGYS15ZR613ZPO2DI3E.scan
PrecompileModule /Users/admin/builder/spi-builder-workspace/.derivedData/Build/Intermediates.noindex/ExplicitPrecompiledModules/_AvailabilityInternal-AS40Z8MKYZKQXT7RVUC8819N1.scan
    cd /
    builtin-precompileModule /Users/admin/builder/spi-builder-workspace/.derivedData/Build/Intermediates.noindex/ExplicitPrecompiledModules/_AvailabilityInternal-AS40Z8MKYZKQXT7RVUC8819N1.scan
PrecompileModule /Users/admin/builder/spi-builder-workspace/.derivedData/Build/Intermediates.noindex/ExplicitPrecompiledModules/_Builtin_float-DZFE3ME63ISBKHIT2SAEGJ47W.scan
    cd /
    builtin-precompileModule /Users/admin/builder/spi-builder-workspace/.derivedData/Build/Intermediates.noindex/ExplicitPrecompiledModules/_Builtin_float-DZFE3ME63ISBKHIT2SAEGJ47W.scan
PrecompileModule /Users/admin/builder/spi-builder-workspace/.derivedData/Build/Intermediates.noindex/ExplicitPrecompiledModules/_DarwinFoundation1-5U4OBHR3DLA7MXW6LFKFJN5I3.scan
    cd /
    builtin-precompileModule /Users/admin/builder/spi-builder-workspace/.derivedData/Build/Intermediates.noindex/ExplicitPrecompiledModules/_DarwinFoundation1-5U4OBHR3DLA7MXW6LFKFJN5I3.scan
PrecompileModule /Users/admin/builder/spi-builder-workspace/.derivedData/Build/Intermediates.noindex/ExplicitPrecompiledModules/_DarwinFoundation2-A5HC8Z4AIZGWBOFI1GZQFS82O.scan
    cd /
    builtin-precompileModule /Users/admin/builder/spi-builder-workspace/.derivedData/Build/Intermediates.noindex/ExplicitPrecompiledModules/_DarwinFoundation2-A5HC8Z4AIZGWBOFI1GZQFS82O.scan
PrecompileModule /Users/admin/builder/spi-builder-workspace/.derivedData/Build/Intermediates.noindex/ExplicitPrecompiledModules/_Builtin_limits-1THS4JE9OBMP898H8JLPXZN34.scan
    cd /
    builtin-precompileModule /Users/admin/builder/spi-builder-workspace/.derivedData/Build/Intermediates.noindex/ExplicitPrecompiledModules/_Builtin_limits-1THS4JE9OBMP898H8JLPXZN34.scan
PrecompileModule /Users/admin/builder/spi-builder-workspace/.derivedData/Build/Intermediates.noindex/ExplicitPrecompiledModules/_Builtin_stdarg-3452PFVJN9WY58M1K65NI3XTQ.scan
    cd /
    builtin-precompileModule /Users/admin/builder/spi-builder-workspace/.derivedData/Build/Intermediates.noindex/ExplicitPrecompiledModules/_Builtin_stdarg-3452PFVJN9WY58M1K65NI3XTQ.scan
PrecompileModule /Users/admin/builder/spi-builder-workspace/.derivedData/Build/Intermediates.noindex/ExplicitPrecompiledModules/_Builtin_float-EG7J52CRCVYUS1CA70V7T6IWG.scan
    cd /
    builtin-precompileModule /Users/admin/builder/spi-builder-workspace/.derivedData/Build/Intermediates.noindex/ExplicitPrecompiledModules/_Builtin_float-EG7J52CRCVYUS1CA70V7T6IWG.scan
PrecompileModule /Users/admin/builder/spi-builder-workspace/.derivedData/Build/Intermediates.noindex/ExplicitPrecompiledModules/ptrcheck-CPLKX8A7ZJMALPKPTEXZCJFE2.scan
    cd /
    builtin-precompileModule /Users/admin/builder/spi-builder-workspace/.derivedData/Build/Intermediates.noindex/ExplicitPrecompiledModules/ptrcheck-CPLKX8A7ZJMALPKPTEXZCJFE2.scan
PrecompileModule /Users/admin/builder/spi-builder-workspace/.derivedData/Build/Intermediates.noindex/ExplicitPrecompiledModules/ptrauth-E9QPKE8KBFSCB0HP2DWRS0QF9.scan
    cd /
    builtin-precompileModule /Users/admin/builder/spi-builder-workspace/.derivedData/Build/Intermediates.noindex/ExplicitPrecompiledModules/ptrauth-E9QPKE8KBFSCB0HP2DWRS0QF9.scan
PrecompileModule /Users/admin/builder/spi-builder-workspace/.derivedData/Build/Intermediates.noindex/ExplicitPrecompiledModules/_Builtin_stddef-7NU4WHSHZ8UIUGYIPSELN5PUY.scan
    cd /
    builtin-precompileModule /Users/admin/builder/spi-builder-workspace/.derivedData/Build/Intermediates.noindex/ExplicitPrecompiledModules/_Builtin_stddef-7NU4WHSHZ8UIUGYIPSELN5PUY.scan
PrecompileModule /Users/admin/builder/spi-builder-workspace/.derivedData/Build/Intermediates.noindex/ExplicitPrecompiledModules/_Builtin_stdbool-BU3Q33AAFAV7ESF74C3J26AF4.scan
    cd /
    builtin-precompileModule /Users/admin/builder/spi-builder-workspace/.derivedData/Build/Intermediates.noindex/ExplicitPrecompiledModules/_Builtin_stdbool-BU3Q33AAFAV7ESF74C3J26AF4.scan
PrecompileModule /Users/admin/builder/spi-builder-workspace/.derivedData/Build/Intermediates.noindex/ExplicitPrecompiledModules/_AvailabilityInternal-99GWWMP15GBGQC7MKEM7M7LCI.scan
    cd /
    builtin-precompileModule /Users/admin/builder/spi-builder-workspace/.derivedData/Build/Intermediates.noindex/ExplicitPrecompiledModules/_AvailabilityInternal-99GWWMP15GBGQC7MKEM7M7LCI.scan
PrecompileModule /Users/admin/builder/spi-builder-workspace/.derivedData/Build/Intermediates.noindex/ExplicitPrecompiledModules/_Builtin_stdint-3L8RB09XVAS4MFU89SAZMPLFZ.scan
    cd /
    builtin-precompileModule /Users/admin/builder/spi-builder-workspace/.derivedData/Build/Intermediates.noindex/ExplicitPrecompiledModules/_Builtin_stdint-3L8RB09XVAS4MFU89SAZMPLFZ.scan
PrecompileModule /Users/admin/builder/spi-builder-workspace/.derivedData/Build/Intermediates.noindex/ExplicitPrecompiledModules/_DarwinFoundation1-40R3W1Y94NDDC62W1ITVU8U3.scan
    cd /
    builtin-precompileModule /Users/admin/builder/spi-builder-workspace/.derivedData/Build/Intermediates.noindex/ExplicitPrecompiledModules/_DarwinFoundation1-40R3W1Y94NDDC62W1ITVU8U3.scan
PrecompileModule /Users/admin/builder/spi-builder-workspace/.derivedData/Build/Intermediates.noindex/ExplicitPrecompiledModules/_DarwinFoundation3-BGV4FS3KNWQM8FZKAT4V0396U.scan
    cd /
    builtin-precompileModule /Users/admin/builder/spi-builder-workspace/.derivedData/Build/Intermediates.noindex/ExplicitPrecompiledModules/_DarwinFoundation3-BGV4FS3KNWQM8FZKAT4V0396U.scan
PrecompileModule /Users/admin/builder/spi-builder-workspace/.derivedData/Build/Intermediates.noindex/ExplicitPrecompiledModules/_Builtin_limits-8Y34Q28FWB7ZZEF74GSZAW2UG.scan
    cd /
    builtin-precompileModule /Users/admin/builder/spi-builder-workspace/.derivedData/Build/Intermediates.noindex/ExplicitPrecompiledModules/_Builtin_limits-8Y34Q28FWB7ZZEF74GSZAW2UG.scan
PrecompileModule /Users/admin/builder/spi-builder-workspace/.derivedData/Build/Intermediates.noindex/ExplicitPrecompiledModules/_DarwinFoundation2-APORPNC3E7L72SRA6XUVUR5VX.scan
    cd /
    builtin-precompileModule /Users/admin/builder/spi-builder-workspace/.derivedData/Build/Intermediates.noindex/ExplicitPrecompiledModules/_DarwinFoundation2-APORPNC3E7L72SRA6XUVUR5VX.scan
PrecompileModule /Users/admin/builder/spi-builder-workspace/.derivedData/Build/Intermediates.noindex/ExplicitPrecompiledModules/_Builtin_inttypes-9N00XES659IQXXIUTRFJMO296.scan
    cd /
    builtin-precompileModule /Users/admin/builder/spi-builder-workspace/.derivedData/Build/Intermediates.noindex/ExplicitPrecompiledModules/_Builtin_inttypes-9N00XES659IQXXIUTRFJMO296.scan
PrecompileModule /Users/admin/builder/spi-builder-workspace/.derivedData/Build/Intermediates.noindex/ExplicitPrecompiledModules/Darwin-459CMPLO2CCJGMZMFNWOOFY72.scan
    cd /
    builtin-precompileModule /Users/admin/builder/spi-builder-workspace/.derivedData/Build/Intermediates.noindex/ExplicitPrecompiledModules/Darwin-459CMPLO2CCJGMZMFNWOOFY72.scan
PrecompileModule /Users/admin/builder/spi-builder-workspace/.derivedData/Build/Intermediates.noindex/ExplicitPrecompiledModules/_Builtin_stdint-6TYR0UG2IP7GUK0MD8MP615KM.scan
    cd /
    builtin-precompileModule /Users/admin/builder/spi-builder-workspace/.derivedData/Build/Intermediates.noindex/ExplicitPrecompiledModules/_Builtin_stdint-6TYR0UG2IP7GUK0MD8MP615KM.scan
PrecompileModule /Users/admin/builder/spi-builder-workspace/.derivedData/Build/Intermediates.noindex/ExplicitPrecompiledModules/_DarwinFoundation3-K8FNSESZCE1R0GU413U2PDG6.scan
    cd /
    builtin-precompileModule /Users/admin/builder/spi-builder-workspace/.derivedData/Build/Intermediates.noindex/ExplicitPrecompiledModules/_DarwinFoundation3-K8FNSESZCE1R0GU413U2PDG6.scan
PrecompileModule /Users/admin/builder/spi-builder-workspace/.derivedData/Build/Intermediates.noindex/ExplicitPrecompiledModules/libDER-C0EDTBSL8FQF8UBFRJZ4FZXBM.scan
    cd /
    builtin-precompileModule /Users/admin/builder/spi-builder-workspace/.derivedData/Build/Intermediates.noindex/ExplicitPrecompiledModules/libDER-C0EDTBSL8FQF8UBFRJZ4FZXBM.scan
PrecompileModule /Users/admin/builder/spi-builder-workspace/.derivedData/Build/Intermediates.noindex/ExplicitPrecompiledModules/_Builtin_inttypes-E6R9AWCLPNQF4G1D4LHWQ62.scan
    cd /
    builtin-precompileModule /Users/admin/builder/spi-builder-workspace/.derivedData/Build/Intermediates.noindex/ExplicitPrecompiledModules/_Builtin_inttypes-E6R9AWCLPNQF4G1D4LHWQ62.scan
PrecompileModule /Users/admin/builder/spi-builder-workspace/.derivedData/Build/Intermediates.noindex/ExplicitPrecompiledModules/Darwin-D45LYXK0T6YLN3ETRCHFKH3SW.scan
    cd /
    builtin-precompileModule /Users/admin/builder/spi-builder-workspace/.derivedData/Build/Intermediates.noindex/ExplicitPrecompiledModules/Darwin-D45LYXK0T6YLN3ETRCHFKH3SW.scan
CompileC /Users/admin/builder/spi-builder-workspace/.derivedData/Build/Intermediates.noindex/blue-triangle.build/Debug/Backtrace-t.build/Objects-normal/arm64/backtress_extracter.o /Users/admin/builder/spi-builder-workspace/Sources/Backtrace/backtress_extracter.c normal arm64 c com.apple.compilers.llvm.clang.1_0.compiler (in target 'Backtrace' from project 'blue-triangle')
    cd /Users/admin/builder/spi-builder-workspace/.swiftpm/xcode

    Using response file: /Users/admin/builder/spi-builder-workspace/.derivedData/Build/Intermediates.noindex/blue-triangle.build/Debug/Backtrace-t.build/Objects-normal/arm64/7187679823f38a2a940e0043cdf9d637-common-args.resp

    /Applications/Xcode-27.0.0-Release.Candidate.app/Contents/Developer/Toolchains/XcodeDefault.xctoolchain/usr/bin/clang -x c -ivfsstatcache /Users/admin/builder/spi-builder-workspace/.derivedData/SDKStatCaches.noindex/macosx27.0-26A425-e829b21a6f8c9b70876ba0858053c0446a22442a12e9d48fe1a705f55a1adfc4.sdkstatcache -target arm64-apple-macos12.0 -fmessage-length\=0 -fdiagnostics-show-note-include-stack -fmacro-backtrace-limit\=0 -fno-color-diagnostics -fmodules-prune-interval\=86400 -fmodules-prune-after\=345600 -fbuild-session-file\=/Users/admin/builder/spi-builder-workspace/.derivedData/ModuleCache.noindex/Session.modulevalidation -fmodules-validate-once-per-build-session -Wnon-modular-include-in-framework-module -Werror\=non-modular-include-in-framework-module -Wno-trigraphs -Wno-missing-field-initializers -Wno-missing-prototypes -Wno-return-type -Wno-missing-braces -Wparentheses -Wswitch -Wno-unused-function -Wno-unused-label -Wno-unused-parameter -Wno-unused-variable -Wunused-value -Wno-empty-body -Wno-uninitialized -Wno-unknown-pragmas -Wno-shadow -Wno-four-char-constants -Wno-conversion -Wno-constant-conversion -Wno-int-conversion -Wno-bool-conversion -Wno-enum-conversion -Wno-float-conversion -Wno-non-literal-null-conversion -Wno-objc-literal-conversion -Wshorten-64-to-32 -Wpointer-sign -Wno-newline-eof -Wno-implicit-fallthrough -isysroot /Applications/Xcode-27.0.0-Release.Candidate.app/Contents/Developer/Platforms/MacOSX.platform/Developer/SDKs/MacOSX27.0.sdk -fstrict-aliasing -Wdeprecated-declarations -Wno-sign-conversion -Wno-infinite-recursion -Wno-comma -Wno-block-capture-autoreleasing -Wno-strict-prototypes -Wno-semicolon-before-method-body -index-store-path /Users/admin/builder/spi-builder-workspace/.derivedData/Index.noindex/DataStore @/Users/admin/builder/spi-builder-workspace/.derivedData/Build/Intermediates.noindex/blue-triangle.build/Debug/Backtrace-t.build/Objects-normal/arm64/7187679823f38a2a940e0043cdf9d637-common-args.resp -MMD -MT dependencies -MF /Users/admin/builder/spi-builder-workspace/.derivedData/Build/Intermediates.noindex/blue-triangle.build/Debug/Backtrace-t.build/Objects-normal/arm64/backtress_extracter.d --serialize-diagnostics /Users/admin/builder/spi-builder-workspace/.derivedData/Build/Intermediates.noindex/blue-triangle.build/Debug/Backtrace-t.build/Objects-normal/arm64/backtress_extracter.dia -c /Users/admin/builder/spi-builder-workspace/Sources/Backtrace/backtress_extracter.c -o /Users/admin/builder/spi-builder-workspace/.derivedData/Build/Intermediates.noindex/blue-triangle.build/Debug/Backtrace-t.build/Objects-normal/arm64/backtress_extracter.o -index-unit-output-path /blue-triangle.build/Debug/Backtrace-t.build/Objects-normal/arm64/backtress_extracter.o
PrecompileModule /Users/admin/builder/spi-builder-workspace/.derivedData/Build/Intermediates.noindex/ExplicitPrecompiledModules/MachO-7N33WG8H978D15C1YF4LU4YGA.scan
    cd /
    builtin-precompileModule /Users/admin/builder/spi-builder-workspace/.derivedData/Build/Intermediates.noindex/ExplicitPrecompiledModules/MachO-7N33WG8H978D15C1YF4LU4YGA.scan
PrecompileModule /Users/admin/builder/spi-builder-workspace/.derivedData/Build/Intermediates.noindex/ExplicitPrecompiledModules/libkern-7HSEL04J5P67IZ2QBSM2OPLAL.scan
    cd /
    builtin-precompileModule /Users/admin/builder/spi-builder-workspace/.derivedData/Build/Intermediates.noindex/ExplicitPrecompiledModules/libkern-7HSEL04J5P67IZ2QBSM2OPLAL.scan
PrecompileModule /Users/admin/builder/spi-builder-workspace/.derivedData/Build/Intermediates.noindex/ExplicitPrecompiledModules/launch-7EFKM6YQC4T3IL37G0MQ43BSI.scan
    cd /
    builtin-precompileModule /Users/admin/builder/spi-builder-workspace/.derivedData/Build/Intermediates.noindex/ExplicitPrecompiledModules/launch-7EFKM6YQC4T3IL37G0MQ43BSI.scan
Ld /Users/admin/builder/spi-builder-workspace/.derivedData/Build/Products/Debug/Backtrace.o normal (in target 'Backtrace' from project 'blue-triangle')
    cd /Users/admin/builder/spi-builder-workspace
    /Applications/Xcode-27.0.0-Release.Candidate.app/Contents/Developer/Toolchains/XcodeDefault.xctoolchain/usr/bin/clang -Xlinker -reproducible -target arm64-apple-macos12.0 -r -isysroot /Applications/Xcode-27.0.0-Release.Candidate.app/Contents/Developer/Platforms/MacOSX.platform/Developer/SDKs/MacOSX27.0.sdk -O0 -Xlinker -no_warn_duplicate_libraries -F/Users/admin/builder/spi-builder-workspace/.derivedData/Build/Intermediates.noindex/EagerLinkingTBDs/Debug -F/Users/admin/builder/spi-builder-workspace/.derivedData/Build/Products/Debug -iframework /Applications/Xcode-27.0.0-Release.Candidate.app/Contents/Developer/Platforms/MacOSX.platform/Developer/Library/Frameworks -filelist /Users/admin/builder/spi-builder-workspace/.derivedData/Build/Intermediates.noindex/blue-triangle.build/Debug/Backtrace-t.build/Objects-normal/arm64/Backtrace.LinkFileList -nostdlib -Xlinker -object_path_lto -Xlinker /Users/admin/builder/spi-builder-workspace/.derivedData/Build/Intermediates.noindex/blue-triangle.build/Debug/Backtrace-t.build/Objects-normal/arm64/Backtrace_lto.o -Xlinker -no_deduplicate -Xlinker -debug_variant -Xlinker -dependency_info -Xlinker /Users/admin/builder/spi-builder-workspace/.derivedData/Build/Intermediates.noindex/blue-triangle.build/Debug/Backtrace-t.build/Objects-normal/arm64/Backtrace_dependency_info.dat -o /Users/admin/builder/spi-builder-workspace/.derivedData/Build/Products/Debug/Backtrace.o
PrecompileModule /Users/admin/builder/spi-builder-workspace/.derivedData/Build/Intermediates.noindex/ExplicitPrecompiledModules/ObjectiveC-DFGZLXVDZ65KC84W1B0K77TX0.scan
    cd /
    builtin-precompileModule /Users/admin/builder/spi-builder-workspace/.derivedData/Build/Intermediates.noindex/ExplicitPrecompiledModules/ObjectiveC-DFGZLXVDZ65KC84W1B0K77TX0.scan
PruneExplicitPrecompiledModules /Users/admin/builder/spi-builder-workspace/.derivedData/Build/Intermediates.noindex/ExplicitPrecompiledModules
PruneExplicitPrecompiledModules /Users/admin/builder/spi-builder-workspace/.derivedData/Build/Intermediates.noindex/SwiftExplicitPrecompiledModules
PruneExplicitPrecompiledModules /Users/admin/builder/spi-builder-workspace/.derivedData/SDKExplicitPrecompiledModules
2026-09-23 10:41:04.521 xcodebuild[679:4360] [MT] IDERunDestination: Supported platforms for the buildables in the current scheme is empty.
--- xcodebuild: WARNING: Using the first of multiple matching destinations:
{ platform:macOS, arch:arm64, id:a15dcf2e1ac43bcc75d5eb476a8ccb1da0804fe0, name:My Mac }
{ platform:macOS, arch:arm64, variant:Mac Catalyst, id:a15dcf2e1ac43bcc75d5eb476a8ccb1da0804fe0, name:My Mac }
{ platform:macOS, arch:arm64, variant:DriverKit, id:a15dcf2e1ac43bcc75d5eb476a8ccb1da0804fe0, name:My Mac }
{ platform:macOS, arch:arm64, variant:Designed for [iPad,iPhone], id:a15dcf2e1ac43bcc75d5eb476a8ccb1da0804fe0, name:My Mac }
** BUILD FAILED **
The following build commands failed:
	SwiftDriver BlueTriangle normal arm64 com.apple.xcode.tools.swift.compiler (in target 'BlueTriangle' from project 'blue-triangle')
	Building workspace blue-triangle with scheme blue-triangle
(2 failures)
Command line invocation:
    /Applications/Xcode-27.0.0-Release.Candidate.app/Contents/Developer/usr/bin/xcodebuild -IDEClonedSourcePackagesDirPathOverride=/Users/admin/builder/spi-builder-workspace/.dependencies -resolvePackageDependencies
Resolve Package Graph
Resolved source packages:
  blue-triangle: /Users/admin/builder/spi-builder-workspace
resolved source packages: blue-triangle
2026-09-23 10:41:11.328 xcodebuild[734:4705] [MT] IDERunDestination: Supported platforms for the buildables in the current scheme is empty.
{
  "dependencies" : [
  ],
  "manifest_display_name" : "blue-triangle",
  "name" : "blue-triangle",
  "path" : "/Users/admin/builder/spi-builder-workspace",
  "platforms" : [
    {
      "name" : "ios",
      "version" : "13.0"
    },
    {
      "name" : "tvos",
      "version" : "13.0"
    },
    {
      "name" : "watchos",
      "version" : "6.0"
    },
    {
      "name" : "macos",
      "version" : "10.15"
    }
  ],
  "products" : [
    {
      "name" : "BlueTriangle",
      "targets" : [
        "BlueTriangle"
      ],
      "type" : {
        "library" : [
          "automatic"
        ]
      }
    }
  ],
  "targets" : [
    {
      "c99name" : "ObjcCompatibilityTests",
      "module_type" : "ClangTarget",
      "name" : "ObjcCompatibilityTests",
      "path" : "Tests/ObjcCompatibilityTests",
      "sources" : [
        "ObjcCompatibilityTests.m"
      ],
      "target_dependencies" : [
        "BlueTriangle"
      ],
      "type" : "test"
    },
    {
      "c99name" : "BlueTriangleTests",
      "module_type" : "SwiftTarget",
      "name" : "BlueTriangleTests",
      "path" : "Tests/BlueTriangleTests",
      "sources" : [
        "AnyCodableTests.swift",
        "App/CollectionViewController.swift",
        "App/Extensions/UIColor+Utils.swift",
        "App/ImageCell.swift",
        "App/Models/Album.swift",
        "App/Models/Photo.swift",
        "App/Models/SingleSection.swift",
        "App/Models/ViewState.swift",
        "App/NetworkClientMock.swift",
        "BTTConfigurationFetcherTests.swift",
        "BTTConfigurationRepoTests.swift",
        "BTTConfigurationUpdaterTests.swift",
        "BTTimerTests.swift",
        "BlueTriangleTests.swift",
        "CaptureRateProbabilityTest.swift",
        "CaptureTimerManagerTests.swift",
        "ContentTypeTests.swift",
        "CrashReportManagerTests.swift",
        "DeviceTests.swift",
        "InitiatorTypeTests.swift",
        "Mocks/CaptureTimerManagerMock.swift",
        "Mocks/CapturedRequestCollectorMock.swift",
        "Mocks/CrashReportPersistenceMock.swift",
        "Mocks/LoggerMock.swift",
        "Mocks/Mock.swift",
        "Mocks/MockBTTConfigurationFetcher.swift",
        "Mocks/MockBTTConfigurationRepo.swift",
        "Mocks/MockRemoteConfigURL.swift",
        "Mocks/PerformanceMonitorMock.swift",
        "Mocks/ResourceUsageMock.swift",
        "Mocks/SystemLoggerMock.swift",
        "Mocks/URLProtocolMock.swift",
        "Mocks/UploaderMock.swift",
        "NetworkCaptureDelegateTests.swift",
        "PersistenceTests.swift",
        "RequestCacheTests.swift",
        "RequestCollectionTests.swift",
        "RequestCollectorTests.swift",
        "ResourceUsageTests.swift",
        "TimerRequestBuilderTests.swift",
        "UploaderTests.swift",
        "UtilityTests.swift"
      ],
      "target_dependencies" : [
        "BlueTriangle"
      ],
      "type" : "test"
    },
    {
      "c99name" : "BlueTriangle",
      "module_type" : "SwiftTarget",
      "name" : "BlueTriangle",
      "path" : "Sources/BlueTriangle",
      "product_memberships" : [
        "BlueTriangle"
      ],
      "resources" : [
        {
          "path" : "/Users/admin/builder/spi-builder-workspace/Sources/BlueTriangle/PrivacyInfo.xcprivacy",
          "rule" : {
            "copy" : {
            }
          }
        }
      ],
      "sources" : [
        "AppEventObserver.swift",
        "BTLogger.swift",
        "BTSignalCrashReporter.swift",
        "BTTimer.swift",
        "BlueTriangle.swift",
        "BlueTriangleConfiguration.swift",
        "ClaritySupport/ClaritySessionConnector.swift",
        "Constants.swift",
        "CrashReportManager.swift",
        "CrashReportPersistence.swift",
        "Device.swift",
        "DisableModeSessionManager.swift",
        "DynamicConfig/BTTConfigurationFetcher.swift",
        "DynamicConfig/BTTConfigurationRepo.swift",
        "DynamicConfig/BTTConfigurationUpdater.swift",
        "DynamicConfig/BTTRemoteConfig.swift",
        "DynamicConfig/BTTSavedRemoteConfig.swift",
        "DynamicConfig/BTTStoredConfigSyncer.swift",
        "DynamicConfig/SessionStore.swift",
        "Extensions/Array+Vitals.swift",
        "Extensions/Bool+Utils.swift",
        "Extensions/Bundle+Utils.swift",
        "Extensions/Data+Utils.swift",
        "Extensions/Date+Utils.swift",
        "Extensions/HTTPURLResponse+ContentType.swift",
        "Extensions/JSONDecoder+Utils.swift",
        "Extensions/NSException+Utils.swift",
        "Extensions/NSLocking+Utils.swift",
        "Extensions/NSNumber+Utils.swift",
        "Extensions/NWPathMonitor+Combine.swift",
        "Extensions/NotificationName+Platform.swift",
        "Extensions/OperatingSystemVersion+Utils.swift",
        "Extensions/Publisher+Retry.swift",
        "Extensions/String+Utils.swift",
        "Extensions/Task+Utils.swift",
        "Extensions/TimeInterval+Utils.swift",
        "Extensions/UIApplication+Utils.swift",
        "Extensions/UIViewController+Utils.swift",
        "Extensions/URL+ExpressibleByStringLiteral.swift",
        "Extensions/URLSession+NetworkCapture.swift",
        "Extensions/URLSession+Networking.swift",
        "Extensions/URLSession+Publisher.swift",
        "Extensions/UserDefault+Utils.swift",
        "GlobleProperties.swift",
        "Identifier.swift",
        "InternalTimer.swift",
        "MetricKit/CrashReportResponse.swift",
        "MetricKit/CrashSignal.swift",
        "MetricKit/DignosticWatchDog.swift",
        "Millisecond.swift",
        "Models/AnyCodable.swift",
        "Models/CapturedRequest.swift",
        "Models/CrashReport.swift",
        "Models/CustomCategories.swift",
        "Models/CustomNumbers.swift",
        "Models/CustomVariables.swift",
        "Models/ErrorReport.swift",
        "Models/NativeAppProperties.swift",
        "Models/Page.swift",
        "Models/PageTimeInterval.swift",
        "Models/PerformanceReport.swift",
        "Models/PurchaseConfirmation.swift",
        "Models/ResourceUsageMeasurement.swift",
        "Models/Session.swift",
        "Models/TimerRequest.swift",
        "NetworkCapture/BTTimerNetStateAccumulator.swift",
        "NetworkCapture/CaptureTimerManager.swift",
        "NetworkCapture/CapturedGroupRequestCollector.swift",
        "NetworkCapture/CapturedRequestBuilder.swift",
        "NetworkCapture/CapturedRequestCollector.swift",
        "NetworkCapture/GroupRequestCollection.swift",
        "NetworkCapture/NetworkCaptureConfiguration.swift",
        "NetworkCapture/NetworkCaptureTracker.swift",
        "NetworkCapture/NetworkStateMonitor.swift",
        "NetworkCapture/NetworkTelephonyHandler.swift",
        "NetworkCapture/RequestCollection.swift",
        "NetworkCaptureSessionDelegate.swift",
        "Offline/Payload.swift",
        "Offline/PayloadCache.swift",
        "Persistence/File.swift",
        "Persistence/Persistence.swift",
        "Persistence/PersistenceError.swift",
        "Persistence/UserLocation.swift",
        "Protocols/CaptureTimerManaging.swift",
        "Protocols/CapturedGroupRequestCollecting.swift",
        "Protocols/CapturedRequestCollecting.swift",
        "Protocols/CrashReportManaging.swift",
        "Protocols/CrashReportPersisting.swift",
        "Protocols/FileLocation.swift",
        "Protocols/Logging.swift",
        "Protocols/PerformanceMonitoring.swift",
        "Protocols/RequestFailureHandling.swift",
        "Protocols/ResourceMeasuring.swift",
        "Protocols/SystemLogging.swift",
        "Protocols/URLRequestConvertible.swift",
        "Protocols/Uploading.swift",
        "Request.swift",
        "RequestCache.swift",
        "RequestFailureHandler.swift",
        "SessionManager.swift",
        "TimerRequestBuilder.swift",
        "Uploader.swift",
        "Version.swift",
        "Vitals/ANR/ANRPerformanceMonitor.swift",
        "Vitals/ANR/ANRTrace/MainThreadStackTraceProvider.swift",
        "Vitals/ANR/ANRWatchDog.swift",
        "Vitals/ANR/MainThreadObserver.swift",
        "Vitals/BTTEvents.swift",
        "Vitals/Breadcrumbs/AppInstallFeature.swift",
        "Vitals/Breadcrumbs/AppLifecycleFeature.swift",
        "Vitals/Breadcrumbs/AppSystemEventFeature.swift",
        "Vitals/Breadcrumbs/AppUpdateFeature.swift",
        "Vitals/Breadcrumbs/BreadcrumbCollector.swift",
        "Vitals/Breadcrumbs/BreadcrumbEvent.swift",
        "Vitals/Breadcrumbs/BreadcrumbFeatrure.swift",
        "Vitals/Breadcrumbs/BreadcrumbManager.swift",
        "Vitals/Breadcrumbs/NetworkRequestFeature.swift",
        "Vitals/Breadcrumbs/NetworkStateFeature.swift",
        "Vitals/Breadcrumbs/UILifecycleFeature.swift",
        "Vitals/Breadcrumbs/UserEventFeature.swift",
        "Vitals/CheckoutEventReporter.swift",
        "Vitals/DispatchSourceTimerPerformanceMonitor.swift",
        "Vitals/DisplayLinkPerformanceMonitor.swift",
        "Vitals/ErrorMetricStore.swift",
        "Vitals/GroupTracking/BTGroupTimer.swift",
        "Vitals/GroupTracking/BTTimerGroupManager.swift",
        "Vitals/Launch/LaunchTimeMonitor.swift",
        "Vitals/Launch/LaunchTimeReporter.swift",
        "Vitals/Memory/MemoryWarningWatchDog.swift",
        "Vitals/PerformanceMonitorBuilder.swift",
        "Vitals/ResourceUsage.swift",
        "Vitals/RunLoopServices.swift",
        "Vitals/ScreenTracker/BTTAppMethodSwizzler.swift",
        "Vitals/ScreenTracker/BTTNavigationTracker.swift",
        "Vitals/ScreenTracker/BTTScreenLifecycleTracker.swift",
        "Vitals/ScreenTracker/BTTScreenTracker.swift",
        "Vitals/ScreenTracker/BTTWebViewTracker.swift",
        "Vitals/ScreenTracker/ViewControllerLifecycleTracker.swift",
        "Vitals/ScreenTracker/ViewLifecycleTrackerModifier.swift",
        "Vitals/Startup/AppForceRestartReporter.swift",
        "Vitals/Startup/AppForceRestartTracker.swift",
        "Vitals/Startup/AppInstallReporter.swift",
        "Vitals/Startup/AppInstallUpdateTracker.swift",
        "Vitals/Startup/BTTActivityStore.swift",
        "Vitals/TapTracker/BTEventEmitter.swift",
        "Vitals/TapTracker/BTTouchAnchor.swift",
        "Vitals/TapTracker/BTTrackModifier.swift",
        "Vitals/TapTracker/BTViewRegistry.swift",
        "Vitals/TimerPerformanceMonitor.swift"
      ],
      "target_dependencies" : [
        "Backtrace",
        "AppEventLogger"
      ],
      "type" : "library"
    },
    {
      "c99name" : "Backtrace",
      "module_type" : "ClangTarget",
      "name" : "Backtrace",
      "path" : "Sources/Backtrace",
      "product_memberships" : [
        "BlueTriangle"
      ],
      "sources" : [
        "backtress_extracter.c"
      ],
      "type" : "library"
    },
    {
      "c99name" : "AppEventLogger",
      "module_type" : "ClangTarget",
      "name" : "AppEventLogger",
      "path" : "Sources/AppEventLogger",
      "product_memberships" : [
        "BlueTriangle"
      ],
      "sources" : [
        "AppNotificationLogger.m",
        "NotificationLog.m",
        "SignalHandler.m"
      ],
      "type" : "library"
    }
  ],
  "tools_version" : "5.5"
}
{
  "workspace" : {
    "name" : "blue-triangle",
    "schemes" : [
      "blue-triangle"
    ]
  }
}
2026-09-23 10:41:12.669 xcodebuild[742:4770] [MT] IDERunDestination: Supported platforms for the buildables in the current scheme is empty.
Running build ...
env DEVELOPER_DIR=/Applications/Xcode-27.0.0-Release.Candidate.app xcrun xcodebuild -IDEClonedSourcePackagesDirPathOverride=$PWD/.dependencies -skipMacroValidation -skipPackagePluginValidation -derivedDataPath $PWD/.derivedData build -scheme blue-triangle -destination platform=macOS,arch=arm64
Command line invocation:
    /Applications/Xcode-27.0.0-Release.Candidate.app/Contents/Developer/usr/bin/xcodebuild -IDEClonedSourcePackagesDirPathOverride=/Users/admin/builder/spi-builder-workspace/.dependencies -skipMacroValidation -skipPackagePluginValidation -derivedDataPath /Users/admin/builder/spi-builder-workspace/.derivedData build -scheme blue-triangle -destination platform=macOS,arch=arm64
Resolve Package Graph
Resolved source packages:
  blue-triangle: /Users/admin/builder/spi-builder-workspace
ComputePackagePrebuildTargetDependencyGraph
Prepare packages
CreateBuildRequest
SendProjectDescription
CreateBuildOperation
ComputeTargetDependencyGraph
note: Building targets in dependency order
note: Target dependency graph (5 targets)
    Target 'BlueTriangle-product' in project 'blue-triangle'
        ➜ Explicit dependency on target 'BlueTriangle' in project 'blue-triangle'
        ➜ Explicit dependency on target 'blue-triangle_BlueTriangle' in project 'blue-triangle'
        ➜ Explicit dependency on target 'Backtrace' in project 'blue-triangle'
        ➜ Explicit dependency on target 'AppEventLogger' in project 'blue-triangle'
    Target 'BlueTriangle' in project 'blue-triangle'
        ➜ Explicit dependency on target 'blue-triangle_BlueTriangle' in project 'blue-triangle'
        ➜ Explicit dependency on target 'Backtrace' in project 'blue-triangle'
        ➜ Explicit dependency on target 'AppEventLogger' in project 'blue-triangle'
    Target 'AppEventLogger' in project 'blue-triangle' (no dependencies)
    Target 'Backtrace' in project 'blue-triangle' (no dependencies)
    Target 'blue-triangle_BlueTriangle' in project 'blue-triangle' (no dependencies)
GatherProvisioningInputs
CreateBuildDescription
ClangStatCache /Applications/Xcode-27.0.0-Release.Candidate.app/Contents/Developer/Toolchains/XcodeDefault.xctoolchain/usr/bin/clang-stat-cache /Applications/Xcode-27.0.0-Release.Candidate.app/Contents/Developer/Platforms/MacOSX.platform/Developer/SDKs/MacOSX27.0.sdk /Users/admin/builder/spi-builder-workspace/.derivedData/SDKStatCaches.noindex/macosx27.0-26A425-e829b21a6f8c9b70876ba0858053c0446a22442a12e9d48fe1a705f55a1adfc4.sdkstatcache
    cd /Users/admin/builder/spi-builder-workspace/.swiftpm/xcode
    /Applications/Xcode-27.0.0-Release.Candidate.app/Contents/Developer/Toolchains/XcodeDefault.xctoolchain/usr/bin/clang-stat-cache /Applications/Xcode-27.0.0-Release.Candidate.app/Contents/Developer/Platforms/MacOSX.platform/Developer/SDKs/MacOSX27.0.sdk -o /Users/admin/builder/spi-builder-workspace/.derivedData/SDKStatCaches.noindex/macosx27.0-26A425-e829b21a6f8c9b70876ba0858053c0446a22442a12e9d48fe1a705f55a1adfc4.sdkstatcache
SwiftDriver BlueTriangle normal arm64 com.apple.xcode.tools.swift.compiler (in target 'BlueTriangle' from project 'blue-triangle')
    cd /Users/admin/builder/spi-builder-workspace/.swiftpm/xcode
    builtin-SwiftDriver -- /Applications/Xcode-27.0.0-Release.Candidate.app/Contents/Developer/Toolchains/XcodeDefault.xctoolchain/usr/bin/swiftc -parse-as-library -module-name BlueTriangle -Onone @/Users/admin/builder/spi-builder-workspace/.derivedData/Build/Intermediates.noindex/blue-triangle.build/Debug/BlueTriangle-t.build/Objects-normal/arm64/BlueTriangle.SwiftFileList -DSWIFT_PACKAGE -DDEBUG -DSWIFT_MODULE_RESOURCE_BUNDLE_AVAILABLE -Xcc -fmodule-map-file\=/Users/admin/builder/spi-builder-workspace/.derivedData/Build/Intermediates.noindex/GeneratedModuleMaps/AppEventLogger.modulemap -Xcc -fmodule-map-file\=/Users/admin/builder/spi-builder-workspace/.derivedData/Build/Intermediates.noindex/GeneratedModuleMaps/Backtrace.modulemap -DXcode -plugin-path /Applications/Xcode-27.0.0-Release.Candidate.app/Contents/Developer/Toolchains/XcodeDefault.xctoolchain/usr/lib/swift/host/plugins/testing -enable-experimental-feature DebugDescriptionMacro -sdk /Applications/Xcode-27.0.0-Release.Candidate.app/Contents/Developer/Platforms/MacOSX.platform/Developer/SDKs/MacOSX27.0.sdk -target arm64-apple-macos12.0 -g -module-cache-path /Users/admin/builder/spi-builder-workspace/.derivedData/ModuleCache.noindex -Xfrontend -serialize-debugging-options -profile-coverage-mapping -profile-generate -enable-testing -index-store-path /Users/admin/builder/spi-builder-workspace/.derivedData/Index.noindex/DataStore -Xcc -D_LIBCPP_HARDENING_MODE\=_LIBCPP_HARDENING_MODE_DEBUG -swift-version 5 -I /Users/admin/builder/spi-builder-workspace/.derivedData/Build/Products/Debug -Isystem /Applications/Xcode-27.0.0-Release.Candidate.app/Contents/Developer/Platforms/MacOSX.platform/Developer/usr/lib -F /Users/admin/builder/spi-builder-workspace/.derivedData/Build/Products/Debug/PackageFrameworks -F /Users/admin/builder/spi-builder-workspace/.derivedData/Build/Products/Debug -F /Applications/Xcode-27.0.0-Release.Candidate.app/Contents/Developer/Platforms/MacOSX.platform/Developer/Library/Frameworks -c -j10 -enable-batch-mode -incremental -Xcc -ivfsstatcache -Xcc /Users/admin/builder/spi-builder-workspace/.derivedData/SDKStatCaches.noindex/macosx27.0-26A425-e829b21a6f8c9b70876ba0858053c0446a22442a12e9d48fe1a705f55a1adfc4.sdkstatcache -output-file-map /Users/admin/builder/spi-builder-workspace/.derivedData/Build/Intermediates.noindex/blue-triangle.build/Debug/BlueTriangle-t.build/Objects-normal/arm64/BlueTriangle-OutputFileMap.json -save-temps -no-color-diagnostics -explicit-module-build -module-cache-path /Users/admin/builder/spi-builder-workspace/.derivedData/Build/Intermediates.noindex/SwiftExplicitPrecompiledModules -clang-scanner-module-cache-path /Users/admin/builder/spi-builder-workspace/.derivedData/ModuleCache.noindex -sdk-module-cache-path /Users/admin/builder/spi-builder-workspace/.derivedData/SDKExplicitPrecompiledModules -emit-dependencies -emit-module -emit-module-path /Users/admin/builder/spi-builder-workspace/.derivedData/Build/Intermediates.noindex/blue-triangle.build/Debug/BlueTriangle-t.build/Objects-normal/arm64/BlueTriangle.swiftmodule -serialize-diagnostics -dependency-scan-serialize-diagnostics-path /Users/admin/builder/spi-builder-workspace/.derivedData/Build/Intermediates.noindex/blue-triangle.build/Debug/BlueTriangle-t.build/Objects-normal/arm64/BlueTriangle-dependency-scan.dia -validate-clang-modules-once -clang-build-session-file /Users/admin/builder/spi-builder-workspace/.derivedData/ModuleCache.noindex/Session.modulevalidation -Xcc -fmodules-prune-interval\=86400 -Xcc -fmodules-prune-after\=345600 -emit-const-values -const-gather-protocols-list /Users/admin/builder/spi-builder-workspace/.derivedData/Build/Intermediates.noindex/blue-triangle.build/Debug/BlueTriangle-t.build/Objects-normal/arm64/BlueTriangle_const_extract_protocols.json -Xcc -I/Users/admin/builder/spi-builder-workspace/Sources/AppEventLogger/include -Xcc -I/Users/admin/builder/spi-builder-workspace/Sources/Backtrace/include -Xcc -I/Users/admin/builder/spi-builder-workspace/.derivedData/Build/Products/Debug/include -Xcc -I/Users/admin/builder/spi-builder-workspace/.derivedData/Build/Intermediates.noindex/blue-triangle.build/Debug/BlueTriangle-t.build/DerivedSources-normal/arm64 -Xcc -I/Users/admin/builder/spi-builder-workspace/.derivedData/Build/Intermediates.noindex/blue-triangle.build/Debug/BlueTriangle-t.build/DerivedSources/arm64 -Xcc -I/Users/admin/builder/spi-builder-workspace/.derivedData/Build/Intermediates.noindex/blue-triangle.build/Debug/BlueTriangle-t.build/DerivedSources -Xcc -DSWIFT_PACKAGE -Xcc -DDEBUG\=1 -emit-objc-header -emit-objc-header-path /Users/admin/builder/spi-builder-workspace/.derivedData/Build/Intermediates.noindex/blue-triangle.build/Debug/BlueTriangle-t.build/Objects-normal/arm64/BlueTriangle-Swift.h -working-directory /Users/admin/builder/spi-builder-workspace/.swiftpm/xcode -experimental-emit-module-separately -disable-cmo
/Users/admin/builder/spi-builder-workspace/Sources/BlueTriangle/Vitals/Startup/AppForceRestartTracker.swift:9:8: error: Unable to resolve module dependency: 'UIKit' (in target 'BlueTriangle' from project 'blue-triangle')
    note: A dependency of main module 'BlueTriangle'
    /Users/admin/builder/spi-builder-workspace/Sources/BlueTriangle/Vitals/Startup/AppInstallUpdateTracker.swift:9:8: note: Also imported here
/Users/admin/builder/spi-builder-workspace/Sources/BlueTriangle/Vitals/Startup/AppForceRestartTracker.swift:9:8: note: A dependency of main module 'BlueTriangle'
import UIKit
       ^ (in target 'BlueTriangle' from project 'blue-triangle')
/Users/admin/builder/spi-builder-workspace/Sources/BlueTriangle/Vitals/Startup/AppInstallUpdateTracker.swift:9:8: note: Also imported here
import UIKit
       ^ (in target 'BlueTriangle' from project 'blue-triangle')
PrecompileModule /Users/admin/builder/spi-builder-workspace/.derivedData/Build/Intermediates.noindex/ExplicitPrecompiledModules/ObjectiveC-DFGZLXVDZ65KC84W1B0K77TX0.scan
    cd /
    builtin-precompileModule /Users/admin/builder/spi-builder-workspace/.derivedData/Build/Intermediates.noindex/ExplicitPrecompiledModules/ObjectiveC-DFGZLXVDZ65KC84W1B0K77TX0.scan
PrecompileModule /Users/admin/builder/spi-builder-workspace/.derivedData/Build/Intermediates.noindex/ExplicitPrecompiledModules/os_object-CZZBCAZIHYZZ53UC71ASCPEYK.scan
    cd /
    builtin-precompileModule /Users/admin/builder/spi-builder-workspace/.derivedData/Build/Intermediates.noindex/ExplicitPrecompiledModules/os_object-CZZBCAZIHYZZ53UC71ASCPEYK.scan
PrecompileModule /Users/admin/builder/spi-builder-workspace/.derivedData/Build/Intermediates.noindex/ExplicitPrecompiledModules/os_workgroup-ETFLJRU46RNZHNVK443V2PJV8.scan
    cd /
    builtin-precompileModule /Users/admin/builder/spi-builder-workspace/.derivedData/Build/Intermediates.noindex/ExplicitPrecompiledModules/os_workgroup-ETFLJRU46RNZHNVK443V2PJV8.scan
PrecompileModule /Users/admin/builder/spi-builder-workspace/.derivedData/Build/Intermediates.noindex/ExplicitPrecompiledModules/Dispatch-2NXSJ2IGOZRNHA7KIKRZS46X1.scan
    cd /
    builtin-precompileModule /Users/admin/builder/spi-builder-workspace/.derivedData/Build/Intermediates.noindex/ExplicitPrecompiledModules/Dispatch-2NXSJ2IGOZRNHA7KIKRZS46X1.scan
PrecompileModule /Users/admin/builder/spi-builder-workspace/.derivedData/Build/Intermediates.noindex/ExplicitPrecompiledModules/XPC-ADW78A9VT510Y017SKD5GLJC8.scan
    cd /
    builtin-precompileModule /Users/admin/builder/spi-builder-workspace/.derivedData/Build/Intermediates.noindex/ExplicitPrecompiledModules/XPC-ADW78A9VT510Y017SKD5GLJC8.scan
PrecompileModule /Users/admin/builder/spi-builder-workspace/.derivedData/Build/Intermediates.noindex/ExplicitPrecompiledModules/CoreFoundation-8GEM9QFSCZ2D5V4IT53U25AYU.scan
    cd /
    builtin-precompileModule /Users/admin/builder/spi-builder-workspace/.derivedData/Build/Intermediates.noindex/ExplicitPrecompiledModules/CoreFoundation-8GEM9QFSCZ2D5V4IT53U25AYU.scan
PrecompileModule /Users/admin/builder/spi-builder-workspace/.derivedData/Build/Intermediates.noindex/ExplicitPrecompiledModules/IOKit-35EZ1Q9CM94QJROK9NCLUXMML.scan
    cd /
    builtin-precompileModule /Users/admin/builder/spi-builder-workspace/.derivedData/Build/Intermediates.noindex/ExplicitPrecompiledModules/IOKit-35EZ1Q9CM94QJROK9NCLUXMML.scan
PrecompileModule /Users/admin/builder/spi-builder-workspace/.derivedData/Build/Intermediates.noindex/ExplicitPrecompiledModules/Security-BMDY2ZNX5UQ8TUEYGTQ4RNNSE.scan
    cd /
    builtin-precompileModule /Users/admin/builder/spi-builder-workspace/.derivedData/Build/Intermediates.noindex/ExplicitPrecompiledModules/Security-BMDY2ZNX5UQ8TUEYGTQ4RNNSE.scan
PrecompileModule /Users/admin/builder/spi-builder-workspace/.derivedData/Build/Intermediates.noindex/ExplicitPrecompiledModules/CFNetwork-2BPPTUBRWGG7SCCNCV6KRR97T.scan
    cd /
    builtin-precompileModule /Users/admin/builder/spi-builder-workspace/.derivedData/Build/Intermediates.noindex/ExplicitPrecompiledModules/CFNetwork-2BPPTUBRWGG7SCCNCV6KRR97T.scan
PruneExplicitPrecompiledModules /Users/admin/builder/spi-builder-workspace/.derivedData/SDKExplicitPrecompiledModules
PruneExplicitPrecompiledModules /Users/admin/builder/spi-builder-workspace/.derivedData/Build/Intermediates.noindex/ExplicitPrecompiledModules
PruneExplicitPrecompiledModules /Users/admin/builder/spi-builder-workspace/.derivedData/Build/Intermediates.noindex/SwiftExplicitPrecompiledModules
2026-09-23 10:41:13.662 xcodebuild[743:4801] [MT] IDERunDestination: Supported platforms for the buildables in the current scheme is empty.
--- xcodebuild: WARNING: Using the first of multiple matching destinations:
{ platform:macOS, arch:arm64, id:a15dcf2e1ac43bcc75d5eb476a8ccb1da0804fe0, name:My Mac }
{ platform:macOS, arch:arm64, variant:Mac Catalyst, id:a15dcf2e1ac43bcc75d5eb476a8ccb1da0804fe0, name:My Mac }
{ platform:macOS, arch:arm64, variant:DriverKit, id:a15dcf2e1ac43bcc75d5eb476a8ccb1da0804fe0, name:My Mac }
{ platform:macOS, arch:arm64, variant:Designed for [iPad,iPhone], id:a15dcf2e1ac43bcc75d5eb476a8ccb1da0804fe0, name:My Mac }
** BUILD FAILED **
The following build commands failed:
	SwiftDriver BlueTriangle normal arm64 com.apple.xcode.tools.swift.compiler (in target 'BlueTriangle' from project 'blue-triangle')
	Building workspace blue-triangle with scheme blue-triangle
(2 failures)
BUILD FAILURE 6.4 macosXcodebuild