Build Information
Failed to build ApiLogKit, reference 0.5.2 (51955a), with Swift 6.4 for watchOS using Xcode 27.0 on 25 Oct 2026 00:41:48 UTC.
Build Command
env DEVELOPER_DIR=/Applications/Xcode-27.0.0.app xcrun xcodebuild -IDEClonedSourcePackagesDirPathOverride=$PWD/.dependencies -skipMacroValidation -skipPackagePluginValidation -derivedDataPath $PWD/.derivedData build -scheme ApiLogKit -destination generic/platform=watchOSBuild Log
========================================
RunAll
========================================
Builder version: 5.1.3
Interrupt handler set up.
========================================
Checkout
========================================
Clone URL: https://github.com/henrydavl/ApiLogKit.git
Reference: 0.5.2
Initialized empty Git repository in /Users/admin/builder/spi-builder-workspace/.git/
From https://github.com/henrydavl/ApiLogKit
* tag 0.5.2 -> FETCH_HEAD
HEAD is now at 51955a6 Merge pull request #6 from henrydavl/fix/curl-export-base64
Cloned https://github.com/henrydavl/ApiLogKit.git
Revision (git rev-parse @):
51955a6344c989ccdff8d5c1dcf150357b6e029d
SUCCESS checkout https://github.com/henrydavl/ApiLogKit.git at 0.5.2
========================================
Build
========================================
Selected platform: watchOS
Swift version: 6.4
Building package at path: $PWD
https://github.com/henrydavl/ApiLogKit.git
Command line invocation:
/Applications/Xcode-27.0.0.app/Contents/Developer/usr/bin/xcodebuild -IDEClonedSourcePackagesDirPathOverride=/Users/admin/builder/spi-builder-workspace/.dependencies -resolvePackageDependencies
Resolve Package Graph
Resolve Package Graph
Resolved source packages:
ApiLogKit: /Users/admin/builder/spi-builder-workspace
resolved source packages: ApiLogKit
2026-10-24 20:41:08.007 xcodebuild[564:3089] [MT] IDERunDestination: Supported platforms for the buildables in the current scheme is empty.
{
"dependencies" : [
],
"manifest_display_name" : "ApiLogKit",
"name" : "ApiLogKit",
"path" : "/Users/admin/builder/spi-builder-workspace",
"platforms" : [
{
"name" : "ios",
"version" : "15.0"
}
],
"products" : [
{
"name" : "ApiLogKit",
"targets" : [
"ApiLogKit"
],
"type" : {
"library" : [
"automatic"
]
}
}
],
"targets" : [
{
"c99name" : "ApiLogKitTests",
"module_type" : "SwiftTarget",
"name" : "ApiLogKitTests",
"path" : "Tests/ApiLogKitTests",
"sources" : [
"ApiLogDetailViewModelTests.swift",
"ApiLogExporterTests.swift",
"ApiLogFilterTests.swift",
"ApiLoggerTests.swift",
"EmbeddedJSONTests.swift",
"PersistedApiLogTests.swift",
"RestoredLogTests.swift"
],
"target_dependencies" : [
"ApiLogKit"
],
"type" : "test"
},
{
"c99name" : "ApiLogKit",
"module_type" : "SwiftTarget",
"name" : "ApiLogKit",
"path" : "Sources/ApiLogKit",
"product_memberships" : [
"ApiLogKit"
],
"sources" : [
"ApiLogKitConfig.swift",
"Helper/InternalHelpers.swift",
"Interceptor/ApiLogURLProtocol.swift",
"Interceptor/ThirdPartyTracker.swift",
"Interceptor/URLSessionConfiguration+ApiLogKit.swift",
"Model/ApiLog.swift",
"Model/ApiLogFilter.swift",
"Model/ApiLogger.swift",
"Model/LogEventType.swift",
"Model/LogSection.swift",
"Model/PersistenceOptions.swift",
"Model/ThirdPartyTrackerOptions.swift",
"Persistence/LogPersistence.swift",
"Persistence/PersistedApiLog.swift",
"ShakeDetector.swift",
"View/ApiLogHostingController.swift",
"View/Component/ApiLogExporter.swift",
"View/Component/ApiLogPreviewData.swift",
"View/Component/ApiLogRowView.swift",
"View/Component/JSONTreeView.swift",
"View/Component/JSONValue.swift",
"View/Component/LongStringViewer.swift",
"View/Component/ShareSheet.swift",
"View/Detail/ApiLogDetailView.swift",
"View/Detail/ApiLogDetailViewModel.swift",
"View/Main/ApiLogListView.swift",
"View/Main/ApiLogListViewModel.swift"
],
"type" : "library"
}
],
"tools_version" : "5.9"
}
{
"workspace" : {
"name" : "ApiLogKit",
"schemes" : [
"ApiLogKit"
]
}
}
2026-10-24 20:41:40.332 xcodebuild[661:3894] [MT] IDERunDestination: Supported platforms for the buildables in the current scheme is empty.
Running build ...
env DEVELOPER_DIR=/Applications/Xcode-27.0.0.app xcrun xcodebuild -IDEClonedSourcePackagesDirPathOverride=$PWD/.dependencies -skipMacroValidation -skipPackagePluginValidation -derivedDataPath $PWD/.derivedData build -scheme ApiLogKit -destination generic/platform=watchOS
Command line invocation:
/Applications/Xcode-27.0.0.app/Contents/Developer/usr/bin/xcodebuild -IDEClonedSourcePackagesDirPathOverride=/Users/admin/builder/spi-builder-workspace/.dependencies -skipMacroValidation -skipPackagePluginValidation -derivedDataPath /Users/admin/builder/spi-builder-workspace/.derivedData build -scheme ApiLogKit -destination generic/platform=watchOS
Resolve Package Graph
Resolved source packages:
ApiLogKit: /Users/admin/builder/spi-builder-workspace
ComputePackagePrebuildTargetDependencyGraph
Prepare packages
CreateBuildRequest
SendProjectDescription
CreateBuildOperation
ComputeTargetDependencyGraph
note: Building targets in dependency order
note: Target dependency graph (2 targets)
Target 'ApiLogKit-product' in project 'ApiLogKit'
➜ Explicit dependency on target 'ApiLogKit' in project 'ApiLogKit'
Target 'ApiLogKit' in project 'ApiLogKit' (no dependencies)
GatherProvisioningInputs
CreateBuildDescription
ExecuteExternalTool /Applications/Xcode-27.0.0.app/Contents/Developer/Toolchains/XcodeDefault.xctoolchain/usr/bin/clang -v -E -dM -isysroot /Applications/Xcode-27.0.0.app/Contents/Developer/Platforms/WatchOS.platform/Developer/SDKs/WatchOS27.0.sdk -x c -c /dev/null
ExecuteExternalTool /Applications/Xcode-27.0.0.app/Contents/Developer/Toolchains/XcodeDefault.xctoolchain/usr/bin/swiftc --version
ExecuteExternalTool /Applications/Xcode-27.0.0.app/Contents/Developer/Toolchains/XcodeDefault.xctoolchain/usr/bin/ld -version_details
Build description signature: a1f200cfb4bd59c067f72b6669dc17f2
Build description path: /Users/admin/builder/spi-builder-workspace/.derivedData/Build/Intermediates.noindex/XCBuildData/a1f200cfb4bd59c067f72b6669dc17f2.xcbuilddata
CreateBuildDirectory /Users/admin/builder/spi-builder-workspace/.derivedData/SDKExplicitPrecompiledModules
cd /Users/admin/builder/spi-builder-workspace/.swiftpm/xcode
builtin-create-build-directory /Users/admin/builder/spi-builder-workspace/.derivedData/SDKExplicitPrecompiledModules
CreateBuildDirectory /Users/admin/builder/spi-builder-workspace/.derivedData/ModuleCache.noindex
cd /Users/admin/builder/spi-builder-workspace/.swiftpm/xcode
builtin-create-build-directory /Users/admin/builder/spi-builder-workspace/.derivedData/ModuleCache.noindex
CreateBuildDirectory /Users/admin/builder/spi-builder-workspace/.derivedData/CompilationCache.noindex
cd /Users/admin/builder/spi-builder-workspace/.swiftpm/xcode
builtin-create-build-directory /Users/admin/builder/spi-builder-workspace/.derivedData/CompilationCache.noindex
CreateBuildDirectory /Users/admin/builder/spi-builder-workspace/.derivedData/Build/Products
cd /Users/admin/builder/spi-builder-workspace/.swiftpm/xcode
builtin-create-build-directory /Users/admin/builder/spi-builder-workspace/.derivedData/Build/Products
CreateBuildDirectory /Users/admin/builder/spi-builder-workspace/.derivedData/Build/Intermediates.noindex
cd /Users/admin/builder/spi-builder-workspace/.swiftpm/xcode
builtin-create-build-directory /Users/admin/builder/spi-builder-workspace/.derivedData/Build/Intermediates.noindex
ClangStatCache /Applications/Xcode-27.0.0.app/Contents/Developer/Toolchains/XcodeDefault.xctoolchain/usr/bin/clang-stat-cache /Applications/Xcode-27.0.0.app/Contents/Developer/Platforms/WatchOS.platform/Developer/SDKs/WatchOS27.0.sdk /Users/admin/builder/spi-builder-workspace/.derivedData/SDKStatCaches.noindex/watchos27.0-24R360-e829b21a6f8c9b70876ba0858053c044b9db9bc9c079ee3c7b5f3373b13d10bc.sdkstatcache
cd /Users/admin/builder/spi-builder-workspace/.swiftpm/xcode
/Applications/Xcode-27.0.0.app/Contents/Developer/Toolchains/XcodeDefault.xctoolchain/usr/bin/clang-stat-cache /Applications/Xcode-27.0.0.app/Contents/Developer/Platforms/WatchOS.platform/Developer/SDKs/WatchOS27.0.sdk -o /Users/admin/builder/spi-builder-workspace/.derivedData/SDKStatCaches.noindex/watchos27.0-24R360-e829b21a6f8c9b70876ba0858053c044b9db9bc9c079ee3c7b5f3373b13d10bc.sdkstatcache
CreateBuildDirectory /Users/admin/builder/spi-builder-workspace/.derivedData/Build/Intermediates.noindex/SwiftExplicitPrecompiledModules
cd /Users/admin/builder/spi-builder-workspace/.swiftpm/xcode
builtin-create-build-directory /Users/admin/builder/spi-builder-workspace/.derivedData/Build/Intermediates.noindex/SwiftExplicitPrecompiledModules
CreateBuildDirectory /Users/admin/builder/spi-builder-workspace/.derivedData/Build/Products/Debug-watchos
cd /Users/admin/builder/spi-builder-workspace/.swiftpm/xcode
builtin-create-build-directory /Users/admin/builder/spi-builder-workspace/.derivedData/Build/Products/Debug-watchos
CreateBuildDirectory /Users/admin/builder/spi-builder-workspace/.derivedData/Build/Intermediates.noindex/ExplicitPrecompiledModules
cd /Users/admin/builder/spi-builder-workspace/.swiftpm/xcode
builtin-create-build-directory /Users/admin/builder/spi-builder-workspace/.derivedData/Build/Intermediates.noindex/ExplicitPrecompiledModules
CreateBuildDirectory /Users/admin/builder/spi-builder-workspace/.derivedData/Build/Intermediates.noindex/PrecompiledHeaders
cd /Users/admin/builder/spi-builder-workspace/.swiftpm/xcode
builtin-create-build-directory /Users/admin/builder/spi-builder-workspace/.derivedData/Build/Intermediates.noindex/PrecompiledHeaders
CreateBuildDirectory /Users/admin/builder/spi-builder-workspace/.derivedData/Build/Intermediates.noindex/EagerLinkingTBDs/Debug-watchos
cd /Users/admin/builder/spi-builder-workspace/.swiftpm/xcode
builtin-create-build-directory /Users/admin/builder/spi-builder-workspace/.derivedData/Build/Intermediates.noindex/EagerLinkingTBDs/Debug-watchos
CreateBuildDirectory /Users/admin/builder/spi-builder-workspace/.derivedData/Build/Products/Debug-watchos/PackageFrameworks
cd /Users/admin/builder/spi-builder-workspace/.swiftpm/xcode
builtin-create-build-directory /Users/admin/builder/spi-builder-workspace/.derivedData/Build/Products/Debug-watchos/PackageFrameworks
WriteAuxiliaryFile /Users/admin/builder/spi-builder-workspace/.derivedData/Build/Intermediates.noindex/ApiLogKit.build/Debug-watchos/ApiLogKit-t.build/ApiLogKit.modulemap (in target 'ApiLogKit' from project 'ApiLogKit')
cd /Users/admin/builder/spi-builder-workspace
write-file /Users/admin/builder/spi-builder-workspace/.derivedData/Build/Intermediates.noindex/ApiLogKit.build/Debug-watchos/ApiLogKit-t.build/ApiLogKit.modulemap
WriteAuxiliaryFile /Users/admin/builder/spi-builder-workspace/.derivedData/Build/Intermediates.noindex/ApiLogKit.build/Debug-watchos/ApiLogKit-t.build/Objects-normal/arm64/ApiLogKit.LinkFileList (in target 'ApiLogKit' from project 'ApiLogKit')
cd /Users/admin/builder/spi-builder-workspace
write-file /Users/admin/builder/spi-builder-workspace/.derivedData/Build/Intermediates.noindex/ApiLogKit.build/Debug-watchos/ApiLogKit-t.build/Objects-normal/arm64/ApiLogKit.LinkFileList
WriteAuxiliaryFile /Users/admin/builder/spi-builder-workspace/.derivedData/Build/Intermediates.noindex/ApiLogKit.build/Debug-watchos/ApiLogKit-t.build/Objects-normal/arm64_32/ApiLogKit.SwiftConstValuesFileList (in target 'ApiLogKit' from project 'ApiLogKit')
cd /Users/admin/builder/spi-builder-workspace
write-file /Users/admin/builder/spi-builder-workspace/.derivedData/Build/Intermediates.noindex/ApiLogKit.build/Debug-watchos/ApiLogKit-t.build/Objects-normal/arm64_32/ApiLogKit.SwiftConstValuesFileList
WriteAuxiliaryFile /Users/admin/builder/spi-builder-workspace/.derivedData/Build/Intermediates.noindex/ApiLogKit.build/Debug-watchos/ApiLogKit-t.build/Objects-normal/arm64_32/ApiLogKit-OutputFileMap.json (in target 'ApiLogKit' from project 'ApiLogKit')
cd /Users/admin/builder/spi-builder-workspace
write-file /Users/admin/builder/spi-builder-workspace/.derivedData/Build/Intermediates.noindex/ApiLogKit.build/Debug-watchos/ApiLogKit-t.build/Objects-normal/arm64_32/ApiLogKit-OutputFileMap.json
WriteAuxiliaryFile /Users/admin/builder/spi-builder-workspace/.derivedData/Build/Intermediates.noindex/ApiLogKit.build/Debug-watchos/ApiLogKit-t.build/Objects-normal/arm64_32/ApiLogKit_const_extract_protocols.json (in target 'ApiLogKit' from project 'ApiLogKit')
cd /Users/admin/builder/spi-builder-workspace
write-file /Users/admin/builder/spi-builder-workspace/.derivedData/Build/Intermediates.noindex/ApiLogKit.build/Debug-watchos/ApiLogKit-t.build/Objects-normal/arm64_32/ApiLogKit_const_extract_protocols.json
WriteAuxiliaryFile /Users/admin/builder/spi-builder-workspace/.derivedData/Build/Intermediates.noindex/ApiLogKit.build/Debug-watchos/ApiLogKit-t.build/Objects-normal/arm64/ApiLogKit.SwiftFileList (in target 'ApiLogKit' from project 'ApiLogKit')
cd /Users/admin/builder/spi-builder-workspace
write-file /Users/admin/builder/spi-builder-workspace/.derivedData/Build/Intermediates.noindex/ApiLogKit.build/Debug-watchos/ApiLogKit-t.build/Objects-normal/arm64/ApiLogKit.SwiftFileList
WriteAuxiliaryFile /Users/admin/builder/spi-builder-workspace/.derivedData/Build/Intermediates.noindex/ApiLogKit.build/Debug-watchos/ApiLogKit-t.build/Objects-normal/arm64/ApiLogKit_const_extract_protocols.json (in target 'ApiLogKit' from project 'ApiLogKit')
cd /Users/admin/builder/spi-builder-workspace
write-file /Users/admin/builder/spi-builder-workspace/.derivedData/Build/Intermediates.noindex/ApiLogKit.build/Debug-watchos/ApiLogKit-t.build/Objects-normal/arm64/ApiLogKit_const_extract_protocols.json
WriteAuxiliaryFile /Users/admin/builder/spi-builder-workspace/.derivedData/Build/Intermediates.noindex/ApiLogKit.build/Debug-watchos/ApiLogKit-t.build/Objects-normal/arm64_32/ApiLogKit.LinkFileList (in target 'ApiLogKit' from project 'ApiLogKit')
cd /Users/admin/builder/spi-builder-workspace
write-file /Users/admin/builder/spi-builder-workspace/.derivedData/Build/Intermediates.noindex/ApiLogKit.build/Debug-watchos/ApiLogKit-t.build/Objects-normal/arm64_32/ApiLogKit.LinkFileList
WriteAuxiliaryFile /Users/admin/builder/spi-builder-workspace/.derivedData/Build/Intermediates.noindex/ApiLogKit.build/Debug-watchos/ApiLogKit-t.build/Objects-normal/arm64_32/ApiLogKit.SwiftFileList (in target 'ApiLogKit' from project 'ApiLogKit')
cd /Users/admin/builder/spi-builder-workspace
write-file /Users/admin/builder/spi-builder-workspace/.derivedData/Build/Intermediates.noindex/ApiLogKit.build/Debug-watchos/ApiLogKit-t.build/Objects-normal/arm64_32/ApiLogKit.SwiftFileList
WriteAuxiliaryFile /Users/admin/builder/spi-builder-workspace/.derivedData/Build/Intermediates.noindex/ApiLogKit.build/Debug-watchos/ApiLogKit-t.build/Objects-normal/arm64/ApiLogKit.SwiftConstValuesFileList (in target 'ApiLogKit' from project 'ApiLogKit')
cd /Users/admin/builder/spi-builder-workspace
write-file /Users/admin/builder/spi-builder-workspace/.derivedData/Build/Intermediates.noindex/ApiLogKit.build/Debug-watchos/ApiLogKit-t.build/Objects-normal/arm64/ApiLogKit.SwiftConstValuesFileList
WriteAuxiliaryFile /Users/admin/builder/spi-builder-workspace/.derivedData/Build/Intermediates.noindex/ApiLogKit.build/Debug-watchos/ApiLogKit-t.build/Objects-normal/arm64/ApiLogKit-OutputFileMap.json (in target 'ApiLogKit' from project 'ApiLogKit')
cd /Users/admin/builder/spi-builder-workspace
write-file /Users/admin/builder/spi-builder-workspace/.derivedData/Build/Intermediates.noindex/ApiLogKit.build/Debug-watchos/ApiLogKit-t.build/Objects-normal/arm64/ApiLogKit-OutputFileMap.json
WriteAuxiliaryFile /Users/admin/builder/spi-builder-workspace/.derivedData/Build/Intermediates.noindex/ApiLogKit.build/Debug-watchos/ApiLogKit-t.build/ApiLogKit.DependencyStaticMetadataFileList (in target 'ApiLogKit' from project 'ApiLogKit')
cd /Users/admin/builder/spi-builder-workspace
write-file /Users/admin/builder/spi-builder-workspace/.derivedData/Build/Intermediates.noindex/ApiLogKit.build/Debug-watchos/ApiLogKit-t.build/ApiLogKit.DependencyStaticMetadataFileList
WriteAuxiliaryFile /Users/admin/builder/spi-builder-workspace/.derivedData/Build/Intermediates.noindex/ApiLogKit.build/Debug-watchos/ApiLogKit-t.build/ApiLogKit.DependencyMetadataFileList (in target 'ApiLogKit' from project 'ApiLogKit')
cd /Users/admin/builder/spi-builder-workspace
write-file /Users/admin/builder/spi-builder-workspace/.derivedData/Build/Intermediates.noindex/ApiLogKit.build/Debug-watchos/ApiLogKit-t.build/ApiLogKit.DependencyMetadataFileList
Copy /Users/admin/builder/spi-builder-workspace/.derivedData/Build/Intermediates.noindex/GeneratedModuleMaps-watchos/ApiLogKit.modulemap /Users/admin/builder/spi-builder-workspace/.derivedData/Build/Intermediates.noindex/ApiLogKit.build/Debug-watchos/ApiLogKit-t.build/ApiLogKit.modulemap (in target 'ApiLogKit' from project 'ApiLogKit')
cd /Users/admin/builder/spi-builder-workspace
builtin-copy -exclude .DS_Store -exclude CVS -exclude .svn -exclude .git -exclude .hg -resolve-src-symlinks /Users/admin/builder/spi-builder-workspace/.derivedData/Build/Intermediates.noindex/ApiLogKit.build/Debug-watchos/ApiLogKit-t.build/ApiLogKit.modulemap /Users/admin/builder/spi-builder-workspace/.derivedData/Build/Intermediates.noindex/GeneratedModuleMaps-watchos
SwiftDriver ApiLogKit normal arm64_32 com.apple.xcode.tools.swift.compiler (in target 'ApiLogKit' from project 'ApiLogKit')
cd /Users/admin/builder/spi-builder-workspace/.swiftpm/xcode
builtin-SwiftDriver -- /Applications/Xcode-27.0.0.app/Contents/Developer/Toolchains/XcodeDefault.xctoolchain/usr/bin/swiftc -parse-as-library -module-name ApiLogKit -Onone @/Users/admin/builder/spi-builder-workspace/.derivedData/Build/Intermediates.noindex/ApiLogKit.build/Debug-watchos/ApiLogKit-t.build/Objects-normal/arm64_32/ApiLogKit.SwiftFileList -DSWIFT_PACKAGE -DDEBUG -DSWIFT_MODULE_RESOURCE_BUNDLE_UNAVAILABLE -DXcode -plugin-path /Applications/Xcode-27.0.0.app/Contents/Developer/Toolchains/XcodeDefault.xctoolchain/usr/lib/swift/host/plugins/testing -enable-experimental-feature DebugDescriptionMacro -sdk /Applications/Xcode-27.0.0.app/Contents/Developer/Platforms/WatchOS.platform/Developer/SDKs/WatchOS27.0.sdk -target arm64_32-apple-watchos9.0 -g -module-cache-path /Users/admin/builder/spi-builder-workspace/.derivedData/ModuleCache.noindex -Xfrontend -serialize-debugging-options -profile-coverage-mapping -profile-generate -enable-testing -index-store-path /Users/admin/builder/spi-builder-workspace/.derivedData/Index.noindex/DataStore -Xcc -D_LIBCPP_HARDENING_MODE\=_LIBCPP_HARDENING_MODE_DEBUG -swift-version 5 -I /Users/admin/builder/spi-builder-workspace/.derivedData/Build/Products/Debug-watchos -Isystem /Applications/Xcode-27.0.0.app/Contents/Developer/Platforms/WatchOS.platform/Developer/usr/lib -F /Users/admin/builder/spi-builder-workspace/.derivedData/Build/Products/Debug-watchos -F /Applications/Xcode-27.0.0.app/Contents/Developer/Platforms/WatchOS.platform/Developer/Library/Frameworks -F /Applications/Xcode-27.0.0.app/Contents/Developer/Platforms/WatchOS.platform/Developer/SDKs/WatchOS27.0.sdk/Developer/Library/Frameworks -c -j10 -enable-batch-mode -incremental -Xcc -ivfsstatcache -Xcc /Users/admin/builder/spi-builder-workspace/.derivedData/SDKStatCaches.noindex/watchos27.0-24R360-e829b21a6f8c9b70876ba0858053c044b9db9bc9c079ee3c7b5f3373b13d10bc.sdkstatcache -output-file-map /Users/admin/builder/spi-builder-workspace/.derivedData/Build/Intermediates.noindex/ApiLogKit.build/Debug-watchos/ApiLogKit-t.build/Objects-normal/arm64_32/ApiLogKit-OutputFileMap.json -save-temps -no-color-diagnostics -explicit-module-build -module-cache-path /Users/admin/builder/spi-builder-workspace/.derivedData/Build/Intermediates.noindex/SwiftExplicitPrecompiledModules -clang-scanner-module-cache-path /Users/admin/builder/spi-builder-workspace/.derivedData/ModuleCache.noindex -sdk-module-cache-path /Users/admin/builder/spi-builder-workspace/.derivedData/SDKExplicitPrecompiledModules -emit-dependencies -emit-module -emit-module-path /Users/admin/builder/spi-builder-workspace/.derivedData/Build/Intermediates.noindex/ApiLogKit.build/Debug-watchos/ApiLogKit-t.build/Objects-normal/arm64_32/ApiLogKit.swiftmodule -serialize-diagnostics -dependency-scan-serialize-diagnostics-path /Users/admin/builder/spi-builder-workspace/.derivedData/Build/Intermediates.noindex/ApiLogKit.build/Debug-watchos/ApiLogKit-t.build/Objects-normal/arm64_32/ApiLogKit-dependency-scan.dia -validate-clang-modules-once -clang-build-session-file /Users/admin/builder/spi-builder-workspace/.derivedData/ModuleCache.noindex/Session.modulevalidation -Xcc -fmodules-prune-interval\=86400 -Xcc -fmodules-prune-after\=345600 -package-name spi_builder_workspace -emit-const-values -const-gather-protocols-list /Users/admin/builder/spi-builder-workspace/.derivedData/Build/Intermediates.noindex/ApiLogKit.build/Debug-watchos/ApiLogKit-t.build/Objects-normal/arm64_32/ApiLogKit_const_extract_protocols.json -Xcc -I/Users/admin/builder/spi-builder-workspace/.derivedData/Build/Products/Debug-watchos/include -Xcc -I/Users/admin/builder/spi-builder-workspace/.derivedData/Build/Intermediates.noindex/ApiLogKit.build/Debug-watchos/ApiLogKit-t.build/DerivedSources-normal/arm64_32 -Xcc -I/Users/admin/builder/spi-builder-workspace/.derivedData/Build/Intermediates.noindex/ApiLogKit.build/Debug-watchos/ApiLogKit-t.build/DerivedSources/arm64_32 -Xcc -I/Users/admin/builder/spi-builder-workspace/.derivedData/Build/Intermediates.noindex/ApiLogKit.build/Debug-watchos/ApiLogKit-t.build/DerivedSources -Xcc -DSWIFT_PACKAGE -Xcc -DDEBUG\=1 -emit-objc-header -emit-objc-header-path /Users/admin/builder/spi-builder-workspace/.derivedData/Build/Intermediates.noindex/ApiLogKit.build/Debug-watchos/ApiLogKit-t.build/Objects-normal/arm64_32/ApiLogKit-Swift.h -working-directory /Users/admin/builder/spi-builder-workspace/.swiftpm/xcode -experimental-emit-module-separately -disable-cmo
/Users/admin/builder/spi-builder-workspace/Sources/ApiLogKit/ShakeDetector.swift:7:8: error: Unable to resolve module dependency: 'AudioToolbox' (in target 'ApiLogKit' from project 'ApiLogKit')
note: A dependency of main module 'ApiLogKit'
/Users/admin/builder/spi-builder-workspace/Sources/ApiLogKit/ShakeDetector.swift:7:8: note: A dependency of main module 'ApiLogKit'
import AudioToolbox
^ (in target 'ApiLogKit' from project 'ApiLogKit')
SwiftDriver ApiLogKit normal arm64 com.apple.xcode.tools.swift.compiler (in target 'ApiLogKit' from project 'ApiLogKit')
cd /Users/admin/builder/spi-builder-workspace/.swiftpm/xcode
builtin-SwiftDriver -- /Applications/Xcode-27.0.0.app/Contents/Developer/Toolchains/XcodeDefault.xctoolchain/usr/bin/swiftc -parse-as-library -module-name ApiLogKit -Onone @/Users/admin/builder/spi-builder-workspace/.derivedData/Build/Intermediates.noindex/ApiLogKit.build/Debug-watchos/ApiLogKit-t.build/Objects-normal/arm64/ApiLogKit.SwiftFileList -DSWIFT_PACKAGE -DDEBUG -DSWIFT_MODULE_RESOURCE_BUNDLE_UNAVAILABLE -DXcode -plugin-path /Applications/Xcode-27.0.0.app/Contents/Developer/Toolchains/XcodeDefault.xctoolchain/usr/lib/swift/host/plugins/testing -enable-experimental-feature DebugDescriptionMacro -sdk /Applications/Xcode-27.0.0.app/Contents/Developer/Platforms/WatchOS.platform/Developer/SDKs/WatchOS27.0.sdk -target arm64-apple-watchos9.0 -g -module-cache-path /Users/admin/builder/spi-builder-workspace/.derivedData/ModuleCache.noindex -Xfrontend -serialize-debugging-options -profile-coverage-mapping -profile-generate -enable-testing -index-store-path /Users/admin/builder/spi-builder-workspace/.derivedData/Index.noindex/DataStore -Xcc -D_LIBCPP_HARDENING_MODE\=_LIBCPP_HARDENING_MODE_DEBUG -swift-version 5 -I /Users/admin/builder/spi-builder-workspace/.derivedData/Build/Products/Debug-watchos -Isystem /Applications/Xcode-27.0.0.app/Contents/Developer/Platforms/WatchOS.platform/Developer/usr/lib -F /Users/admin/builder/spi-builder-workspace/.derivedData/Build/Products/Debug-watchos -F /Applications/Xcode-27.0.0.app/Contents/Developer/Platforms/WatchOS.platform/Developer/Library/Frameworks -F /Applications/Xcode-27.0.0.app/Contents/Developer/Platforms/WatchOS.platform/Developer/SDKs/WatchOS27.0.sdk/Developer/Library/Frameworks -c -j10 -enable-batch-mode -incremental -Xcc -ivfsstatcache -Xcc /Users/admin/builder/spi-builder-workspace/.derivedData/SDKStatCaches.noindex/watchos27.0-24R360-e829b21a6f8c9b70876ba0858053c044b9db9bc9c079ee3c7b5f3373b13d10bc.sdkstatcache -output-file-map /Users/admin/builder/spi-builder-workspace/.derivedData/Build/Intermediates.noindex/ApiLogKit.build/Debug-watchos/ApiLogKit-t.build/Objects-normal/arm64/ApiLogKit-OutputFileMap.json -save-temps -no-color-diagnostics -explicit-module-build -module-cache-path /Users/admin/builder/spi-builder-workspace/.derivedData/Build/Intermediates.noindex/SwiftExplicitPrecompiledModules -clang-scanner-module-cache-path /Users/admin/builder/spi-builder-workspace/.derivedData/ModuleCache.noindex -sdk-module-cache-path /Users/admin/builder/spi-builder-workspace/.derivedData/SDKExplicitPrecompiledModules -emit-dependencies -emit-module -emit-module-path /Users/admin/builder/spi-builder-workspace/.derivedData/Build/Intermediates.noindex/ApiLogKit.build/Debug-watchos/ApiLogKit-t.build/Objects-normal/arm64/ApiLogKit.swiftmodule -serialize-diagnostics -dependency-scan-serialize-diagnostics-path /Users/admin/builder/spi-builder-workspace/.derivedData/Build/Intermediates.noindex/ApiLogKit.build/Debug-watchos/ApiLogKit-t.build/Objects-normal/arm64/ApiLogKit-dependency-scan.dia -validate-clang-modules-once -clang-build-session-file /Users/admin/builder/spi-builder-workspace/.derivedData/ModuleCache.noindex/Session.modulevalidation -Xcc -fmodules-prune-interval\=86400 -Xcc -fmodules-prune-after\=345600 -package-name spi_builder_workspace -emit-const-values -const-gather-protocols-list /Users/admin/builder/spi-builder-workspace/.derivedData/Build/Intermediates.noindex/ApiLogKit.build/Debug-watchos/ApiLogKit-t.build/Objects-normal/arm64/ApiLogKit_const_extract_protocols.json -Xcc -I/Users/admin/builder/spi-builder-workspace/.derivedData/Build/Products/Debug-watchos/include -Xcc -I/Users/admin/builder/spi-builder-workspace/.derivedData/Build/Intermediates.noindex/ApiLogKit.build/Debug-watchos/ApiLogKit-t.build/DerivedSources-normal/arm64 -Xcc -I/Users/admin/builder/spi-builder-workspace/.derivedData/Build/Intermediates.noindex/ApiLogKit.build/Debug-watchos/ApiLogKit-t.build/DerivedSources/arm64 -Xcc -I/Users/admin/builder/spi-builder-workspace/.derivedData/Build/Intermediates.noindex/ApiLogKit.build/Debug-watchos/ApiLogKit-t.build/DerivedSources -Xcc -DSWIFT_PACKAGE -Xcc -DDEBUG\=1 -emit-objc-header -emit-objc-header-path /Users/admin/builder/spi-builder-workspace/.derivedData/Build/Intermediates.noindex/ApiLogKit.build/Debug-watchos/ApiLogKit-t.build/Objects-normal/arm64/ApiLogKit-Swift.h -working-directory /Users/admin/builder/spi-builder-workspace/.swiftpm/xcode -experimental-emit-module-separately -disable-cmo
/Users/admin/builder/spi-builder-workspace/Sources/ApiLogKit/ShakeDetector.swift:7:8: error: Unable to resolve module dependency: 'AudioToolbox' (in target 'ApiLogKit' from project 'ApiLogKit')
note: A dependency of main module 'ApiLogKit'
/Users/admin/builder/spi-builder-workspace/Sources/ApiLogKit/ShakeDetector.swift:7:8: note: A dependency of main module 'ApiLogKit'
import AudioToolbox
^ (in target 'ApiLogKit' from project 'ApiLogKit')
PruneExplicitPrecompiledModules /Users/admin/builder/spi-builder-workspace/.derivedData/SDKExplicitPrecompiledModules
PruneExplicitPrecompiledModules /Users/admin/builder/spi-builder-workspace/.derivedData/Build/Intermediates.noindex/SwiftExplicitPrecompiledModules
PruneExplicitPrecompiledModules /Users/admin/builder/spi-builder-workspace/.derivedData/Build/Intermediates.noindex/ExplicitPrecompiledModules
2026-10-24 20:41:41.873 xcodebuild[662:3944] [MT] IDERunDestination: Supported platforms for the buildables in the current scheme is empty.
** BUILD FAILED **
The following build commands failed:
SwiftDriver ApiLogKit normal arm64_32 com.apple.xcode.tools.swift.compiler (in target 'ApiLogKit' from project 'ApiLogKit')
SwiftDriver ApiLogKit normal arm64 com.apple.xcode.tools.swift.compiler (in target 'ApiLogKit' from project 'ApiLogKit')
Building workspace ApiLogKit with scheme ApiLogKit
(3 failures)
Command line invocation:
/Applications/Xcode-27.0.0.app/Contents/Developer/usr/bin/xcodebuild -IDEClonedSourcePackagesDirPathOverride=/Users/admin/builder/spi-builder-workspace/.dependencies -resolvePackageDependencies
Resolve Package Graph
Resolved source packages:
ApiLogKit: /Users/admin/builder/spi-builder-workspace
resolved source packages: ApiLogKit
2026-10-24 20:41:45.471 xcodebuild[698:4362] [MT] IDERunDestination: Supported platforms for the buildables in the current scheme is empty.
{
"dependencies" : [
],
"manifest_display_name" : "ApiLogKit",
"name" : "ApiLogKit",
"path" : "/Users/admin/builder/spi-builder-workspace",
"platforms" : [
{
"name" : "ios",
"version" : "15.0"
}
],
"products" : [
{
"name" : "ApiLogKit",
"targets" : [
"ApiLogKit"
],
"type" : {
"library" : [
"automatic"
]
}
}
],
"targets" : [
{
"c99name" : "ApiLogKitTests",
"module_type" : "SwiftTarget",
"name" : "ApiLogKitTests",
"path" : "Tests/ApiLogKitTests",
"sources" : [
"ApiLogDetailViewModelTests.swift",
"ApiLogExporterTests.swift",
"ApiLogFilterTests.swift",
"ApiLoggerTests.swift",
"EmbeddedJSONTests.swift",
"PersistedApiLogTests.swift",
"RestoredLogTests.swift"
],
"target_dependencies" : [
"ApiLogKit"
],
"type" : "test"
},
{
"c99name" : "ApiLogKit",
"module_type" : "SwiftTarget",
"name" : "ApiLogKit",
"path" : "Sources/ApiLogKit",
"product_memberships" : [
"ApiLogKit"
],
"sources" : [
"ApiLogKitConfig.swift",
"Helper/InternalHelpers.swift",
"Interceptor/ApiLogURLProtocol.swift",
"Interceptor/ThirdPartyTracker.swift",
"Interceptor/URLSessionConfiguration+ApiLogKit.swift",
"Model/ApiLog.swift",
"Model/ApiLogFilter.swift",
"Model/ApiLogger.swift",
"Model/LogEventType.swift",
"Model/LogSection.swift",
"Model/PersistenceOptions.swift",
"Model/ThirdPartyTrackerOptions.swift",
"Persistence/LogPersistence.swift",
"Persistence/PersistedApiLog.swift",
"ShakeDetector.swift",
"View/ApiLogHostingController.swift",
"View/Component/ApiLogExporter.swift",
"View/Component/ApiLogPreviewData.swift",
"View/Component/ApiLogRowView.swift",
"View/Component/JSONTreeView.swift",
"View/Component/JSONValue.swift",
"View/Component/LongStringViewer.swift",
"View/Component/ShareSheet.swift",
"View/Detail/ApiLogDetailView.swift",
"View/Detail/ApiLogDetailViewModel.swift",
"View/Main/ApiLogListView.swift",
"View/Main/ApiLogListViewModel.swift"
],
"type" : "library"
}
],
"tools_version" : "5.9"
}
{
"workspace" : {
"name" : "ApiLogKit",
"schemes" : [
"ApiLogKit"
]
}
}
2026-10-24 20:41:46.737 xcodebuild[707:4437] [MT] IDERunDestination: Supported platforms for the buildables in the current scheme is empty.
Running build ...
env DEVELOPER_DIR=/Applications/Xcode-27.0.0.app xcrun xcodebuild -IDEClonedSourcePackagesDirPathOverride=$PWD/.dependencies -skipMacroValidation -skipPackagePluginValidation -derivedDataPath $PWD/.derivedData build -scheme ApiLogKit -destination generic/platform=watchOS
Command line invocation:
/Applications/Xcode-27.0.0.app/Contents/Developer/usr/bin/xcodebuild -IDEClonedSourcePackagesDirPathOverride=/Users/admin/builder/spi-builder-workspace/.dependencies -skipMacroValidation -skipPackagePluginValidation -derivedDataPath /Users/admin/builder/spi-builder-workspace/.derivedData build -scheme ApiLogKit -destination generic/platform=watchOS
Resolve Package Graph
Resolved source packages:
ApiLogKit: /Users/admin/builder/spi-builder-workspace
ComputePackagePrebuildTargetDependencyGraph
Prepare packages
CreateBuildRequest
SendProjectDescription
CreateBuildOperation
ComputeTargetDependencyGraph
note: Building targets in dependency order
note: Target dependency graph (2 targets)
Target 'ApiLogKit-product' in project 'ApiLogKit'
➜ Explicit dependency on target 'ApiLogKit' in project 'ApiLogKit'
Target 'ApiLogKit' in project 'ApiLogKit' (no dependencies)
GatherProvisioningInputs
CreateBuildDescription
ClangStatCache /Applications/Xcode-27.0.0.app/Contents/Developer/Toolchains/XcodeDefault.xctoolchain/usr/bin/clang-stat-cache /Applications/Xcode-27.0.0.app/Contents/Developer/Platforms/WatchOS.platform/Developer/SDKs/WatchOS27.0.sdk /Users/admin/builder/spi-builder-workspace/.derivedData/SDKStatCaches.noindex/watchos27.0-24R360-e829b21a6f8c9b70876ba0858053c044b9db9bc9c079ee3c7b5f3373b13d10bc.sdkstatcache
cd /Users/admin/builder/spi-builder-workspace/.swiftpm/xcode
/Applications/Xcode-27.0.0.app/Contents/Developer/Toolchains/XcodeDefault.xctoolchain/usr/bin/clang-stat-cache /Applications/Xcode-27.0.0.app/Contents/Developer/Platforms/WatchOS.platform/Developer/SDKs/WatchOS27.0.sdk -o /Users/admin/builder/spi-builder-workspace/.derivedData/SDKStatCaches.noindex/watchos27.0-24R360-e829b21a6f8c9b70876ba0858053c044b9db9bc9c079ee3c7b5f3373b13d10bc.sdkstatcache
SwiftDriver ApiLogKit normal arm64_32 com.apple.xcode.tools.swift.compiler (in target 'ApiLogKit' from project 'ApiLogKit')
cd /Users/admin/builder/spi-builder-workspace/.swiftpm/xcode
builtin-SwiftDriver -- /Applications/Xcode-27.0.0.app/Contents/Developer/Toolchains/XcodeDefault.xctoolchain/usr/bin/swiftc -parse-as-library -module-name ApiLogKit -Onone @/Users/admin/builder/spi-builder-workspace/.derivedData/Build/Intermediates.noindex/ApiLogKit.build/Debug-watchos/ApiLogKit-t.build/Objects-normal/arm64_32/ApiLogKit.SwiftFileList -DSWIFT_PACKAGE -DDEBUG -DSWIFT_MODULE_RESOURCE_BUNDLE_UNAVAILABLE -DXcode -plugin-path /Applications/Xcode-27.0.0.app/Contents/Developer/Toolchains/XcodeDefault.xctoolchain/usr/lib/swift/host/plugins/testing -enable-experimental-feature DebugDescriptionMacro -sdk /Applications/Xcode-27.0.0.app/Contents/Developer/Platforms/WatchOS.platform/Developer/SDKs/WatchOS27.0.sdk -target arm64_32-apple-watchos9.0 -g -module-cache-path /Users/admin/builder/spi-builder-workspace/.derivedData/ModuleCache.noindex -Xfrontend -serialize-debugging-options -profile-coverage-mapping -profile-generate -enable-testing -index-store-path /Users/admin/builder/spi-builder-workspace/.derivedData/Index.noindex/DataStore -Xcc -D_LIBCPP_HARDENING_MODE\=_LIBCPP_HARDENING_MODE_DEBUG -swift-version 5 -I /Users/admin/builder/spi-builder-workspace/.derivedData/Build/Products/Debug-watchos -Isystem /Applications/Xcode-27.0.0.app/Contents/Developer/Platforms/WatchOS.platform/Developer/usr/lib -F /Users/admin/builder/spi-builder-workspace/.derivedData/Build/Products/Debug-watchos -F /Applications/Xcode-27.0.0.app/Contents/Developer/Platforms/WatchOS.platform/Developer/Library/Frameworks -F /Applications/Xcode-27.0.0.app/Contents/Developer/Platforms/WatchOS.platform/Developer/SDKs/WatchOS27.0.sdk/Developer/Library/Frameworks -c -j10 -enable-batch-mode -incremental -Xcc -ivfsstatcache -Xcc /Users/admin/builder/spi-builder-workspace/.derivedData/SDKStatCaches.noindex/watchos27.0-24R360-e829b21a6f8c9b70876ba0858053c044b9db9bc9c079ee3c7b5f3373b13d10bc.sdkstatcache -output-file-map /Users/admin/builder/spi-builder-workspace/.derivedData/Build/Intermediates.noindex/ApiLogKit.build/Debug-watchos/ApiLogKit-t.build/Objects-normal/arm64_32/ApiLogKit-OutputFileMap.json -save-temps -no-color-diagnostics -explicit-module-build -module-cache-path /Users/admin/builder/spi-builder-workspace/.derivedData/Build/Intermediates.noindex/SwiftExplicitPrecompiledModules -clang-scanner-module-cache-path /Users/admin/builder/spi-builder-workspace/.derivedData/ModuleCache.noindex -sdk-module-cache-path /Users/admin/builder/spi-builder-workspace/.derivedData/SDKExplicitPrecompiledModules -emit-dependencies -emit-module -emit-module-path /Users/admin/builder/spi-builder-workspace/.derivedData/Build/Intermediates.noindex/ApiLogKit.build/Debug-watchos/ApiLogKit-t.build/Objects-normal/arm64_32/ApiLogKit.swiftmodule -serialize-diagnostics -dependency-scan-serialize-diagnostics-path /Users/admin/builder/spi-builder-workspace/.derivedData/Build/Intermediates.noindex/ApiLogKit.build/Debug-watchos/ApiLogKit-t.build/Objects-normal/arm64_32/ApiLogKit-dependency-scan.dia -validate-clang-modules-once -clang-build-session-file /Users/admin/builder/spi-builder-workspace/.derivedData/ModuleCache.noindex/Session.modulevalidation -Xcc -fmodules-prune-interval\=86400 -Xcc -fmodules-prune-after\=345600 -package-name spi_builder_workspace -emit-const-values -const-gather-protocols-list /Users/admin/builder/spi-builder-workspace/.derivedData/Build/Intermediates.noindex/ApiLogKit.build/Debug-watchos/ApiLogKit-t.build/Objects-normal/arm64_32/ApiLogKit_const_extract_protocols.json -Xcc -I/Users/admin/builder/spi-builder-workspace/.derivedData/Build/Products/Debug-watchos/include -Xcc -I/Users/admin/builder/spi-builder-workspace/.derivedData/Build/Intermediates.noindex/ApiLogKit.build/Debug-watchos/ApiLogKit-t.build/DerivedSources-normal/arm64_32 -Xcc -I/Users/admin/builder/spi-builder-workspace/.derivedData/Build/Intermediates.noindex/ApiLogKit.build/Debug-watchos/ApiLogKit-t.build/DerivedSources/arm64_32 -Xcc -I/Users/admin/builder/spi-builder-workspace/.derivedData/Build/Intermediates.noindex/ApiLogKit.build/Debug-watchos/ApiLogKit-t.build/DerivedSources -Xcc -DSWIFT_PACKAGE -Xcc -DDEBUG\=1 -emit-objc-header -emit-objc-header-path /Users/admin/builder/spi-builder-workspace/.derivedData/Build/Intermediates.noindex/ApiLogKit.build/Debug-watchos/ApiLogKit-t.build/Objects-normal/arm64_32/ApiLogKit-Swift.h -working-directory /Users/admin/builder/spi-builder-workspace/.swiftpm/xcode -experimental-emit-module-separately -disable-cmo
/Users/admin/builder/spi-builder-workspace/Sources/ApiLogKit/ShakeDetector.swift:7:8: error: Unable to resolve module dependency: 'AudioToolbox' (in target 'ApiLogKit' from project 'ApiLogKit')
note: A dependency of main module 'ApiLogKit'
/Users/admin/builder/spi-builder-workspace/Sources/ApiLogKit/ShakeDetector.swift:7:8: note: A dependency of main module 'ApiLogKit'
import AudioToolbox
^ (in target 'ApiLogKit' from project 'ApiLogKit')
SwiftDriver ApiLogKit normal arm64 com.apple.xcode.tools.swift.compiler (in target 'ApiLogKit' from project 'ApiLogKit')
cd /Users/admin/builder/spi-builder-workspace/.swiftpm/xcode
builtin-SwiftDriver -- /Applications/Xcode-27.0.0.app/Contents/Developer/Toolchains/XcodeDefault.xctoolchain/usr/bin/swiftc -parse-as-library -module-name ApiLogKit -Onone @/Users/admin/builder/spi-builder-workspace/.derivedData/Build/Intermediates.noindex/ApiLogKit.build/Debug-watchos/ApiLogKit-t.build/Objects-normal/arm64/ApiLogKit.SwiftFileList -DSWIFT_PACKAGE -DDEBUG -DSWIFT_MODULE_RESOURCE_BUNDLE_UNAVAILABLE -DXcode -plugin-path /Applications/Xcode-27.0.0.app/Contents/Developer/Toolchains/XcodeDefault.xctoolchain/usr/lib/swift/host/plugins/testing -enable-experimental-feature DebugDescriptionMacro -sdk /Applications/Xcode-27.0.0.app/Contents/Developer/Platforms/WatchOS.platform/Developer/SDKs/WatchOS27.0.sdk -target arm64-apple-watchos9.0 -g -module-cache-path /Users/admin/builder/spi-builder-workspace/.derivedData/ModuleCache.noindex -Xfrontend -serialize-debugging-options -profile-coverage-mapping -profile-generate -enable-testing -index-store-path /Users/admin/builder/spi-builder-workspace/.derivedData/Index.noindex/DataStore -Xcc -D_LIBCPP_HARDENING_MODE\=_LIBCPP_HARDENING_MODE_DEBUG -swift-version 5 -I /Users/admin/builder/spi-builder-workspace/.derivedData/Build/Products/Debug-watchos -Isystem /Applications/Xcode-27.0.0.app/Contents/Developer/Platforms/WatchOS.platform/Developer/usr/lib -F /Users/admin/builder/spi-builder-workspace/.derivedData/Build/Products/Debug-watchos -F /Applications/Xcode-27.0.0.app/Contents/Developer/Platforms/WatchOS.platform/Developer/Library/Frameworks -F /Applications/Xcode-27.0.0.app/Contents/Developer/Platforms/WatchOS.platform/Developer/SDKs/WatchOS27.0.sdk/Developer/Library/Frameworks -c -j10 -enable-batch-mode -incremental -Xcc -ivfsstatcache -Xcc /Users/admin/builder/spi-builder-workspace/.derivedData/SDKStatCaches.noindex/watchos27.0-24R360-e829b21a6f8c9b70876ba0858053c044b9db9bc9c079ee3c7b5f3373b13d10bc.sdkstatcache -output-file-map /Users/admin/builder/spi-builder-workspace/.derivedData/Build/Intermediates.noindex/ApiLogKit.build/Debug-watchos/ApiLogKit-t.build/Objects-normal/arm64/ApiLogKit-OutputFileMap.json -save-temps -no-color-diagnostics -explicit-module-build -module-cache-path /Users/admin/builder/spi-builder-workspace/.derivedData/Build/Intermediates.noindex/SwiftExplicitPrecompiledModules -clang-scanner-module-cache-path /Users/admin/builder/spi-builder-workspace/.derivedData/ModuleCache.noindex -sdk-module-cache-path /Users/admin/builder/spi-builder-workspace/.derivedData/SDKExplicitPrecompiledModules -emit-dependencies -emit-module -emit-module-path /Users/admin/builder/spi-builder-workspace/.derivedData/Build/Intermediates.noindex/ApiLogKit.build/Debug-watchos/ApiLogKit-t.build/Objects-normal/arm64/ApiLogKit.swiftmodule -serialize-diagnostics -dependency-scan-serialize-diagnostics-path /Users/admin/builder/spi-builder-workspace/.derivedData/Build/Intermediates.noindex/ApiLogKit.build/Debug-watchos/ApiLogKit-t.build/Objects-normal/arm64/ApiLogKit-dependency-scan.dia -validate-clang-modules-once -clang-build-session-file /Users/admin/builder/spi-builder-workspace/.derivedData/ModuleCache.noindex/Session.modulevalidation -Xcc -fmodules-prune-interval\=86400 -Xcc -fmodules-prune-after\=345600 -package-name spi_builder_workspace -emit-const-values -const-gather-protocols-list /Users/admin/builder/spi-builder-workspace/.derivedData/Build/Intermediates.noindex/ApiLogKit.build/Debug-watchos/ApiLogKit-t.build/Objects-normal/arm64/ApiLogKit_const_extract_protocols.json -Xcc -I/Users/admin/builder/spi-builder-workspace/.derivedData/Build/Products/Debug-watchos/include -Xcc -I/Users/admin/builder/spi-builder-workspace/.derivedData/Build/Intermediates.noindex/ApiLogKit.build/Debug-watchos/ApiLogKit-t.build/DerivedSources-normal/arm64 -Xcc -I/Users/admin/builder/spi-builder-workspace/.derivedData/Build/Intermediates.noindex/ApiLogKit.build/Debug-watchos/ApiLogKit-t.build/DerivedSources/arm64 -Xcc -I/Users/admin/builder/spi-builder-workspace/.derivedData/Build/Intermediates.noindex/ApiLogKit.build/Debug-watchos/ApiLogKit-t.build/DerivedSources -Xcc -DSWIFT_PACKAGE -Xcc -DDEBUG\=1 -emit-objc-header -emit-objc-header-path /Users/admin/builder/spi-builder-workspace/.derivedData/Build/Intermediates.noindex/ApiLogKit.build/Debug-watchos/ApiLogKit-t.build/Objects-normal/arm64/ApiLogKit-Swift.h -working-directory /Users/admin/builder/spi-builder-workspace/.swiftpm/xcode -experimental-emit-module-separately -disable-cmo
/Users/admin/builder/spi-builder-workspace/Sources/ApiLogKit/ShakeDetector.swift:7:8: error: Unable to resolve module dependency: 'AudioToolbox' (in target 'ApiLogKit' from project 'ApiLogKit')
note: A dependency of main module 'ApiLogKit'
/Users/admin/builder/spi-builder-workspace/Sources/ApiLogKit/ShakeDetector.swift:7:8: note: A dependency of main module 'ApiLogKit'
import AudioToolbox
^ (in target 'ApiLogKit' from project 'ApiLogKit')
PruneExplicitPrecompiledModules /Users/admin/builder/spi-builder-workspace/.derivedData/SDKExplicitPrecompiledModules
PruneExplicitPrecompiledModules /Users/admin/builder/spi-builder-workspace/.derivedData/Build/Intermediates.noindex/ExplicitPrecompiledModules
PruneExplicitPrecompiledModules /Users/admin/builder/spi-builder-workspace/.derivedData/Build/Intermediates.noindex/SwiftExplicitPrecompiledModules
2026-10-24 20:41:47.736 xcodebuild[708:4469] [MT] IDERunDestination: Supported platforms for the buildables in the current scheme is empty.
** BUILD FAILED **
The following build commands failed:
SwiftDriver ApiLogKit normal arm64_32 com.apple.xcode.tools.swift.compiler (in target 'ApiLogKit' from project 'ApiLogKit')
SwiftDriver ApiLogKit normal arm64 com.apple.xcode.tools.swift.compiler (in target 'ApiLogKit' from project 'ApiLogKit')
Building workspace ApiLogKit with scheme ApiLogKit
(3 failures)
BUILD FAILURE 6.4 watchOS