The Swift Package Index logo.Swift Package Index

Build Information

Failed to build ImmersiveMap, reference 0.11.0 (a3de6d), with Swift 6.4 for Android on 22 Oct 2026 19:49:26 UTC.

Build Command

bash -c docker run --pull=always --rm -v "checkouts-54344845-0":/host -w "$PWD" -e JAVA_HOME="/root/.sdkman/candidates/java/current" -e SPI_BUILD="1" -e SPI_PROCESSING="1" registry.gitlab.com/saguaro1/spi-images:android-6.4-latest swift build --swift-sdk aarch64-unknown-linux-android28 2>&1

Build Log

========================================
RunAll
========================================
Builder version: 5.1.3
Interrupt handler set up.
========================================
Checkout
========================================
Clone URL: https://github.com/artembobkin/ImmersiveMap.git
Reference: 0.11.0
Initialized empty Git repository in /host/spi-builder-workspace/.git/
hint: Using 'master' as the name for the initial branch. This default branch name
hint: is subject to change. To configure the initial branch name to use in all
hint: of your new repositories, which will suppress this warning, call:
hint:
hint: 	git config --global init.defaultBranch <name>
hint:
hint: Names commonly chosen instead of 'master' are 'main', 'trunk' and
hint: 'development'. The just-created branch can be renamed via this command:
hint:
hint: 	git branch -m <name>
From https://github.com/artembobkin/ImmersiveMap
 * tag               0.11.0     -> FETCH_HEAD
HEAD is now at a3de6d1 README: the biomes' credit beside OpenStreetMap's
Cloned https://github.com/artembobkin/ImmersiveMap.git
Revision (git rev-parse @):
a3de6d1770aa2e4ff0be8f11d04a63a19befe144
SPI manifest file found: $PWD/.spi.yml
SUCCESS checkout https://github.com/artembobkin/ImmersiveMap.git at 0.11.0
========================================
Build
========================================
Selected platform:         android
Swift version:             6.4
Building package at path:  $PWD
https://github.com/artembobkin/ImmersiveMap.git
Running build ...
bash -c docker run --pull=always --rm -v "checkouts-54344845-0":/host -w "$PWD" -e JAVA_HOME="/root/.sdkman/candidates/java/current" -e SPI_BUILD="1" -e SPI_PROCESSING="1" registry.gitlab.com/saguaro1/spi-images:android-6.4-latest swift build --swift-sdk aarch64-unknown-linux-android28 2>&1
android-6.4-latest: Pulling from saguaro1/spi-images
Digest: sha256:d9a84d7647394b4473e054b8d8a8f0e0b43300080afc6972ec459a3a608366e4
Status: Image is up to date for registry.gitlab.com/saguaro1/spi-images:android-6.4-latest
Building for debugging...
[Computing dependencies]
[Pre-planning 1 / 299]
[Planning deferred tasks]
[28 / 131] PMTiles
warning: no rule to process file '/host/spi-builder-workspace/Sources/ImmersiveMap/Avatars/Shaders/AvatarBeam.metal' of type 'sourcecode.metal' for architecture 'aarch64'
warning: no rule to process file '/host/spi-builder-workspace/Sources/ImmersiveMap/Avatars/Shaders/AvatarRender.metal' of type 'sourcecode.metal' for architecture 'aarch64'
warning: no rule to process file '/host/spi-builder-workspace/Sources/ImmersiveMap/Globe/Shaders/Globe.metal' of type 'sourcecode.metal' for architecture 'aarch64'
warning: no rule to process file '/host/spi-builder-workspace/Sources/ImmersiveMap/Horizon/Shaders/Horizon.metal' of type 'sourcecode.metal' for architecture 'aarch64'
warning: no rule to process file '/host/spi-builder-workspace/Sources/ImmersiveMap/Labels/Shaders/Base/LabelTextVertex.metal' of type 'sourcecode.metal' for architecture 'aarch64'
warning: no rule to process file '/host/spi-builder-workspace/Sources/ImmersiveMap/Labels/Shaders/POI/PoiSprite.metal' of type 'sourcecode.metal' for architecture 'aarch64'
warning: no rule to process file '/host/spi-builder-workspace/Sources/ImmersiveMap/Labels/Shaders/Road/RoadLabelTextVertex.metal' of type 'sourcecode.metal' for architecture 'aarch64'
warning: no rule to process file '/host/spi-builder-workspace/Sources/ImmersiveMap/Labels/Shaders/RouteShield/RouteShield.metal' of type 'sourcecode.metal' for architecture 'aarch64'
warning: no rule to process file '/host/spi-builder-workspace/Sources/ImmersiveMap/Labels/Shaders/Surface/SurfaceLabel.metal' of type 'sourcecode.metal' for architecture 'aarch64'
warning: no rule to process file '/host/spi-builder-workspace/Sources/ImmersiveMap/Render/Debug/Shaders/PolygonShader.metal' of type 'sourcecode.metal' for architecture 'aarch64'
warning: no rule to process file '/host/spi-builder-workspace/Sources/ImmersiveMap/Render/PostProcessing/Shaders/FXAA.metal' of type 'sourcecode.metal' for architecture 'aarch64'
warning: no rule to process file '/host/spi-builder-workspace/Sources/ImmersiveMap/Render/Shaders/Shared/GeoMath.metal' of type 'sourcecode.metal' for architecture 'aarch64'
warning: no rule to process file '/host/spi-builder-workspace/Sources/ImmersiveMap/SceneModels/Shaders/ModelTile.metal' of type 'sourcecode.metal' for architecture 'aarch64'
warning: no rule to process file '/host/spi-builder-workspace/Sources/ImmersiveMap/SceneModels/Shaders/SceneModel.metal' of type 'sourcecode.metal' for architecture 'aarch64'
warning: no rule to process file '/host/spi-builder-workspace/Sources/ImmersiveMap/Shadows/Shaders/GroundShadowMask.metal' of type 'sourcecode.metal' for architecture 'aarch64'
warning: no rule to process file '/host/spi-builder-workspace/Sources/ImmersiveMap/Starfield/Shaders/StarfieldStars.metal' of type 'sourcecode.metal' for architecture 'aarch64'
warning: no rule to process file '/host/spi-builder-workspace/Sources/ImmersiveMap/Text/Shaders/TextShader.metal' of type 'sourcecode.metal' for architecture 'aarch64'
warning: no rule to process file '/host/spi-builder-workspace/Sources/ImmersiveMap/Tile/Shaders/Tile.metal' of type 'sourcecode.metal' for architecture 'aarch64'
warning: no rule to process file '/host/spi-builder-workspace/Sources/ImmersiveMap/Tile/Shaders/TileExtruded.metal' of type 'sourcecode.metal' for architecture 'aarch64'
warning: no rule to process file '/host/spi-builder-workspace/Sources/ImmersiveMap/Tile/Shaders/TileRaster.metal' of type 'sourcecode.metal' for architecture 'aarch64'
warning: no rule to process file '/host/spi-builder-workspace/Sources/ImmersiveMap/Tile/Shaders/TileSphere.metal' of type 'sourcecode.metal' for architecture 'aarch64'
[92 / 167] Earcut
[94 / 167] TileFlattening
error: SwiftCompile normal aarch64 failed with a nonzero exit code. Command line:     cd /host

/host/spi-builder-workspace/Sources/PMTiles/PMTilesArchiveClient.swift:88:27: error: 'URLSession' is unavailable: This type has moved to the FoundationNetworking module. Import that module to use it.
 86 |     package init(archiveURL: URL,
 87 |                  requestHeaders: [String: String],
 88 |                  session: URLSession,
    |                           `- error: 'URLSession' is unavailable: This type has moved to the FoundationNetworking module. Import that module to use it.
 89 |                  tileType: PMTilesTileType = .mvt) {
 90 |         self.archiveURL = archiveURL
Foundation.URLSession:2:18: note: 'URLSession' has been explicitly marked unavailable here
1 | @available(*, unavailable, message: "This type has moved to the FoundationNetworking module. Import that module to use it.")
2 | public typealias URLSession = AnyObject
  |                  `- note: 'URLSession' has been explicitly marked unavailable here
/host/spi-builder-workspace/Sources/PMTiles/PMTilesArchiveClient.swift:374:56: error: 'URLSession' is unavailable: This type has moved to the FoundationNetworking module. Import that module to use it.
372 |     private static func makeURLSessionFetcher(archiveURL: URL,
373 |                                               requestHeaders: [String: String],
374 |                                               session: URLSession) -> RangeFetcher {
    |                                                        `- error: 'URLSession' is unavailable: This type has moved to the FoundationNetworking module. Import that module to use it.
375 |         { range, ifMatchETag in
376 |             var request = URLRequest(url: archiveURL)
Foundation.URLSession:2:18: note: 'URLSession' has been explicitly marked unavailable here
1 | @available(*, unavailable, message: "This type has moved to the FoundationNetworking module. Import that module to use it.")
2 | public typealias URLSession = AnyObject
  |                  `- note: 'URLSession' has been explicitly marked unavailable here
Failed frontend command:
/root/.local/share/swiftly/toolchains/6.4.0/usr/bin/swift-frontend -frontend -emit-module -experimental-skip-non-inlinable-function-bodies-without-types /host/spi-builder-workspace/Sources/PMTiles/PMTilesArchiveClient.swift /host/spi-builder-workspace/Sources/PMTiles/PMTilesDirectory.swift /host/spi-builder-workspace/Sources/PMTiles/PMTilesDirectoryCache.swift /host/spi-builder-workspace/Sources/PMTiles/PMTilesFormatError.swift /host/spi-builder-workspace/Sources/PMTiles/PMTilesGzip.swift /host/spi-builder-workspace/Sources/PMTiles/PMTilesHeader.swift /host/spi-builder-workspace/Sources/PMTiles/PMTilesTileID.swift /host/spi-builder-workspace/Sources/PMTiles/PMTilesVarint.swift -target aarch64-unknown-linux-android28 -Xllvm -aarch64-use-tbi -disable-objc-interop -sdk /android-ndk/android-ndk-r30/toolchains/llvm/prebuilt/linux-x86_64/sysroot -sysroot /android-ndk/android-ndk-r30/toolchains/llvm/prebuilt/linux-x86_64/sysroot -I /host/spi-builder-workspace/.build/out/Products/Debug-android-aarch64 -module-cache-path /host/spi-builder-workspace/.build/out/ModuleCache.noindex -color-diagnostics -Xcc -fcolor-diagnostics -enable-testing -g -debug-info-format\=dwarf -dwarf-version\=4 -swift-version 6 -Onone -D SWIFT_PACKAGE -D DEBUG -D SWIFT_MODULE_RESOURCE_BUNDLE_UNAVAILABLE -D Xcode -serialize-debugging-options -enable-experimental-feature DebugDescriptionMacro -empty-abi-descriptor -external-plugin-path /root/.local/share/swiftly/toolchains/6.4.0/usr/lib/swift/host/plugins/testing\#/root/.local/share/swiftly/toolchains/6.4.0/usr/bin/swift-plugin-server -validate-clang-modules-once -clang-build-session-file /host/spi-builder-workspace/.build/out/ModuleCache.noindex/Session.modulevalidation -Xcc -working-directory -Xcc /host -resource-dir /root/.swiftpm/swift-sdks/swift-6.4.0-RELEASE_android.artifactbundle/swift-android/swift-resources/usr/lib/swift-aarch64 -enable-anonymous-context-mangled-names -file-compilation-dir /host -Xcc -resource-dir -Xcc /android-ndk/android-ndk-r30/toolchains/llvm/prebuilt/linux-x86_64/lib/clang/21 -Xcc -fno-omit-frame-pointer -Xcc -D_LIBCPP_HARDENING_MODE\=_LIBCPP_HARDENING_MODE_DEBUG -Xcc -fmodules-prune-interval\=86400 -Xcc -fmodules-prune-after\=345600 -Xcc -I/host/spi-builder-workspace/.build/out/Products/Debug-android-aarch64/include -Xcc -I/host/spi-builder-workspace/.build/out/Intermediates.noindex/ImmersiveMap.build/Debug-android-aarch64/PMTiles-t.build/DerivedSources-normal/aarch64 -Xcc -I/host/spi-builder-workspace/.build/out/Intermediates.noindex/ImmersiveMap.build/Debug-android-aarch64/PMTiles-t.build/DerivedSources/aarch64 -Xcc -I/host/spi-builder-workspace/.build/out/Intermediates.noindex/ImmersiveMap.build/Debug-android-aarch64/PMTiles-t.build/DerivedSources -Xcc -DSWIFT_PACKAGE -Xcc -DDEBUG\=1 -no-auto-bridging-header-chaining -module-name PMTiles -package-name spi_builder_workspace -const-gather-protocols-file /host/spi-builder-workspace/.build/out/Intermediates.noindex/ImmersiveMap.build/Debug-android-aarch64/PMTiles-t.build/Objects-normal/aarch64/PMTiles_const_extract_protocols.json -in-process-plugin-server-path /root/.local/share/swiftly/toolchains/6.4.0/usr/lib/swift/host/libSwiftInProcPluginServer.so -plugin-path /root/.local/share/swiftly/toolchains/6.4.0/usr/lib/swift/host/plugins -plugin-path /root/.local/share/swiftly/toolchains/6.4.0/usr/local/lib/swift/host/plugins -emit-module-doc-path /host/spi-builder-workspace/.build/out/Intermediates.noindex/ImmersiveMap.build/Debug-android-aarch64/PMTiles-t.build/Objects-normal/aarch64/Modules/PMTiles.swiftdoc -emit-module-source-info-path /host/spi-builder-workspace/.build/out/Intermediates.noindex/ImmersiveMap.build/Debug-android-aarch64/PMTiles-t.build/Objects-normal/aarch64/Modules/PMTiles.swiftsourceinfo -emit-objc-header-path /host/spi-builder-workspace/.build/out/Intermediates.noindex/ImmersiveMap.build/Debug-android-aarch64/PMTiles-t.build/Objects-normal/aarch64/PMTiles-Swift.h -serialize-diagnostics-path /host/spi-builder-workspace/.build/out/Intermediates.noindex/ImmersiveMap.build/Debug-android-aarch64/PMTiles-t.build/Objects-normal/aarch64/PMTiles-primary-emit-module.dia -emit-dependencies-path /host/spi-builder-workspace/.build/out/Intermediates.noindex/ImmersiveMap.build/Debug-android-aarch64/PMTiles-t.build/Objects-normal/aarch64/PMTiles-primary-emit-module.d -parse-as-library -o /host/spi-builder-workspace/.build/out/Intermediates.noindex/ImmersiveMap.build/Debug-android-aarch64/PMTiles-t.build/Objects-normal/aarch64/Modules/PMTiles.swiftmodule
error: Build failed
BUILD FAILURE 6.4 android