Build Information
Failed to build Sh1Password, reference trunk (eebb86), with Swift 6.4 for visionOS using Xcode 27.0 on 21 Sep 2026 12:36:59 UTC.
Build Command
env DEVELOPER_DIR=/Applications/Xcode-27.0.0-Release.Candidate.app xcrun xcodebuild -IDEClonedSourcePackagesDirPathOverride=$PWD/.dependencies -skipMacroValidation -skipPackagePluginValidation -derivedDataPath $PWD/.derivedData build -scheme Sh1Password -destination generic/platform=xrOSBuild Log
========================================
RunAll
========================================
Builder version: 5.1.0
Interrupt handler set up.
========================================
Checkout
========================================
Clone URL: https://github.com/danielsincere/Sh1Password.git
Reference: trunk
Initialized empty Git repository in /Users/admin/builder/spi-builder-workspace/.git/
From https://github.com/danielsincere/Sh1Password
* branch trunk -> FETCH_HEAD
* [new branch] trunk -> origin/trunk
HEAD is now at eebb867 Pass --reveal to reveal sensitive info
Cloned https://github.com/danielsincere/Sh1Password.git
Revision (git rev-parse @):
eebb867619c314b06aa5d185339c3dd67d0e2549
SUCCESS checkout https://github.com/danielsincere/Sh1Password.git at trunk
========================================
Build
========================================
Selected platform: visionOS
Swift version: 6.4
Building package at path: $PWD
https://github.com/danielsincere/Sh1Password.git
Command line invocation:
/Applications/Xcode-27.0.0-Release.Candidate.app/Contents/Developer/usr/bin/xcodebuild -IDEClonedSourcePackagesDirPathOverride=/Users/admin/builder/spi-builder-workspace/.dependencies -resolvePackageDependencies
Resolve Package Graph
Fetching from https://github.com/DanielSincere/Sh.git
Fetching from https://github.com/onevcat/Rainbow
Creating working copy of package ‘Rainbow’
Checking out 4.2.1 of package ‘Rainbow’
Creating working copy of package ‘Sh’
Checking out 1.3.0 of package ‘Sh’
Resolve Package Graph
Resolved source packages:
Sh1Password: /Users/admin/builder/spi-builder-workspace
Rainbow: https://github.com/onevcat/Rainbow @ 4.2.1
Sh: https://github.com/DanielSincere/Sh.git @ 1.3.0
resolved source packages: Sh1Password, Rainbow, Sh
2026-09-21 08:36:13.254 xcodebuild[529:3033] [MT] IDERunDestination: Supported platforms for the buildables in the current scheme is empty.
{
"dependencies" : [
{
"identity" : "sh",
"requirement" : {
"range" : [
{
"lower_bound" : "1.3.0",
"upper_bound" : "2.0.0"
}
]
},
"type" : "sourceControl",
"url" : "https://github.com/DanielSincere/Sh.git"
}
],
"manifest_display_name" : "Sh1Password",
"name" : "Sh1Password",
"path" : "/Users/admin/builder/spi-builder-workspace",
"platforms" : [
{
"name" : "macos",
"version" : "13.0"
}
],
"products" : [
{
"name" : "Sh1Password",
"targets" : [
"Sh1Password"
],
"type" : {
"library" : [
"automatic"
]
}
}
],
"targets" : [
{
"c99name" : "Sh1Password",
"module_type" : "SwiftTarget",
"name" : "Sh1Password",
"path" : "Sources/Sh1Password",
"product_dependencies" : [
"Sh"
],
"product_memberships" : [
"Sh1Password"
],
"sources" : [
"OP.swift"
],
"type" : "library"
}
],
"tools_version" : "5.9"
}
{
"workspace" : {
"name" : "Sh1Password",
"schemes" : [
"Sh1Password"
]
}
}
2026-09-21 08:36:45.639 xcodebuild[721:4381] [MT] IDERunDestination: Supported platforms for the buildables in the current scheme is empty.
Running build ...
env DEVELOPER_DIR=/Applications/Xcode-27.0.0-Release.Candidate.app xcrun xcodebuild -IDEClonedSourcePackagesDirPathOverride=$PWD/.dependencies -skipMacroValidation -skipPackagePluginValidation -derivedDataPath $PWD/.derivedData build -scheme Sh1Password -destination generic/platform=xrOS
Command line invocation:
/Applications/Xcode-27.0.0-Release.Candidate.app/Contents/Developer/usr/bin/xcodebuild -IDEClonedSourcePackagesDirPathOverride=/Users/admin/builder/spi-builder-workspace/.dependencies -skipMacroValidation -skipPackagePluginValidation -derivedDataPath /Users/admin/builder/spi-builder-workspace/.derivedData build -scheme Sh1Password -destination generic/platform=xrOS
Resolve Package Graph
Resolve Package Graph
Resolved source packages:
Sh: https://github.com/DanielSincere/Sh.git @ 1.3.0
Rainbow: https://github.com/onevcat/Rainbow @ 4.2.1
Sh1Password: /Users/admin/builder/spi-builder-workspace
ComputePackagePrebuildTargetDependencyGraph
Prepare packages
CreateBuildRequest
SendProjectDescription
CreateBuildOperation
ComputeTargetDependencyGraph
note: Building targets in dependency order
note: Target dependency graph (6 targets)
Target 'Sh1Password-product' in project 'Sh1Password'
➜ Explicit dependency on target 'Sh1Password' in project 'Sh1Password'
➜ Explicit dependency on target 'Sh-product' in project 'Sh'
Target 'Sh1Password' in project 'Sh1Password'
➜ Explicit dependency on target 'Sh-product' in project 'Sh'
Target 'Sh-product' in project 'Sh'
➜ Explicit dependency on target 'Sh' in project 'Sh'
➜ Explicit dependency on target 'Rainbow-product' in project 'Rainbow'
Target 'Sh' in project 'Sh'
➜ Explicit dependency on target 'Rainbow-product' in project 'Rainbow'
Target 'Rainbow-product' in project 'Rainbow'
➜ Explicit dependency on target 'Rainbow' in project 'Rainbow'
Target 'Rainbow' in project 'Rainbow' (no dependencies)
GatherProvisioningInputs
CreateBuildDescription
ExecuteExternalTool /Applications/Xcode-27.0.0-Release.Candidate.app/Contents/Developer/Toolchains/XcodeDefault.xctoolchain/usr/bin/swiftc --version
ExecuteExternalTool /Applications/Xcode-27.0.0-Release.Candidate.app/Contents/Developer/Toolchains/XcodeDefault.xctoolchain/usr/bin/clang -v -E -dM -isysroot /Applications/Xcode-27.0.0-Release.Candidate.app/Contents/Developer/Platforms/XROS.platform/Developer/SDKs/XROS27.0.sdk -x c -c /dev/null
ExecuteExternalTool /Applications/Xcode-27.0.0-Release.Candidate.app/Contents/Developer/Toolchains/XcodeDefault.xctoolchain/usr/bin/ld -version_details
Build description signature: d5bc9e2b2a4a897c2689907c8e1a4d41
Build description path: /Users/admin/builder/spi-builder-workspace/.derivedData/Build/Intermediates.noindex/XCBuildData/d5bc9e2b2a4a897c2689907c8e1a4d41.xcbuilddata
CreateBuildDirectory /Users/admin/builder/spi-builder-workspace/.derivedData/SDKExplicitPrecompiledModules
cd /Users/admin/builder/spi-builder-workspace/.swiftpm/xcode
builtin-create-build-directory /Users/admin/builder/spi-builder-workspace/.derivedData/SDKExplicitPrecompiledModules
CreateBuildDirectory /Users/admin/builder/spi-builder-workspace/.derivedData/ModuleCache.noindex
cd /Users/admin/builder/spi-builder-workspace/.swiftpm/xcode
builtin-create-build-directory /Users/admin/builder/spi-builder-workspace/.derivedData/ModuleCache.noindex
CreateBuildDirectory /Users/admin/builder/spi-builder-workspace/.derivedData/CompilationCache.noindex
cd /Users/admin/builder/spi-builder-workspace/.swiftpm/xcode
builtin-create-build-directory /Users/admin/builder/spi-builder-workspace/.derivedData/CompilationCache.noindex
ClangStatCache /Applications/Xcode-27.0.0-Release.Candidate.app/Contents/Developer/Toolchains/XcodeDefault.xctoolchain/usr/bin/clang-stat-cache /Applications/Xcode-27.0.0-Release.Candidate.app/Contents/Developer/Platforms/XROS.platform/Developer/SDKs/XROS27.0.sdk /Users/admin/builder/spi-builder-workspace/.derivedData/SDKStatCaches.noindex/xros27.0-24M361-e829b21a6f8c9b70876ba0858053c044735bd543db762f57723cac368afd1ce4.sdkstatcache
cd /Users/admin/builder/spi-builder-workspace/.swiftpm/xcode
/Applications/Xcode-27.0.0-Release.Candidate.app/Contents/Developer/Toolchains/XcodeDefault.xctoolchain/usr/bin/clang-stat-cache /Applications/Xcode-27.0.0-Release.Candidate.app/Contents/Developer/Platforms/XROS.platform/Developer/SDKs/XROS27.0.sdk -o /Users/admin/builder/spi-builder-workspace/.derivedData/SDKStatCaches.noindex/xros27.0-24M361-e829b21a6f8c9b70876ba0858053c044735bd543db762f57723cac368afd1ce4.sdkstatcache
CreateBuildDirectory /Users/admin/builder/spi-builder-workspace/.derivedData/Build/Products
cd /Users/admin/builder/spi-builder-workspace/.swiftpm/xcode
builtin-create-build-directory /Users/admin/builder/spi-builder-workspace/.derivedData/Build/Products
CreateBuildDirectory /Users/admin/builder/spi-builder-workspace/.derivedData/Build/Intermediates.noindex
cd /Users/admin/builder/spi-builder-workspace/.swiftpm/xcode
builtin-create-build-directory /Users/admin/builder/spi-builder-workspace/.derivedData/Build/Intermediates.noindex
CreateBuildDirectory /Users/admin/builder/spi-builder-workspace/.derivedData/Build/Products/Debug-xros
cd /Users/admin/builder/spi-builder-workspace/.swiftpm/xcode
builtin-create-build-directory /Users/admin/builder/spi-builder-workspace/.derivedData/Build/Products/Debug-xros
CreateBuildDirectory /Users/admin/builder/spi-builder-workspace/.derivedData/Build/Intermediates.noindex/SwiftExplicitPrecompiledModules
cd /Users/admin/builder/spi-builder-workspace/.swiftpm/xcode
builtin-create-build-directory /Users/admin/builder/spi-builder-workspace/.derivedData/Build/Intermediates.noindex/SwiftExplicitPrecompiledModules
CreateBuildDirectory /Users/admin/builder/spi-builder-workspace/.derivedData/Build/Intermediates.noindex/PrecompiledHeaders
cd /Users/admin/builder/spi-builder-workspace/.swiftpm/xcode
builtin-create-build-directory /Users/admin/builder/spi-builder-workspace/.derivedData/Build/Intermediates.noindex/PrecompiledHeaders
CreateBuildDirectory /Users/admin/builder/spi-builder-workspace/.derivedData/Build/Intermediates.noindex/ExplicitPrecompiledModules
cd /Users/admin/builder/spi-builder-workspace/.swiftpm/xcode
builtin-create-build-directory /Users/admin/builder/spi-builder-workspace/.derivedData/Build/Intermediates.noindex/ExplicitPrecompiledModules
CreateBuildDirectory /Users/admin/builder/spi-builder-workspace/.derivedData/Build/Intermediates.noindex/EagerLinkingTBDs/Debug-xros
cd /Users/admin/builder/spi-builder-workspace/.swiftpm/xcode
builtin-create-build-directory /Users/admin/builder/spi-builder-workspace/.derivedData/Build/Intermediates.noindex/EagerLinkingTBDs/Debug-xros
CreateBuildDirectory /Users/admin/builder/spi-builder-workspace/.derivedData/Build/Products/Debug-xros/PackageFrameworks
cd /Users/admin/builder/spi-builder-workspace/.swiftpm/xcode
builtin-create-build-directory /Users/admin/builder/spi-builder-workspace/.derivedData/Build/Products/Debug-xros/PackageFrameworks
WriteAuxiliaryFile /Users/admin/builder/spi-builder-workspace/.derivedData/Build/Intermediates.noindex/Sh.build/Debug-xros/Sh-t.build/Sh.DependencyStaticMetadataFileList (in target 'Sh' from project 'Sh')
cd /Users/admin/builder/spi-builder-workspace/.dependencies/checkouts/Sh
write-file /Users/admin/builder/spi-builder-workspace/.derivedData/Build/Intermediates.noindex/Sh.build/Debug-xros/Sh-t.build/Sh.DependencyStaticMetadataFileList
WriteAuxiliaryFile /Users/admin/builder/spi-builder-workspace/.derivedData/Build/Intermediates.noindex/Sh.build/Debug-xros/Sh-t.build/Sh.modulemap (in target 'Sh' from project 'Sh')
cd /Users/admin/builder/spi-builder-workspace/.dependencies/checkouts/Sh
write-file /Users/admin/builder/spi-builder-workspace/.derivedData/Build/Intermediates.noindex/Sh.build/Debug-xros/Sh-t.build/Sh.modulemap
WriteAuxiliaryFile /Users/admin/builder/spi-builder-workspace/.derivedData/Build/Intermediates.noindex/Sh.build/Debug-xros/Sh-t.build/Sh.DependencyMetadataFileList (in target 'Sh' from project 'Sh')
cd /Users/admin/builder/spi-builder-workspace/.dependencies/checkouts/Sh
write-file /Users/admin/builder/spi-builder-workspace/.derivedData/Build/Intermediates.noindex/Sh.build/Debug-xros/Sh-t.build/Sh.DependencyMetadataFileList
WriteAuxiliaryFile /Users/admin/builder/spi-builder-workspace/.derivedData/Build/Intermediates.noindex/Sh.build/Debug-xros/Sh-t.build/Objects-normal/arm64/Sh.LinkFileList (in target 'Sh' from project 'Sh')
cd /Users/admin/builder/spi-builder-workspace/.dependencies/checkouts/Sh
write-file /Users/admin/builder/spi-builder-workspace/.derivedData/Build/Intermediates.noindex/Sh.build/Debug-xros/Sh-t.build/Objects-normal/arm64/Sh.LinkFileList
WriteAuxiliaryFile /Users/admin/builder/spi-builder-workspace/.derivedData/Build/Intermediates.noindex/Sh.build/Debug-xros/Sh-t.build/Objects-normal/arm64/Sh.SwiftConstValuesFileList (in target 'Sh' from project 'Sh')
cd /Users/admin/builder/spi-builder-workspace/.dependencies/checkouts/Sh
write-file /Users/admin/builder/spi-builder-workspace/.derivedData/Build/Intermediates.noindex/Sh.build/Debug-xros/Sh-t.build/Objects-normal/arm64/Sh.SwiftConstValuesFileList
WriteAuxiliaryFile /Users/admin/builder/spi-builder-workspace/.derivedData/Build/Intermediates.noindex/Sh.build/Debug-xros/Sh-t.build/Objects-normal/arm64/Sh_const_extract_protocols.json (in target 'Sh' from project 'Sh')
cd /Users/admin/builder/spi-builder-workspace/.dependencies/checkouts/Sh
write-file /Users/admin/builder/spi-builder-workspace/.derivedData/Build/Intermediates.noindex/Sh.build/Debug-xros/Sh-t.build/Objects-normal/arm64/Sh_const_extract_protocols.json
WriteAuxiliaryFile /Users/admin/builder/spi-builder-workspace/.derivedData/Build/Intermediates.noindex/Sh1Password.build/Debug-xros/Sh1Password-t.build/Sh1Password.DependencyStaticMetadataFileList (in target 'Sh1Password' from project 'Sh1Password')
cd /Users/admin/builder/spi-builder-workspace
write-file /Users/admin/builder/spi-builder-workspace/.derivedData/Build/Intermediates.noindex/Sh1Password.build/Debug-xros/Sh1Password-t.build/Sh1Password.DependencyStaticMetadataFileList
WriteAuxiliaryFile /Users/admin/builder/spi-builder-workspace/.derivedData/Build/Intermediates.noindex/Sh1Password.build/Debug-xros/Sh1Password-t.build/Sh1Password.modulemap (in target 'Sh1Password' from project 'Sh1Password')
cd /Users/admin/builder/spi-builder-workspace
write-file /Users/admin/builder/spi-builder-workspace/.derivedData/Build/Intermediates.noindex/Sh1Password.build/Debug-xros/Sh1Password-t.build/Sh1Password.modulemap
WriteAuxiliaryFile /Users/admin/builder/spi-builder-workspace/.derivedData/Build/Intermediates.noindex/Sh1Password.build/Debug-xros/Sh1Password-t.build/Sh1Password.DependencyMetadataFileList (in target 'Sh1Password' from project 'Sh1Password')
cd /Users/admin/builder/spi-builder-workspace
write-file /Users/admin/builder/spi-builder-workspace/.derivedData/Build/Intermediates.noindex/Sh1Password.build/Debug-xros/Sh1Password-t.build/Sh1Password.DependencyMetadataFileList
WriteAuxiliaryFile /Users/admin/builder/spi-builder-workspace/.derivedData/Build/Intermediates.noindex/Sh1Password.build/Debug-xros/Sh1Password-t.build/Objects-normal/arm64/Sh1Password_const_extract_protocols.json (in target 'Sh1Password' from project 'Sh1Password')
cd /Users/admin/builder/spi-builder-workspace
write-file /Users/admin/builder/spi-builder-workspace/.derivedData/Build/Intermediates.noindex/Sh1Password.build/Debug-xros/Sh1Password-t.build/Objects-normal/arm64/Sh1Password_const_extract_protocols.json
WriteAuxiliaryFile /Users/admin/builder/spi-builder-workspace/.derivedData/Build/Intermediates.noindex/Sh1Password.build/Debug-xros/Sh1Password-t.build/Objects-normal/arm64/Sh1Password.SwiftConstValuesFileList (in target 'Sh1Password' from project 'Sh1Password')
cd /Users/admin/builder/spi-builder-workspace
write-file /Users/admin/builder/spi-builder-workspace/.derivedData/Build/Intermediates.noindex/Sh1Password.build/Debug-xros/Sh1Password-t.build/Objects-normal/arm64/Sh1Password.SwiftConstValuesFileList
WriteAuxiliaryFile /Users/admin/builder/spi-builder-workspace/.derivedData/Build/Intermediates.noindex/Sh1Password.build/Debug-xros/Sh1Password-t.build/Objects-normal/arm64/Sh1Password.SwiftFileList (in target 'Sh1Password' from project 'Sh1Password')
cd /Users/admin/builder/spi-builder-workspace
write-file /Users/admin/builder/spi-builder-workspace/.derivedData/Build/Intermediates.noindex/Sh1Password.build/Debug-xros/Sh1Password-t.build/Objects-normal/arm64/Sh1Password.SwiftFileList
WriteAuxiliaryFile /Users/admin/builder/spi-builder-workspace/.derivedData/Build/Intermediates.noindex/Sh1Password.build/Debug-xros/Sh1Password-t.build/Objects-normal/arm64/Sh1Password.LinkFileList (in target 'Sh1Password' from project 'Sh1Password')
cd /Users/admin/builder/spi-builder-workspace
write-file /Users/admin/builder/spi-builder-workspace/.derivedData/Build/Intermediates.noindex/Sh1Password.build/Debug-xros/Sh1Password-t.build/Objects-normal/arm64/Sh1Password.LinkFileList
WriteAuxiliaryFile /Users/admin/builder/spi-builder-workspace/.derivedData/Build/Intermediates.noindex/Sh1Password.build/Debug-xros/Sh1Password-t.build/Objects-normal/arm64/Sh1Password-OutputFileMap.json (in target 'Sh1Password' from project 'Sh1Password')
cd /Users/admin/builder/spi-builder-workspace
write-file /Users/admin/builder/spi-builder-workspace/.derivedData/Build/Intermediates.noindex/Sh1Password.build/Debug-xros/Sh1Password-t.build/Objects-normal/arm64/Sh1Password-OutputFileMap.json
WriteAuxiliaryFile /Users/admin/builder/spi-builder-workspace/.derivedData/Build/Intermediates.noindex/Sh.build/Debug-xros/Sh-t.build/Objects-normal/arm64/Sh.SwiftFileList (in target 'Sh' from project 'Sh')
cd /Users/admin/builder/spi-builder-workspace/.dependencies/checkouts/Sh
write-file /Users/admin/builder/spi-builder-workspace/.derivedData/Build/Intermediates.noindex/Sh.build/Debug-xros/Sh-t.build/Objects-normal/arm64/Sh.SwiftFileList
WriteAuxiliaryFile /Users/admin/builder/spi-builder-workspace/.derivedData/Build/Intermediates.noindex/Sh.build/Debug-xros/Sh-t.build/Objects-normal/arm64/Sh-OutputFileMap.json (in target 'Sh' from project 'Sh')
cd /Users/admin/builder/spi-builder-workspace/.dependencies/checkouts/Sh
write-file /Users/admin/builder/spi-builder-workspace/.derivedData/Build/Intermediates.noindex/Sh.build/Debug-xros/Sh-t.build/Objects-normal/arm64/Sh-OutputFileMap.json
Copy /Users/admin/builder/spi-builder-workspace/.derivedData/Build/Intermediates.noindex/GeneratedModuleMaps-xros/Sh1Password.modulemap /Users/admin/builder/spi-builder-workspace/.derivedData/Build/Intermediates.noindex/Sh1Password.build/Debug-xros/Sh1Password-t.build/Sh1Password.modulemap (in target 'Sh1Password' from project 'Sh1Password')
cd /Users/admin/builder/spi-builder-workspace
builtin-copy -exclude .DS_Store -exclude CVS -exclude .svn -exclude .git -exclude .hg -resolve-src-symlinks /Users/admin/builder/spi-builder-workspace/.derivedData/Build/Intermediates.noindex/Sh1Password.build/Debug-xros/Sh1Password-t.build/Sh1Password.modulemap /Users/admin/builder/spi-builder-workspace/.derivedData/Build/Intermediates.noindex/GeneratedModuleMaps-xros
Copy /Users/admin/builder/spi-builder-workspace/.derivedData/Build/Intermediates.noindex/GeneratedModuleMaps-xros/Sh.modulemap /Users/admin/builder/spi-builder-workspace/.derivedData/Build/Intermediates.noindex/Sh.build/Debug-xros/Sh-t.build/Sh.modulemap (in target 'Sh' from project 'Sh')
cd /Users/admin/builder/spi-builder-workspace/.dependencies/checkouts/Sh
builtin-copy -exclude .DS_Store -exclude CVS -exclude .svn -exclude .git -exclude .hg -resolve-src-symlinks /Users/admin/builder/spi-builder-workspace/.derivedData/Build/Intermediates.noindex/Sh.build/Debug-xros/Sh-t.build/Sh.modulemap /Users/admin/builder/spi-builder-workspace/.derivedData/Build/Intermediates.noindex/GeneratedModuleMaps-xros
WriteAuxiliaryFile /Users/admin/builder/spi-builder-workspace/.derivedData/Build/Intermediates.noindex/Rainbow.build/Debug-xros/Rainbow-t.build/Rainbow.modulemap (in target 'Rainbow' from project 'Rainbow')
cd /Users/admin/builder/spi-builder-workspace/.dependencies/checkouts/Rainbow
write-file /Users/admin/builder/spi-builder-workspace/.derivedData/Build/Intermediates.noindex/Rainbow.build/Debug-xros/Rainbow-t.build/Rainbow.modulemap
WriteAuxiliaryFile /Users/admin/builder/spi-builder-workspace/.derivedData/Build/Intermediates.noindex/Rainbow.build/Debug-xros/Rainbow-t.build/Rainbow.DependencyStaticMetadataFileList (in target 'Rainbow' from project 'Rainbow')
cd /Users/admin/builder/spi-builder-workspace/.dependencies/checkouts/Rainbow
write-file /Users/admin/builder/spi-builder-workspace/.derivedData/Build/Intermediates.noindex/Rainbow.build/Debug-xros/Rainbow-t.build/Rainbow.DependencyStaticMetadataFileList
WriteAuxiliaryFile /Users/admin/builder/spi-builder-workspace/.derivedData/Build/Intermediates.noindex/Rainbow.build/Debug-xros/Rainbow-t.build/Rainbow.DependencyMetadataFileList (in target 'Rainbow' from project 'Rainbow')
cd /Users/admin/builder/spi-builder-workspace/.dependencies/checkouts/Rainbow
write-file /Users/admin/builder/spi-builder-workspace/.derivedData/Build/Intermediates.noindex/Rainbow.build/Debug-xros/Rainbow-t.build/Rainbow.DependencyMetadataFileList
WriteAuxiliaryFile /Users/admin/builder/spi-builder-workspace/.derivedData/Build/Intermediates.noindex/Rainbow.build/Debug-xros/Rainbow-t.build/Objects-normal/arm64/Rainbow_const_extract_protocols.json (in target 'Rainbow' from project 'Rainbow')
cd /Users/admin/builder/spi-builder-workspace/.dependencies/checkouts/Rainbow
write-file /Users/admin/builder/spi-builder-workspace/.derivedData/Build/Intermediates.noindex/Rainbow.build/Debug-xros/Rainbow-t.build/Objects-normal/arm64/Rainbow_const_extract_protocols.json
WriteAuxiliaryFile /Users/admin/builder/spi-builder-workspace/.derivedData/Build/Intermediates.noindex/Rainbow.build/Debug-xros/Rainbow-t.build/Objects-normal/arm64/Rainbow.SwiftConstValuesFileList (in target 'Rainbow' from project 'Rainbow')
cd /Users/admin/builder/spi-builder-workspace/.dependencies/checkouts/Rainbow
write-file /Users/admin/builder/spi-builder-workspace/.derivedData/Build/Intermediates.noindex/Rainbow.build/Debug-xros/Rainbow-t.build/Objects-normal/arm64/Rainbow.SwiftConstValuesFileList
WriteAuxiliaryFile /Users/admin/builder/spi-builder-workspace/.derivedData/Build/Intermediates.noindex/Rainbow.build/Debug-xros/Rainbow-t.build/Objects-normal/arm64/Rainbow.SwiftFileList (in target 'Rainbow' from project 'Rainbow')
cd /Users/admin/builder/spi-builder-workspace/.dependencies/checkouts/Rainbow
write-file /Users/admin/builder/spi-builder-workspace/.derivedData/Build/Intermediates.noindex/Rainbow.build/Debug-xros/Rainbow-t.build/Objects-normal/arm64/Rainbow.SwiftFileList
WriteAuxiliaryFile /Users/admin/builder/spi-builder-workspace/.derivedData/Build/Intermediates.noindex/Rainbow.build/Debug-xros/Rainbow-t.build/Objects-normal/arm64/Rainbow.LinkFileList (in target 'Rainbow' from project 'Rainbow')
cd /Users/admin/builder/spi-builder-workspace/.dependencies/checkouts/Rainbow
write-file /Users/admin/builder/spi-builder-workspace/.derivedData/Build/Intermediates.noindex/Rainbow.build/Debug-xros/Rainbow-t.build/Objects-normal/arm64/Rainbow.LinkFileList
WriteAuxiliaryFile /Users/admin/builder/spi-builder-workspace/.derivedData/Build/Intermediates.noindex/Rainbow.build/Debug-xros/Rainbow-t.build/Objects-normal/arm64/Rainbow-OutputFileMap.json (in target 'Rainbow' from project 'Rainbow')
cd /Users/admin/builder/spi-builder-workspace/.dependencies/checkouts/Rainbow
write-file /Users/admin/builder/spi-builder-workspace/.derivedData/Build/Intermediates.noindex/Rainbow.build/Debug-xros/Rainbow-t.build/Objects-normal/arm64/Rainbow-OutputFileMap.json
Copy /Users/admin/builder/spi-builder-workspace/.derivedData/Build/Intermediates.noindex/GeneratedModuleMaps-xros/Rainbow.modulemap /Users/admin/builder/spi-builder-workspace/.derivedData/Build/Intermediates.noindex/Rainbow.build/Debug-xros/Rainbow-t.build/Rainbow.modulemap (in target 'Rainbow' from project 'Rainbow')
cd /Users/admin/builder/spi-builder-workspace/.dependencies/checkouts/Rainbow
builtin-copy -exclude .DS_Store -exclude CVS -exclude .svn -exclude .git -exclude .hg -resolve-src-symlinks /Users/admin/builder/spi-builder-workspace/.derivedData/Build/Intermediates.noindex/Rainbow.build/Debug-xros/Rainbow-t.build/Rainbow.modulemap /Users/admin/builder/spi-builder-workspace/.derivedData/Build/Intermediates.noindex/GeneratedModuleMaps-xros
SwiftDriver Rainbow normal arm64 com.apple.xcode.tools.swift.compiler (in target 'Rainbow' from project 'Rainbow')
cd /Users/admin/builder/spi-builder-workspace/.swiftpm/xcode
builtin-SwiftDriver -- /Applications/Xcode-27.0.0-Release.Candidate.app/Contents/Developer/Toolchains/XcodeDefault.xctoolchain/usr/bin/swiftc -parse-as-library -module-name Rainbow -Onone @/Users/admin/builder/spi-builder-workspace/.derivedData/Build/Intermediates.noindex/Rainbow.build/Debug-xros/Rainbow-t.build/Objects-normal/arm64/Rainbow.SwiftFileList -DSWIFT_PACKAGE -DDEBUG -DSWIFT_MODULE_RESOURCE_BUNDLE_UNAVAILABLE -DXcode -plugin-path /Applications/Xcode-27.0.0-Release.Candidate.app/Contents/Developer/Toolchains/XcodeDefault.xctoolchain/usr/lib/swift/host/plugins/testing -enable-experimental-feature DebugDescriptionMacro -sdk /Applications/Xcode-27.0.0-Release.Candidate.app/Contents/Developer/Platforms/XROS.platform/Developer/SDKs/XROS27.0.sdk -target arm64-apple-xros1.0 -g -module-cache-path /Users/admin/builder/spi-builder-workspace/.derivedData/ModuleCache.noindex -Xfrontend -serialize-debugging-options -enable-testing -suppress-warnings -index-store-path /Users/admin/builder/spi-builder-workspace/.derivedData/Index.noindex/DataStore -Xcc -D_LIBCPP_HARDENING_MODE\=_LIBCPP_HARDENING_MODE_DEBUG -swift-version 4 -I /Users/admin/builder/spi-builder-workspace/.derivedData/Build/Products/Debug-xros -Isystem /Applications/Xcode-27.0.0-Release.Candidate.app/Contents/Developer/Platforms/XROS.platform/Developer/usr/lib -F /Users/admin/builder/spi-builder-workspace/.derivedData/Build/Products/Debug-xros -F /Applications/Xcode-27.0.0-Release.Candidate.app/Contents/Developer/Platforms/XROS.platform/Developer/Library/Frameworks -F /Applications/Xcode-27.0.0-Release.Candidate.app/Contents/Developer/Platforms/XROS.platform/Developer/SDKs/XROS27.0.sdk/Developer/Library/Frameworks -c -j10 -enable-batch-mode -incremental -Xcc -ivfsstatcache -Xcc /Users/admin/builder/spi-builder-workspace/.derivedData/SDKStatCaches.noindex/xros27.0-24M361-e829b21a6f8c9b70876ba0858053c044735bd543db762f57723cac368afd1ce4.sdkstatcache -output-file-map /Users/admin/builder/spi-builder-workspace/.derivedData/Build/Intermediates.noindex/Rainbow.build/Debug-xros/Rainbow-t.build/Objects-normal/arm64/Rainbow-OutputFileMap.json -save-temps -no-color-diagnostics -emit-dependencies -emit-module -emit-module-path /Users/admin/builder/spi-builder-workspace/.derivedData/Build/Intermediates.noindex/Rainbow.build/Debug-xros/Rainbow-t.build/Objects-normal/arm64/Rainbow.swiftmodule -serialize-diagnostics -validate-clang-modules-once -clang-build-session-file /Users/admin/builder/spi-builder-workspace/.derivedData/ModuleCache.noindex/Session.modulevalidation -Xcc -fmodules-prune-interval\=86400 -Xcc -fmodules-prune-after\=345600 -emit-const-values -const-gather-protocols-list /Users/admin/builder/spi-builder-workspace/.derivedData/Build/Intermediates.noindex/Rainbow.build/Debug-xros/Rainbow-t.build/Objects-normal/arm64/Rainbow_const_extract_protocols.json -Xcc -I/Users/admin/builder/spi-builder-workspace/.derivedData/Build/Products/Debug-xros/include -Xcc -I/Users/admin/builder/spi-builder-workspace/.derivedData/Build/Intermediates.noindex/Rainbow.build/Debug-xros/Rainbow-t.build/DerivedSources-normal/arm64 -Xcc -I/Users/admin/builder/spi-builder-workspace/.derivedData/Build/Intermediates.noindex/Rainbow.build/Debug-xros/Rainbow-t.build/DerivedSources/arm64 -Xcc -I/Users/admin/builder/spi-builder-workspace/.derivedData/Build/Intermediates.noindex/Rainbow.build/Debug-xros/Rainbow-t.build/DerivedSources -Xcc -DSWIFT_PACKAGE -Xcc -DDEBUG\=1 -emit-objc-header -emit-objc-header-path /Users/admin/builder/spi-builder-workspace/.derivedData/Build/Intermediates.noindex/Rainbow.build/Debug-xros/Rainbow-t.build/Objects-normal/arm64/Rainbow-Swift.h -working-directory /Users/admin/builder/spi-builder-workspace/.swiftpm/xcode -experimental-emit-module-separately -disable-cmo
SwiftCompile normal arm64 Compiling\ OutputTarget.swift,\ Rainbow.swift /Users/admin/builder/spi-builder-workspace/.dependencies/checkouts/Rainbow/Sources/OutputTarget.swift /Users/admin/builder/spi-builder-workspace/.dependencies/checkouts/Rainbow/Sources/Rainbow.swift (in target 'Rainbow' from project 'Rainbow')
SwiftCompile normal arm64 /Users/admin/builder/spi-builder-workspace/.dependencies/checkouts/Rainbow/Sources/OutputTarget.swift (in target 'Rainbow' from project 'Rainbow')
cd /Users/admin/builder/spi-builder-workspace/.swiftpm/xcode
builtin-SwiftPerFileCompile OutputTarget.swift
SwiftCompile normal arm64 /Users/admin/builder/spi-builder-workspace/.dependencies/checkouts/Rainbow/Sources/Rainbow.swift (in target 'Rainbow' from project 'Rainbow')
cd /Users/admin/builder/spi-builder-workspace/.swiftpm/xcode
builtin-SwiftPerFileCompile Rainbow.swift
SwiftCompile normal arm64 Compiling\ BackgroundColor.swift,\ CodesParser.swift /Users/admin/builder/spi-builder-workspace/.dependencies/checkouts/Rainbow/Sources/BackgroundColor.swift /Users/admin/builder/spi-builder-workspace/.dependencies/checkouts/Rainbow/Sources/CodesParser.swift (in target 'Rainbow' from project 'Rainbow')
SwiftCompile normal arm64 /Users/admin/builder/spi-builder-workspace/.dependencies/checkouts/Rainbow/Sources/BackgroundColor.swift (in target 'Rainbow' from project 'Rainbow')
cd /Users/admin/builder/spi-builder-workspace/.swiftpm/xcode
builtin-SwiftPerFileCompile BackgroundColor.swift
SwiftCompile normal arm64 /Users/admin/builder/spi-builder-workspace/.dependencies/checkouts/Rainbow/Sources/CodesParser.swift (in target 'Rainbow' from project 'Rainbow')
cd /Users/admin/builder/spi-builder-workspace/.swiftpm/xcode
builtin-SwiftPerFileCompile CodesParser.swift
SwiftCompile normal arm64 Compiling\ String+ConditionalStyling.swift /Users/admin/builder/spi-builder-workspace/.dependencies/checkouts/Rainbow/Sources/String+ConditionalStyling.swift (in target 'Rainbow' from project 'Rainbow')
SwiftCompile normal arm64 /Users/admin/builder/spi-builder-workspace/.dependencies/checkouts/Rainbow/Sources/String+ConditionalStyling.swift (in target 'Rainbow' from project 'Rainbow')
cd /Users/admin/builder/spi-builder-workspace/.swiftpm/xcode
builtin-SwiftPerFileCompile String+ConditionalStyling.swift
SwiftCompile normal arm64 Compiling\ ConditionalStyleBuilder.swift,\ ControlCode.swift /Users/admin/builder/spi-builder-workspace/.dependencies/checkouts/Rainbow/Sources/ConditionalStyleBuilder.swift /Users/admin/builder/spi-builder-workspace/.dependencies/checkouts/Rainbow/Sources/ControlCode.swift (in target 'Rainbow' from project 'Rainbow')
SwiftCompile normal arm64 /Users/admin/builder/spi-builder-workspace/.dependencies/checkouts/Rainbow/Sources/ConditionalStyleBuilder.swift (in target 'Rainbow' from project 'Rainbow')
cd /Users/admin/builder/spi-builder-workspace/.swiftpm/xcode
builtin-SwiftPerFileCompile ConditionalStyleBuilder.swift
SwiftCompile normal arm64 /Users/admin/builder/spi-builder-workspace/.dependencies/checkouts/Rainbow/Sources/ControlCode.swift (in target 'Rainbow' from project 'Rainbow')
cd /Users/admin/builder/spi-builder-workspace/.swiftpm/xcode
builtin-SwiftPerFileCompile ControlCode.swift
SwiftCompile normal arm64 Compiling\ HSLColorConverter.swift,\ ModesExtractor.swift /Users/admin/builder/spi-builder-workspace/.dependencies/checkouts/Rainbow/Sources/HSLColorConverter.swift /Users/admin/builder/spi-builder-workspace/.dependencies/checkouts/Rainbow/Sources/ModesExtractor.swift (in target 'Rainbow' from project 'Rainbow')
SwiftCompile normal arm64 /Users/admin/builder/spi-builder-workspace/.dependencies/checkouts/Rainbow/Sources/HSLColorConverter.swift (in target 'Rainbow' from project 'Rainbow')
cd /Users/admin/builder/spi-builder-workspace/.swiftpm/xcode
builtin-SwiftPerFileCompile HSLColorConverter.swift
SwiftCompile normal arm64 /Users/admin/builder/spi-builder-workspace/.dependencies/checkouts/Rainbow/Sources/ModesExtractor.swift (in target 'Rainbow' from project 'Rainbow')
cd /Users/admin/builder/spi-builder-workspace/.swiftpm/xcode
builtin-SwiftPerFileCompile ModesExtractor.swift
SwiftCompile normal arm64 Compiling\ Color.swift,\ ColorApproximation.swift /Users/admin/builder/spi-builder-workspace/.dependencies/checkouts/Rainbow/Sources/Color.swift /Users/admin/builder/spi-builder-workspace/.dependencies/checkouts/Rainbow/Sources/ColorApproximation.swift (in target 'Rainbow' from project 'Rainbow')
SwiftCompile normal arm64 /Users/admin/builder/spi-builder-workspace/.dependencies/checkouts/Rainbow/Sources/Color.swift (in target 'Rainbow' from project 'Rainbow')
cd /Users/admin/builder/spi-builder-workspace/.swiftpm/xcode
builtin-SwiftPerFileCompile Color.swift
SwiftCompile normal arm64 /Users/admin/builder/spi-builder-workspace/.dependencies/checkouts/Rainbow/Sources/ColorApproximation.swift (in target 'Rainbow' from project 'Rainbow')
cd /Users/admin/builder/spi-builder-workspace/.swiftpm/xcode
builtin-SwiftPerFileCompile ColorApproximation.swift
SwiftCompile normal arm64 Compiling\ String+Rainbow.swift /Users/admin/builder/spi-builder-workspace/.dependencies/checkouts/Rainbow/Sources/String+Rainbow.swift (in target 'Rainbow' from project 'Rainbow')
SwiftCompile normal arm64 /Users/admin/builder/spi-builder-workspace/.dependencies/checkouts/Rainbow/Sources/String+Rainbow.swift (in target 'Rainbow' from project 'Rainbow')
cd /Users/admin/builder/spi-builder-workspace/.swiftpm/xcode
builtin-SwiftPerFileCompile String+Rainbow.swift
SwiftCompile normal arm64 Compiling\ StringGenerator.swift /Users/admin/builder/spi-builder-workspace/.dependencies/checkouts/Rainbow/Sources/StringGenerator.swift (in target 'Rainbow' from project 'Rainbow')
SwiftCompile normal arm64 /Users/admin/builder/spi-builder-workspace/.dependencies/checkouts/Rainbow/Sources/StringGenerator.swift (in target 'Rainbow' from project 'Rainbow')
cd /Users/admin/builder/spi-builder-workspace/.swiftpm/xcode
builtin-SwiftPerFileCompile StringGenerator.swift
SwiftEmitModule normal arm64 Emitting\ module\ for\ Rainbow (in target 'Rainbow' from project 'Rainbow')
SwiftCompile normal arm64 (in target 'Rainbow' from project 'Rainbow')
cd /Users/admin/builder/spi-builder-workspace/.swiftpm/xcode
SwiftCompile normal arm64 Compiling\ Style.swift /Users/admin/builder/spi-builder-workspace/.dependencies/checkouts/Rainbow/Sources/Style.swift (in target 'Rainbow' from project 'Rainbow')
SwiftCompile normal arm64 /Users/admin/builder/spi-builder-workspace/.dependencies/checkouts/Rainbow/Sources/Style.swift (in target 'Rainbow' from project 'Rainbow')
cd /Users/admin/builder/spi-builder-workspace/.swiftpm/xcode
builtin-SwiftPerFileCompile Style.swift
SwiftCompile normal arm64 Compiling\ StyledStringBuilder.swift /Users/admin/builder/spi-builder-workspace/.dependencies/checkouts/Rainbow/Sources/StyledStringBuilder.swift (in target 'Rainbow' from project 'Rainbow')
SwiftCompile normal arm64 /Users/admin/builder/spi-builder-workspace/.dependencies/checkouts/Rainbow/Sources/StyledStringBuilder.swift (in target 'Rainbow' from project 'Rainbow')
cd /Users/admin/builder/spi-builder-workspace/.swiftpm/xcode
builtin-SwiftPerFileCompile StyledStringBuilder.swift
SwiftDriverJobDiscovery normal arm64 Emitting module for Rainbow (in target 'Rainbow' from project 'Rainbow')
SwiftDriver\ Compilation\ Requirements Rainbow normal arm64 com.apple.xcode.tools.swift.compiler (in target 'Rainbow' from project 'Rainbow')
cd /Users/admin/builder/spi-builder-workspace/.swiftpm/xcode
builtin-Swift-Compilation-Requirements -- /Applications/Xcode-27.0.0-Release.Candidate.app/Contents/Developer/Toolchains/XcodeDefault.xctoolchain/usr/bin/swiftc -parse-as-library -module-name Rainbow -Onone @/Users/admin/builder/spi-builder-workspace/.derivedData/Build/Intermediates.noindex/Rainbow.build/Debug-xros/Rainbow-t.build/Objects-normal/arm64/Rainbow.SwiftFileList -DSWIFT_PACKAGE -DDEBUG -DSWIFT_MODULE_RESOURCE_BUNDLE_UNAVAILABLE -DXcode -plugin-path /Applications/Xcode-27.0.0-Release.Candidate.app/Contents/Developer/Toolchains/XcodeDefault.xctoolchain/usr/lib/swift/host/plugins/testing -enable-experimental-feature DebugDescriptionMacro -sdk /Applications/Xcode-27.0.0-Release.Candidate.app/Contents/Developer/Platforms/XROS.platform/Developer/SDKs/XROS27.0.sdk -target arm64-apple-xros1.0 -g -module-cache-path /Users/admin/builder/spi-builder-workspace/.derivedData/ModuleCache.noindex -Xfrontend -serialize-debugging-options -enable-testing -suppress-warnings -index-store-path /Users/admin/builder/spi-builder-workspace/.derivedData/Index.noindex/DataStore -Xcc -D_LIBCPP_HARDENING_MODE\=_LIBCPP_HARDENING_MODE_DEBUG -swift-version 4 -I /Users/admin/builder/spi-builder-workspace/.derivedData/Build/Products/Debug-xros -Isystem /Applications/Xcode-27.0.0-Release.Candidate.app/Contents/Developer/Platforms/XROS.platform/Developer/usr/lib -F /Users/admin/builder/spi-builder-workspace/.derivedData/Build/Products/Debug-xros -F /Applications/Xcode-27.0.0-Release.Candidate.app/Contents/Developer/Platforms/XROS.platform/Developer/Library/Frameworks -F /Applications/Xcode-27.0.0-Release.Candidate.app/Contents/Developer/Platforms/XROS.platform/Developer/SDKs/XROS27.0.sdk/Developer/Library/Frameworks -c -j10 -enable-batch-mode -incremental -Xcc -ivfsstatcache -Xcc /Users/admin/builder/spi-builder-workspace/.derivedData/SDKStatCaches.noindex/xros27.0-24M361-e829b21a6f8c9b70876ba0858053c044735bd543db762f57723cac368afd1ce4.sdkstatcache -output-file-map /Users/admin/builder/spi-builder-workspace/.derivedData/Build/Intermediates.noindex/Rainbow.build/Debug-xros/Rainbow-t.build/Objects-normal/arm64/Rainbow-OutputFileMap.json -save-temps -no-color-diagnostics -emit-dependencies -emit-module -emit-module-path /Users/admin/builder/spi-builder-workspace/.derivedData/Build/Intermediates.noindex/Rainbow.build/Debug-xros/Rainbow-t.build/Objects-normal/arm64/Rainbow.swiftmodule -serialize-diagnostics -validate-clang-modules-once -clang-build-session-file /Users/admin/builder/spi-builder-workspace/.derivedData/ModuleCache.noindex/Session.modulevalidation -Xcc -fmodules-prune-interval\=86400 -Xcc -fmodules-prune-after\=345600 -emit-const-values -const-gather-protocols-list /Users/admin/builder/spi-builder-workspace/.derivedData/Build/Intermediates.noindex/Rainbow.build/Debug-xros/Rainbow-t.build/Objects-normal/arm64/Rainbow_const_extract_protocols.json -Xcc -I/Users/admin/builder/spi-builder-workspace/.derivedData/Build/Products/Debug-xros/include -Xcc -I/Users/admin/builder/spi-builder-workspace/.derivedData/Build/Intermediates.noindex/Rainbow.build/Debug-xros/Rainbow-t.build/DerivedSources-normal/arm64 -Xcc -I/Users/admin/builder/spi-builder-workspace/.derivedData/Build/Intermediates.noindex/Rainbow.build/Debug-xros/Rainbow-t.build/DerivedSources/arm64 -Xcc -I/Users/admin/builder/spi-builder-workspace/.derivedData/Build/Intermediates.noindex/Rainbow.build/Debug-xros/Rainbow-t.build/DerivedSources -Xcc -DSWIFT_PACKAGE -Xcc -DDEBUG\=1 -emit-objc-header -emit-objc-header-path /Users/admin/builder/spi-builder-workspace/.derivedData/Build/Intermediates.noindex/Rainbow.build/Debug-xros/Rainbow-t.build/Objects-normal/arm64/Rainbow-Swift.h -working-directory /Users/admin/builder/spi-builder-workspace/.swiftpm/xcode -experimental-emit-module-separately -disable-cmo
SwiftDriverJobDiscovery normal arm64 Compiling String+ConditionalStyling.swift (in target 'Rainbow' from project 'Rainbow')
SwiftMergeGeneratedHeaders /Users/admin/builder/spi-builder-workspace/.derivedData/Build/Intermediates.noindex/GeneratedModuleMaps-xros/Rainbow-Swift.h /Users/admin/builder/spi-builder-workspace/.derivedData/Build/Intermediates.noindex/Rainbow.build/Debug-xros/Rainbow-t.build/Objects-normal/arm64/Rainbow-Swift.h (in target 'Rainbow' from project 'Rainbow')
cd /Users/admin/builder/spi-builder-workspace/.dependencies/checkouts/Rainbow
builtin-swiftHeaderTool -arch arm64 /Users/admin/builder/spi-builder-workspace/.derivedData/Build/Intermediates.noindex/Rainbow.build/Debug-xros/Rainbow-t.build/Objects-normal/arm64/Rainbow-Swift.h -o /Users/admin/builder/spi-builder-workspace/.derivedData/Build/Intermediates.noindex/GeneratedModuleMaps-xros/Rainbow-Swift.h
Copy /Users/admin/builder/spi-builder-workspace/.derivedData/Build/Products/Debug-xros/Rainbow.swiftmodule/arm64-apple-xros.swiftmodule /Users/admin/builder/spi-builder-workspace/.derivedData/Build/Intermediates.noindex/Rainbow.build/Debug-xros/Rainbow-t.build/Objects-normal/arm64/Rainbow.swiftmodule (in target 'Rainbow' from project 'Rainbow')
cd /Users/admin/builder/spi-builder-workspace/.dependencies/checkouts/Rainbow
builtin-copy -exclude .DS_Store -exclude CVS -exclude .svn -exclude .git -exclude .hg -resolve-src-symlinks -rename /Users/admin/builder/spi-builder-workspace/.derivedData/Build/Intermediates.noindex/Rainbow.build/Debug-xros/Rainbow-t.build/Objects-normal/arm64/Rainbow.swiftmodule /Users/admin/builder/spi-builder-workspace/.derivedData/Build/Products/Debug-xros/Rainbow.swiftmodule/arm64-apple-xros.swiftmodule
Copy /Users/admin/builder/spi-builder-workspace/.derivedData/Build/Products/Debug-xros/Rainbow.swiftmodule/arm64-apple-xros.swiftdoc /Users/admin/builder/spi-builder-workspace/.derivedData/Build/Intermediates.noindex/Rainbow.build/Debug-xros/Rainbow-t.build/Objects-normal/arm64/Rainbow.swiftdoc (in target 'Rainbow' from project 'Rainbow')
cd /Users/admin/builder/spi-builder-workspace/.dependencies/checkouts/Rainbow
builtin-copy -exclude .DS_Store -exclude CVS -exclude .svn -exclude .git -exclude .hg -resolve-src-symlinks -rename /Users/admin/builder/spi-builder-workspace/.derivedData/Build/Intermediates.noindex/Rainbow.build/Debug-xros/Rainbow-t.build/Objects-normal/arm64/Rainbow.swiftdoc /Users/admin/builder/spi-builder-workspace/.derivedData/Build/Products/Debug-xros/Rainbow.swiftmodule/arm64-apple-xros.swiftdoc
SwiftDriverJobDiscovery normal arm64 Compiling Style.swift (in target 'Rainbow' from project 'Rainbow')
Copy /Users/admin/builder/spi-builder-workspace/.derivedData/Build/Products/Debug-xros/Rainbow.swiftmodule/arm64-apple-xros.abi.json /Users/admin/builder/spi-builder-workspace/.derivedData/Build/Intermediates.noindex/Rainbow.build/Debug-xros/Rainbow-t.build/Objects-normal/arm64/Rainbow.abi.json (in target 'Rainbow' from project 'Rainbow')
cd /Users/admin/builder/spi-builder-workspace/.dependencies/checkouts/Rainbow
builtin-copy -exclude .DS_Store -exclude CVS -exclude .svn -exclude .git -exclude .hg -resolve-src-symlinks -rename /Users/admin/builder/spi-builder-workspace/.derivedData/Build/Intermediates.noindex/Rainbow.build/Debug-xros/Rainbow-t.build/Objects-normal/arm64/Rainbow.abi.json /Users/admin/builder/spi-builder-workspace/.derivedData/Build/Products/Debug-xros/Rainbow.swiftmodule/arm64-apple-xros.abi.json
Copy /Users/admin/builder/spi-builder-workspace/.derivedData/Build/Products/Debug-xros/Rainbow.swiftmodule/Project/arm64-apple-xros.swiftsourceinfo /Users/admin/builder/spi-builder-workspace/.derivedData/Build/Intermediates.noindex/Rainbow.build/Debug-xros/Rainbow-t.build/Objects-normal/arm64/Rainbow.swiftsourceinfo (in target 'Rainbow' from project 'Rainbow')
cd /Users/admin/builder/spi-builder-workspace/.dependencies/checkouts/Rainbow
builtin-copy -exclude .DS_Store -exclude CVS -exclude .svn -exclude .git -exclude .hg -resolve-src-symlinks -rename /Users/admin/builder/spi-builder-workspace/.derivedData/Build/Intermediates.noindex/Rainbow.build/Debug-xros/Rainbow-t.build/Objects-normal/arm64/Rainbow.swiftsourceinfo /Users/admin/builder/spi-builder-workspace/.derivedData/Build/Products/Debug-xros/Rainbow.swiftmodule/Project/arm64-apple-xros.swiftsourceinfo
SwiftDriverJobDiscovery normal arm64 Compiling StringGenerator.swift (in target 'Rainbow' from project 'Rainbow')
SwiftDriver Sh normal arm64 com.apple.xcode.tools.swift.compiler (in target 'Sh' from project 'Sh')
cd /Users/admin/builder/spi-builder-workspace/.swiftpm/xcode
builtin-SwiftDriver -- /Applications/Xcode-27.0.0-Release.Candidate.app/Contents/Developer/Toolchains/XcodeDefault.xctoolchain/usr/bin/swiftc -parse-as-library -module-name Sh -Onone @/Users/admin/builder/spi-builder-workspace/.derivedData/Build/Intermediates.noindex/Sh.build/Debug-xros/Sh-t.build/Objects-normal/arm64/Sh.SwiftFileList -DSWIFT_PACKAGE -DDEBUG -DSWIFT_MODULE_RESOURCE_BUNDLE_UNAVAILABLE -DXcode -plugin-path /Applications/Xcode-27.0.0-Release.Candidate.app/Contents/Developer/Toolchains/XcodeDefault.xctoolchain/usr/lib/swift/host/plugins/testing -enable-experimental-feature DebugDescriptionMacro -sdk /Applications/Xcode-27.0.0-Release.Candidate.app/Contents/Developer/Platforms/XROS.platform/Developer/SDKs/XROS27.0.sdk -target arm64-apple-xros1.0 -g -module-cache-path /Users/admin/builder/spi-builder-workspace/.derivedData/ModuleCache.noindex -Xfrontend -serialize-debugging-options -enable-testing -suppress-warnings -index-store-path /Users/admin/builder/spi-builder-workspace/.derivedData/Index.noindex/DataStore -Xcc -D_LIBCPP_HARDENING_MODE\=_LIBCPP_HARDENING_MODE_DEBUG -swift-version 5 -I /Users/admin/builder/spi-builder-workspace/.derivedData/Build/Products/Debug-xros -Isystem /Applications/Xcode-27.0.0-Release.Candidate.app/Contents/Developer/Platforms/XROS.platform/Developer/usr/lib -F /Users/admin/builder/spi-builder-workspace/.derivedData/Build/Products/Debug-xros/PackageFrameworks -F /Users/admin/builder/spi-builder-workspace/.derivedData/Build/Products/Debug-xros -F /Applications/Xcode-27.0.0-Release.Candidate.app/Contents/Developer/Platforms/XROS.platform/Developer/Library/Frameworks -F /Applications/Xcode-27.0.0-Release.Candidate.app/Contents/Developer/Platforms/XROS.platform/Developer/SDKs/XROS27.0.sdk/Developer/Library/Frameworks -c -j10 -enable-batch-mode -incremental -Xcc -ivfsstatcache -Xcc /Users/admin/builder/spi-builder-workspace/.derivedData/SDKStatCaches.noindex/xros27.0-24M361-e829b21a6f8c9b70876ba0858053c044735bd543db762f57723cac368afd1ce4.sdkstatcache -output-file-map /Users/admin/builder/spi-builder-workspace/.derivedData/Build/Intermediates.noindex/Sh.build/Debug-xros/Sh-t.build/Objects-normal/arm64/Sh-OutputFileMap.json -save-temps -no-color-diagnostics -explicit-module-build -module-cache-path /Users/admin/builder/spi-builder-workspace/.derivedData/Build/Intermediates.noindex/SwiftExplicitPrecompiledModules -clang-scanner-module-cache-path /Users/admin/builder/spi-builder-workspace/.derivedData/ModuleCache.noindex -sdk-module-cache-path /Users/admin/builder/spi-builder-workspace/.derivedData/SDKExplicitPrecompiledModules -emit-dependencies -emit-module -emit-module-path /Users/admin/builder/spi-builder-workspace/.derivedData/Build/Intermediates.noindex/Sh.build/Debug-xros/Sh-t.build/Objects-normal/arm64/Sh.swiftmodule -serialize-diagnostics -dependency-scan-serialize-diagnostics-path /Users/admin/builder/spi-builder-workspace/.derivedData/Build/Intermediates.noindex/Sh.build/Debug-xros/Sh-t.build/Objects-normal/arm64/Sh-dependency-scan.dia -validate-clang-modules-once -clang-build-session-file /Users/admin/builder/spi-builder-workspace/.derivedData/ModuleCache.noindex/Session.modulevalidation -Xcc -fmodules-prune-interval\=86400 -Xcc -fmodules-prune-after\=345600 -emit-const-values -const-gather-protocols-list /Users/admin/builder/spi-builder-workspace/.derivedData/Build/Intermediates.noindex/Sh.build/Debug-xros/Sh-t.build/Objects-normal/arm64/Sh_const_extract_protocols.json -Xcc -I/Users/admin/builder/spi-builder-workspace/.derivedData/Build/Products/Debug-xros/include -Xcc -I/Users/admin/builder/spi-builder-workspace/.derivedData/Build/Intermediates.noindex/Sh.build/Debug-xros/Sh-t.build/DerivedSources-normal/arm64 -Xcc -I/Users/admin/builder/spi-builder-workspace/.derivedData/Build/Intermediates.noindex/Sh.build/Debug-xros/Sh-t.build/DerivedSources/arm64 -Xcc -I/Users/admin/builder/spi-builder-workspace/.derivedData/Build/Intermediates.noindex/Sh.build/Debug-xros/Sh-t.build/DerivedSources -Xcc -DSWIFT_PACKAGE -Xcc -DDEBUG\=1 -emit-objc-header -emit-objc-header-path /Users/admin/builder/spi-builder-workspace/.derivedData/Build/Intermediates.noindex/Sh.build/Debug-xros/Sh-t.build/Objects-normal/arm64/Sh-Swift.h -working-directory /Users/admin/builder/spi-builder-workspace/.swiftpm/xcode -experimental-emit-module-separately -disable-cmo
SwiftDriverJobDiscovery normal arm64 Compiling ConditionalStyleBuilder.swift, ControlCode.swift (in target 'Rainbow' from project 'Rainbow')
SwiftDriverJobDiscovery normal arm64 Compiling String+Rainbow.swift (in target 'Rainbow' from project 'Rainbow')
SwiftDriverJobDiscovery normal arm64 Compiling BackgroundColor.swift, CodesParser.swift (in target 'Rainbow' from project 'Rainbow')
SwiftExplicitDependencyGeneratePcm arm64 /Users/admin/builder/spi-builder-workspace/.derivedData/SDKExplicitPrecompiledModules/ptrauth-1WBA714DZSVUL5JQDJ08CLKZ.pcm
SwiftExplicitDependencyGeneratePcm arm64 /Users/admin/builder/spi-builder-workspace/.derivedData/SDKExplicitPrecompiledModules/_Builtin_stddef-5NQ9Z1GV07GBSRQGAQCGXGVRI.pcm
SwiftExplicitDependencyGeneratePcm arm64 /Users/admin/builder/spi-builder-workspace/.derivedData/SDKExplicitPrecompiledModules/_Builtin_stdarg-CDA349K2K4US766844K8E0PVA.pcm
SwiftExplicitDependencyGeneratePcm arm64 /Users/admin/builder/spi-builder-workspace/.derivedData/SDKExplicitPrecompiledModules/SwiftShims-CI4H5RO9IYFFWQ2COB512Q2S9.pcm
SwiftExplicitDependencyGeneratePcm arm64 /Users/admin/builder/spi-builder-workspace/.derivedData/SDKExplicitPrecompiledModules/_Builtin_stdbool-5BU2ADS7JXQMYENKQHW9X8XOU.pcm
SwiftExplicitDependencyGeneratePcm arm64 /Users/admin/builder/spi-builder-workspace/.derivedData/SDKExplicitPrecompiledModules/_AvailabilityInternal-1Q8IQP6M38UWSGZ95UCEY2M44.pcm
SwiftExplicitDependencyGeneratePcm arm64 /Users/admin/builder/spi-builder-workspace/.derivedData/SDKExplicitPrecompiledModules/_Builtin_float-6WKHNW5S40U2QGHXXGETUDIRA.pcm
SwiftExplicitDependencyGeneratePcm arm64 /Users/admin/builder/spi-builder-workspace/.derivedData/SDKExplicitPrecompiledModules/ptrcheck-BXA97MNLI4BB0HF5I8MJE403D.pcm
SwiftExplicitDependencyGeneratePcm arm64 /Users/admin/builder/spi-builder-workspace/.derivedData/SDKExplicitPrecompiledModules/_SwiftConcurrencyShims-C8XHKSHX96D5YYALNM4W70Z0O.pcm
SwiftExplicitDependencyGeneratePcm arm64 /Users/admin/builder/spi-builder-workspace/.derivedData/SDKExplicitPrecompiledModules/_DarwinFoundation1-5RGRVV2TZ6WC4WZW5IXF8NQ04.pcm
SwiftExplicitDependencyGeneratePcm arm64 /Users/admin/builder/spi-builder-workspace/.derivedData/SDKExplicitPrecompiledModules/_DarwinFoundation2-ENTECK156YEWITZRRBTOCE4KR.pcm
SwiftExplicitDependencyGeneratePcm arm64 /Users/admin/builder/spi-builder-workspace/.derivedData/SDKExplicitPrecompiledModules/_Builtin_limits-425JDMN5HPM3D0UEI8LEHP6NM.pcm
SwiftExplicitDependencyGeneratePcm arm64 /Users/admin/builder/spi-builder-workspace/.derivedData/SDKExplicitPrecompiledModules/sys_types-AYM0BHR77VKMWZCO2T0XGV2HF.pcm
SwiftExplicitDependencyGeneratePcm arm64 /Users/admin/builder/spi-builder-workspace/.derivedData/SDKExplicitPrecompiledModules/string_h-2GT67HHHHK5CF1V1S31LH0PU2.pcm
SwiftExplicitDependencyGeneratePcm arm64 /Users/admin/builder/spi-builder-workspace/.derivedData/SDKExplicitPrecompiledModules/_Builtin_stdint-8OR6T47OOYJA90ZBO3N1USDE.pcm
SwiftExplicitDependencyGeneratePcm arm64 /Users/admin/builder/spi-builder-workspace/.derivedData/SDKExplicitPrecompiledModules/_DarwinFoundation3-9ZHN6JKBS40BBA81RQMV8H0IC.pcm
SwiftExplicitDependencyGeneratePcm arm64 /Users/admin/builder/spi-builder-workspace/.derivedData/SDKExplicitPrecompiledModules/_Builtin_inttypes-11B64KJD36B3YOHBR1BBXBJY8.pcm
SwiftDriverJobDiscovery normal arm64 Compiling Color.swift, ColorApproximation.swift (in target 'Rainbow' from project 'Rainbow')
SwiftDriverJobDiscovery normal arm64 Compiling HSLColorConverter.swift, ModesExtractor.swift (in target 'Rainbow' from project 'Rainbow')
SwiftDriverJobDiscovery normal arm64 Compiling OutputTarget.swift, Rainbow.swift (in target 'Rainbow' from project 'Rainbow')
SwiftExplicitDependencyGeneratePcm arm64 /Users/admin/builder/spi-builder-workspace/.derivedData/SDKExplicitPrecompiledModules/Darwin-60P5LVNQO3ESRRM5DCJ05PFNK.pcm
SwiftDriverJobDiscovery normal arm64 Compiling StyledStringBuilder.swift (in target 'Rainbow' from project 'Rainbow')
SwiftDriver\ Compilation Rainbow normal arm64 com.apple.xcode.tools.swift.compiler (in target 'Rainbow' from project 'Rainbow')
cd /Users/admin/builder/spi-builder-workspace/.swiftpm/xcode
builtin-Swift-Compilation -- /Applications/Xcode-27.0.0-Release.Candidate.app/Contents/Developer/Toolchains/XcodeDefault.xctoolchain/usr/bin/swiftc -parse-as-library -module-name Rainbow -Onone @/Users/admin/builder/spi-builder-workspace/.derivedData/Build/Intermediates.noindex/Rainbow.build/Debug-xros/Rainbow-t.build/Objects-normal/arm64/Rainbow.SwiftFileList -DSWIFT_PACKAGE -DDEBUG -DSWIFT_MODULE_RESOURCE_BUNDLE_UNAVAILABLE -DXcode -plugin-path /Applications/Xcode-27.0.0-Release.Candidate.app/Contents/Developer/Toolchains/XcodeDefault.xctoolchain/usr/lib/swift/host/plugins/testing -enable-experimental-feature DebugDescriptionMacro -sdk /Applications/Xcode-27.0.0-Release.Candidate.app/Contents/Developer/Platforms/XROS.platform/Developer/SDKs/XROS27.0.sdk -target arm64-apple-xros1.0 -g -module-cache-path /Users/admin/builder/spi-builder-workspace/.derivedData/ModuleCache.noindex -Xfrontend -serialize-debugging-options -enable-testing -suppress-warnings -index-store-path /Users/admin/builder/spi-builder-workspace/.derivedData/Index.noindex/DataStore -Xcc -D_LIBCPP_HARDENING_MODE\=_LIBCPP_HARDENING_MODE_DEBUG -swift-version 4 -I /Users/admin/builder/spi-builder-workspace/.derivedData/Build/Products/Debug-xros -Isystem /Applications/Xcode-27.0.0-Release.Candidate.app/Contents/Developer/Platforms/XROS.platform/Developer/usr/lib -F /Users/admin/builder/spi-builder-workspace/.derivedData/Build/Products/Debug-xros -F /Applications/Xcode-27.0.0-Release.Candidate.app/Contents/Developer/Platforms/XROS.platform/Developer/Library/Frameworks -F /Applications/Xcode-27.0.0-Release.Candidate.app/Contents/Developer/Platforms/XROS.platform/Developer/SDKs/XROS27.0.sdk/Developer/Library/Frameworks -c -j10 -enable-batch-mode -incremental -Xcc -ivfsstatcache -Xcc /Users/admin/builder/spi-builder-workspace/.derivedData/SDKStatCaches.noindex/xros27.0-24M361-e829b21a6f8c9b70876ba0858053c044735bd543db762f57723cac368afd1ce4.sdkstatcache -output-file-map /Users/admin/builder/spi-builder-workspace/.derivedData/Build/Intermediates.noindex/Rainbow.build/Debug-xros/Rainbow-t.build/Objects-normal/arm64/Rainbow-OutputFileMap.json -save-temps -no-color-diagnostics -emit-dependencies -emit-module -emit-module-path /Users/admin/builder/spi-builder-workspace/.derivedData/Build/Intermediates.noindex/Rainbow.build/Debug-xros/Rainbow-t.build/Objects-normal/arm64/Rainbow.swiftmodule -serialize-diagnostics -validate-clang-modules-once -clang-build-session-file /Users/admin/builder/spi-builder-workspace/.derivedData/ModuleCache.noindex/Session.modulevalidation -Xcc -fmodules-prune-interval\=86400 -Xcc -fmodules-prune-after\=345600 -emit-const-values -const-gather-protocols-list /Users/admin/builder/spi-builder-workspace/.derivedData/Build/Intermediates.noindex/Rainbow.build/Debug-xros/Rainbow-t.build/Objects-normal/arm64/Rainbow_const_extract_protocols.json -Xcc -I/Users/admin/builder/spi-builder-workspace/.derivedData/Build/Products/Debug-xros/include -Xcc -I/Users/admin/builder/spi-builder-workspace/.derivedData/Build/Intermediates.noindex/Rainbow.build/Debug-xros/Rainbow-t.build/DerivedSources-normal/arm64 -Xcc -I/Users/admin/builder/spi-builder-workspace/.derivedData/Build/Intermediates.noindex/Rainbow.build/Debug-xros/Rainbow-t.build/DerivedSources/arm64 -Xcc -I/Users/admin/builder/spi-builder-workspace/.derivedData/Build/Intermediates.noindex/Rainbow.build/Debug-xros/Rainbow-t.build/DerivedSources -Xcc -DSWIFT_PACKAGE -Xcc -DDEBUG\=1 -emit-objc-header -emit-objc-header-path /Users/admin/builder/spi-builder-workspace/.derivedData/Build/Intermediates.noindex/Rainbow.build/Debug-xros/Rainbow-t.build/Objects-normal/arm64/Rainbow-Swift.h -working-directory /Users/admin/builder/spi-builder-workspace/.swiftpm/xcode -experimental-emit-module-separately -disable-cmo
Ld /Users/admin/builder/spi-builder-workspace/.derivedData/Build/Products/Debug-xros/Rainbow.o normal (in target 'Rainbow' from project 'Rainbow')
cd /Users/admin/builder/spi-builder-workspace/.dependencies/checkouts/Rainbow
/Applications/Xcode-27.0.0-Release.Candidate.app/Contents/Developer/Toolchains/XcodeDefault.xctoolchain/usr/bin/clang -Xlinker -reproducible -target arm64-apple-xros1.0 -r -isysroot /Applications/Xcode-27.0.0-Release.Candidate.app/Contents/Developer/Platforms/XROS.platform/Developer/SDKs/XROS27.0.sdk -O0 -w -Xlinker -no_warn_duplicate_libraries -F/Users/admin/builder/spi-builder-workspace/.derivedData/Build/Intermediates.noindex/EagerLinkingTBDs/Debug-xros -F/Users/admin/builder/spi-builder-workspace/.derivedData/Build/Products/Debug-xros -iframework /Applications/Xcode-27.0.0-Release.Candidate.app/Contents/Developer/Platforms/XROS.platform/Developer/Library/Frameworks -iframework /Applications/Xcode-27.0.0-Release.Candidate.app/Contents/Developer/Platforms/XROS.platform/Developer/SDKs/XROS27.0.sdk/Developer/Library/Frameworks -filelist /Users/admin/builder/spi-builder-workspace/.derivedData/Build/Intermediates.noindex/Rainbow.build/Debug-xros/Rainbow-t.build/Objects-normal/arm64/Rainbow.LinkFileList -nostdlib -Xlinker -object_path_lto -Xlinker /Users/admin/builder/spi-builder-workspace/.derivedData/Build/Intermediates.noindex/Rainbow.build/Debug-xros/Rainbow-t.build/Objects-normal/arm64/Rainbow_lto.o -Xlinker -no_deduplicate -Xlinker -dependency_info -Xlinker /Users/admin/builder/spi-builder-workspace/.derivedData/Build/Intermediates.noindex/Rainbow.build/Debug-xros/Rainbow-t.build/Objects-normal/arm64/Rainbow_dependency_info.dat -fobjc-link-runtime -L/Applications/Xcode-27.0.0-Release.Candidate.app/Contents/Developer/Toolchains/XcodeDefault.xctoolchain/usr/lib/swift/xros -L/usr/lib/swift -Xlinker -add_ast_path -Xlinker /Users/admin/builder/spi-builder-workspace/.derivedData/Build/Intermediates.noindex/Rainbow.build/Debug-xros/Rainbow-t.build/Objects-normal/arm64/Rainbow.swiftmodule -o /Users/admin/builder/spi-builder-workspace/.derivedData/Build/Products/Debug-xros/Rainbow.o
ExtractAppIntentsMetadata (in target 'Rainbow' from project 'Rainbow')
cd /Users/admin/builder/spi-builder-workspace/.dependencies/checkouts/Rainbow
/Applications/Xcode-27.0.0-Release.Candidate.app/Contents/Developer/Toolchains/XcodeDefault.xctoolchain/usr/bin/appintentsmetadataprocessor --toolchain-dir /var/run/com.apple.security.cryptexd/mnt/com.apple.MobileAsset.MetalToolchain-v27.1.266.1.jMYLLG/Metal.xctoolchain --module-name Rainbow --sdk-root /Applications/Xcode-27.0.0-Release.Candidate.app/Contents/Developer/Platforms/XROS.platform/Developer/SDKs/XROS27.0.sdk --xcode-version 27A266a --platform-family xrOS --deployment-target 1.0 --bundle-identifier rainbow.Rainbow --output /Users/admin/builder/spi-builder-workspace/.derivedData/Build/Products/Debug-xros/Rainbow.appintents --target-triple arm64-apple-xros1.0 --binary-file /Users/admin/builder/spi-builder-workspace/.derivedData/Build/Products/Debug-xros/Rainbow.o --dependency-file /Users/admin/builder/spi-builder-workspace/.derivedData/Build/Intermediates.noindex/Rainbow.build/Debug-xros/Rainbow-t.build/Objects-normal/arm64/Rainbow_dependency_info.dat --stringsdata-file /Users/admin/builder/spi-builder-workspace/.derivedData/Build/Intermediates.noindex/Rainbow.build/Debug-xros/Rainbow-t.build/Objects-normal/arm64/ExtractedAppShortcutsMetadata.stringsdata --source-file-list /Users/admin/builder/spi-builder-workspace/.derivedData/Build/Intermediates.noindex/Rainbow.build/Debug-xros/Rainbow-t.build/Objects-normal/arm64/Rainbow.SwiftFileList --metadata-file-list /Users/admin/builder/spi-builder-workspace/.derivedData/Build/Intermediates.noindex/Rainbow.build/Debug-xros/Rainbow-t.build/Rainbow.DependencyMetadataFileList --static-metadata-file-list /Users/admin/builder/spi-builder-workspace/.derivedData/Build/Intermediates.noindex/Rainbow.build/Debug-xros/Rainbow-t.build/Rainbow.DependencyStaticMetadataFileList --swift-const-vals-list /Users/admin/builder/spi-builder-workspace/.derivedData/Build/Intermediates.noindex/Rainbow.build/Debug-xros/Rainbow-t.build/Objects-normal/arm64/Rainbow.SwiftConstValuesFileList --force --compile-time-extraction --deployment-aware-processing --no-app-shortcuts-localization
2026-09-21 08:36:53.858 appintentsmetadataprocessor[799:4805] Starting appintentsmetadataprocessor export
2026-09-21 08:36:53.945 appintentsmetadataprocessor[799:4805] Extracted no relevant App Intents symbols, skipping writing output
SwiftExplicitDependencyGeneratePcm arm64 /Users/admin/builder/spi-builder-workspace/.derivedData/SDKExplicitPrecompiledModules/ObjectiveC-26TIBFYCEJZVP216ZZAU1X8KN.pcm
SwiftExplicitDependencyGeneratePcm arm64 /Users/admin/builder/spi-builder-workspace/.derivedData/SDKExplicitPrecompiledModules/os_object-692CJ8BG6RE5H04487EJJOVXW.pcm
SwiftExplicitDependencyGeneratePcm arm64 /Users/admin/builder/spi-builder-workspace/.derivedData/SDKExplicitPrecompiledModules/os_workgroup-4U1VXMWIZD80E7PRUQF2G7P9X.pcm
SwiftExplicitDependencyGeneratePcm arm64 /Users/admin/builder/spi-builder-workspace/.derivedData/SDKExplicitPrecompiledModules/Dispatch-CLT3466HKC22GCKAWSCNG0H7T.pcm
SwiftExplicitDependencyGeneratePcm arm64 /Users/admin/builder/spi-builder-workspace/.derivedData/SDKExplicitPrecompiledModules/CoreFoundation-AVLTZVCXBU2TO75JCN4AGU8XJ.pcm
SwiftExplicitDependencyGeneratePcm arm64 /Users/admin/builder/spi-builder-workspace/.derivedData/SDKExplicitPrecompiledModules/XPC-EP5EU7FNGP4VOA3EDM18P1KHO.pcm
SwiftExplicitDependencyGeneratePcm arm64 /Users/admin/builder/spi-builder-workspace/.derivedData/SDKExplicitPrecompiledModules/CFNetwork-5MI70N1VLDQSWTX4COWLMSIRO.pcm
SwiftExplicitDependencyGeneratePcm arm64 /Users/admin/builder/spi-builder-workspace/.derivedData/SDKExplicitPrecompiledModules/Security-8TH2M8WJIQMET4SADWX0N8372.pcm
SwiftExplicitDependencyGeneratePcm arm64 /Users/admin/builder/spi-builder-workspace/.derivedData/SDKExplicitPrecompiledModules/Foundation-8GON1KVEKRN3NOQI8RETBRWJP.pcm
SwiftEmitModule normal arm64 Emitting\ module\ for\ Sh (in target 'Sh' from project 'Sh')
SwiftCompile normal arm64 (in target 'Sh' from project 'Sh')
cd /Users/admin/builder/spi-builder-workspace/.swiftpm/xcode
/Users/admin/builder/spi-builder-workspace/.dependencies/checkouts/Sh/Sources/Sh/Process/Process.init.swift:3:11: error: cannot find type 'Process' in scope
1 | import Foundation
2 |
3 | extension Process {
| `- error: cannot find type 'Process' in scope
4 |
5 | public convenience init(cmd: String, environment: [String: String] = [:], workingDirectory: String? = nil) {
/Users/admin/builder/spi-builder-workspace/.dependencies/checkouts/Sh/Sources/Sh/Process/Process.runRedirectingAllOutput.swift:9:11: error: cannot find type 'Process' in scope
7 | #endif
8 |
9 | extension Process {
| `- error: cannot find type 'Process' in scope
10 |
11 | public func runRedirectingAllOutput(to sink: Sink) throws {
/Users/admin/builder/spi-builder-workspace/.dependencies/checkouts/Sh/Sources/Sh/Process/Process.runReturningAllOutput.swift:3:11: error: cannot find type 'Process' in scope
1 | import Foundation
2 |
3 | extension Process {
| `- error: cannot find type 'Process' in scope
4 |
5 | public struct AllOutput {
/Users/admin/builder/spi-builder-workspace/.dependencies/checkouts/Sh/Sources/Sh/Process/Process.runReturningData.swift:3:11: error: cannot find type 'Process' in scope
1 | import Foundation
2 |
3 | extension Process {
| `- error: cannot find type 'Process' in scope
4 |
5 | public func runReturningData() throws -> Data {
/Users/admin/builder/spi-builder-workspace/.dependencies/checkouts/Sh/Sources/Sh/Process/Process.runReturningTrimmedString.swift:3:18: error: cannot find type 'Process' in scope
1 | import Foundation
2 |
3 | public extension Process {
| `- error: cannot find type 'Process' in scope
4 |
5 | func runReturningTrimmedString() throws -> String? {
/Users/admin/builder/spi-builder-workspace/.dependencies/checkouts/Sh/Sources/Sh/Process/Process.terminationError.swift:3:11: error: cannot find type 'Process' in scope
1 | import Foundation
2 |
3 | extension Process {
| `- error: cannot find type 'Process' in scope
4 | public var terminationError: TerminationError? {
5 | if self.terminationStatus == 0 {
/Users/admin/builder/spi-builder-workspace/.dependencies/checkouts/Sh/Sources/Sh/Process/Process.terminationError.swift:34:17: error: cannot find type 'Process' in scope
32 |
33 | private extension TerminationError {
34 | init(process: Process) {
| `- error: cannot find type 'Process' in scope
35 | self.status = process.terminationStatus
36 | self.reason = process.terminationReason.reason
SwiftCompile normal arm64 Compiling\ Sink.swift /Users/admin/builder/spi-builder-workspace/.dependencies/checkouts/Sh/Sources/Sh/Sink.swift (in target 'Sh' from project 'Sh')
SwiftCompile normal arm64 /Users/admin/builder/spi-builder-workspace/.dependencies/checkouts/Sh/Sources/Sh/Sink.swift (in target 'Sh' from project 'Sh')
cd /Users/admin/builder/spi-builder-workspace/.swiftpm/xcode
builtin-SwiftPerFileCompile Sink.swift
SwiftCompile normal arm64 Compiling\ shq.swift /Users/admin/builder/spi-builder-workspace/.dependencies/checkouts/Sh/Sources/Sh/shq.swift (in target 'Sh' from project 'Sh')
/Users/admin/builder/spi-builder-workspace/.dependencies/checkouts/Sh/Sources/Sh/shq.swift:27:14: error: cannot find 'Process' in scope
25 | environment: [String: String] = [:],
26 | workingDirectory: String? = nil) throws -> String? {
27 | return try Process(cmd: cmd, environment: environment, workingDirectory: workingDirectory)
| `- error: cannot find 'Process' in scope
28 | .runReturningData()
29 | .asTrimmedString()
/Users/admin/builder/spi-builder-workspace/.dependencies/checkouts/Sh/Sources/Sh/shq.swift:36:20: error: cannot find 'Process' in scope
34 | environment: [String: String] = [:],
35 | workingDirectory: String? = nil) async throws -> String? {
36 | return try await Process(cmd: cmd, environment: environment, workingDirectory: workingDirectory)
| `- error: cannot find 'Process' in scope
37 | .runReturningData()
38 | .asTrimmedString()
/Users/admin/builder/spi-builder-workspace/.dependencies/checkouts/Sh/Sources/Sh/shq.swift:49:7: error: cannot find 'Process' in scope
47 | environment: [String: String] = [:],
48 | workingDirectory: String? = nil) throws -> D {
49 | try Process(cmd: cmd, environment: environment, workingDirectory: workingDirectory)
| `- error: cannot find 'Process' in scope
50 | .runReturningData()
51 | .asJSON(decoding: type, using: jsonDecoder)
/Users/admin/builder/spi-builder-workspace/.dependencies/checkouts/Sh/Sources/Sh/shq.swift:61:24: error: cannot find 'Process' in scope
59 | environment: [String: String] = [:],
60 | workingDirectory: String? = nil) async throws -> D {
61 | let data = try await Process(
| `- error: cannot find 'Process' in scope
62 | cmd: cmd,
63 | environment: environment,
/Users/admin/builder/spi-builder-workspace/.dependencies/checkouts/Sh/Sources/Sh/shq.swift:86:7: error: cannot find 'Process' in scope
84 | environment: [String: String] = [:],
85 | workingDirectory: String? = nil) throws {
86 | try Process(cmd: cmd, environment: environment, workingDirectory: workingDirectory)
| `- error: cannot find 'Process' in scope
87 | .runRedirectingAllOutput(to: sink)
88 | }
/Users/admin/builder/spi-builder-workspace/.dependencies/checkouts/Sh/Sources/Sh/shq.swift:94:13: error: cannot find 'Process' in scope
92 | environment: [String: String] = [:],
93 | workingDirectory: String? = nil) async throws {
94 | try await Process(cmd: cmd, environment: environment, workingDirectory: workingDirectory)
| `- error: cannot find 'Process' in scope
95 | .runRedirectingAllOutput(to: sink)
96 | }
SwiftCompile normal arm64 /Users/admin/builder/spi-builder-workspace/.dependencies/checkouts/Sh/Sources/Sh/shq.swift (in target 'Sh' from project 'Sh')
cd /Users/admin/builder/spi-builder-workspace/.swiftpm/xcode
builtin-SwiftPerFileCompile shq.swift
SwiftCompile normal arm64 Compiling\ String.asTrimmedLines.swift /Users/admin/builder/spi-builder-workspace/.dependencies/checkouts/Sh/Sources/Sh/String/String.asTrimmedLines.swift (in target 'Sh' from project 'Sh')
SwiftCompile normal arm64 /Users/admin/builder/spi-builder-workspace/.dependencies/checkouts/Sh/Sources/Sh/String/String.asTrimmedLines.swift (in target 'Sh' from project 'Sh')
cd /Users/admin/builder/spi-builder-workspace/.swiftpm/xcode
builtin-SwiftPerFileCompile String.asTrimmedLines.swift
SwiftCompile normal arm64 Compiling\ Process.terminationError.swift /Users/admin/builder/spi-builder-workspace/.dependencies/checkouts/Sh/Sources/Sh/Process/Process.terminationError.swift (in target 'Sh' from project 'Sh')
/Users/admin/builder/spi-builder-workspace/.dependencies/checkouts/Sh/Sources/Sh/Process/Process.terminationError.swift:3:11: error: cannot find type 'Process' in scope
1 | import Foundation
2 |
3 | extension Process {
| `- error: cannot find type 'Process' in scope
4 | public var terminationError: TerminationError? {
5 | if self.terminationStatus == 0 {
/Users/admin/builder/spi-builder-workspace/.dependencies/checkouts/Sh/Sources/Sh/Process/Process.terminationError.swift:34:17: error: cannot find type 'Process' in scope
32 |
33 | private extension TerminationError {
34 | init(process: Process) {
| `- error: cannot find type 'Process' in scope
35 | self.status = process.terminationStatus
36 | self.reason = process.terminationReason.reason
SwiftCompile normal arm64 /Users/admin/builder/spi-builder-workspace/.dependencies/checkouts/Sh/Sources/Sh/Process/Process.terminationError.swift (in target 'Sh' from project 'Sh')
cd /Users/admin/builder/spi-builder-workspace/.swiftpm/xcode
builtin-SwiftPerFileCompile Process.terminationError.swift
SwiftCompile normal arm64 Compiling\ Process.runReturningTrimmedString.swift /Users/admin/builder/spi-builder-workspace/.dependencies/checkouts/Sh/Sources/Sh/Process/Process.runReturningTrimmedString.swift (in target 'Sh' from project 'Sh')
/Users/admin/builder/spi-builder-workspace/.dependencies/checkouts/Sh/Sources/Sh/Process/Process.runReturningTrimmedString.swift:3:18: error: cannot find type 'Process' in scope
1 | import Foundation
2 |
3 | public extension Process {
| `- error: cannot find type 'Process' in scope
4 |
5 | func runReturningTrimmedString() throws -> String? {
Failed frontend command:
/Applications/Xcode-27.0.0-Release.Candidate.app/Contents/Developer/Toolchains/XcodeDefault.xctoolchain/usr/bin/swift-frontend -frontend -c /Users/admin/builder/spi-builder-workspace/.dependencies/checkouts/Sh/Sources/Sh/Data/Data.asJSON.swift /Users/admin/builder/spi-builder-workspace/.dependencies/checkouts/Sh/Sources/Sh/Data/Data.asTrimmedString.swift /Users/admin/builder/spi-builder-workspace/.dependencies/checkouts/Sh/Sources/Sh/Data/PipeBuffer.swift /Users/admin/builder/spi-builder-workspace/.dependencies/checkouts/Sh/Sources/Sh/Errors.swift /Users/admin/builder/spi-builder-workspace/.dependencies/checkouts/Sh/Sources/Sh/Process/Process.init.swift /Users/admin/builder/spi-builder-workspace/.dependencies/checkouts/Sh/Sources/Sh/Process/Process.runRedirectingAllOutput.swift /Users/admin/builder/spi-builder-workspace/.dependencies/checkouts/Sh/Sources/Sh/Process/Process.runReturningAllOutput.swift /Users/admin/builder/spi-builder-workspace/.dependencies/checkouts/Sh/Sources/Sh/Process/Process.runReturningData.swift -primary-file /Users/admin/builder/spi-builder-workspace/.dependencies/checkouts/Sh/Sources/Sh/Process/Process.runReturningTrimmedString.swift /Users/admin/builder/spi-builder-workspace/.dependencies/checkouts/Sh/Sources/Sh/Process/Process.terminationError.swift /Users/admin/builder/spi-builder-workspace/.dependencies/checkouts/Sh/Sources/Sh/Sink.swift /Users/admin/builder/spi-builder-workspace/.dependencies/checkouts/Sh/Sources/Sh/String/String.asTrimmedLines.swift /Users/admin/builder/spi-builder-workspace/.dependencies/checkouts/Sh/Sources/Sh/sh.swift /Users/admin/builder/spi-builder-workspace/.dependencies/checkouts/Sh/Sources/Sh/shq.swift -emit-dependencies-path /Users/admin/builder/spi-builder-workspace/.derivedData/Build/Intermediates.noindex/Sh.build/Debug-xros/Sh-t.build/Objects-normal/arm64/Process.runReturningTrimmedString.d -emit-const-values-path /Users/admin/builder/spi-builder-workspace/.derivedData/Build/Intermediates.noindex/Sh.build/Debug-xros/Sh-t.build/Objects-normal/arm64/Process.runReturningTrimmedString.swiftconstvalues -emit-reference-dependencies-path /Users/admin/builder/spi-builder-workspace/.derivedData/Build/Intermediates.noindex/Sh.build/Debug-xros/Sh-t.build/Objects-normal/arm64/Process.runReturningTrimmedString.swiftdeps -serialize-diagnostics-path /Users/admin/builder/spi-builder-workspace/.derivedData/Build/Intermediates.noindex/Sh.build/Debug-xros/Sh-t.build/Objects-normal/arm64/Process.runReturningTrimmedString.dia -target arm64-apple-xros1.0 -disable-cross-import-overlay-search -load-resolved-plugin /Applications/Xcode-27.0.0-Release.Candidate.app/Contents/Developer/Platforms/XROS.platform/Developer/usr/lib/swift/host/plugins/libFoundationMacros.dylib\#/Applications/Xcode-27.0.0-Release.Candidate.app/Contents/Developer/Platforms/XROS.platform/Developer/usr/bin/swift-plugin-server\#FoundationMacros -load-resolved-plugin /Applications/Xcode-27.0.0-Release.Candidate.app/Contents/Developer/Platforms/XROS.platform/Developer/usr/lib/swift/host/plugins/libObservationMacros.dylib\#/Applications/Xcode-27.0.0-Release.Candidate.app/Contents/Developer/Platforms/XROS.platform/Developer/usr/bin/swift-plugin-server\#ObservationMacros -load-resolved-plugin /Applications/Xcode-27.0.0-Release.Candidate.app/Contents/Developer/Platforms/XROS.platform/Developer/usr/lib/swift/host/plugins/libSwiftMacros.dylib\#/Applications/Xcode-27.0.0-Release.Candidate.app/Contents/Developer/Platforms/XROS.platform/Developer/usr/bin/swift-plugin-server\#SwiftMacros -disable-implicit-swift-modules -Xcc -fno-implicit-modules -Xcc -fno-implicit-module-maps -explicit-swift-module-map-file /Users/admin/builder/spi-builder-workspace/.derivedData/Build/Intermediates.noindex/Sh.build/Debug-xros/Sh-t.build/Objects-normal/arm64/Sh-dependencies-1.json -Xllvm -aarch64-use-tbi -enable-objc-interop -stack-check -sdk /Applications/Xcode-27.0.0-Release.Candidate.app/Contents/Developer/Platforms/XROS.platform/Developer/SDKs/XROS27.0.sdk -I /Users/admin/builder/spi-builder-workspace/.derivedData/Build/Products/Debug-xros -Isystem /Applications/Xcode-27.0.0-Release.Candidate.app/Contents/Developer/Platforms/XROS.platform/Developer/usr/lib -F /Users/admin/builder/spi-builder-workspace/.derivedData/Build/Products/Debug-xros/PackageFrameworks -F /Users/admin/builder/spi-builder-workspace/.derivedData/Build/Products/Debug-xros -F /Applications/Xcode-27.0.0-Release.Candidate.app/Contents/Developer/Platforms/XROS.platform/Developer/Library/Frameworks -F /Applications/Xcode-27.0.0-Release.Candidate.app/Contents/Developer/Platforms/XROS.platform/Developer/SDKs/XROS27.0.sdk/Developer/Library/Frameworks -module-cache-path /Users/admin/builder/spi-builder-workspace/.derivedData/Build/Intermediates.noindex/SwiftExplicitPrecompiledModules -no-color-diagnostics -Xcc -fno-color-diagnostics -enable-testing -g -debug-info-format\=dwarf -dwarf-version\=4 -suppress-warnings -swift-version 5 -Onone -D SWIFT_PACKAGE -D DEBUG -D SWIFT_MODULE_RESOURCE_BUNDLE_UNAVAILABLE -D Xcode -serialize-debugging-options -enable-experimental-feature DebugDescriptionMacro -empty-abi-descriptor -validate-clang-modules-once -clang-build-session-file /Users/admin/builder/spi-builder-workspace/.derivedData/ModuleCache.noindex/Session.modulevalidation -Xcc -working-directory -Xcc /Users/admin/builder/spi-builder-workspace/.swiftpm/xcode -enable-anonymous-context-mangled-names -file-compilation-dir /Users/admin/builder/spi-builder-workspace/.swiftpm/xcode -Xcc -D_LIBCPP_HARDENING_MODE\=_LIBCPP_HARDENING_MODE_DEBUG -Xcc -ivfsstatcache -Xcc /Users/admin/builder/spi-builder-workspace/.derivedData/SDKStatCaches.noindex/xros27.0-24M361-e829b21a6f8c9b70876ba0858053c044735bd543db762f57723cac368afd1ce4.sdkstatcache -Xcc -fmodules-prune-interval\=86400 -Xcc -fmodules-prune-after\=345600 -Xcc -I/Users/admin/builder/spi-builder-workspace/.derivedData/Build/Products/Debug-xros/include -Xcc -I/Users/admin/builder/spi-builder-workspace/.derivedData/Build/Intermediates.noindex/Sh.build/Debug-xros/Sh-t.build/DerivedSources-normal/arm64 -Xcc -I/Users/admin/builder/spi-builder-workspace/.derivedData/Build/Intermediates.noindex/Sh.build/Debug-xros/Sh-t.build/DerivedSources/arm64 -Xcc -I/Users/admin/builder/spi-builder-workspace/.derivedData/Build/Intermediates.noindex/Sh.build/Debug-xros/Sh-t.build/DerivedSources -Xcc -DSWIFT_PACKAGE -Xcc -DDEBUG\=1 -no-auto-bridging-header-chaining -module-name Sh -const-gather-protocols-file /Users/admin/builder/spi-builder-workspace/.derivedData/Build/Intermediates.noindex/Sh.build/Debug-xros/Sh-t.build/Objects-normal/arm64/Sh_const_extract_protocols.json -disable-clang-spi -clang-target arm64-apple-xros27.0 -target-sdk-version 27.0 -target-sdk-name xros27.0 -in-process-plugin-server-path /Applications/Xcode-27.0.0-Release.Candidate.app/Contents/Developer/Toolchains/XcodeDefault.xctoolchain/usr/lib/swift/host/libSwiftInProcPluginServer.dylib -parse-as-library -o /Users/admin/builder/spi-builder-workspace/.derivedData/Build/Intermediates.noindex/Sh.build/Debug-xros/Sh-t.build/Objects-normal/arm64/Process.runReturningTrimmedString.o -debug-module-path /Users/admin/builder/spi-builder-workspace/.derivedData/Build/Intermediates.noindex/Sh.build/Debug-xros/Sh-t.build/Objects-normal/arm64/Sh.swiftmodule -index-unit-output-path /Sh.build/Debug-xros/Sh-t.build/Objects-normal/arm64/Process.runReturningTrimmedString.o -index-store-path /Users/admin/builder/spi-builder-workspace/.derivedData/Index.noindex/DataStore -index-system-modules
SwiftCompile normal arm64 /Users/admin/builder/spi-builder-workspace/.dependencies/checkouts/Sh/Sources/Sh/Process/Process.runReturningTrimmedString.swift (in target 'Sh' from project 'Sh')
cd /Users/admin/builder/spi-builder-workspace/.swiftpm/xcode
builtin-SwiftPerFileCompile Process.runReturningTrimmedString.swift
SwiftCompile normal arm64 Compiling\ Process.runReturningAllOutput.swift,\ Process.runReturningData.swift /Users/admin/builder/spi-builder-workspace/.dependencies/checkouts/Sh/Sources/Sh/Process/Process.runReturningAllOutput.swift /Users/admin/builder/spi-builder-workspace/.dependencies/checkouts/Sh/Sources/Sh/Process/Process.runReturningData.swift (in target 'Sh' from project 'Sh')
SwiftCompile normal arm64 /Users/admin/builder/spi-builder-workspace/.dependencies/checkouts/Sh/Sources/Sh/Process/Process.runReturningAllOutput.swift (in target 'Sh' from project 'Sh')
cd /Users/admin/builder/spi-builder-workspace/.swiftpm/xcode
builtin-SwiftPerFileCompile Process.runReturningAllOutput.swift
SwiftCompile normal arm64 /Users/admin/builder/spi-builder-workspace/.dependencies/checkouts/Sh/Sources/Sh/Process/Process.runReturningData.swift (in target 'Sh' from project 'Sh')
cd /Users/admin/builder/spi-builder-workspace/.swiftpm/xcode
builtin-SwiftPerFileCompile Process.runReturningData.swift
/Users/admin/builder/spi-builder-workspace/.dependencies/checkouts/Sh/Sources/Sh/Process/Process.runReturningAllOutput.swift:3:11: error: cannot find type 'Process' in scope
1 | import Foundation
2 |
3 | extension Process {
| `- error: cannot find type 'Process' in scope
4 |
5 | public struct AllOutput {
/Users/admin/builder/spi-builder-workspace/.dependencies/checkouts/Sh/Sources/Sh/Process/Process.runReturningData.swift:3:11: error: cannot find type 'Process' in scope
1 | import Foundation
2 |
3 | extension Process {
| `- error: cannot find type 'Process' in scope
4 |
5 | public func runReturningData() throws -> Data {
/Users/admin/builder/spi-builder-workspace/.dependencies/checkouts/Sh/Sources/Sh/Process/Process.runReturningAllOutput.swift:11:49: error: cannot find type 'AllOutput' in scope
9 | }
10 |
11 | public func runReturningAllOutput() throws -> AllOutput {
| `- error: cannot find type 'AllOutput' in scope
12 |
13 | let stdOut = PipeBuffer(id: .stdOut)
/Users/admin/builder/spi-builder-workspace/.dependencies/checkouts/Sh/Sources/Sh/Process/Process.runReturningAllOutput.swift:28:55: error: cannot find type 'AllOutput' in scope
26 | }
27 |
28 | public func runReturningAllOutput() async throws -> AllOutput {
| `- error: cannot find type 'AllOutput' in scope
29 |
30 | let stdOut = PipeBuffer(id: .stdOut)
SwiftCompile normal arm64 Compiling\ sh.swift /Users/admin/builder/spi-builder-workspace/.dependencies/checkouts/Sh/Sources/Sh/sh.swift (in target 'Sh' from project 'Sh')
SwiftCompile normal arm64 /Users/admin/builder/spi-builder-workspace/.dependencies/checkouts/Sh/Sources/Sh/sh.swift (in target 'Sh' from project 'Sh')
cd /Users/admin/builder/spi-builder-workspace/.swiftpm/xcode
builtin-SwiftPerFileCompile sh.swift
SwiftCompile normal arm64 Compiling\ Data.asJSON.swift,\ Data.asTrimmedString.swift /Users/admin/builder/spi-builder-workspace/.dependencies/checkouts/Sh/Sources/Sh/Data/Data.asJSON.swift /Users/admin/builder/spi-builder-workspace/.dependencies/checkouts/Sh/Sources/Sh/Data/Data.asTrimmedString.swift (in target 'Sh' from project 'Sh')
SwiftCompile normal arm64 /Users/admin/builder/spi-builder-workspace/.dependencies/checkouts/Sh/Sources/Sh/Data/Data.asJSON.swift (in target 'Sh' from project 'Sh')
cd /Users/admin/builder/spi-builder-workspace/.swiftpm/xcode
builtin-SwiftPerFileCompile Data.asJSON.swift
SwiftCompile normal arm64 /Users/admin/builder/spi-builder-workspace/.dependencies/checkouts/Sh/Sources/Sh/Data/Data.asTrimmedString.swift (in target 'Sh' from project 'Sh')
cd /Users/admin/builder/spi-builder-workspace/.swiftpm/xcode
builtin-SwiftPerFileCompile Data.asTrimmedString.swift
SwiftCompile normal arm64 Compiling\ Process.init.swift,\ Process.runRedirectingAllOutput.swift /Users/admin/builder/spi-builder-workspace/.dependencies/checkouts/Sh/Sources/Sh/Process/Process.init.swift /Users/admin/builder/spi-builder-workspace/.dependencies/checkouts/Sh/Sources/Sh/Process/Process.runRedirectingAllOutput.swift (in target 'Sh' from project 'Sh')
/Users/admin/builder/spi-builder-workspace/.dependencies/checkouts/Sh/Sources/Sh/Process/Process.init.swift:3:11: error: cannot find type 'Process' in scope
1 | import Foundation
2 |
3 | extension Process {
| `- error: cannot find type 'Process' in scope
4 |
5 | public convenience init(cmd: String, environment: [String: String] = [:], workingDirectory: String? = nil) {
SwiftCompile normal arm64 /Users/admin/builder/spi-builder-workspace/.dependencies/checkouts/Sh/Sources/Sh/Process/Process.init.swift (in target 'Sh' from project 'Sh')
cd /Users/admin/builder/spi-builder-workspace/.swiftpm/xcode
builtin-SwiftPerFileCompile Process.init.swift
SwiftCompile normal arm64 /Users/admin/builder/spi-builder-workspace/.dependencies/checkouts/Sh/Sources/Sh/Process/Process.runRedirectingAllOutput.swift (in target 'Sh' from project 'Sh')
cd /Users/admin/builder/spi-builder-workspace/.swiftpm/xcode
builtin-SwiftPerFileCompile Process.runRedirectingAllOutput.swift
SwiftCompile normal arm64 Compiling\ PipeBuffer.swift,\ Errors.swift /Users/admin/builder/spi-builder-workspace/.dependencies/checkouts/Sh/Sources/Sh/Data/PipeBuffer.swift /Users/admin/builder/spi-builder-workspace/.dependencies/checkouts/Sh/Sources/Sh/Errors.swift (in target 'Sh' from project 'Sh')
SwiftCompile normal arm64 /Users/admin/builder/spi-builder-workspace/.dependencies/checkouts/Sh/Sources/Sh/Data/PipeBuffer.swift (in target 'Sh' from project 'Sh')
cd /Users/admin/builder/spi-builder-workspace/.swiftpm/xcode
builtin-SwiftPerFileCompile PipeBuffer.swift
SwiftCompile normal arm64 /Users/admin/builder/spi-builder-workspace/.dependencies/checkouts/Sh/Sources/Sh/Errors.swift (in target 'Sh' from project 'Sh')
cd /Users/admin/builder/spi-builder-workspace/.swiftpm/xcode
builtin-SwiftPerFileCompile Errors.swift
PruneExplicitPrecompiledModules /Users/admin/builder/spi-builder-workspace/.derivedData/Build/Intermediates.noindex/ExplicitPrecompiledModules
PruneExplicitPrecompiledModules /Users/admin/builder/spi-builder-workspace/.derivedData/Build/Intermediates.noindex/SwiftExplicitPrecompiledModules
PruneExplicitPrecompiledModules /Users/admin/builder/spi-builder-workspace/.derivedData/SDKExplicitPrecompiledModules
2026-09-21 08:36:48.401 xcodebuild[722:4425] [MT] IDERunDestination: Supported platforms for the buildables in the current scheme is empty.
** BUILD FAILED **
The following build commands failed:
SwiftCompile normal arm64 Compiling\ Process.runReturningTrimmedString.swift /Users/admin/builder/spi-builder-workspace/.dependencies/checkouts/Sh/Sources/Sh/Process/Process.runReturningTrimmedString.swift (in target 'Sh' from project 'Sh')
SwiftCompile normal arm64 /Users/admin/builder/spi-builder-workspace/.dependencies/checkouts/Sh/Sources/Sh/Process/Process.runReturningTrimmedString.swift (in target 'Sh' from project 'Sh')
Building workspace Sh1Password with scheme Sh1Password
(3 failures)
Command line invocation:
/Applications/Xcode-27.0.0-Release.Candidate.app/Contents/Developer/usr/bin/xcodebuild -IDEClonedSourcePackagesDirPathOverride=/Users/admin/builder/spi-builder-workspace/.dependencies -resolvePackageDependencies
Resolve Package Graph
Resolved source packages:
Sh1Password: /Users/admin/builder/spi-builder-workspace
Sh: https://github.com/DanielSincere/Sh.git @ 1.3.0
Rainbow: https://github.com/onevcat/Rainbow @ 4.2.1
resolved source packages: Sh1Password, Sh, Rainbow
2026-09-21 08:36:55.930 xcodebuild[819:4881] [MT] IDERunDestination: Supported platforms for the buildables in the current scheme is empty.
{
"dependencies" : [
{
"identity" : "sh",
"requirement" : {
"range" : [
{
"lower_bound" : "1.3.0",
"upper_bound" : "2.0.0"
}
]
},
"type" : "sourceControl",
"url" : "https://github.com/DanielSincere/Sh.git"
}
],
"manifest_display_name" : "Sh1Password",
"name" : "Sh1Password",
"path" : "/Users/admin/builder/spi-builder-workspace",
"platforms" : [
{
"name" : "macos",
"version" : "13.0"
}
],
"products" : [
{
"name" : "Sh1Password",
"targets" : [
"Sh1Password"
],
"type" : {
"library" : [
"automatic"
]
}
}
],
"targets" : [
{
"c99name" : "Sh1Password",
"module_type" : "SwiftTarget",
"name" : "Sh1Password",
"path" : "Sources/Sh1Password",
"product_dependencies" : [
"Sh"
],
"product_memberships" : [
"Sh1Password"
],
"sources" : [
"OP.swift"
],
"type" : "library"
}
],
"tools_version" : "5.9"
}
{
"workspace" : {
"name" : "Sh1Password",
"schemes" : [
"Sh1Password"
]
}
}
2026-09-21 08:36:57.153 xcodebuild[827:4949] [MT] IDERunDestination: Supported platforms for the buildables in the current scheme is empty.
Running build ...
env DEVELOPER_DIR=/Applications/Xcode-27.0.0-Release.Candidate.app xcrun xcodebuild -IDEClonedSourcePackagesDirPathOverride=$PWD/.dependencies -skipMacroValidation -skipPackagePluginValidation -derivedDataPath $PWD/.derivedData build -scheme Sh1Password -destination generic/platform=xrOS
Command line invocation:
/Applications/Xcode-27.0.0-Release.Candidate.app/Contents/Developer/usr/bin/xcodebuild -IDEClonedSourcePackagesDirPathOverride=/Users/admin/builder/spi-builder-workspace/.dependencies -skipMacroValidation -skipPackagePluginValidation -derivedDataPath /Users/admin/builder/spi-builder-workspace/.derivedData build -scheme Sh1Password -destination generic/platform=xrOS
Resolve Package Graph
Resolved source packages:
Sh1Password: /Users/admin/builder/spi-builder-workspace
Rainbow: https://github.com/onevcat/Rainbow @ 4.2.1
Sh: https://github.com/DanielSincere/Sh.git @ 1.3.0
ComputePackagePrebuildTargetDependencyGraph
Prepare packages
CreateBuildRequest
SendProjectDescription
CreateBuildOperation
ComputeTargetDependencyGraph
note: Building targets in dependency order
note: Target dependency graph (6 targets)
Target 'Sh1Password-product' in project 'Sh1Password'
➜ Explicit dependency on target 'Sh1Password' in project 'Sh1Password'
➜ Explicit dependency on target 'Sh-product' in project 'Sh'
Target 'Sh1Password' in project 'Sh1Password'
➜ Explicit dependency on target 'Sh-product' in project 'Sh'
Target 'Sh-product' in project 'Sh'
➜ Explicit dependency on target 'Sh' in project 'Sh'
➜ Explicit dependency on target 'Rainbow-product' in project 'Rainbow'
Target 'Sh' in project 'Sh'
➜ Explicit dependency on target 'Rainbow-product' in project 'Rainbow'
Target 'Rainbow-product' in project 'Rainbow'
➜ Explicit dependency on target 'Rainbow' in project 'Rainbow'
Target 'Rainbow' in project 'Rainbow' (no dependencies)
GatherProvisioningInputs
CreateBuildDescription
ClangStatCache /Applications/Xcode-27.0.0-Release.Candidate.app/Contents/Developer/Toolchains/XcodeDefault.xctoolchain/usr/bin/clang-stat-cache /Applications/Xcode-27.0.0-Release.Candidate.app/Contents/Developer/Platforms/XROS.platform/Developer/SDKs/XROS27.0.sdk /Users/admin/builder/spi-builder-workspace/.derivedData/SDKStatCaches.noindex/xros27.0-24M361-e829b21a6f8c9b70876ba0858053c044735bd543db762f57723cac368afd1ce4.sdkstatcache
cd /Users/admin/builder/spi-builder-workspace/.swiftpm/xcode
/Applications/Xcode-27.0.0-Release.Candidate.app/Contents/Developer/Toolchains/XcodeDefault.xctoolchain/usr/bin/clang-stat-cache /Applications/Xcode-27.0.0-Release.Candidate.app/Contents/Developer/Platforms/XROS.platform/Developer/SDKs/XROS27.0.sdk -o /Users/admin/builder/spi-builder-workspace/.derivedData/SDKStatCaches.noindex/xros27.0-24M361-e829b21a6f8c9b70876ba0858053c044735bd543db762f57723cac368afd1ce4.sdkstatcache
SwiftDriver Sh normal arm64 com.apple.xcode.tools.swift.compiler (in target 'Sh' from project 'Sh')
cd /Users/admin/builder/spi-builder-workspace/.swiftpm/xcode
builtin-SwiftDriver -- /Applications/Xcode-27.0.0-Release.Candidate.app/Contents/Developer/Toolchains/XcodeDefault.xctoolchain/usr/bin/swiftc -parse-as-library -module-name Sh -Onone @/Users/admin/builder/spi-builder-workspace/.derivedData/Build/Intermediates.noindex/Sh.build/Debug-xros/Sh-t.build/Objects-normal/arm64/Sh.SwiftFileList -DSWIFT_PACKAGE -DDEBUG -DSWIFT_MODULE_RESOURCE_BUNDLE_UNAVAILABLE -DXcode -plugin-path /Applications/Xcode-27.0.0-Release.Candidate.app/Contents/Developer/Toolchains/XcodeDefault.xctoolchain/usr/lib/swift/host/plugins/testing -enable-experimental-feature DebugDescriptionMacro -sdk /Applications/Xcode-27.0.0-Release.Candidate.app/Contents/Developer/Platforms/XROS.platform/Developer/SDKs/XROS27.0.sdk -target arm64-apple-xros1.0 -g -module-cache-path /Users/admin/builder/spi-builder-workspace/.derivedData/ModuleCache.noindex -Xfrontend -serialize-debugging-options -enable-testing -suppress-warnings -index-store-path /Users/admin/builder/spi-builder-workspace/.derivedData/Index.noindex/DataStore -Xcc -D_LIBCPP_HARDENING_MODE\=_LIBCPP_HARDENING_MODE_DEBUG -swift-version 5 -I /Users/admin/builder/spi-builder-workspace/.derivedData/Build/Products/Debug-xros -Isystem /Applications/Xcode-27.0.0-Release.Candidate.app/Contents/Developer/Platforms/XROS.platform/Developer/usr/lib -F /Users/admin/builder/spi-builder-workspace/.derivedData/Build/Products/Debug-xros/PackageFrameworks -F /Users/admin/builder/spi-builder-workspace/.derivedData/Build/Products/Debug-xros -F /Applications/Xcode-27.0.0-Release.Candidate.app/Contents/Developer/Platforms/XROS.platform/Developer/Library/Frameworks -F /Applications/Xcode-27.0.0-Release.Candidate.app/Contents/Developer/Platforms/XROS.platform/Developer/SDKs/XROS27.0.sdk/Developer/Library/Frameworks -c -j10 -enable-batch-mode -incremental -Xcc -ivfsstatcache -Xcc /Users/admin/builder/spi-builder-workspace/.derivedData/SDKStatCaches.noindex/xros27.0-24M361-e829b21a6f8c9b70876ba0858053c044735bd543db762f57723cac368afd1ce4.sdkstatcache -output-file-map /Users/admin/builder/spi-builder-workspace/.derivedData/Build/Intermediates.noindex/Sh.build/Debug-xros/Sh-t.build/Objects-normal/arm64/Sh-OutputFileMap.json -save-temps -no-color-diagnostics -explicit-module-build -module-cache-path /Users/admin/builder/spi-builder-workspace/.derivedData/Build/Intermediates.noindex/SwiftExplicitPrecompiledModules -clang-scanner-module-cache-path /Users/admin/builder/spi-builder-workspace/.derivedData/ModuleCache.noindex -sdk-module-cache-path /Users/admin/builder/spi-builder-workspace/.derivedData/SDKExplicitPrecompiledModules -emit-dependencies -emit-module -emit-module-path /Users/admin/builder/spi-builder-workspace/.derivedData/Build/Intermediates.noindex/Sh.build/Debug-xros/Sh-t.build/Objects-normal/arm64/Sh.swiftmodule -serialize-diagnostics -dependency-scan-serialize-diagnostics-path /Users/admin/builder/spi-builder-workspace/.derivedData/Build/Intermediates.noindex/Sh.build/Debug-xros/Sh-t.build/Objects-normal/arm64/Sh-dependency-scan.dia -validate-clang-modules-once -clang-build-session-file /Users/admin/builder/spi-builder-workspace/.derivedData/ModuleCache.noindex/Session.modulevalidation -Xcc -fmodules-prune-interval\=86400 -Xcc -fmodules-prune-after\=345600 -emit-const-values -const-gather-protocols-list /Users/admin/builder/spi-builder-workspace/.derivedData/Build/Intermediates.noindex/Sh.build/Debug-xros/Sh-t.build/Objects-normal/arm64/Sh_const_extract_protocols.json -Xcc -I/Users/admin/builder/spi-builder-workspace/.derivedData/Build/Products/Debug-xros/include -Xcc -I/Users/admin/builder/spi-builder-workspace/.derivedData/Build/Intermediates.noindex/Sh.build/Debug-xros/Sh-t.build/DerivedSources-normal/arm64 -Xcc -I/Users/admin/builder/spi-builder-workspace/.derivedData/Build/Intermediates.noindex/Sh.build/Debug-xros/Sh-t.build/DerivedSources/arm64 -Xcc -I/Users/admin/builder/spi-builder-workspace/.derivedData/Build/Intermediates.noindex/Sh.build/Debug-xros/Sh-t.build/DerivedSources -Xcc -DSWIFT_PACKAGE -Xcc -DDEBUG\=1 -emit-objc-header -emit-objc-header-path /Users/admin/builder/spi-builder-workspace/.derivedData/Build/Intermediates.noindex/Sh.build/Debug-xros/Sh-t.build/Objects-normal/arm64/Sh-Swift.h -working-directory /Users/admin/builder/spi-builder-workspace/.swiftpm/xcode -experimental-emit-module-separately -disable-cmo
SwiftCompile normal arm64 Compiling\ Process.init.swift,\ Process.runRedirectingAllOutput.swift /Users/admin/builder/spi-builder-workspace/.dependencies/checkouts/Sh/Sources/Sh/Process/Process.init.swift /Users/admin/builder/spi-builder-workspace/.dependencies/checkouts/Sh/Sources/Sh/Process/Process.runRedirectingAllOutput.swift (in target 'Sh' from project 'Sh')
SwiftCompile normal arm64 /Users/admin/builder/spi-builder-workspace/.dependencies/checkouts/Sh/Sources/Sh/Process/Process.init.swift (in target 'Sh' from project 'Sh')
cd /Users/admin/builder/spi-builder-workspace/.swiftpm/xcode
builtin-SwiftPerFileCompile Process.init.swift
SwiftCompile normal arm64 /Users/admin/builder/spi-builder-workspace/.dependencies/checkouts/Sh/Sources/Sh/Process/Process.runRedirectingAllOutput.swift (in target 'Sh' from project 'Sh')
cd /Users/admin/builder/spi-builder-workspace/.swiftpm/xcode
builtin-SwiftPerFileCompile Process.runRedirectingAllOutput.swift
/Users/admin/builder/spi-builder-workspace/.dependencies/checkouts/Sh/Sources/Sh/Process/Process.init.swift:3:11: error: cannot find type 'Process' in scope
1 | import Foundation
2 |
3 | extension Process {
| `- error: cannot find type 'Process' in scope
4 |
5 | public convenience init(cmd: String, environment: [String: String] = [:], workingDirectory: String? = nil) {
SwiftCompile normal arm64 Compiling\ Process.runReturningAllOutput.swift,\ Process.runReturningData.swift /Users/admin/builder/spi-builder-workspace/.dependencies/checkouts/Sh/Sources/Sh/Process/Process.runReturningAllOutput.swift /Users/admin/builder/spi-builder-workspace/.dependencies/checkouts/Sh/Sources/Sh/Process/Process.runReturningData.swift (in target 'Sh' from project 'Sh')
/Users/admin/builder/spi-builder-workspace/.dependencies/checkouts/Sh/Sources/Sh/Process/Process.runReturningAllOutput.swift:3:11: error: cannot find type 'Process' in scope
1 | import Foundation
2 |
3 | extension Process {
| `- error: cannot find type 'Process' in scope
4 |
5 | public struct AllOutput {
/Users/admin/builder/spi-builder-workspace/.dependencies/checkouts/Sh/Sources/Sh/Process/Process.runReturningData.swift:3:11: error: cannot find type 'Process' in scope
1 | import Foundation
2 |
3 | extension Process {
| `- error: cannot find type 'Process' in scope
4 |
5 | public func runReturningData() throws -> Data {
/Users/admin/builder/spi-builder-workspace/.dependencies/checkouts/Sh/Sources/Sh/Process/Process.runReturningAllOutput.swift:11:49: error: cannot find type 'AllOutput' in scope
9 | }
10 |
11 | public func runReturningAllOutput() throws -> AllOutput {
| `- error: cannot find type 'AllOutput' in scope
12 |
13 | let stdOut = PipeBuffer(id: .stdOut)
/Users/admin/builder/spi-builder-workspace/.dependencies/checkouts/Sh/Sources/Sh/Process/Process.runReturningAllOutput.swift:28:55: error: cannot find type 'AllOutput' in scope
26 | }
27 |
28 | public func runReturningAllOutput() async throws -> AllOutput {
| `- error: cannot find type 'AllOutput' in scope
29 |
30 | let stdOut = PipeBuffer(id: .stdOut)
Failed frontend command:
/Applications/Xcode-27.0.0-Release.Candidate.app/Contents/Developer/Toolchains/XcodeDefault.xctoolchain/usr/bin/swift-frontend -frontend -c /Users/admin/builder/spi-builder-workspace/.dependencies/checkouts/Sh/Sources/Sh/Data/Data.asJSON.swift /Users/admin/builder/spi-builder-workspace/.dependencies/checkouts/Sh/Sources/Sh/Data/Data.asTrimmedString.swift /Users/admin/builder/spi-builder-workspace/.dependencies/checkouts/Sh/Sources/Sh/Data/PipeBuffer.swift /Users/admin/builder/spi-builder-workspace/.dependencies/checkouts/Sh/Sources/Sh/Errors.swift /Users/admin/builder/spi-builder-workspace/.dependencies/checkouts/Sh/Sources/Sh/Process/Process.init.swift /Users/admin/builder/spi-builder-workspace/.dependencies/checkouts/Sh/Sources/Sh/Process/Process.runRedirectingAllOutput.swift -primary-file /Users/admin/builder/spi-builder-workspace/.dependencies/checkouts/Sh/Sources/Sh/Process/Process.runReturningAllOutput.swift -primary-file /Users/admin/builder/spi-builder-workspace/.dependencies/checkouts/Sh/Sources/Sh/Process/Process.runReturningData.swift /Users/admin/builder/spi-builder-workspace/.dependencies/checkouts/Sh/Sources/Sh/Process/Process.runReturningTrimmedString.swift /Users/admin/builder/spi-builder-workspace/.dependencies/checkouts/Sh/Sources/Sh/Process/Process.terminationError.swift /Users/admin/builder/spi-builder-workspace/.dependencies/checkouts/Sh/Sources/Sh/Sink.swift /Users/admin/builder/spi-builder-workspace/.dependencies/checkouts/Sh/Sources/Sh/String/String.asTrimmedLines.swift /Users/admin/builder/spi-builder-workspace/.dependencies/checkouts/Sh/Sources/Sh/sh.swift /Users/admin/builder/spi-builder-workspace/.dependencies/checkouts/Sh/Sources/Sh/shq.swift -emit-dependencies-path /Users/admin/builder/spi-builder-workspace/.derivedData/Build/Intermediates.noindex/Sh.build/Debug-xros/Sh-t.build/Objects-normal/arm64/Process.runReturningAllOutput.d -emit-const-values-path /Users/admin/builder/spi-builder-workspace/.derivedData/Build/Intermediates.noindex/Sh.build/Debug-xros/Sh-t.build/Objects-normal/arm64/Process.runReturningAllOutput.swiftconstvalues -emit-reference-dependencies-path /Users/admin/builder/spi-builder-workspace/.derivedData/Build/Intermediates.noindex/Sh.build/Debug-xros/Sh-t.build/Objects-normal/arm64/Process.runReturningAllOutput.swiftdeps -serialize-diagnostics-path /Users/admin/builder/spi-builder-workspace/.derivedData/Build/Intermediates.noindex/Sh.build/Debug-xros/Sh-t.build/Objects-normal/arm64/Process.runReturningAllOutput.dia -emit-dependencies-path /Users/admin/builder/spi-builder-workspace/.derivedData/Build/Intermediates.noindex/Sh.build/Debug-xros/Sh-t.build/Objects-normal/arm64/Process.runReturningData.d -emit-const-values-path /Users/admin/builder/spi-builder-workspace/.derivedData/Build/Intermediates.noindex/Sh.build/Debug-xros/Sh-t.build/Objects-normal/arm64/Process.runReturningData.swiftconstvalues -emit-reference-dependencies-path /Users/admin/builder/spi-builder-workspace/.derivedData/Build/Intermediates.noindex/Sh.build/Debug-xros/Sh-t.build/Objects-normal/arm64/Process.runReturningData.swiftdeps -serialize-diagnostics-path /Users/admin/builder/spi-builder-workspace/.derivedData/Build/Intermediates.noindex/Sh.build/Debug-xros/Sh-t.build/Objects-normal/arm64/Process.runReturningData.dia -target arm64-apple-xros1.0 -disable-cross-import-overlay-search -load-resolved-plugin /Applications/Xcode-27.0.0-Release.Candidate.app/Contents/Developer/Platforms/XROS.platform/Developer/usr/lib/swift/host/plugins/libFoundationMacros.dylib\#/Applications/Xcode-27.0.0-Release.Candidate.app/Contents/Developer/Platforms/XROS.platform/Developer/usr/bin/swift-plugin-server\#FoundationMacros -load-resolved-plugin /Applications/Xcode-27.0.0-Release.Candidate.app/Contents/Developer/Platforms/XROS.platform/Developer/usr/lib/swift/host/plugins/libObservationMacros.dylib\#/Applications/Xcode-27.0.0-Release.Candidate.app/Contents/Developer/Platforms/XROS.platform/Developer/usr/bin/swift-plugin-server\#ObservationMacros -load-resolved-plugin /Applications/Xcode-27.0.0-Release.Candidate.app/Contents/Developer/Platforms/XROS.platform/Developer/usr/lib/swift/host/plugins/libSwiftMacros.dylib\#/Applications/Xcode-27.0.0-Release.Candidate.app/Contents/Developer/Platforms/XROS.platform/Developer/usr/bin/swift-plugin-server\#SwiftMacros -disable-implicit-swift-modules -Xcc -fno-implicit-modules -Xcc -fno-implicit-module-maps -explicit-swift-module-map-file /Users/admin/builder/spi-builder-workspace/.derivedData/Build/Intermediates.noindex/Sh.build/Debug-xros/Sh-t.build/Objects-normal/arm64/Sh-dependencies-1.json -Xllvm -aarch64-use-tbi -enable-objc-interop -stack-check -sdk /Applications/Xcode-27.0.0-Release.Candidate.app/Contents/Developer/Platforms/XROS.platform/Developer/SDKs/XROS27.0.sdk -I /Users/admin/builder/spi-builder-workspace/.derivedData/Build/Products/Debug-xros -Isystem /Applications/Xcode-27.0.0-Release.Candidate.app/Contents/Developer/Platforms/XROS.platform/Developer/usr/lib -F /Users/admin/builder/spi-builder-workspace/.derivedData/Build/Products/Debug-xros/PackageFrameworks -F /Users/admin/builder/spi-builder-workspace/.derivedData/Build/Products/Debug-xros -F /Applications/Xcode-27.0.0-Release.Candidate.app/Contents/Developer/Platforms/XROS.platform/Developer/Library/Frameworks -F /Applications/Xcode-27.0.0-Release.Candidate.app/Contents/Developer/Platforms/XROS.platform/Developer/SDKs/XROS27.0.sdk/Developer/Library/Frameworks -module-cache-path /Users/admin/builder/spi-builder-workspace/.derivedData/Build/Intermediates.noindex/SwiftExplicitPrecompiledModules -no-color-diagnostics -Xcc -fno-color-diagnostics -enable-testing -g -debug-info-format\=dwarf -dwarf-version\=4 -suppress-warnings -swift-version 5 -Onone -D SWIFT_PACKAGE -D DEBUG -D SWIFT_MODULE_RESOURCE_BUNDLE_UNAVAILABLE -D Xcode -serialize-debugging-options -enable-experimental-feature DebugDescriptionMacro -empty-abi-descriptor -validate-clang-modules-once -clang-build-session-file /Users/admin/builder/spi-builder-workspace/.derivedData/ModuleCache.noindex/Session.modulevalidation -Xcc -working-directory -Xcc /Users/admin/builder/spi-builder-workspace/.swiftpm/xcode -enable-anonymous-context-mangled-names -file-compilation-dir /Users/admin/builder/spi-builder-workspace/.swiftpm/xcode -Xcc -D_LIBCPP_HARDENING_MODE\=_LIBCPP_HARDENING_MODE_DEBUG -Xcc -ivfsstatcache -Xcc /Users/admin/builder/spi-builder-workspace/.derivedData/SDKStatCaches.noindex/xros27.0-24M361-e829b21a6f8c9b70876ba0858053c044735bd543db762f57723cac368afd1ce4.sdkstatcache -Xcc -fmodules-prune-interval\=86400 -Xcc -fmodules-prune-after\=345600 -Xcc -I/Users/admin/builder/spi-builder-workspace/.derivedData/Build/Products/Debug-xros/include -Xcc -I/Users/admin/builder/spi-builder-workspace/.derivedData/Build/Intermediates.noindex/Sh.build/Debug-xros/Sh-t.build/DerivedSources-normal/arm64 -Xcc -I/Users/admin/builder/spi-builder-workspace/.derivedData/Build/Intermediates.noindex/Sh.build/Debug-xros/Sh-t.build/DerivedSources/arm64 -Xcc -I/Users/admin/builder/spi-builder-workspace/.derivedData/Build/Intermediates.noindex/Sh.build/Debug-xros/Sh-t.build/DerivedSources -Xcc -DSWIFT_PACKAGE -Xcc -DDEBUG\=1 -no-auto-bridging-header-chaining -module-name Sh -const-gather-protocols-file /Users/admin/builder/spi-builder-workspace/.derivedData/Build/Intermediates.noindex/Sh.build/Debug-xros/Sh-t.build/Objects-normal/arm64/Sh_const_extract_protocols.json -disable-clang-spi -clang-target arm64-apple-xros27.0 -target-sdk-version 27.0 -target-sdk-name xros27.0 -in-process-plugin-server-path /Applications/Xcode-27.0.0-Release.Candidate.app/Contents/Developer/Toolchains/XcodeDefault.xctoolchain/usr/lib/swift/host/libSwiftInProcPluginServer.dylib -parse-as-library -o /Users/admin/builder/spi-builder-workspace/.derivedData/Build/Intermediates.noindex/Sh.build/Debug-xros/Sh-t.build/Objects-normal/arm64/Process.runReturningAllOutput.o -o /Users/admin/builder/spi-builder-workspace/.derivedData/Build/Intermediates.noindex/Sh.build/Debug-xros/Sh-t.build/Objects-normal/arm64/Process.runReturningData.o -debug-module-path /Users/admin/builder/spi-builder-workspace/.derivedData/Build/Intermediates.noindex/Sh.build/Debug-xros/Sh-t.build/Objects-normal/arm64/Sh.swiftmodule -index-unit-output-path /Sh.build/Debug-xros/Sh-t.build/Objects-normal/arm64/Process.runReturningAllOutput.o -index-unit-output-path /Sh.build/Debug-xros/Sh-t.build/Objects-normal/arm64/Process.runReturningData.o -index-store-path /Users/admin/builder/spi-builder-workspace/.derivedData/Index.noindex/DataStore -index-system-modules
SwiftCompile normal arm64 /Users/admin/builder/spi-builder-workspace/.dependencies/checkouts/Sh/Sources/Sh/Process/Process.runReturningAllOutput.swift (in target 'Sh' from project 'Sh')
cd /Users/admin/builder/spi-builder-workspace/.swiftpm/xcode
builtin-SwiftPerFileCompile Process.runReturningAllOutput.swift
SwiftCompile normal arm64 /Users/admin/builder/spi-builder-workspace/.dependencies/checkouts/Sh/Sources/Sh/Process/Process.runReturningData.swift (in target 'Sh' from project 'Sh')
cd /Users/admin/builder/spi-builder-workspace/.swiftpm/xcode
builtin-SwiftPerFileCompile Process.runReturningData.swift
SwiftCompile normal arm64 Compiling\ Data.asJSON.swift,\ Data.asTrimmedString.swift /Users/admin/builder/spi-builder-workspace/.dependencies/checkouts/Sh/Sources/Sh/Data/Data.asJSON.swift /Users/admin/builder/spi-builder-workspace/.dependencies/checkouts/Sh/Sources/Sh/Data/Data.asTrimmedString.swift (in target 'Sh' from project 'Sh')
SwiftCompile normal arm64 /Users/admin/builder/spi-builder-workspace/.dependencies/checkouts/Sh/Sources/Sh/Data/Data.asJSON.swift (in target 'Sh' from project 'Sh')
cd /Users/admin/builder/spi-builder-workspace/.swiftpm/xcode
builtin-SwiftPerFileCompile Data.asJSON.swift
SwiftCompile normal arm64 /Users/admin/builder/spi-builder-workspace/.dependencies/checkouts/Sh/Sources/Sh/Data/Data.asTrimmedString.swift (in target 'Sh' from project 'Sh')
cd /Users/admin/builder/spi-builder-workspace/.swiftpm/xcode
builtin-SwiftPerFileCompile Data.asTrimmedString.swift
SwiftCompile normal arm64 Compiling\ PipeBuffer.swift,\ Errors.swift /Users/admin/builder/spi-builder-workspace/.dependencies/checkouts/Sh/Sources/Sh/Data/PipeBuffer.swift /Users/admin/builder/spi-builder-workspace/.dependencies/checkouts/Sh/Sources/Sh/Errors.swift (in target 'Sh' from project 'Sh')
SwiftCompile normal arm64 /Users/admin/builder/spi-builder-workspace/.dependencies/checkouts/Sh/Sources/Sh/Data/PipeBuffer.swift (in target 'Sh' from project 'Sh')
cd /Users/admin/builder/spi-builder-workspace/.swiftpm/xcode
builtin-SwiftPerFileCompile PipeBuffer.swift
SwiftCompile normal arm64 /Users/admin/builder/spi-builder-workspace/.dependencies/checkouts/Sh/Sources/Sh/Errors.swift (in target 'Sh' from project 'Sh')
cd /Users/admin/builder/spi-builder-workspace/.swiftpm/xcode
builtin-SwiftPerFileCompile Errors.swift
SwiftCompile normal arm64 Compiling\ Process.terminationError.swift /Users/admin/builder/spi-builder-workspace/.dependencies/checkouts/Sh/Sources/Sh/Process/Process.terminationError.swift (in target 'Sh' from project 'Sh')
SwiftCompile normal arm64 /Users/admin/builder/spi-builder-workspace/.dependencies/checkouts/Sh/Sources/Sh/Process/Process.terminationError.swift (in target 'Sh' from project 'Sh')
cd /Users/admin/builder/spi-builder-workspace/.swiftpm/xcode
builtin-SwiftPerFileCompile Process.terminationError.swift
SwiftCompile normal arm64 Compiling\ Process.runReturningTrimmedString.swift /Users/admin/builder/spi-builder-workspace/.dependencies/checkouts/Sh/Sources/Sh/Process/Process.runReturningTrimmedString.swift (in target 'Sh' from project 'Sh')
/Users/admin/builder/spi-builder-workspace/.dependencies/checkouts/Sh/Sources/Sh/Process/Process.runReturningTrimmedString.swift:3:18: error: cannot find type 'Process' in scope
1 | import Foundation
2 |
3 | public extension Process {
| `- error: cannot find type 'Process' in scope
4 |
5 | func runReturningTrimmedString() throws -> String? {
Failed frontend command:
/Applications/Xcode-27.0.0-Release.Candidate.app/Contents/Developer/Toolchains/XcodeDefault.xctoolchain/usr/bin/swift-frontend -frontend -c /Users/admin/builder/spi-builder-workspace/.dependencies/checkouts/Sh/Sources/Sh/Data/Data.asJSON.swift /Users/admin/builder/spi-builder-workspace/.dependencies/checkouts/Sh/Sources/Sh/Data/Data.asTrimmedString.swift /Users/admin/builder/spi-builder-workspace/.dependencies/checkouts/Sh/Sources/Sh/Data/PipeBuffer.swift /Users/admin/builder/spi-builder-workspace/.dependencies/checkouts/Sh/Sources/Sh/Errors.swift /Users/admin/builder/spi-builder-workspace/.dependencies/checkouts/Sh/Sources/Sh/Process/Process.init.swift /Users/admin/builder/spi-builder-workspace/.dependencies/checkouts/Sh/Sources/Sh/Process/Process.runRedirectingAllOutput.swift /Users/admin/builder/spi-builder-workspace/.dependencies/checkouts/Sh/Sources/Sh/Process/Process.runReturningAllOutput.swift /Users/admin/builder/spi-builder-workspace/.dependencies/checkouts/Sh/Sources/Sh/Process/Process.runReturningData.swift -primary-file /Users/admin/builder/spi-builder-workspace/.dependencies/checkouts/Sh/Sources/Sh/Process/Process.runReturningTrimmedString.swift /Users/admin/builder/spi-builder-workspace/.dependencies/checkouts/Sh/Sources/Sh/Process/Process.terminationError.swift /Users/admin/builder/spi-builder-workspace/.dependencies/checkouts/Sh/Sources/Sh/Sink.swift /Users/admin/builder/spi-builder-workspace/.dependencies/checkouts/Sh/Sources/Sh/String/String.asTrimmedLines.swift /Users/admin/builder/spi-builder-workspace/.dependencies/checkouts/Sh/Sources/Sh/sh.swift /Users/admin/builder/spi-builder-workspace/.dependencies/checkouts/Sh/Sources/Sh/shq.swift -emit-dependencies-path /Users/admin/builder/spi-builder-workspace/.derivedData/Build/Intermediates.noindex/Sh.build/Debug-xros/Sh-t.build/Objects-normal/arm64/Process.runReturningTrimmedString.d -emit-const-values-path /Users/admin/builder/spi-builder-workspace/.derivedData/Build/Intermediates.noindex/Sh.build/Debug-xros/Sh-t.build/Objects-normal/arm64/Process.runReturningTrimmedString.swiftconstvalues -emit-reference-dependencies-path /Users/admin/builder/spi-builder-workspace/.derivedData/Build/Intermediates.noindex/Sh.build/Debug-xros/Sh-t.build/Objects-normal/arm64/Process.runReturningTrimmedString.swiftdeps -serialize-diagnostics-path /Users/admin/builder/spi-builder-workspace/.derivedData/Build/Intermediates.noindex/Sh.build/Debug-xros/Sh-t.build/Objects-normal/arm64/Process.runReturningTrimmedString.dia -target arm64-apple-xros1.0 -disable-cross-import-overlay-search -load-resolved-plugin /Applications/Xcode-27.0.0-Release.Candidate.app/Contents/Developer/Platforms/XROS.platform/Developer/usr/lib/swift/host/plugins/libFoundationMacros.dylib\#/Applications/Xcode-27.0.0-Release.Candidate.app/Contents/Developer/Platforms/XROS.platform/Developer/usr/bin/swift-plugin-server\#FoundationMacros -load-resolved-plugin /Applications/Xcode-27.0.0-Release.Candidate.app/Contents/Developer/Platforms/XROS.platform/Developer/usr/lib/swift/host/plugins/libObservationMacros.dylib\#/Applications/Xcode-27.0.0-Release.Candidate.app/Contents/Developer/Platforms/XROS.platform/Developer/usr/bin/swift-plugin-server\#ObservationMacros -load-resolved-plugin /Applications/Xcode-27.0.0-Release.Candidate.app/Contents/Developer/Platforms/XROS.platform/Developer/usr/lib/swift/host/plugins/libSwiftMacros.dylib\#/Applications/Xcode-27.0.0-Release.Candidate.app/Contents/Developer/Platforms/XROS.platform/Developer/usr/bin/swift-plugin-server\#SwiftMacros -disable-implicit-swift-modules -Xcc -fno-implicit-modules -Xcc -fno-implicit-module-maps -explicit-swift-module-map-file /Users/admin/builder/spi-builder-workspace/.derivedData/Build/Intermediates.noindex/Sh.build/Debug-xros/Sh-t.build/Objects-normal/arm64/Sh-dependencies-1.json -Xllvm -aarch64-use-tbi -enable-objc-interop -stack-check -sdk /Applications/Xcode-27.0.0-Release.Candidate.app/Contents/Developer/Platforms/XROS.platform/Developer/SDKs/XROS27.0.sdk -I /Users/admin/builder/spi-builder-workspace/.derivedData/Build/Products/Debug-xros -Isystem /Applications/Xcode-27.0.0-Release.Candidate.app/Contents/Developer/Platforms/XROS.platform/Developer/usr/lib -F /Users/admin/builder/spi-builder-workspace/.derivedData/Build/Products/Debug-xros/PackageFrameworks -F /Users/admin/builder/spi-builder-workspace/.derivedData/Build/Products/Debug-xros -F /Applications/Xcode-27.0.0-Release.Candidate.app/Contents/Developer/Platforms/XROS.platform/Developer/Library/Frameworks -F /Applications/Xcode-27.0.0-Release.Candidate.app/Contents/Developer/Platforms/XROS.platform/Developer/SDKs/XROS27.0.sdk/Developer/Library/Frameworks -module-cache-path /Users/admin/builder/spi-builder-workspace/.derivedData/Build/Intermediates.noindex/SwiftExplicitPrecompiledModules -no-color-diagnostics -Xcc -fno-color-diagnostics -enable-testing -g -debug-info-format\=dwarf -dwarf-version\=4 -suppress-warnings -swift-version 5 -Onone -D SWIFT_PACKAGE -D DEBUG -D SWIFT_MODULE_RESOURCE_BUNDLE_UNAVAILABLE -D Xcode -serialize-debugging-options -enable-experimental-feature DebugDescriptionMacro -empty-abi-descriptor -validate-clang-modules-once -clang-build-session-file /Users/admin/builder/spi-builder-workspace/.derivedData/ModuleCache.noindex/Session.modulevalidation -Xcc -working-directory -Xcc /Users/admin/builder/spi-builder-workspace/.swiftpm/xcode -enable-anonymous-context-mangled-names -file-compilation-dir /Users/admin/builder/spi-builder-workspace/.swiftpm/xcode -Xcc -D_LIBCPP_HARDENING_MODE\=_LIBCPP_HARDENING_MODE_DEBUG -Xcc -ivfsstatcache -Xcc /Users/admin/builder/spi-builder-workspace/.derivedData/SDKStatCaches.noindex/xros27.0-24M361-e829b21a6f8c9b70876ba0858053c044735bd543db762f57723cac368afd1ce4.sdkstatcache -Xcc -fmodules-prune-interval\=86400 -Xcc -fmodules-prune-after\=345600 -Xcc -I/Users/admin/builder/spi-builder-workspace/.derivedData/Build/Products/Debug-xros/include -Xcc -I/Users/admin/builder/spi-builder-workspace/.derivedData/Build/Intermediates.noindex/Sh.build/Debug-xros/Sh-t.build/DerivedSources-normal/arm64 -Xcc -I/Users/admin/builder/spi-builder-workspace/.derivedData/Build/Intermediates.noindex/Sh.build/Debug-xros/Sh-t.build/DerivedSources/arm64 -Xcc -I/Users/admin/builder/spi-builder-workspace/.derivedData/Build/Intermediates.noindex/Sh.build/Debug-xros/Sh-t.build/DerivedSources -Xcc -DSWIFT_PACKAGE -Xcc -DDEBUG\=1 -no-auto-bridging-header-chaining -module-name Sh -const-gather-protocols-file /Users/admin/builder/spi-builder-workspace/.derivedData/Build/Intermediates.noindex/Sh.build/Debug-xros/Sh-t.build/Objects-normal/arm64/Sh_const_extract_protocols.json -disable-clang-spi -clang-target arm64-apple-xros27.0 -target-sdk-version 27.0 -target-sdk-name xros27.0 -in-process-plugin-server-path /Applications/Xcode-27.0.0-Release.Candidate.app/Contents/Developer/Toolchains/XcodeDefault.xctoolchain/usr/lib/swift/host/libSwiftInProcPluginServer.dylib -parse-as-library -o /Users/admin/builder/spi-builder-workspace/.derivedData/Build/Intermediates.noindex/Sh.build/Debug-xros/Sh-t.build/Objects-normal/arm64/Process.runReturningTrimmedString.o -debug-module-path /Users/admin/builder/spi-builder-workspace/.derivedData/Build/Intermediates.noindex/Sh.build/Debug-xros/Sh-t.build/Objects-normal/arm64/Sh.swiftmodule -index-unit-output-path /Sh.build/Debug-xros/Sh-t.build/Objects-normal/arm64/Process.runReturningTrimmedString.o -index-store-path /Users/admin/builder/spi-builder-workspace/.derivedData/Index.noindex/DataStore -index-system-modules
SwiftCompile normal arm64 /Users/admin/builder/spi-builder-workspace/.dependencies/checkouts/Sh/Sources/Sh/Process/Process.runReturningTrimmedString.swift (in target 'Sh' from project 'Sh')
cd /Users/admin/builder/spi-builder-workspace/.swiftpm/xcode
builtin-SwiftPerFileCompile Process.runReturningTrimmedString.swift
SwiftCompile normal arm64 Compiling\ Sink.swift /Users/admin/builder/spi-builder-workspace/.dependencies/checkouts/Sh/Sources/Sh/Sink.swift (in target 'Sh' from project 'Sh')
SwiftCompile normal arm64 /Users/admin/builder/spi-builder-workspace/.dependencies/checkouts/Sh/Sources/Sh/Sink.swift (in target 'Sh' from project 'Sh')
cd /Users/admin/builder/spi-builder-workspace/.swiftpm/xcode
builtin-SwiftPerFileCompile Sink.swift
SwiftCompile normal arm64 Compiling\ String.asTrimmedLines.swift /Users/admin/builder/spi-builder-workspace/.dependencies/checkouts/Sh/Sources/Sh/String/String.asTrimmedLines.swift (in target 'Sh' from project 'Sh')
SwiftCompile normal arm64 /Users/admin/builder/spi-builder-workspace/.dependencies/checkouts/Sh/Sources/Sh/String/String.asTrimmedLines.swift (in target 'Sh' from project 'Sh')
cd /Users/admin/builder/spi-builder-workspace/.swiftpm/xcode
builtin-SwiftPerFileCompile String.asTrimmedLines.swift
SwiftCompile normal arm64 Compiling\ sh.swift /Users/admin/builder/spi-builder-workspace/.dependencies/checkouts/Sh/Sources/Sh/sh.swift (in target 'Sh' from project 'Sh')
SwiftCompile normal arm64 /Users/admin/builder/spi-builder-workspace/.dependencies/checkouts/Sh/Sources/Sh/sh.swift (in target 'Sh' from project 'Sh')
cd /Users/admin/builder/spi-builder-workspace/.swiftpm/xcode
builtin-SwiftPerFileCompile sh.swift
SwiftCompile normal arm64 Compiling\ shq.swift /Users/admin/builder/spi-builder-workspace/.dependencies/checkouts/Sh/Sources/Sh/shq.swift (in target 'Sh' from project 'Sh')
/Users/admin/builder/spi-builder-workspace/.dependencies/checkouts/Sh/Sources/Sh/shq.swift:27:14: error: cannot find 'Process' in scope
25 | environment: [String: String] = [:],
26 | workingDirectory: String? = nil) throws -> String? {
27 | return try Process(cmd: cmd, environment: environment, workingDirectory: workingDirectory)
| `- error: cannot find 'Process' in scope
28 | .runReturningData()
29 | .asTrimmedString()
/Users/admin/builder/spi-builder-workspace/.dependencies/checkouts/Sh/Sources/Sh/shq.swift:36:20: error: cannot find 'Process' in scope
34 | environment: [String: String] = [:],
35 | workingDirectory: String? = nil) async throws -> String? {
36 | return try await Process(cmd: cmd, environment: environment, workingDirectory: workingDirectory)
| `- error: cannot find 'Process' in scope
37 | .runReturningData()
38 | .asTrimmedString()
/Users/admin/builder/spi-builder-workspace/.dependencies/checkouts/Sh/Sources/Sh/shq.swift:49:7: error: cannot find 'Process' in scope
47 | environment: [String: String] = [:],
48 | workingDirectory: String? = nil) throws -> D {
49 | try Process(cmd: cmd, environment: environment, workingDirectory: workingDirectory)
| `- error: cannot find 'Process' in scope
50 | .runReturningData()
51 | .asJSON(decoding: type, using: jsonDecoder)
SwiftCompile normal arm64 /Users/admin/builder/spi-builder-workspace/.dependencies/checkouts/Sh/Sources/Sh/shq.swift (in target 'Sh' from project 'Sh')
cd /Users/admin/builder/spi-builder-workspace/.swiftpm/xcode
builtin-SwiftPerFileCompile shq.swift
SwiftEmitModule normal arm64 Emitting\ module\ for\ Sh (in target 'Sh' from project 'Sh')
SwiftCompile normal arm64 (in target 'Sh' from project 'Sh')
cd /Users/admin/builder/spi-builder-workspace/.swiftpm/xcode
PruneExplicitPrecompiledModules /Users/admin/builder/spi-builder-workspace/.derivedData/Build/Intermediates.noindex/ExplicitPrecompiledModules
PruneExplicitPrecompiledModules /Users/admin/builder/spi-builder-workspace/.derivedData/Build/Intermediates.noindex/SwiftExplicitPrecompiledModules
PruneExplicitPrecompiledModules /Users/admin/builder/spi-builder-workspace/.derivedData/SDKExplicitPrecompiledModules
2026-09-21 08:36:58.115 xcodebuild[828:4972] [MT] IDERunDestination: Supported platforms for the buildables in the current scheme is empty.
** BUILD FAILED **
The following build commands failed:
SwiftCompile normal arm64 Compiling\ Process.runReturningAllOutput.swift,\ Process.runReturningData.swift /Users/admin/builder/spi-builder-workspace/.dependencies/checkouts/Sh/Sources/Sh/Process/Process.runReturningAllOutput.swift /Users/admin/builder/spi-builder-workspace/.dependencies/checkouts/Sh/Sources/Sh/Process/Process.runReturningData.swift (in target 'Sh' from project 'Sh')
SwiftCompile normal arm64 /Users/admin/builder/spi-builder-workspace/.dependencies/checkouts/Sh/Sources/Sh/Process/Process.runReturningAllOutput.swift (in target 'Sh' from project 'Sh')
SwiftCompile normal arm64 /Users/admin/builder/spi-builder-workspace/.dependencies/checkouts/Sh/Sources/Sh/Process/Process.runReturningData.swift (in target 'Sh' from project 'Sh')
SwiftCompile normal arm64 Compiling\ Process.runReturningTrimmedString.swift /Users/admin/builder/spi-builder-workspace/.dependencies/checkouts/Sh/Sources/Sh/Process/Process.runReturningTrimmedString.swift (in target 'Sh' from project 'Sh')
SwiftCompile normal arm64 /Users/admin/builder/spi-builder-workspace/.dependencies/checkouts/Sh/Sources/Sh/Process/Process.runReturningTrimmedString.swift (in target 'Sh' from project 'Sh')
Building workspace Sh1Password with scheme Sh1Password
(6 failures)
BUILD FAILURE 6.4 visionOS