The Swift Package Index logo.Swift Package Index

Build Information

Failed to build Wand_Weather, reference 1.4.0 (d219d4), with Swift 6.4 for visionOS using Xcode 27.0 on 24 Sep 2026 08:45:07 UTC.

Build Command

No build command. This typically means the build failed at an early stage where we determine the build command.

Build Log

========================================
RunAll
========================================
Builder version: 5.1.0
Interrupt handler set up.
========================================
Checkout
========================================
Clone URL: https://github.com/The-Wand/Weather.git
Reference: 1.4.0
Initialized empty Git repository in /Users/admin/builder/spi-builder-workspace/.git/
From https://github.com/The-Wand/Weather
 * tag               1.4.0      -> FETCH_HEAD
HEAD is now at d219d4d Update Weather to Asking
Cloned https://github.com/The-Wand/Weather.git
Revision (git rev-parse @):
d219d4d212f97b35e5692460066aa566380513cb
SUCCESS checkout https://github.com/The-Wand/Weather.git at 1.4.0
========================================
Build
========================================
Selected platform:         visionOS
Swift version:             6.4
Building package at path:  $PWD
https://github.com/The-Wand/Weather.git
Command line invocation:
    /Applications/Xcode-27.0.0-Release.Candidate.app/Contents/Developer/usr/bin/xcodebuild -IDEClonedSourcePackagesDirPathOverride=/Users/admin/builder/spi-builder-workspace/.dependencies -resolvePackageDependencies
Resolve Package Graph
Fetching from https://github.com/el-machine/Any.git
Fetching from https://github.com/el-machine/Wand.git
Fetching from https://github.com/el-machine/Wand_CoreLocation.git
Fetching from https://github.com/el-machine/WandURL.git
skipping cache due to an error: Failed to clone repository https://github.com/el-machine/WandURL.git:
    Cloning into bare repository '/Users/admin/Library/Caches/org.swift.swiftpm/repositories/WandURL-4a741f8c'...
    fatal: could not read Username for 'https://github.com': terminal prompts disabled
Fetching from https://github.com/el-machine/WandURL.git
skipping cache due to an error: Failed to clone repository https://github.com/el-machine/WandURL.git:
    Cloning into bare repository '/Users/admin/Library/Caches/org.swift.swiftpm/repositories/WandURL-4a741f8c'...
    fatal: could not read Username for 'https://github.com': terminal prompts disabled
2026-09-24 04:45:05.099 xcodebuild[529:3048] Writing error result bundle to /var/folders/xq/y_g06wb113726d38xsyx71_h0000gn/T/ResultBundle_2026-24-09_04-45-0005.xcresult
xcodebuild: error: Could not resolve package dependencies:
  Failed to clone repository https://github.com/el-machine/WandURL.git:
    Cloning into bare repository '/Users/admin/builder/spi-builder-workspace/.dependencies/repositories/WandURL-4a741f8c'...
    fatal: could not read Username for 'https://github.com': terminal prompts disabled
Command line invocation:
    /Applications/Xcode-27.0.0-Release.Candidate.app/Contents/Developer/usr/bin/xcodebuild -IDEClonedSourcePackagesDirPathOverride=/Users/admin/builder/spi-builder-workspace/.dependencies -resolvePackageDependencies
Resolve Package Graph
Updating from https://github.com/el-machine/Wand.git
Updating from https://github.com/el-machine/Wand_CoreLocation.git
Fetching from https://github.com/el-machine/WandURL.git
skipping cache due to an error: Failed to clone repository https://github.com/el-machine/WandURL.git:
    Cloning into bare repository '/Users/admin/Library/Caches/org.swift.swiftpm/repositories/WandURL-4a741f8c'...
    fatal: could not read Username for 'https://github.com': terminal prompts disabled
Updating from https://github.com/el-machine/Any.git
Fetching from https://github.com/el-machine/WandURL.git
skipping cache due to an error: Failed to clone repository https://github.com/el-machine/WandURL.git:
    Cloning into bare repository '/Users/admin/Library/Caches/org.swift.swiftpm/repositories/WandURL-4a741f8c'...
    fatal: could not read Username for 'https://github.com': terminal prompts disabled
2026-09-24 04:45:07.796 xcodebuild[648:3864] Writing error result bundle to /var/folders/xq/y_g06wb113726d38xsyx71_h0000gn/T/ResultBundle_2026-24-09_04-45-0007.xcresult
xcodebuild: error: Could not resolve package dependencies:
  Failed to clone repository https://github.com/el-machine/WandURL.git:
    Cloning into bare repository '/Users/admin/builder/spi-builder-workspace/.dependencies/repositories/WandURL-4a741f8c'...
    fatal: could not read Username for 'https://github.com': terminal prompts disabled
BUILD FAILURE 6.4 visionOS